[INFO] fetching crate dioxus-core 0.4.2...
[INFO] testing dioxus-core-0.4.2 against 1.75.0 for beta-1.76-1
[INFO] extracting crate dioxus-core 0.4.2 into /workspace/builds/worker-0-tc1/source
[INFO] validating manifest of crates.io crate dioxus-core 0.4.2 on toolchain 1.75.0
[INFO] running `Command { std: CARGO_HOME="/workspace/cargo-home" RUSTUP_HOME="/workspace/rustup-home" "/workspace/cargo-home/bin/cargo" "+1.75.0" "metadata" "--manifest-path" "Cargo.toml" "--no-deps", kill_on_drop: false }`
[INFO] started tweaking crates.io crate dioxus-core 0.4.2
[INFO] finished tweaking crates.io crate dioxus-core 0.4.2
[INFO] tweaked toml for crates.io crate dioxus-core 0.4.2 written to /workspace/builds/worker-0-tc1/source/Cargo.toml
[INFO] running `Command { std: CARGO_HOME="/workspace/cargo-home" RUSTUP_HOME="/workspace/rustup-home" "/workspace/cargo-home/bin/cargo" "+1.75.0" "generate-lockfile" "--manifest-path" "Cargo.toml", kill_on_drop: false }`
[INFO] [stderr]     Updating crates.io index
[INFO] running `Command { std: CARGO_HOME="/workspace/cargo-home" RUSTUP_HOME="/workspace/rustup-home" "/workspace/cargo-home/bin/cargo" "+1.75.0" "fetch" "--manifest-path" "Cargo.toml", kill_on_drop: false }`
[INFO] [stderr]  Downloading crates ...
[INFO] [stderr]   Downloaded smallbox v0.8.2
[INFO] running `Command { std: "docker" "create" "-v" "/var/lib/crater-agent-workspace/builds/worker-0-tc1/target:/opt/rustwide/target:rw,Z" "-v" "/var/lib/crater-agent-workspace/builds/worker-0-tc1/source:/opt/rustwide/workdir:ro,Z" "-v" "/var/lib/crater-agent-workspace/cargo-home:/opt/rustwide/cargo-home:ro,Z" "-v" "/var/lib/crater-agent-workspace/rustup-home:/opt/rustwide/rustup-home:ro,Z" "-e" "SOURCE_DIR=/opt/rustwide/workdir" "-e" "CARGO_TARGET_DIR=/opt/rustwide/target" "-e" "CARGO_HOME=/opt/rustwide/cargo-home" "-e" "RUSTUP_HOME=/opt/rustwide/rustup-home" "-w" "/opt/rustwide/workdir" "-m" "1610612736" "--user" "0:0" "--network" "none" "ghcr.io/rust-lang/crates-build-env/linux@sha256:2788e3201cd34a07e3172128adcd8b3090168a8e3bcc40d7c032b9dda1df7d1c" "/opt/rustwide/cargo-home/bin/cargo" "+1.75.0" "metadata" "--no-deps" "--format-version=1", kill_on_drop: false }`
[INFO] [stdout] 836879d9d81b603594fe085a572a6b517df4141cf91641b14505a851773bca59
[INFO] running `Command { std: "docker" "start" "-a" "836879d9d81b603594fe085a572a6b517df4141cf91641b14505a851773bca59", kill_on_drop: false }`
[INFO] running `Command { std: "docker" "inspect" "836879d9d81b603594fe085a572a6b517df4141cf91641b14505a851773bca59", kill_on_drop: false }`
[INFO] running `Command { std: "docker" "rm" "-f" "836879d9d81b603594fe085a572a6b517df4141cf91641b14505a851773bca59", kill_on_drop: false }`
[INFO] [stdout] 836879d9d81b603594fe085a572a6b517df4141cf91641b14505a851773bca59
[INFO] running `Command { std: "docker" "create" "-v" "/var/lib/crater-agent-workspace/builds/worker-0-tc1/target:/opt/rustwide/target:rw,Z" "-v" "/var/lib/crater-agent-workspace/builds/worker-0-tc1/source:/opt/rustwide/workdir:ro,Z" "-v" "/var/lib/crater-agent-workspace/cargo-home:/opt/rustwide/cargo-home:ro,Z" "-v" "/var/lib/crater-agent-workspace/rustup-home:/opt/rustwide/rustup-home:ro,Z" "-e" "SOURCE_DIR=/opt/rustwide/workdir" "-e" "CARGO_TARGET_DIR=/opt/rustwide/target" "-e" "CARGO_INCREMENTAL=0" "-e" "RUST_BACKTRACE=full" "-e" "RUSTFLAGS=--cap-lints=warn" "-e" "RUSTDOCFLAGS=--cap-lints=warn" "-e" "CARGO_HOME=/opt/rustwide/cargo-home" "-e" "RUSTUP_HOME=/opt/rustwide/rustup-home" "-w" "/opt/rustwide/workdir" "-m" "1610612736" "--user" "0:0" "--network" "none" "ghcr.io/rust-lang/crates-build-env/linux@sha256:2788e3201cd34a07e3172128adcd8b3090168a8e3bcc40d7c032b9dda1df7d1c" "/opt/rustwide/cargo-home/bin/cargo" "+1.75.0" "build" "--frozen" "--message-format=json", kill_on_drop: false }`
[INFO] [stdout] f8208c81ef78f3fbf076cf53e74d70dd143557cac59284a36fd72f4b172a21b6
[INFO] running `Command { std: "docker" "start" "-a" "f8208c81ef78f3fbf076cf53e74d70dd143557cac59284a36fd72f4b172a21b6", kill_on_drop: false }`
[INFO] [stderr]    Compiling futures-task v0.3.30
[INFO] [stderr]    Compiling bumpalo v3.14.0
[INFO] [stderr]    Compiling smallbox v0.8.2
[INFO] [stderr]    Compiling futures-channel v0.3.30
[INFO] [stderr]    Compiling longest-increasing-subsequence v0.1.0
[INFO] [stderr]    Compiling futures-util v0.3.30
[INFO] [stderr]    Compiling dioxus-core v0.4.2 (/opt/rustwide/workdir)
[INFO] [stderr]     Finished dev [unoptimized + debuginfo] target(s) in 2.39s
[INFO] running `Command { std: "docker" "inspect" "f8208c81ef78f3fbf076cf53e74d70dd143557cac59284a36fd72f4b172a21b6", kill_on_drop: false }`
[INFO] running `Command { std: "docker" "rm" "-f" "f8208c81ef78f3fbf076cf53e74d70dd143557cac59284a36fd72f4b172a21b6", kill_on_drop: false }`
[INFO] [stdout] f8208c81ef78f3fbf076cf53e74d70dd143557cac59284a36fd72f4b172a21b6
[INFO] running `Command { std: "docker" "create" "-v" "/var/lib/crater-agent-workspace/builds/worker-0-tc1/target:/opt/rustwide/target:rw,Z" "-v" "/var/lib/crater-agent-workspace/builds/worker-0-tc1/source:/opt/rustwide/workdir:ro,Z" "-v" "/var/lib/crater-agent-workspace/cargo-home:/opt/rustwide/cargo-home:ro,Z" "-v" "/var/lib/crater-agent-workspace/rustup-home:/opt/rustwide/rustup-home:ro,Z" "-e" "SOURCE_DIR=/opt/rustwide/workdir" "-e" "CARGO_TARGET_DIR=/opt/rustwide/target" "-e" "CARGO_INCREMENTAL=0" "-e" "RUST_BACKTRACE=full" "-e" "RUSTFLAGS=--cap-lints=warn" "-e" "RUSTDOCFLAGS=--cap-lints=warn" "-e" "CARGO_HOME=/opt/rustwide/cargo-home" "-e" "RUSTUP_HOME=/opt/rustwide/rustup-home" "-w" "/opt/rustwide/workdir" "-m" "1610612736" "--user" "0:0" "--network" "none" "ghcr.io/rust-lang/crates-build-env/linux@sha256:2788e3201cd34a07e3172128adcd8b3090168a8e3bcc40d7c032b9dda1df7d1c" "/opt/rustwide/cargo-home/bin/cargo" "+1.75.0" "test" "--frozen" "--no-run" "--message-format=json", kill_on_drop: false }`
[INFO] [stdout] ba9a5ccc1df7355edbc1f7f253bd75c355a1562f0a05c66757646ef36395f7ee
[INFO] running `Command { std: "docker" "start" "-a" "ba9a5ccc1df7355edbc1f7f253bd75c355a1562f0a05c66757646ef36395f7ee", kill_on_drop: false }`
[INFO] [stderr]    Compiling getrandom v0.2.11
[INFO] [stderr]    Compiling parking_lot_core v0.9.9
[INFO] [stderr]    Compiling mio v0.8.10
[INFO] [stderr]    Compiling signal-hook-registry v1.4.1
[INFO] [stderr]    Compiling socket2 v0.5.5
[INFO] [stderr]    Compiling num_cpus v1.16.0
[INFO] [stderr]    Compiling tokio-macros v2.2.0
[INFO] [stderr]    Compiling yansi v0.5.1
[INFO] [stderr]    Compiling diff v0.1.13
[INFO] [stderr]    Compiling rand_core v0.6.4
[INFO] [stderr]    Compiling parking_lot v0.12.1
[INFO] [stderr]    Compiling rand_chacha v0.3.1
[INFO] [stderr]    Compiling pretty_assertions v1.4.0
[INFO] [stderr]    Compiling rand v0.8.5
[INFO] [stderr]    Compiling tokio v1.35.1
[INFO] [stderr]    Compiling dioxus-core v0.4.2 (/opt/rustwide/workdir)
[INFO] [stdout] error[E0433]: failed to resolve: use of undeclared crate or module `dioxus`
[INFO] [stdout]  --> tests/attr_cleanup.rs:6:5
[INFO] [stdout]   |
[INFO] [stdout] 6 | use dioxus::core::{ElementId, Mutation::*};
[INFO] [stdout]   |     ^^^^^^ use of undeclared crate or module `dioxus`
[INFO] [stdout] 
[INFO] [stdout] 
[INFO] [stdout] error[E0433]: failed to resolve: use of undeclared crate or module `dioxus`
[INFO] [stdout]  --> tests/create_element.rs:2:5
[INFO] [stdout]   |
[INFO] [stdout] 2 | use dioxus::prelude::*;
[INFO] [stdout]   |     ^^^^^^ use of undeclared crate or module `dioxus`
[INFO] [stdout] 
[INFO] [stdout] 
[INFO] [stdout] error[E0433]: failed to resolve: use of undeclared crate or module `dioxus`
[INFO] [stdout]  --> tests/bubble_error.rs:3:5
[INFO] [stdout]   |
[INFO] [stdout] 3 | use dioxus::prelude::*;
[INFO] [stdout]   |     ^^^^^^ use of undeclared crate or module `dioxus`
[INFO] [stdout] 
[INFO] [stdout] 
[INFO] [stdout] error[E0433]: failed to resolve: use of undeclared crate or module `dioxus`
[INFO] [stdout]  --> tests/create_dom.rs:8:5
[INFO] [stdout]   |
[INFO] [stdout] 8 | use dioxus::core::Mutation::*;
[INFO] [stdout]   |     ^^^^^^ use of undeclared crate or module `dioxus`
[INFO] [stdout] 
[INFO] [stdout] 
[INFO] [stdout] error[E0433]: failed to resolve: use of undeclared crate or module `dioxus`
[INFO] [stdout]  --> tests/error_boundary.rs:3:5
[INFO] [stdout]   |
[INFO] [stdout] 3 | use dioxus::prelude::*;
[INFO] [stdout]   |     ^^^^^^ use of undeclared crate or module `dioxus`
[INFO] [stdout] 
[INFO] [stdout] 
[INFO] [stdout] error[E0433]: failed to resolve: use of undeclared crate or module `dioxus`
[INFO] [stdout]  --> tests/create_fragments.rs:3:5
[INFO] [stdout]   |
[INFO] [stdout] 3 | use dioxus::core::Mutation::*;
[INFO] [stdout]   |     ^^^^^^ use of undeclared crate or module `dioxus`
[INFO] [stdout] 
[INFO] [stdout] 
[INFO] [stdout] error[E0433]: failed to resolve: use of undeclared crate or module `dioxus`
[INFO] [stdout]  --> tests/create_dom.rs:9:5
[INFO] [stdout]   |
[INFO] [stdout] 9 | use dioxus::prelude::*;
[INFO] [stdout]   |     ^^^^^^ use of undeclared crate or module `dioxus`
[INFO] [stdout] 
[INFO] [stdout] 
[INFO] [stdout] error[E0433]: failed to resolve: use of undeclared crate or module `dioxus`
[INFO] [stdout]  --> tests/attr_cleanup.rs:7:5
[INFO] [stdout]   |
[INFO] [stdout] 7 | use dioxus::prelude::*;
[INFO] [stdout]   |     ^^^^^^ use of undeclared crate or module `dioxus`
[INFO] [stdout] 
[INFO] [stdout] 
[INFO] [stdout] error[E0433]: failed to resolve: use of undeclared crate or module `dioxus`
[INFO] [stdout]  --> tests/safety.rs:3:5
[INFO] [stdout]   |
[INFO] [stdout] 3 | use dioxus::prelude::*;
[INFO] [stdout]   |     ^^^^^^ use of undeclared crate or module `dioxus`
[INFO] [stdout] 
[INFO] [stdout] 
[INFO] [stdout] error[E0433]: failed to resolve: use of undeclared crate or module `dioxus`
[INFO] [stdout]  --> tests/create_fragments.rs:4:5
[INFO] [stdout]   |
[INFO] [stdout] 4 | use dioxus::prelude::*;
[INFO] [stdout]   |     ^^^^^^ use of undeclared crate or module `dioxus`
[INFO] [stdout] 
[INFO] [stdout] 
[INFO] [stdout] error[E0432]: unresolved imports `dioxus::core::Mutation::*`, `dioxus::prelude::*`
[INFO] [stdout]  --> tests/create_fragments.rs:3:5
[INFO] [stdout]   |
[INFO] [stdout] 3 | use dioxus::core::Mutation::*;
[INFO] [stdout]   |     ^^^^^^^^^^^^^^^^^^^^^^^^^
[INFO] [stdout] 4 | use dioxus::prelude::*;
[INFO] [stdout]   |     ^^^^^^^^^^^^^^^^^^
[INFO] [stdout] 
[INFO] [stdout] 
[INFO] [stdout] error[E0432]: unresolved imports `dioxus::core::ElementId`, `dioxus::core::Mutation::*`, `dioxus::prelude::*`
[INFO] [stdout]  --> tests/attr_cleanup.rs:6:20
[INFO] [stdout]   |
[INFO] [stdout] 6 | use dioxus::core::{ElementId, Mutation::*};
[INFO] [stdout]   |                    ^^^^^^^^^  ^^^^^^^^^^^
[INFO] [stdout] 7 | use dioxus::prelude::*;
[INFO] [stdout]   |     ^^^^^^^^^^^^^^^^^^
[INFO] [stdout] 
[INFO] [stdout] 
[INFO] [stdout] error[E0433]: failed to resolve: use of undeclared crate or module `dioxus`
[INFO] [stdout]  --> tests/kitchen_sink.rs:3:5
[INFO] [stdout]   |
[INFO] [stdout] 3 | use dioxus::prelude::*;
[INFO] [stdout]   |     ^^^^^^ use of undeclared crate or module `dioxus`
[INFO] [stdout] 
[INFO] [stdout] 
[INFO] [stdout] error[E0433]: failed to resolve: use of undeclared crate or module `dioxus`
[INFO] [stdout]  --> tests/kitchen_sink.rs:2:5
[INFO] [stdout]   |
[INFO] [stdout] 2 | use dioxus::core::{ElementId, Mutation};
[INFO] [stdout]   |     ^^^^^^ use of undeclared crate or module `dioxus`
[INFO] [stdout] 
[INFO] [stdout] 
[INFO] [stdout] error[E0432]: unresolved imports `dioxus::core::ElementId`, `dioxus::core::Mutation`, `Mutation::*`
[INFO] [stdout]   --> tests/kitchen_sink.rs:2:20
[INFO] [stdout]    |
[INFO] [stdout] 2  | use dioxus::core::{ElementId, Mutation};
[INFO] [stdout]    |                    ^^^^^^^^^  ^^^^^^^^
[INFO] [stdout] ...
[INFO] [stdout] 33 |     use Mutation::*;
[INFO] [stdout]    |         ^^^^^^^^^^^
[INFO] [stdout] 
[INFO] [stdout] 
[INFO] [stdout] error[E0432]: unresolved imports `dioxus::core::Mutation::*`, `dioxus::prelude::*`
[INFO] [stdout]  --> tests/create_dom.rs:8:5
[INFO] [stdout]   |
[INFO] [stdout] 8 | use dioxus::core::Mutation::*;
[INFO] [stdout]   |     ^^^^^^^^^^^^^^^^^^^^^^^^^
[INFO] [stdout] 9 | use dioxus::prelude::*;
[INFO] [stdout]   |     ^^^^^^^^^^^^^^^^^^
[INFO] [stdout] 
[INFO] [stdout] 
[INFO] [stdout] error: cannot find macro `rsx` in this scope
[INFO] [stdout]   --> tests/create_fragments.rs:10:19
[INFO] [stdout]    |
[INFO] [stdout] 10 |         cx.render(rsx!(()))
[INFO] [stdout]    |                   ^^^
[INFO] [stdout] 
[INFO] [stdout] 
[INFO] [stdout] error: cannot find macro `rsx` in this scope
[INFO] [stdout]   --> tests/create_fragments.rs:28:19
[INFO] [stdout]    |
[INFO] [stdout] 28 |         cx.render(rsx!(
[INFO] [stdout]    |                   ^^^
[INFO] [stdout] 
[INFO] [stdout] 
[INFO] [stdout] error: cannot find macro `rsx` in this scope
[INFO] [stdout]   --> tests/create_fragments.rs:43:19
[INFO] [stdout]    |
[INFO] [stdout] 43 |         cx.render(rsx!(
[INFO] [stdout]    |                   ^^^
[INFO] [stdout] 
[INFO] [stdout] 
[INFO] [stdout] error: cannot find macro `rsx` in this scope
[INFO] [stdout]   --> tests/create_fragments.rs:70:19
[INFO] [stdout]    |
[INFO] [stdout] 70 |         cx.render(rsx! {
[INFO] [stdout]    |                   ^^^
[INFO] [stdout] 
[INFO] [stdout] 
[INFO] [stdout] error: cannot find macro `rsx` in this scope
[INFO] [stdout]   --> tests/create_fragments.rs:80:19
[INFO] [stdout]    |
[INFO] [stdout] 80 |         cx.render(rsx! {
[INFO] [stdout]    |                   ^^^
[INFO] [stdout] 
[INFO] [stdout] 
[INFO] [stdout] error: cannot find macro `rsx` in this scope
[INFO] [stdout]   --> tests/create_fragments.rs:95:19
[INFO] [stdout]    |
[INFO] [stdout] 95 |         cx.render(rsx!(
[INFO] [stdout]    |                   ^^^
[INFO] [stdout] 
[INFO] [stdout] 
[INFO] [stdout] error: cannot find macro `rsx` in this scope
[INFO] [stdout]   --> tests/create_dom.rs:15:19
[INFO] [stdout]    |
[INFO] [stdout] 15 |         cx.render(rsx! {
[INFO] [stdout]    |                   ^^^
[INFO] [stdout] 
[INFO] [stdout] 
[INFO] [stdout] error: cannot find macro `rsx` in this scope
[INFO] [stdout]   --> tests/create_dom.rs:39:19
[INFO] [stdout]    |
[INFO] [stdout] 39 |         cx.render(rsx! {
[INFO] [stdout]    |                   ^^^
[INFO] [stdout] 
[INFO] [stdout] 
[INFO] [stdout] error: cannot find macro `rsx` in this scope
[INFO] [stdout]   --> tests/create_dom.rs:86:19
[INFO] [stdout]    |
[INFO] [stdout] 86 |         cx.render(rsx! {
[INFO] [stdout]    |                   ^^^
[INFO] [stdout] 
[INFO] [stdout] 
[INFO] [stdout] error: cannot find macro `rsx` in this scope
[INFO] [stdout]    --> tests/create_dom.rs:109:19
[INFO] [stdout]     |
[INFO] [stdout] 109 |         cx.render(rsx! {
[INFO] [stdout]     |                   ^^^
[INFO] [stdout] 
[INFO] [stdout] 
[INFO] [stdout] error: cannot find macro `rsx` in this scope
[INFO] [stdout]    --> tests/create_dom.rs:136:19
[INFO] [stdout]     |
[INFO] [stdout] 136 |         cx.render(rsx! {
[INFO] [stdout]     |                   ^^^
[INFO] [stdout] 
[INFO] [stdout] 
[INFO] [stdout] error: cannot find derive macro `Props` in this scope
[INFO] [stdout]    --> tests/create_dom.rs:143:14
[INFO] [stdout]     |
[INFO] [stdout] 143 |     #[derive(Props)]
[INFO] [stdout]     |              ^^^^^
[INFO] [stdout] 
[INFO] [stdout] 
[INFO] [stdout] error: cannot find macro `rsx` in this scope
[INFO] [stdout]    --> tests/create_dom.rs:149:19
[INFO] [stdout]     |
[INFO] [stdout] 149 |         cx.render(rsx! {
[INFO] [stdout]     |                   ^^^
[INFO] [stdout] 
[INFO] [stdout] 
[INFO] [stdout] error: cannot find macro `rsx` in this scope
[INFO] [stdout]    --> tests/create_dom.rs:164:19
[INFO] [stdout]     |
[INFO] [stdout] 164 |         cx.render(rsx! {
[INFO] [stdout]     |                   ^^^
[INFO] [stdout] 
[INFO] [stdout] 
[INFO] [stdout] error: cannot find macro `rsx` in this scope
[INFO] [stdout]  --> tests/create_element.rs:7:19
[INFO] [stdout]   |
[INFO] [stdout] 7 |         cx.render(rsx! {
[INFO] [stdout]   |                   ^^^
[INFO] [stdout] 
[INFO] [stdout] 
[INFO] [stdout] error: cannot find macro `rsx` in this scope
[INFO] [stdout]   --> tests/error_boundary.rs:12:15
[INFO] [stdout]    |
[INFO] [stdout] 12 |     cx.render(rsx! {
[INFO] [stdout]    |               ^^^
[INFO] [stdout] 
[INFO] [stdout] 
[INFO] [stdout] error: cannot find macro `render` in this scope
[INFO] [stdout]  --> tests/safety.rs:8:36
[INFO] [stdout]   |
[INFO] [stdout] 8 |     let dom = VirtualDom::new(|cx| render!("Hello world!"));
[INFO] [stdout]   |                                    ^^^^^^
[INFO] [stdout] 
[INFO] [stdout] 
[INFO] [stdout] error: cannot find macro `rsx` in this scope
[INFO] [stdout]   --> tests/error_boundary.rs:31:15
[INFO] [stdout]    |
[INFO] [stdout] 31 |     cx.render(rsx! {
[INFO] [stdout]    |               ^^^
[INFO] [stdout] 
[INFO] [stdout] 
[INFO] [stdout] error: cannot find macro `rsx` in this scope
[INFO] [stdout]  --> tests/kitchen_sink.rs:9:15
[INFO] [stdout]   |
[INFO] [stdout] 9 |     cx.render(rsx! {
[INFO] [stdout]   |               ^^^
[INFO] [stdout] 
[INFO] [stdout] 
[INFO] [stdout] error[E0433]: failed to resolve: use of undeclared type `VirtualDom`
[INFO] [stdout]  --> tests/create_element.rs:6:19
[INFO] [stdout]   |
[INFO] [stdout] 6 |     let mut dom = VirtualDom::new(|cx| {
[INFO] [stdout]   |                   ^^^^^^^^^^ use of undeclared type `VirtualDom`
[INFO] [stdout]   |
[INFO] [stdout] help: consider importing this struct
[INFO] [stdout]   |
[INFO] [stdout] 2 + use dioxus_core::VirtualDom;
[INFO] [stdout]   |
[INFO] [stdout] 
[INFO] [stdout] 
[INFO] [stdout] error[E0433]: failed to resolve: use of undeclared type `VirtualDom`
[INFO] [stdout]  --> tests/safety.rs:8:15
[INFO] [stdout]   |
[INFO] [stdout] 8 |     let dom = VirtualDom::new(|cx| render!("Hello world!"));
[INFO] [stdout]   |               ^^^^^^^^^^ use of undeclared type `VirtualDom`
[INFO] [stdout]   |
[INFO] [stdout] help: consider importing this struct
[INFO] [stdout]   |
[INFO] [stdout] 3 + use dioxus_core::VirtualDom;
[INFO] [stdout]   |
[INFO] [stdout] 
[INFO] [stdout] 
[INFO] [stdout] error[E0433]: failed to resolve: use of undeclared type `VirtualDom`
[INFO] [stdout]  --> tests/error_boundary.rs:7:19
[INFO] [stdout]   |
[INFO] [stdout] 7 |     let mut dom = VirtualDom::new(app);
[INFO] [stdout]   |                   ^^^^^^^^^^ use of undeclared type `VirtualDom`
[INFO] [stdout]   |
[INFO] [stdout] help: consider importing this struct
[INFO] [stdout]   |
[INFO] [stdout] 3 + use dioxus_core::VirtualDom;
[INFO] [stdout]   |
[INFO] [stdout] 
[INFO] [stdout] 
[INFO] [stdout] error: cannot find macro `rsx` in this scope
[INFO] [stdout]   --> tests/bubble_error.rs:14:15
[INFO] [stdout]    |
[INFO] [stdout] 14 |     cx.render(rsx! {
[INFO] [stdout]    |               ^^^
[INFO] [stdout] 
[INFO] [stdout] 
[INFO] [stdout] error[E0412]: cannot find type `Scope` in this scope
[INFO] [stdout]   --> tests/error_boundary.rs:11:12
[INFO] [stdout]    |
[INFO] [stdout] 11 | fn app(cx: Scope) -> Element {
[INFO] [stdout]    |            ^^^^^ not found in this scope
[INFO] [stdout]    |
[INFO] [stdout] help: consider importing one of these items
[INFO] [stdout]    |
[INFO] [stdout] 3  + use dioxus_core::Scope;
[INFO] [stdout]    |
[INFO] [stdout] 3  + use std::thread::Scope;
[INFO] [stdout]    |
[INFO] [stdout] 
[INFO] [stdout] 
[INFO] [stdout] error[E0433]: failed to resolve: use of undeclared type `VirtualDom`
[INFO] [stdout]   --> tests/create_dom.rs:14:19
[INFO] [stdout]    |
[INFO] [stdout] 14 |     let mut dom = VirtualDom::new(|cx| {
[INFO] [stdout]    |                   ^^^^^^^^^^ use of undeclared type `VirtualDom`
[INFO] [stdout]    |
[INFO] [stdout] help: consider importing this struct
[INFO] [stdout]    |
[INFO] [stdout] 8  + use dioxus_core::VirtualDom;
[INFO] [stdout]    |
[INFO] [stdout] 
[INFO] [stdout] 
[INFO] [stdout] error[E0412]: cannot find type `Element` in this scope
[INFO] [stdout]   --> tests/error_boundary.rs:11:22
[INFO] [stdout]    |
[INFO] [stdout] 11 | fn app(cx: Scope) -> Element {
[INFO] [stdout]    |                      ^^^^^^^ not found in this scope
[INFO] [stdout]    |
[INFO] [stdout] help: consider importing this type alias
[INFO] [stdout]    |
[INFO] [stdout] 3  + use dioxus_core::Element;
[INFO] [stdout]    |
[INFO] [stdout] 
[INFO] [stdout] 
[INFO] [stdout] error[E0412]: cannot find type `Scope` in this scope
[INFO] [stdout]   --> tests/error_boundary.rs:22:19
[INFO] [stdout]    |
[INFO] [stdout] 22 | fn NoneChild(_cx: Scope) -> Element {
[INFO] [stdout]    |                   ^^^^^ not found in this scope
[INFO] [stdout]    |
[INFO] [stdout] help: consider importing one of these items
[INFO] [stdout]    |
[INFO] [stdout] 3  + use dioxus_core::Scope;
[INFO] [stdout]    |
[INFO] [stdout] 3  + use std::thread::Scope;
[INFO] [stdout]    |
[INFO] [stdout] 
[INFO] [stdout] 
[INFO] [stdout] error[E0422]: cannot find struct, variant or union type `LoadTemplate` in this scope
[INFO] [stdout]   --> tests/create_dom.rs:30:13
[INFO] [stdout]    |
[INFO] [stdout] 30 |             LoadTemplate { name: "template", index: 0, id: ElementId(1) },
[INFO] [stdout]    |             ^^^^^^^^^^^^ not found in this scope
[INFO] [stdout]    |
[INFO] [stdout] help: consider importing this variant
[INFO] [stdout]    |
[INFO] [stdout] 8  + use dioxus_core::Mutation::LoadTemplate;
[INFO] [stdout]    |
[INFO] [stdout] 
[INFO] [stdout] 
[INFO] [stdout] error[E0412]: cannot find type `Element` in this scope
[INFO] [stdout]   --> tests/error_boundary.rs:22:29
[INFO] [stdout]    |
[INFO] [stdout] 22 | fn NoneChild(_cx: Scope) -> Element {
[INFO] [stdout]    |                             ^^^^^^^ not found in this scope
[INFO] [stdout]    |
[INFO] [stdout] help: consider importing this type alias
[INFO] [stdout]    |
[INFO] [stdout] 3  + use dioxus_core::Element;
[INFO] [stdout]    |
[INFO] [stdout] 
[INFO] [stdout] 
[INFO] [stdout] error[E0412]: cannot find type `Scope` in this scope
[INFO] [stdout]   --> tests/error_boundary.rs:26:19
[INFO] [stdout]    |
[INFO] [stdout] 26 | fn ThrowChild(cx: Scope) -> Element {
[INFO] [stdout]    |                   ^^^^^ not found in this scope
[INFO] [stdout]    |
[INFO] [stdout] help: consider importing one of these items
[INFO] [stdout]    |
[INFO] [stdout] 3  + use dioxus_core::Scope;
[INFO] [stdout]    |
[INFO] [stdout] 3  + use std::thread::Scope;
[INFO] [stdout]    |
[INFO] [stdout] 
[INFO] [stdout] 
[INFO] [stdout] error[E0412]: cannot find type `Element` in this scope
[INFO] [stdout]   --> tests/error_boundary.rs:26:29
[INFO] [stdout]    |
[INFO] [stdout] 26 | fn ThrowChild(cx: Scope) -> Element {
[INFO] [stdout]    |                             ^^^^^^^ not found in this scope
[INFO] [stdout]    |
[INFO] [stdout] help: consider importing this type alias
[INFO] [stdout]    |
[INFO] [stdout] 3  + use dioxus_core::Element;
[INFO] [stdout]    |
[INFO] [stdout] 
[INFO] [stdout] 
[INFO] [stdout] error[E0422]: cannot find struct, variant or union type `AppendChildren` in this scope
[INFO] [stdout]   --> tests/create_dom.rs:31:13
[INFO] [stdout]    |
[INFO] [stdout] 31 |             AppendChildren { m: 1, id: ElementId(0) }
[INFO] [stdout]    |             ^^^^^^^^^^^^^^ not found in this scope
[INFO] [stdout]    |
[INFO] [stdout] help: consider importing this variant
[INFO] [stdout]    |
[INFO] [stdout] 8  + use dioxus_core::Mutation::AppendChildren;
[INFO] [stdout]    |
[INFO] [stdout] 
[INFO] [stdout] 
[INFO] [stdout] error[E0433]: failed to resolve: use of undeclared type `VirtualDom`
[INFO] [stdout]   --> tests/create_dom.rs:38:19
[INFO] [stdout]    |
[INFO] [stdout] 38 |     let mut dom = VirtualDom::new(|cx| {
[INFO] [stdout]    |                   ^^^^^^^^^^ use of undeclared type `VirtualDom`
[INFO] [stdout]    |
[INFO] [stdout] help: consider importing this struct
[INFO] [stdout]    |
[INFO] [stdout] 8  + use dioxus_core::VirtualDom;
[INFO] [stdout]    |
[INFO] [stdout] 
[INFO] [stdout] 
[INFO] [stdout] error[E0433]: failed to resolve: use of undeclared type `VirtualDom`
[INFO] [stdout]   --> tests/create_dom.rs:85:19
[INFO] [stdout]    |
[INFO] [stdout] 85 |     let mut dom = VirtualDom::new(|cx| {
[INFO] [stdout]    |                   ^^^^^^^^^^ use of undeclared type `VirtualDom`
[INFO] [stdout]    |
[INFO] [stdout] help: consider importing this struct
[INFO] [stdout]    |
[INFO] [stdout] 8  + use dioxus_core::VirtualDom;
[INFO] [stdout]    |
[INFO] [stdout] 
[INFO] [stdout] 
[INFO] [stdout] error[E0433]: failed to resolve: use of undeclared type `VirtualDom`
[INFO] [stdout]    --> tests/create_dom.rs:108:19
[INFO] [stdout]     |
[INFO] [stdout] 108 |     let mut dom = VirtualDom::new(|cx| {
[INFO] [stdout]     |                   ^^^^^^^^^^ use of undeclared type `VirtualDom`
[INFO] [stdout]     |
[INFO] [stdout] help: consider importing this struct
[INFO] [stdout]     |
[INFO] [stdout] 8   + use dioxus_core::VirtualDom;
[INFO] [stdout]     |
[INFO] [stdout] 
[INFO] [stdout] 
[INFO] [stdout] error[E0433]: failed to resolve: use of undeclared type `VirtualDom`
[INFO] [stdout]    --> tests/create_dom.rs:135:19
[INFO] [stdout]     |
[INFO] [stdout] 135 |     let mut dom = VirtualDom::new(|cx| {
[INFO] [stdout]     |                   ^^^^^^^^^^ use of undeclared type `VirtualDom`
[INFO] [stdout]     |
[INFO] [stdout] help: consider importing this struct
[INFO] [stdout]     |
[INFO] [stdout] 8   + use dioxus_core::VirtualDom;
[INFO] [stdout]     |
[INFO] [stdout] 
[INFO] [stdout] 
[INFO] [stdout] error[E0412]: cannot find type `Element` in this scope
[INFO] [stdout]    --> tests/create_dom.rs:145:19
[INFO] [stdout]     |
[INFO] [stdout] 145 |         children: Element<'a>,
[INFO] [stdout]     |                   ^^^^^^^
[INFO] [stdout]     |
[INFO] [stdout]    ::: /opt/rustwide/workdir/src/arena.rs:14:1
[INFO] [stdout]     |
[INFO] [stdout] 14  | pub struct ElementId(pub usize);
[INFO] [stdout]     | -------------------- similarly named struct `ElementId` defined here
[INFO] [stdout]     |
[INFO] [stdout] help: a struct with a similar name exists
[INFO] [stdout]     |
[INFO] [stdout] 145 |         children: ElementId<'a>,
[INFO] [stdout]     |                   ~~~~~~~~~
[INFO] [stdout] help: consider importing this type alias
[INFO] [stdout]     |
[INFO] [stdout] 8   + use dioxus_core::Element;
[INFO] [stdout]     |
[INFO] [stdout] 
[INFO] [stdout] 
[INFO] [stdout] error[E0412]: cannot find type `Scope` in this scope
[INFO] [stdout]    --> tests/create_dom.rs:148:22
[INFO] [stdout]     |
[INFO] [stdout] 148 |     fn Child<'a>(cx: Scope<'a, ChildProps<'a>>) -> Element {
[INFO] [stdout]     |                      ^^^^^ not found in this scope
[INFO] [stdout]     |
[INFO] [stdout] help: consider importing one of these items
[INFO] [stdout]     |
[INFO] [stdout] 8   + use dioxus_core::Scope;
[INFO] [stdout]     |
[INFO] [stdout] 8   + use std::thread::Scope;
[INFO] [stdout]     |
[INFO] [stdout] 
[INFO] [stdout] 
[INFO] [stdout] error[E0412]: cannot find type `Element` in this scope
[INFO] [stdout]    --> tests/create_dom.rs:148:52
[INFO] [stdout]     |
[INFO] [stdout] 148 |     fn Child<'a>(cx: Scope<'a, ChildProps<'a>>) -> Element {
[INFO] [stdout]     |                                                    ^^^^^^^
[INFO] [stdout]     |
[INFO] [stdout]    ::: /opt/rustwide/workdir/src/arena.rs:14:1
[INFO] [stdout]     |
[INFO] [stdout] 14  | pub struct ElementId(pub usize);
[INFO] [stdout]     | -------------------- similarly named struct `ElementId` defined here
[INFO] [stdout]     |
[INFO] [stdout] help: a struct with a similar name exists
[INFO] [stdout]     |
[INFO] [stdout] 148 |     fn Child<'a>(cx: Scope<'a, ChildProps<'a>>) -> ElementId {
[INFO] [stdout]     |                                                    ~~~~~~~~~
[INFO] [stdout] help: consider importing this type alias
[INFO] [stdout]     |
[INFO] [stdout] 8   + use dioxus_core::Element;
[INFO] [stdout]     |
[INFO] [stdout] 
[INFO] [stdout] 
[INFO] [stdout] error[E0412]: cannot find type `Scope` in this scope
[INFO] [stdout]  --> tests/kitchen_sink.rs:5:35
[INFO] [stdout]   |
[INFO] [stdout] 5 | fn basic_syntax_is_a_template(cx: Scope) -> Element {
[INFO] [stdout]   |                                   ^^^^^ not found in this scope
[INFO] [stdout]   |
[INFO] [stdout] help: consider importing one of these items
[INFO] [stdout]   |
[INFO] [stdout] 1 + use dioxus_core::Scope;
[INFO] [stdout]   |
[INFO] [stdout] 1 + use std::thread::Scope;
[INFO] [stdout]   |
[INFO] [stdout] 
[INFO] [stdout] 
[INFO] [stdout] error[E0412]: cannot find type `Element` in this scope
[INFO] [stdout]  --> tests/kitchen_sink.rs:5:45
[INFO] [stdout]   |
[INFO] [stdout] 5 | fn basic_syntax_is_a_template(cx: Scope) -> Element {
[INFO] [stdout]   |                                             ^^^^^^^ not found in this scope
[INFO] [stdout]   |
[INFO] [stdout] help: consider importing this type alias
[INFO] [stdout]   |
[INFO] [stdout] 1 + use dioxus_core::Element;
[INFO] [stdout]   |
[INFO] [stdout] 
[INFO] [stdout] 
[INFO] [stdout] error[E0433]: failed to resolve: use of undeclared type `VirtualDom`
[INFO] [stdout]   --> tests/kitchen_sink.rs:29:19
[INFO] [stdout]    |
[INFO] [stdout] 29 |     let mut dom = VirtualDom::new(basic_syntax_is_a_template);
[INFO] [stdout]    |                   ^^^^^^^^^^ use of undeclared type `VirtualDom`
[INFO] [stdout]    |
[INFO] [stdout] help: consider importing this struct
[INFO] [stdout]    |
[INFO] [stdout] 1  + use dioxus_core::VirtualDom;
[INFO] [stdout]    |
[INFO] [stdout] 
[INFO] [stdout] 
[INFO] [stdout] error[E0422]: cannot find struct, variant or union type `LoadTemplate` in this scope
[INFO] [stdout]   --> tests/kitchen_sink.rs:36:13
[INFO] [stdout]    |
[INFO] [stdout] 36 |             LoadTemplate { name: "template", index: 0, id: ElementId(1) },
[INFO] [stdout]    |             ^^^^^^^^^^^^ not found in this scope
[INFO] [stdout]    |
[INFO] [stdout] help: consider importing this variant
[INFO] [stdout]    |
[INFO] [stdout] 1  + use dioxus_core::Mutation::LoadTemplate;
[INFO] [stdout]    |
[INFO] [stdout] 
[INFO] [stdout] 
[INFO] [stdout] error[E0422]: cannot find struct, variant or union type `SetAttribute` in this scope
[INFO] [stdout]   --> tests/kitchen_sink.rs:37:13
[INFO] [stdout]    |
[INFO] [stdout] 37 |             SetAttribute {
[INFO] [stdout]    |             ^^^^^^^^^^^^ not found in this scope
[INFO] [stdout]    |
[INFO] [stdout] help: consider importing this variant
[INFO] [stdout]    |
[INFO] [stdout] 1  + use dioxus_core::Mutation::SetAttribute;
[INFO] [stdout]    |
[INFO] [stdout] 
[INFO] [stdout] 
[INFO] [stdout] error[E0422]: cannot find struct, variant or union type `NewEventListener` in this scope
[INFO] [stdout]   --> tests/kitchen_sink.rs:43:13
[INFO] [stdout]    |
[INFO] [stdout] 43 |             NewEventListener { name: "click", id: ElementId(1) },
[INFO] [stdout]    |             ^^^^^^^^^^^^^^^^ not found in this scope
[INFO] [stdout]    |
[INFO] [stdout] help: consider importing this variant
[INFO] [stdout]    |
[INFO] [stdout] 1  + use dioxus_core::Mutation::NewEventListener;
[INFO] [stdout]    |
[INFO] [stdout] 
[INFO] [stdout] 
[INFO] [stdout] error[E0422]: cannot find struct, variant or union type `HydrateText` in this scope
[INFO] [stdout]   --> tests/kitchen_sink.rs:44:13
[INFO] [stdout]    |
[INFO] [stdout] 44 |             HydrateText { path: &[0, 0], value: "123", id: ElementId(2) },
[INFO] [stdout]    |             ^^^^^^^^^^^ not found in this scope
[INFO] [stdout]    |
[INFO] [stdout] help: consider importing this variant
[INFO] [stdout]    |
[INFO] [stdout] 1  + use dioxus_core::Mutation::HydrateText;
[INFO] [stdout]    |
[INFO] [stdout] 
[INFO] [stdout] 
[INFO] [stdout] error[E0422]: cannot find struct, variant or union type `AppendChildren` in this scope
[INFO] [stdout]   --> tests/kitchen_sink.rs:45:13
[INFO] [stdout]    |
[INFO] [stdout] 45 |             AppendChildren { id: ElementId(0), m: 1 },
[INFO] [stdout]    |             ^^^^^^^^^^^^^^ not found in this scope
[INFO] [stdout]    |
[INFO] [stdout] help: consider importing this variant
[INFO] [stdout]    |
[INFO] [stdout] 1  + use dioxus_core::Mutation::AppendChildren;
[INFO] [stdout]    |
[INFO] [stdout] 
[INFO] [stdout] 
[INFO] [stdout] error: cannot find macro `rsx` in this scope
[INFO] [stdout]   --> tests/attr_cleanup.rs:15:28
[INFO] [stdout]    |
[INFO] [stdout] 15 |             0 => cx.render(rsx! {
[INFO] [stdout]    |                            ^^^
[INFO] [stdout] 
[INFO] [stdout] 
[INFO] [stdout] error[E0412]: cannot find type `Scope` in this scope
[INFO] [stdout]  --> tests/create_fragments.rs:9:16
[INFO] [stdout]   |
[INFO] [stdout] 9 |     fn app(cx: Scope) -> Element {
[INFO] [stdout]   |                ^^^^^ not found in this scope
[INFO] [stdout]   |
[INFO] [stdout] help: consider importing one of these items
[INFO] [stdout]   |
[INFO] [stdout] 3 + use dioxus_core::Scope;
[INFO] [stdout]   |
[INFO] [stdout] 3 + use std::thread::Scope;
[INFO] [stdout]   |
[INFO] [stdout] 
[INFO] [stdout] 
[INFO] [stdout] error[E0412]: cannot find type `Element` in this scope
[INFO] [stdout]   --> tests/create_fragments.rs:9:26
[INFO] [stdout]    |
[INFO] [stdout] 9  |     fn app(cx: Scope) -> Element {
[INFO] [stdout]    |                          ^^^^^^^
[INFO] [stdout]    |
[INFO] [stdout]   ::: /opt/rustwide/workdir/src/arena.rs:14:1
[INFO] [stdout]    |
[INFO] [stdout] 14 | pub struct ElementId(pub usize);
[INFO] [stdout]    | -------------------- similarly named struct `ElementId` defined here
[INFO] [stdout]    |
[INFO] [stdout] help: a struct with a similar name exists
[INFO] [stdout]    |
[INFO] [stdout] 9  |     fn app(cx: Scope) -> ElementId {
[INFO] [stdout]    |                          ~~~~~~~~~
[INFO] [stdout] help: consider importing this type alias
[INFO] [stdout]    |
[INFO] [stdout] 3  + use dioxus_core::Element;
[INFO] [stdout]    |
[INFO] [stdout] 
[INFO] [stdout] 
[INFO] [stdout] error[E0433]: failed to resolve: use of undeclared type `VirtualDom`
[INFO] [stdout]   --> tests/create_fragments.rs:13:20
[INFO] [stdout]    |
[INFO] [stdout] 13 |     let mut vdom = VirtualDom::new(app);
[INFO] [stdout]    |                    ^^^^^^^^^^ use of undeclared type `VirtualDom`
[INFO] [stdout]    |
[INFO] [stdout] help: consider importing this struct
[INFO] [stdout]    |
[INFO] [stdout] 3  + use dioxus_core::VirtualDom;
[INFO] [stdout]    |
[INFO] [stdout] 
[INFO] [stdout] 
[INFO] [stdout] error[E0422]: cannot find struct, variant or union type `CreatePlaceholder` in this scope
[INFO] [stdout]   --> tests/create_fragments.rs:19:13
[INFO] [stdout]    |
[INFO] [stdout] 19 |             CreatePlaceholder { id: ElementId(1) },
[INFO] [stdout]    |             ^^^^^^^^^^^^^^^^^ not found in this scope
[INFO] [stdout]    |
[INFO] [stdout] help: consider importing this variant
[INFO] [stdout]    |
[INFO] [stdout] 3  + use dioxus_core::Mutation::CreatePlaceholder;
[INFO] [stdout]    |
[INFO] [stdout] 
[INFO] [stdout] 
[INFO] [stdout] error[E0412]: cannot find type `Scope` in this scope
[INFO] [stdout]  --> tests/bubble_error.rs:5:12
[INFO] [stdout]   |
[INFO] [stdout] 5 | fn app(cx: Scope) -> Element {
[INFO] [stdout]   |            ^^^^^ not found in this scope
[INFO] [stdout]   |
[INFO] [stdout] help: consider importing one of these items
[INFO] [stdout]   |
[INFO] [stdout] 3 + use dioxus_core::Scope;
[INFO] [stdout]   |
[INFO] [stdout] 3 + use std::thread::Scope;
[INFO] [stdout]   |
[INFO] [stdout] 
[INFO] [stdout] 
[INFO] [stdout] error[E0422]: cannot find struct, variant or union type `AppendChildren` in this scope
[INFO] [stdout]   --> tests/create_fragments.rs:20:13
[INFO] [stdout]    |
[INFO] [stdout] 20 |             AppendChildren { id: ElementId(0), m: 1 }
[INFO] [stdout]    |             ^^^^^^^^^^^^^^ not found in this scope
[INFO] [stdout]    |
[INFO] [stdout] help: consider importing this variant
[INFO] [stdout]    |
[INFO] [stdout] 3  + use dioxus_core::Mutation::AppendChildren;
[INFO] [stdout]    |
[INFO] [stdout] 
[INFO] [stdout] 
[INFO] [stdout] error[E0412]: cannot find type `Element` in this scope
[INFO] [stdout]  --> tests/bubble_error.rs:5:22
[INFO] [stdout]   |
[INFO] [stdout] 5 | fn app(cx: Scope) -> Element {
[INFO] [stdout]   |                      ^^^^^^^ not found in this scope
[INFO] [stdout]   |
[INFO] [stdout] help: consider importing this type alias
[INFO] [stdout]   |
[INFO] [stdout] 3 + use dioxus_core::Element;
[INFO] [stdout]   |
[INFO] [stdout] 
[INFO] [stdout] 
[INFO] [stdout] error[E0433]: failed to resolve: use of undeclared type `VirtualDom`
[INFO] [stdout]   --> tests/create_fragments.rs:27:20
[INFO] [stdout]    |
[INFO] [stdout] 27 |     let mut vdom = VirtualDom::new(|cx| {
[INFO] [stdout]    |                    ^^^^^^^^^^ use of undeclared type `VirtualDom`
[INFO] [stdout]    |
[INFO] [stdout] help: consider importing this struct
[INFO] [stdout]    |
[INFO] [stdout] 3  + use dioxus_core::VirtualDom;
[INFO] [stdout]    |
[INFO] [stdout] 
[INFO] [stdout] 
[INFO] [stdout] error[E0433]: failed to resolve: use of undeclared type `VirtualDom`
[INFO] [stdout]   --> tests/bubble_error.rs:21:19
[INFO] [stdout]    |
[INFO] [stdout] 21 |     let mut dom = VirtualDom::new(app);
[INFO] [stdout]    |                   ^^^^^^^^^^ use of undeclared type `VirtualDom`
[INFO] [stdout]    |
[INFO] [stdout] help: consider importing this struct
[INFO] [stdout]    |
[INFO] [stdout] 3  + use dioxus_core::VirtualDom;
[INFO] [stdout]    |
[INFO] [stdout] 
[INFO] [stdout] 
[INFO] [stdout] error[E0422]: cannot find struct, variant or union type `AppendChildren` in this scope
[INFO] [stdout]   --> tests/create_fragments.rs:36:10
[INFO] [stdout]    |
[INFO] [stdout] 36 |         &AppendChildren { id: ElementId(0), m: 2 }
[INFO] [stdout]    |          ^^^^^^^^^^^^^^ not found in this scope
[INFO] [stdout]    |
[INFO] [stdout] help: consider importing this variant
[INFO] [stdout]    |
[INFO] [stdout] 3  + use dioxus_core::Mutation::AppendChildren;
[INFO] [stdout]    |
[INFO] [stdout] 
[INFO] [stdout] 
[INFO] [stdout] error[E0425]: cannot find function, tuple struct or tuple variant `ScopeId` in this scope
[INFO] [stdout]   --> tests/bubble_error.rs:27:20
[INFO] [stdout]    |
[INFO] [stdout] 27 |     dom.mark_dirty(ScopeId(0));
[INFO] [stdout]    |                    ^^^^^^^ not found in this scope
[INFO] [stdout]    |
[INFO] [stdout] help: consider importing this tuple struct
[INFO] [stdout]    |
[INFO] [stdout] 3  + use dioxus_core::ScopeId;
[INFO] [stdout]    |
[INFO] [stdout] 
[INFO] [stdout] 
[INFO] [stdout] error[E0433]: failed to resolve: use of undeclared type `VirtualDom`
[INFO] [stdout]   --> tests/create_fragments.rs:42:20
[INFO] [stdout]    |
[INFO] [stdout] 42 |     let mut vdom = VirtualDom::new(|cx| {
[INFO] [stdout]    |                    ^^^^^^^^^^ use of undeclared type `VirtualDom`
[INFO] [stdout]    |
[INFO] [stdout] help: consider importing this struct
[INFO] [stdout]    |
[INFO] [stdout] 3  + use dioxus_core::VirtualDom;
[INFO] [stdout]    |
[INFO] [stdout] 
[INFO] [stdout] 
[INFO] [stdout] error[E0422]: cannot find struct, variant or union type `AppendChildren` in this scope
[INFO] [stdout]   --> tests/create_fragments.rs:63:10
[INFO] [stdout]    |
[INFO] [stdout] 63 |         &AppendChildren { id: ElementId(0), m: 8 }
[INFO] [stdout]    |          ^^^^^^^^^^^^^^ not found in this scope
[INFO] [stdout]    |
[INFO] [stdout] help: consider importing this variant
[INFO] [stdout]    |
[INFO] [stdout] 3  + use dioxus_core::Mutation::AppendChildren;
[INFO] [stdout]    |
[INFO] [stdout] 
[INFO] [stdout] 
[INFO] [stdout] error[E0412]: cannot find type `Scope` in this scope
[INFO] [stdout]   --> tests/create_fragments.rs:69:16
[INFO] [stdout]    |
[INFO] [stdout] 69 |     fn app(cx: Scope) -> Element {
[INFO] [stdout]    |                ^^^^^ not found in this scope
[INFO] [stdout]    |
[INFO] [stdout] help: consider importing one of these items
[INFO] [stdout]    |
[INFO] [stdout] 3  + use dioxus_core::Scope;
[INFO] [stdout]    |
[INFO] [stdout] 3  + use std::thread::Scope;
[INFO] [stdout]    |
[INFO] [stdout] 
[INFO] [stdout] 
[INFO] [stdout] error[E0412]: cannot find type `Element` in this scope
[INFO] [stdout]   --> tests/create_fragments.rs:69:26
[INFO] [stdout]    |
[INFO] [stdout] 69 |     fn app(cx: Scope) -> Element {
[INFO] [stdout]    |                          ^^^^^^^
[INFO] [stdout]    |
[INFO] [stdout]   ::: /opt/rustwide/workdir/src/arena.rs:14:1
[INFO] [stdout]    |
[INFO] [stdout] 14 | pub struct ElementId(pub usize);
[INFO] [stdout]    | -------------------- similarly named struct `ElementId` defined here
[INFO] [stdout]    |
[INFO] [stdout] help: a struct with a similar name exists
[INFO] [stdout]    |
[INFO] [stdout] 69 |     fn app(cx: Scope) -> ElementId {
[INFO] [stdout]    |                          ~~~~~~~~~
[INFO] [stdout] help: consider importing this type alias
[INFO] [stdout]    |
[INFO] [stdout] 3  + use dioxus_core::Element;
[INFO] [stdout]    |
[INFO] [stdout] 
[INFO] [stdout] 
[INFO] [stdout] error[E0412]: cannot find type `Scope` in this scope
[INFO] [stdout]   --> tests/create_fragments.rs:78:23
[INFO] [stdout]    |
[INFO] [stdout] 78 |     fn demo_child(cx: Scope) -> Element {
[INFO] [stdout]    |                       ^^^^^ not found in this scope
[INFO] [stdout]    |
[INFO] [stdout] help: consider importing one of these items
[INFO] [stdout]    |
[INFO] [stdout] 3  + use dioxus_core::Scope;
[INFO] [stdout]    |
[INFO] [stdout] 3  + use std::thread::Scope;
[INFO] [stdout]    |
[INFO] [stdout] 
[INFO] [stdout] 
[INFO] [stdout] error[E0412]: cannot find type `Element` in this scope
[INFO] [stdout]   --> tests/create_fragments.rs:78:33
[INFO] [stdout]    |
[INFO] [stdout] 78 |     fn demo_child(cx: Scope) -> Element {
[INFO] [stdout]    |                                 ^^^^^^^
[INFO] [stdout]    |
[INFO] [stdout]   ::: /opt/rustwide/workdir/src/arena.rs:14:1
[INFO] [stdout]    |
[INFO] [stdout] 14 | pub struct ElementId(pub usize);
[INFO] [stdout]    | -------------------- similarly named struct `ElementId` defined here
[INFO] [stdout]    |
[INFO] [stdout] help: a struct with a similar name exists
[INFO] [stdout]    |
[INFO] [stdout] 78 |     fn demo_child(cx: Scope) -> ElementId {
[INFO] [stdout]    |                                 ~~~~~~~~~
[INFO] [stdout] help: consider importing this type alias
[INFO] [stdout]    |
[INFO] [stdout] 3  + use dioxus_core::Element;
[INFO] [stdout]    |
[INFO] [stdout] 
[INFO] [stdout] 
[INFO] [stdout] error[E0433]: failed to resolve: use of undeclared type `VirtualDom`
[INFO] [stdout]   --> tests/create_fragments.rs:87:9
[INFO] [stdout]    |
[INFO] [stdout] 87 |         VirtualDom::new(app).rebuild().edits.last().unwrap(),
[INFO] [stdout]    |         ^^^^^^^^^^ use of undeclared type `VirtualDom`
[INFO] [stdout]    |
[INFO] [stdout] help: consider importing this struct
[INFO] [stdout]    |
[INFO] [stdout] 3  + use dioxus_core::VirtualDom;
[INFO] [stdout]    |
[INFO] [stdout] 
[INFO] [stdout] 
[INFO] [stdout] error[E0422]: cannot find struct, variant or union type `AppendChildren` in this scope
[INFO] [stdout]   --> tests/create_fragments.rs:88:10
[INFO] [stdout]    |
[INFO] [stdout] 88 |         &AppendChildren { id: ElementId(0), m: 8 }
[INFO] [stdout]    |          ^^^^^^^^^^^^^^ not found in this scope
[INFO] [stdout]    |
[INFO] [stdout] help: consider importing this variant
[INFO] [stdout]    |
[INFO] [stdout] 3  + use dioxus_core::Mutation::AppendChildren;
[INFO] [stdout]    |
[INFO] [stdout] 
[INFO] [stdout] 
[INFO] [stdout] error[E0412]: cannot find type `Scope` in this scope
[INFO] [stdout]   --> tests/create_fragments.rs:94:16
[INFO] [stdout]    |
[INFO] [stdout] 94 |     fn app(cx: Scope) -> Element {
[INFO] [stdout]    |                ^^^^^ not found in this scope
[INFO] [stdout]    |
[INFO] [stdout] help: consider importing one of these items
[INFO] [stdout]    |
[INFO] [stdout] 3  + use dioxus_core::Scope;
[INFO] [stdout]    |
[INFO] [stdout] 3  + use std::thread::Scope;
[INFO] [stdout]    |
[INFO] [stdout] 
[INFO] [stdout] 
[INFO] [stdout] error[E0412]: cannot find type `Element` in this scope
[INFO] [stdout]   --> tests/create_fragments.rs:94:26
[INFO] [stdout]    |
[INFO] [stdout] 94 |     fn app(cx: Scope) -> Element {
[INFO] [stdout]    |                          ^^^^^^^
[INFO] [stdout]    |
[INFO] [stdout]   ::: /opt/rustwide/workdir/src/arena.rs:14:1
[INFO] [stdout]    |
[INFO] [stdout] 14 | pub struct ElementId(pub usize);
[INFO] [stdout]    | -------------------- similarly named struct `ElementId` defined here
[INFO] [stdout]    |
[INFO] [stdout] help: a struct with a similar name exists
[INFO] [stdout]    |
[INFO] [stdout] 94 |     fn app(cx: Scope) -> ElementId {
[INFO] [stdout]    |                          ~~~~~~~~~
[INFO] [stdout] help: consider importing this type alias
[INFO] [stdout]    |
[INFO] [stdout] 3  + use dioxus_core::Element;
[INFO] [stdout]    |
[INFO] [stdout] 
[INFO] [stdout] 
[INFO] [stdout] error: cannot find macro `rsx` in this scope
[INFO] [stdout]   --> tests/attr_cleanup.rs:18:28
[INFO] [stdout]    |
[INFO] [stdout] 18 |             1 => cx.render(rsx! {
[INFO] [stdout]    |                            ^^^
[INFO] [stdout] 
[INFO] [stdout] 
[INFO] [stdout] error[E0433]: failed to resolve: use of undeclared type `VirtualDom`
[INFO] [stdout]    --> tests/create_fragments.rs:101:9
[INFO] [stdout]     |
[INFO] [stdout] 101 |         VirtualDom::new(app).rebuild().edits.last().unwrap(),
[INFO] [stdout]     |         ^^^^^^^^^^ use of undeclared type `VirtualDom`
[INFO] [stdout]     |
[INFO] [stdout] help: consider importing this struct
[INFO] [stdout]     |
[INFO] [stdout] 3   + use dioxus_core::VirtualDom;
[INFO] [stdout]     |
[INFO] [stdout] 
[INFO] [stdout] 
[INFO] [stdout] error[E0422]: cannot find struct, variant or union type `AppendChildren` in this scope
[INFO] [stdout]    --> tests/create_fragments.rs:102:10
[INFO] [stdout]     |
[INFO] [stdout] 102 |         &AppendChildren { id: ElementId(0), m: 7 }
[INFO] [stdout]     |          ^^^^^^^^^^^^^^ not found in this scope
[INFO] [stdout]     |
[INFO] [stdout] help: consider importing this variant
[INFO] [stdout]     |
[INFO] [stdout] 3   + use dioxus_core::Mutation::AppendChildren;
[INFO] [stdout]     |
[INFO] [stdout] 
[INFO] [stdout] 
[INFO] [stdout] error[E0433]: failed to resolve: use of undeclared type `VirtualDom`
[INFO] [stdout]    --> tests/create_dom.rs:163:19
[INFO] [stdout]     |
[INFO] [stdout] 163 |     let mut dom = VirtualDom::new(|cx| {
[INFO] [stdout]     |                   ^^^^^^^^^^ use of undeclared type `VirtualDom`
[INFO] [stdout]     |
[INFO] [stdout] help: consider importing this struct
[INFO] [stdout]     |
[INFO] [stdout] 8   + use dioxus_core::VirtualDom;
[INFO] [stdout]     |
[INFO] [stdout] 
[INFO] [stdout] 
[INFO] [stdout] error[E0422]: cannot find struct, variant or union type `LoadTemplate` in this scope
[INFO] [stdout]    --> tests/create_dom.rs:192:13
[INFO] [stdout]     |
[INFO] [stdout] 192 |             LoadTemplate { name: "template", index: 0, id: ElementId(1) },
[INFO] [stdout]     |             ^^^^^^^^^^^^ not found in this scope
[INFO] [stdout]     |
[INFO] [stdout] help: consider importing this variant
[INFO] [stdout]     |
[INFO] [stdout] 8   + use dioxus_core::Mutation::LoadTemplate;
[INFO] [stdout]     |
[INFO] [stdout] 
[INFO] [stdout] 
[INFO] [stdout] error[E0422]: cannot find struct, variant or union type `CreatePlaceholder` in this scope
[INFO] [stdout]    --> tests/create_dom.rs:193:13
[INFO] [stdout]     |
[INFO] [stdout] 193 |             CreatePlaceholder { id: ElementId(2) },
[INFO] [stdout]     |             ^^^^^^^^^^^^^^^^^ not found in this scope
[INFO] [stdout]     |
[INFO] [stdout] help: consider importing this variant
[INFO] [stdout]     |
[INFO] [stdout] 8   + use dioxus_core::Mutation::CreatePlaceholder;
[INFO] [stdout]     |
[INFO] [stdout] 
[INFO] [stdout] 
[INFO] [stdout] error[E0422]: cannot find struct, variant or union type `AppendChildren` in this scope
[INFO] [stdout]    --> tests/create_dom.rs:194:13
[INFO] [stdout]     |
[INFO] [stdout] 194 |             AppendChildren { m: 2, id: ElementId(0) }
[INFO] [stdout]     |             ^^^^^^^^^^^^^^ not found in this scope
[INFO] [stdout]     |
[INFO] [stdout] help: consider importing this variant
[INFO] [stdout]     |
[INFO] [stdout] 8   + use dioxus_core::Mutation::AppendChildren;
[INFO] [stdout]     |
[INFO] [stdout] 
[INFO] [stdout] 
[INFO] [stdout] error[E0433]: failed to resolve: use of undeclared type `VirtualDom`
[INFO] [stdout]   --> tests/attr_cleanup.rs:12:19
[INFO] [stdout]    |
[INFO] [stdout] 12 |     let mut dom = VirtualDom::new(|cx| {
[INFO] [stdout]    |                   ^^^^^^^^^^ use of undeclared type `VirtualDom`
[INFO] [stdout]    |
[INFO] [stdout] help: consider importing this struct
[INFO] [stdout]    |
[INFO] [stdout] 5  + use dioxus_core::VirtualDom;
[INFO] [stdout]    |
[INFO] [stdout] 
[INFO] [stdout] 
[INFO] [stdout] error[E0422]: cannot find struct, variant or union type `LoadTemplate` in this scope
[INFO] [stdout]   --> tests/attr_cleanup.rs:32:13
[INFO] [stdout]    |
[INFO] [stdout] 32 |             LoadTemplate { name: "template", index: 0, id: ElementId(1,) },
[INFO] [stdout]    |             ^^^^^^^^^^^^ not found in this scope
[INFO] [stdout]    |
[INFO] [stdout] help: consider importing this variant
[INFO] [stdout]    |
[INFO] [stdout] 5  + use dioxus_core::Mutation::LoadTemplate;
[INFO] [stdout]    |
[INFO] [stdout] 
[INFO] [stdout] 
[INFO] [stdout] error[E0422]: cannot find struct, variant or union type `AppendChildren` in this scope
[INFO] [stdout]   --> tests/attr_cleanup.rs:33:13
[INFO] [stdout]    |
[INFO] [stdout] 33 |             AppendChildren { m: 1, id: ElementId(0) },
[INFO] [stdout]    |             ^^^^^^^^^^^^^^ not found in this scope
[INFO] [stdout]    |
[INFO] [stdout] help: consider importing this variant
[INFO] [stdout]    |
[INFO] [stdout] 5  + use dioxus_core::Mutation::AppendChildren;
[INFO] [stdout]    |
[INFO] [stdout] 
[INFO] [stdout] 
[INFO] [stdout] error[E0425]: cannot find function, tuple struct or tuple variant `ScopeId` in this scope
[INFO] [stdout]   --> tests/attr_cleanup.rs:37:20
[INFO] [stdout]    |
[INFO] [stdout] 37 |     dom.mark_dirty(ScopeId(0));
[INFO] [stdout]    |                    ^^^^^^^ not found in this scope
[INFO] [stdout]    |
[INFO] [stdout] help: consider importing this tuple struct
[INFO] [stdout]    |
[INFO] [stdout] 5  + use dioxus_core::ScopeId;
[INFO] [stdout]    |
[INFO] [stdout] 
[INFO] [stdout] 
[INFO] [stdout] error[E0422]: cannot find struct, variant or union type `LoadTemplate` in this scope
[INFO] [stdout]   --> tests/attr_cleanup.rs:41:13
[INFO] [stdout]    |
[INFO] [stdout] 41 |             LoadTemplate { name: "template", index: 0, id: ElementId(2,) },
[INFO] [stdout]    |             ^^^^^^^^^^^^ not found in this scope
[INFO] [stdout]    |
[INFO] [stdout] help: consider importing this variant
[INFO] [stdout]    |
[INFO] [stdout] 5  + use dioxus_core::Mutation::LoadTemplate;
[INFO] [stdout]    |
[INFO] [stdout] 
[INFO] [stdout] 
[INFO] [stdout] error[E0422]: cannot find struct, variant or union type `AssignId` in this scope
[INFO] [stdout]   --> tests/attr_cleanup.rs:42:13
[INFO] [stdout]    |
[INFO] [stdout] 42 |             AssignId { path: &[0,], id: ElementId(3,) },
[INFO] [stdout]    |             ^^^^^^^^ not found in this scope
[INFO] [stdout]    |
[INFO] [stdout] help: consider importing this variant
[INFO] [stdout]    |
[INFO] [stdout] 5  + use dioxus_core::Mutation::AssignId;
[INFO] [stdout]    |
[INFO] [stdout] 
[INFO] [stdout] 
[INFO] [stdout] error[E0422]: cannot find struct, variant or union type `SetAttribute` in this scope
[INFO] [stdout]   --> tests/attr_cleanup.rs:43:13
[INFO] [stdout]    |
[INFO] [stdout] 43 |             SetAttribute {
[INFO] [stdout]    |             ^^^^^^^^^^^^ not found in this scope
[INFO] [stdout]    |
[INFO] [stdout] help: consider importing this variant
[INFO] [stdout]    |
[INFO] [stdout] 5  + use dioxus_core::Mutation::SetAttribute;
[INFO] [stdout]    |
[INFO] [stdout] 
[INFO] [stdout] 
[INFO] [stdout] error[E0422]: cannot find struct, variant or union type `SetAttribute` in this scope
[INFO] [stdout]   --> tests/attr_cleanup.rs:49:13
[INFO] [stdout]    |
[INFO] [stdout] 49 |             SetAttribute {
[INFO] [stdout]    |             ^^^^^^^^^^^^ not found in this scope
[INFO] [stdout]    |
[INFO] [stdout] help: consider importing this variant
[INFO] [stdout]    |
[INFO] [stdout] 5  + use dioxus_core::Mutation::SetAttribute;
[INFO] [stdout]    |
[INFO] [stdout] 
[INFO] [stdout] 
[INFO] [stdout] error[E0422]: cannot find struct, variant or union type `ReplaceWith` in this scope
[INFO] [stdout]   --> tests/attr_cleanup.rs:55:13
[INFO] [stdout]    |
[INFO] [stdout] 55 |             ReplaceWith { id: ElementId(1,), m: 1 },
[INFO] [stdout]    |             ^^^^^^^^^^^ not found in this scope
[INFO] [stdout]    |
[INFO] [stdout] help: consider importing this variant
[INFO] [stdout]    |
[INFO] [stdout] 5  + use dioxus_core::Mutation::ReplaceWith;
[INFO] [stdout]    |
[INFO] [stdout] 
[INFO] [stdout] 
[INFO] [stdout] error[E0425]: cannot find function, tuple struct or tuple variant `ScopeId` in this scope
[INFO] [stdout]   --> tests/attr_cleanup.rs:59:20
[INFO] [stdout]    |
[INFO] [stdout] 59 |     dom.mark_dirty(ScopeId(0));
[INFO] [stdout]    |                    ^^^^^^^ not found in this scope
[INFO] [stdout]    |
[INFO] [stdout] help: consider importing this tuple struct
[INFO] [stdout]    |
[INFO] [stdout] 5  + use dioxus_core::ScopeId;
[INFO] [stdout]    |
[INFO] [stdout] 
[INFO] [stdout] 
[INFO] [stdout] error[E0422]: cannot find struct, variant or union type `LoadTemplate` in this scope
[INFO] [stdout]   --> tests/attr_cleanup.rs:63:13
[INFO] [stdout]    |
[INFO] [stdout] 63 |             LoadTemplate { name: "template", index: 0, id: ElementId(1) },
[INFO] [stdout]    |             ^^^^^^^^^^^^ not found in this scope
[INFO] [stdout]    |
[INFO] [stdout] help: consider importing this variant
[INFO] [stdout]    |
[INFO] [stdout] 5  + use dioxus_core::Mutation::LoadTemplate;
[INFO] [stdout]    |
[INFO] [stdout] 
[INFO] [stdout] 
[INFO] [stdout] error[E0422]: cannot find struct, variant or union type `ReplaceWith` in this scope
[INFO] [stdout]   --> tests/attr_cleanup.rs:64:13
[INFO] [stdout]    |
[INFO] [stdout] 64 |             ReplaceWith { id: ElementId(2), m: 1 }
[INFO] [stdout]    |             ^^^^^^^^^^^ not found in this scope
[INFO] [stdout]    |
[INFO] [stdout] help: consider importing this variant
[INFO] [stdout]    |
[INFO] [stdout] 5  + use dioxus_core::Mutation::ReplaceWith;
[INFO] [stdout]    |
[INFO] [stdout] 
[INFO] [stdout] 
[INFO] [stdout] error[E0425]: cannot find function, tuple struct or tuple variant `ScopeId` in this scope
[INFO] [stdout]   --> tests/attr_cleanup.rs:68:20
[INFO] [stdout]    |
[INFO] [stdout] 68 |     dom.mark_dirty(ScopeId(0));
[INFO] [stdout]    |                    ^^^^^^^ not found in this scope
[INFO] [stdout]    |
[INFO] [stdout] help: consider importing this tuple struct
[INFO] [stdout]    |
[INFO] [stdout] 5  + use dioxus_core::ScopeId;
[INFO] [stdout]    |
[INFO] [stdout] 
[INFO] [stdout] 
[INFO] [stdout] error[E0422]: cannot find struct, variant or union type `LoadTemplate` in this scope
[INFO] [stdout]   --> tests/attr_cleanup.rs:72:13
[INFO] [stdout]    |
[INFO] [stdout] 72 |             LoadTemplate { name: "template", index: 0, id: ElementId(2) },
[INFO] [stdout]    |             ^^^^^^^^^^^^ not found in this scope
[INFO] [stdout]    |
[INFO] [stdout] help: consider importing this variant
[INFO] [stdout]    |
[INFO] [stdout] 5  + use dioxus_core::Mutation::LoadTemplate;
[INFO] [stdout]    |
[INFO] [stdout] 
[INFO] [stdout] 
[INFO] [stdout] error[E0422]: cannot find struct, variant or union type `AssignId` in this scope
[INFO] [stdout]   --> tests/attr_cleanup.rs:73:13
[INFO] [stdout]    |
[INFO] [stdout] 73 |             AssignId { path: &[0], id: ElementId(3) },
[INFO] [stdout]    |             ^^^^^^^^ not found in this scope
[INFO] [stdout]    |
[INFO] [stdout] help: consider importing this variant
[INFO] [stdout]    |
[INFO] [stdout] 5  + use dioxus_core::Mutation::AssignId;
[INFO] [stdout]    |
[INFO] [stdout] 
[INFO] [stdout] 
[INFO] [stdout] error[E0422]: cannot find struct, variant or union type `SetAttribute` in this scope
[INFO] [stdout]   --> tests/attr_cleanup.rs:74:13
[INFO] [stdout]    |
[INFO] [stdout] 74 |             SetAttribute {
[INFO] [stdout]    |             ^^^^^^^^^^^^ not found in this scope
[INFO] [stdout]    |
[INFO] [stdout] help: consider importing this variant
[INFO] [stdout]    |
[INFO] [stdout] 5  + use dioxus_core::Mutation::SetAttribute;
[INFO] [stdout]    |
[INFO] [stdout] 
[INFO] [stdout] 
[INFO] [stdout] error[E0422]: cannot find struct, variant or union type `SetAttribute` in this scope
[INFO] [stdout]   --> tests/attr_cleanup.rs:80:13
[INFO] [stdout]    |
[INFO] [stdout] 80 |             SetAttribute {
[INFO] [stdout]    |             ^^^^^^^^^^^^ not found in this scope
[INFO] [stdout]    |
[INFO] [stdout] help: consider importing this variant
[INFO] [stdout]    |
[INFO] [stdout] 5  + use dioxus_core::Mutation::SetAttribute;
[INFO] [stdout]    |
[INFO] [stdout] 
[INFO] [stdout] 
[INFO] [stdout] error[E0422]: cannot find struct, variant or union type `ReplaceWith` in this scope
[INFO] [stdout]   --> tests/attr_cleanup.rs:86:13
[INFO] [stdout]    |
[INFO] [stdout] 86 |             ReplaceWith { id: ElementId(1), m: 1 }
[INFO] [stdout]    |             ^^^^^^^^^^^ not found in this scope
[INFO] [stdout]    |
[INFO] [stdout] help: consider importing this variant
[INFO] [stdout]    |
[INFO] [stdout] 5  + use dioxus_core::Mutation::ReplaceWith;
[INFO] [stdout]    |
[INFO] [stdout] 
[INFO] [stdout] 
[INFO] [stdout] error[E0425]: cannot find function, tuple struct or tuple variant `ScopeId` in this scope
[INFO] [stdout]   --> tests/attr_cleanup.rs:91:20
[INFO] [stdout]    |
[INFO] [stdout] 91 |     dom.mark_dirty(ScopeId(0));
[INFO] [stdout]    |                    ^^^^^^^ not found in this scope
[INFO] [stdout]    |
[INFO] [stdout] help: consider importing this tuple struct
[INFO] [stdout]    |
[INFO] [stdout] 5  + use dioxus_core::ScopeId;
[INFO] [stdout]    |
[INFO] [stdout] 
[INFO] [stdout] 
[INFO] [stdout] error[E0422]: cannot find struct, variant or union type `LoadTemplate` in this scope
[INFO] [stdout]   --> tests/attr_cleanup.rs:95:13
[INFO] [stdout]    |
[INFO] [stdout] 95 |             LoadTemplate { name: "template", index: 0, id: ElementId(1) },
[INFO] [stdout]    |             ^^^^^^^^^^^^ not found in this scope
[INFO] [stdout]    |
[INFO] [stdout] help: consider importing this variant
[INFO] [stdout]    |
[INFO] [stdout] 5  + use dioxus_core::Mutation::LoadTemplate;
[INFO] [stdout]    |
[INFO] [stdout] 
[INFO] [stdout] 
[INFO] [stdout] error[E0422]: cannot find struct, variant or union type `ReplaceWith` in this scope
[INFO] [stdout]   --> tests/attr_cleanup.rs:96:13
[INFO] [stdout]    |
[INFO] [stdout] 96 |             ReplaceWith { id: ElementId(2), m: 1 }
[INFO] [stdout]    |             ^^^^^^^^^^^ not found in this scope
[INFO] [stdout]    |
[INFO] [stdout] help: consider importing this variant
[INFO] [stdout]    |
[INFO] [stdout] 5  + use dioxus_core::Mutation::ReplaceWith;
[INFO] [stdout]    |
[INFO] [stdout] 
[INFO] [stdout] 
[INFO] [stdout] error: aborting due to 3 previous errors
[INFO] [stdout] 
[INFO] [stdout] 
[INFO] [stdout] For more information about this error, try `rustc --explain E0433`.
[INFO] [stdout] 
[INFO] [stderr] error: could not compile `dioxus-core` (test "create_element") due to 4 previous errors
[INFO] [stderr] warning: build failed, waiting for other jobs to finish...
[INFO] [stdout] error: aborting due to 6 previous errors
[INFO] [stdout] 
[INFO] [stdout] 
[INFO] [stdout] error: aborting due to 3 previous errors
[INFO] [stdout] 
[INFO] [stdout] 
[INFO] [stdout] Some errors have detailed explanations: E0412, E0425, E0433.
[INFO] [stdout] 
[INFO] [stdout] For more information about this error, try `rustc --explain E0433`.
[INFO] [stdout] 
[INFO] [stdout] For more information about an error, try `rustc --explain E0412`.
[INFO] [stdout] 
[INFO] [stdout] error: aborting due to 25 previous errors
[INFO] [stdout] 
[INFO] [stdout] 
[INFO] [stdout] Some errors have detailed explanations: E0412, E0422, E0432, E0433.
[INFO] [stdout] 
[INFO] [stdout] For more information about an error, try `rustc --explain E0412`.
[INFO] [stdout] 
[INFO] [stdout] error: aborting due to 28 previous errors
[INFO] [stdout] 
[INFO] [stdout] 
[INFO] [stdout] Some errors have detailed explanations: E0412, E0422, E0432, E0433.
[INFO] [stdout] 
[INFO] [stdout] For more information about an error, try `rustc --explain E0412`.
[INFO] [stdout] 
[INFO] [stderr] error: could not compile `dioxus-core` (test "safety") due to 4 previous errors
[INFO] [stderr] error: could not compile `dioxus-core` (test "bubble_error") due to 7 previous errors
[INFO] [stderr] error: could not compile `dioxus-core` (test "create_fragments") due to 29 previous errors
[INFO] [stderr] error: could not compile `dioxus-core` (test "create_dom") due to 26 previous errors
[INFO] [stdout] error[E0599]: no method named `into_value` found for reference `&'static str` in the current scope
[INFO] [stdout]   --> tests/kitchen_sink.rs:39:44
[INFO] [stdout]    |
[INFO] [stdout] 39 |                 value: (&*bump.alloc("123".into_value(&bump))).into(),
[INFO] [stdout]    |                                            ^^^^^^^^^^ method not found in `&str`
[INFO] [stdout]    |
[INFO] [stdout]    = help: items from traits can only be used if the trait is in scope
[INFO] [stdout] help: the following trait is implemented but not in scope; perhaps add a `use` for it:
[INFO] [stdout]    |
[INFO] [stdout] 1  + use dioxus_core::prelude::IntoAttributeValue;
[INFO] [stdout]    |
[INFO] [stdout] 
[INFO] [stdout] 
[INFO] [stdout] error[E0599]: no method named `into_value` found for reference `&'static str` in the current scope
[INFO] [stdout]   --> tests/attr_cleanup.rs:45:42
[INFO] [stdout]    |
[INFO] [stdout] 45 |                 value: (&*bump.alloc("1".into_value(&bump))).into(),
[INFO] [stdout]    |                                          ^^^^^^^^^^ method not found in `&str`
[INFO] [stdout]    |
[INFO] [stdout]    = help: items from traits can only be used if the trait is in scope
[INFO] [stdout] help: the following trait is implemented but not in scope; perhaps add a `use` for it:
[INFO] [stdout]    |
[INFO] [stdout] 5  + use dioxus_core::prelude::IntoAttributeValue;
[INFO] [stdout]    |
[INFO] [stdout] 
[INFO] [stdout] 
[INFO] [stdout] error[E0599]: no method named `into_value` found for reference `&'static str` in the current scope
[INFO] [stdout]   --> tests/attr_cleanup.rs:51:42
[INFO] [stdout]    |
[INFO] [stdout] 51 |                 value: (&*bump.alloc("1".into_value(&bump))).into(),
[INFO] [stdout]    |                                          ^^^^^^^^^^ method not found in `&str`
[INFO] [stdout]    |
[INFO] [stdout]    = help: items from traits can only be used if the trait is in scope
[INFO] [stdout] help: the following trait is implemented but not in scope; perhaps add a `use` for it:
[INFO] [stdout]    |
[INFO] [stdout] 5  + use dioxus_core::prelude::IntoAttributeValue;
[INFO] [stdout]    |
[INFO] [stdout] 
[INFO] [stdout] 
[INFO] [stdout] error: aborting due to 13 previous errors
[INFO] [stdout] 
[INFO] [stdout] 
[INFO] [stdout] Some errors have detailed explanations: E0412, E0422, E0432, E0433, E0599.
[INFO] [stdout] 
[INFO] [stdout] For more information about an error, try `rustc --explain E0412`.
[INFO] [stdout] 
[INFO] [stdout] error[E0599]: no method named `throw` found for enum `Result` in the current scope
[INFO] [stdout]   --> tests/error_boundary.rs:29:36
[INFO] [stdout]    |
[INFO] [stdout] 29 |     let _g: i32 = "123123".parse().throw(cx)?;
[INFO] [stdout]    |                                    ^^^^^ method not found in `Result<_, _>`
[INFO] [stdout]    |
[INFO] [stdout]   ::: /opt/rustwide/workdir/src/error_boundary.rs:96:8
[INFO] [stdout]    |
[INFO] [stdout] 96 |     fn throw(self, cx: &ScopeState) -> Option<Self::Out>;
[INFO] [stdout]    |        ----- the method is available for `Result<_, _>` here
[INFO] [stdout]    |
[INFO] [stdout]    = help: items from traits can only be used if the trait is in scope
[INFO] [stdout] help: the following trait is implemented but not in scope; perhaps add a `use` for it:
[INFO] [stdout]    |
[INFO] [stdout] 3  + use dioxus_core::prelude::Throw;
[INFO] [stdout]    |
[INFO] [stdout] 
[INFO] [stdout] 
[INFO] [stdout] error: aborting due to 11 previous errors
[INFO] [stdout] 
[INFO] [stdout] 
[INFO] [stdout] Some errors have detailed explanations: E0412, E0433, E0599.
[INFO] [stdout] 
[INFO] [stdout] For more information about an error, try `rustc --explain E0412`.
[INFO] [stdout] 
[INFO] [stdout] error: aborting due to 28 previous errors
[INFO] [stdout] 
[INFO] [stdout] 
[INFO] [stdout] Some errors have detailed explanations: E0422, E0425, E0432, E0433, E0599.
[INFO] [stdout] 
[INFO] [stdout] For more information about an error, try `rustc --explain E0422`.
[INFO] [stdout] 
[INFO] [stderr] error: could not compile `dioxus-core` (test "kitchen_sink") due to 14 previous errors
[INFO] [stderr] error: could not compile `dioxus-core` (test "error_boundary") due to 12 previous errors
[INFO] [stderr] error: could not compile `dioxus-core` (test "attr_cleanup") due to 29 previous errors
[INFO] running `Command { std: "docker" "inspect" "ba9a5ccc1df7355edbc1f7f253bd75c355a1562f0a05c66757646ef36395f7ee", kill_on_drop: false }`
[INFO] running `Command { std: "docker" "rm" "-f" "ba9a5ccc1df7355edbc1f7f253bd75c355a1562f0a05c66757646ef36395f7ee", kill_on_drop: false }`
[INFO] [stdout] ba9a5ccc1df7355edbc1f7f253bd75c355a1562f0a05c66757646ef36395f7ee
