[INFO] fetching crate diffuser-scheduler 0.0.0...
[INFO] testing diffuser-scheduler-0.0.0 against 1.75.0 for beta-1.76-1
[INFO] extracting crate diffuser-scheduler 0.0.0 into /workspace/builds/worker-1-tc1/source
[INFO] validating manifest of crates.io crate diffuser-scheduler 0.0.0 on toolchain 1.75.0
[INFO] running `Command { std: CARGO_HOME="/workspace/cargo-home" RUSTUP_HOME="/workspace/rustup-home" "/workspace/cargo-home/bin/cargo" "+1.75.0" "metadata" "--manifest-path" "Cargo.toml" "--no-deps", kill_on_drop: false }`
[INFO] started tweaking crates.io crate diffuser-scheduler 0.0.0
[INFO] finished tweaking crates.io crate diffuser-scheduler 0.0.0
[INFO] tweaked toml for crates.io crate diffuser-scheduler 0.0.0 written to /workspace/builds/worker-1-tc1/source/Cargo.toml
[INFO] running `Command { std: CARGO_HOME="/workspace/cargo-home" RUSTUP_HOME="/workspace/rustup-home" "/workspace/cargo-home/bin/cargo" "+1.75.0" "generate-lockfile" "--manifest-path" "Cargo.toml", kill_on_drop: false }`
[INFO] [stderr]     Updating crates.io index
[INFO] running `Command { std: CARGO_HOME="/workspace/cargo-home" RUSTUP_HOME="/workspace/rustup-home" "/workspace/cargo-home/bin/cargo" "+1.75.0" "fetch" "--manifest-path" "Cargo.toml", kill_on_drop: false }`
[INFO] running `Command { std: "docker" "create" "-v" "/var/lib/crater-agent-workspace/builds/worker-1-tc1/target:/opt/rustwide/target:rw,Z" "-v" "/var/lib/crater-agent-workspace/builds/worker-1-tc1/source:/opt/rustwide/workdir:ro,Z" "-v" "/var/lib/crater-agent-workspace/cargo-home:/opt/rustwide/cargo-home:ro,Z" "-v" "/var/lib/crater-agent-workspace/rustup-home:/opt/rustwide/rustup-home:ro,Z" "-e" "SOURCE_DIR=/opt/rustwide/workdir" "-e" "CARGO_TARGET_DIR=/opt/rustwide/target" "-e" "CARGO_HOME=/opt/rustwide/cargo-home" "-e" "RUSTUP_HOME=/opt/rustwide/rustup-home" "-w" "/opt/rustwide/workdir" "-m" "1610612736" "--user" "0:0" "--network" "none" "ghcr.io/rust-lang/crates-build-env/linux@sha256:2788e3201cd34a07e3172128adcd8b3090168a8e3bcc40d7c032b9dda1df7d1c" "/opt/rustwide/cargo-home/bin/cargo" "+1.75.0" "metadata" "--no-deps" "--format-version=1", kill_on_drop: false }`
[INFO] [stdout] e5397ea45b565dc29cb8f430ff4e06e64be4127af6995b8670bbc212e693f41f
[INFO] running `Command { std: "docker" "start" "-a" "e5397ea45b565dc29cb8f430ff4e06e64be4127af6995b8670bbc212e693f41f", kill_on_drop: false }`
[INFO] running `Command { std: "docker" "inspect" "e5397ea45b565dc29cb8f430ff4e06e64be4127af6995b8670bbc212e693f41f", kill_on_drop: false }`
[INFO] running `Command { std: "docker" "rm" "-f" "e5397ea45b565dc29cb8f430ff4e06e64be4127af6995b8670bbc212e693f41f", kill_on_drop: false }`
[INFO] [stdout] e5397ea45b565dc29cb8f430ff4e06e64be4127af6995b8670bbc212e693f41f
[INFO] running `Command { std: "docker" "create" "-v" "/var/lib/crater-agent-workspace/builds/worker-1-tc1/target:/opt/rustwide/target:rw,Z" "-v" "/var/lib/crater-agent-workspace/builds/worker-1-tc1/source:/opt/rustwide/workdir:ro,Z" "-v" "/var/lib/crater-agent-workspace/cargo-home:/opt/rustwide/cargo-home:ro,Z" "-v" "/var/lib/crater-agent-workspace/rustup-home:/opt/rustwide/rustup-home:ro,Z" "-e" "SOURCE_DIR=/opt/rustwide/workdir" "-e" "CARGO_TARGET_DIR=/opt/rustwide/target" "-e" "CARGO_INCREMENTAL=0" "-e" "RUST_BACKTRACE=full" "-e" "RUSTFLAGS=--cap-lints=warn" "-e" "RUSTDOCFLAGS=--cap-lints=warn" "-e" "CARGO_HOME=/opt/rustwide/cargo-home" "-e" "RUSTUP_HOME=/opt/rustwide/rustup-home" "-w" "/opt/rustwide/workdir" "-m" "1610612736" "--user" "0:0" "--network" "none" "ghcr.io/rust-lang/crates-build-env/linux@sha256:2788e3201cd34a07e3172128adcd8b3090168a8e3bcc40d7c032b9dda1df7d1c" "/opt/rustwide/cargo-home/bin/cargo" "+1.75.0" "build" "--frozen" "--message-format=json", kill_on_drop: false }`
[INFO] [stdout] c59fd38332a738f224ab972c966e9be68b675a42877f59c583a6d5e6d169ced0
[INFO] running `Command { std: "docker" "start" "-a" "c59fd38332a738f224ab972c966e9be68b675a42877f59c583a6d5e6d169ced0", kill_on_drop: false }`
[INFO] [stderr]    Compiling serde v1.0.194
[INFO] [stderr]    Compiling serde_derive v1.0.194
[INFO] [stderr]    Compiling diffuser-scheduler v0.0.0 (/opt/rustwide/workdir)
[INFO] [stdout] error[E0609]: no field `tag` on type `(DiffuserSchedulerKind, kinds::_::_serde::__private::de::content::Content<'_>)`
[INFO] [stdout]   --> src/types/der.rs:44:22
[INFO] [stdout]    |
[INFO] [stdout] 44 |         match tagged.tag {
[INFO] [stdout]    |                      ^^^
[INFO] [stdout] 
[INFO] [stdout] 
[INFO] [stdout] error[E0609]: no field `content` on type `(DiffuserSchedulerKind, kinds::_::_serde::__private::de::content::Content<'_>)`
[INFO] [stdout]   --> src/types/der.rs:46:113
[INFO] [stdout]    |
[INFO] [stdout] 46 |                 let scheduler = EulerDiscreteScheduler::deserialize(ContentDeserializer::<A::Error>::new(tagged.content))?;
[INFO] [stdout]    |                                                                                                                 ^^^^^^^
[INFO] [stdout] 
[INFO] [stdout] 
[INFO] [stdout] error[E0609]: no field `content` on type `(DiffuserSchedulerKind, kinds::_::_serde::__private::de::content::Content<'_>)`
[INFO] [stdout]   --> src/types/der.rs:50:104
[INFO] [stdout]    |
[INFO] [stdout] 50 |                 let scheduler = DDIMScheduler::deserialize(ContentDeserializer::<A::Error>::new(tagged.content))?;
[INFO] [stdout]    |                                                                                                        ^^^^^^^
[INFO] [stdout] 
[INFO] [stdout] 
[INFO] [stdout] error: aborting due to 3 previous errors
[INFO] [stdout] 
[INFO] [stdout] 
[INFO] [stdout] For more information about this error, try `rustc --explain E0609`.
[INFO] [stdout] 
[INFO] [stderr] error: could not compile `diffuser-scheduler` (lib) due to 4 previous errors
[INFO] running `Command { std: "docker" "inspect" "c59fd38332a738f224ab972c966e9be68b675a42877f59c583a6d5e6d169ced0", kill_on_drop: false }`
[INFO] running `Command { std: "docker" "rm" "-f" "c59fd38332a738f224ab972c966e9be68b675a42877f59c583a6d5e6d169ced0", kill_on_drop: false }`
[INFO] [stdout] c59fd38332a738f224ab972c966e9be68b675a42877f59c583a6d5e6d169ced0
