[INFO] fetching crate did-web 0.2.2...
[INFO] testing did-web-0.2.2 against 1.75.0 for beta-1.76-1
[INFO] extracting crate did-web 0.2.2 into /workspace/builds/worker-1-tc1/source
[INFO] validating manifest of crates.io crate did-web 0.2.2 on toolchain 1.75.0
[INFO] running `Command { std: CARGO_HOME="/workspace/cargo-home" RUSTUP_HOME="/workspace/rustup-home" "/workspace/cargo-home/bin/cargo" "+1.75.0" "metadata" "--manifest-path" "Cargo.toml" "--no-deps", kill_on_drop: false }`
[INFO] started tweaking crates.io crate did-web 0.2.2
[INFO] finished tweaking crates.io crate did-web 0.2.2
[INFO] tweaked toml for crates.io crate did-web 0.2.2 written to /workspace/builds/worker-1-tc1/source/Cargo.toml
[INFO] running `Command { std: CARGO_HOME="/workspace/cargo-home" RUSTUP_HOME="/workspace/rustup-home" "/workspace/cargo-home/bin/cargo" "+1.75.0" "generate-lockfile" "--manifest-path" "Cargo.toml", kill_on_drop: false }`
[INFO] [stderr]     Blocking waiting for file lock on package cache
[INFO] [stderr]     Updating crates.io index
[INFO] running `Command { std: CARGO_HOME="/workspace/cargo-home" RUSTUP_HOME="/workspace/rustup-home" "/workspace/cargo-home/bin/cargo" "+1.75.0" "fetch" "--manifest-path" "Cargo.toml", kill_on_drop: false }`
[INFO] running `Command { std: "docker" "create" "-v" "/var/lib/crater-agent-workspace/builds/worker-1-tc1/target:/opt/rustwide/target:rw,Z" "-v" "/var/lib/crater-agent-workspace/builds/worker-1-tc1/source:/opt/rustwide/workdir:ro,Z" "-v" "/var/lib/crater-agent-workspace/cargo-home:/opt/rustwide/cargo-home:ro,Z" "-v" "/var/lib/crater-agent-workspace/rustup-home:/opt/rustwide/rustup-home:ro,Z" "-e" "SOURCE_DIR=/opt/rustwide/workdir" "-e" "CARGO_TARGET_DIR=/opt/rustwide/target" "-e" "CARGO_HOME=/opt/rustwide/cargo-home" "-e" "RUSTUP_HOME=/opt/rustwide/rustup-home" "-w" "/opt/rustwide/workdir" "-m" "1610612736" "--user" "0:0" "--network" "none" "ghcr.io/rust-lang/crates-build-env/linux@sha256:2788e3201cd34a07e3172128adcd8b3090168a8e3bcc40d7c032b9dda1df7d1c" "/opt/rustwide/cargo-home/bin/cargo" "+1.75.0" "metadata" "--no-deps" "--format-version=1", kill_on_drop: false }`
[INFO] [stdout] 065b0d86d3bfa2f51193fe32df047b96a1ab491fb83359b0087ae02d68ceb2bb
[INFO] running `Command { std: "docker" "start" "-a" "065b0d86d3bfa2f51193fe32df047b96a1ab491fb83359b0087ae02d68ceb2bb", kill_on_drop: false }`
[INFO] running `Command { std: "docker" "inspect" "065b0d86d3bfa2f51193fe32df047b96a1ab491fb83359b0087ae02d68ceb2bb", kill_on_drop: false }`
[INFO] running `Command { std: "docker" "rm" "-f" "065b0d86d3bfa2f51193fe32df047b96a1ab491fb83359b0087ae02d68ceb2bb", kill_on_drop: false }`
[INFO] [stdout] 065b0d86d3bfa2f51193fe32df047b96a1ab491fb83359b0087ae02d68ceb2bb
[INFO] running `Command { std: "docker" "create" "-v" "/var/lib/crater-agent-workspace/builds/worker-1-tc1/target:/opt/rustwide/target:rw,Z" "-v" "/var/lib/crater-agent-workspace/builds/worker-1-tc1/source:/opt/rustwide/workdir:ro,Z" "-v" "/var/lib/crater-agent-workspace/cargo-home:/opt/rustwide/cargo-home:ro,Z" "-v" "/var/lib/crater-agent-workspace/rustup-home:/opt/rustwide/rustup-home:ro,Z" "-e" "SOURCE_DIR=/opt/rustwide/workdir" "-e" "CARGO_TARGET_DIR=/opt/rustwide/target" "-e" "CARGO_INCREMENTAL=0" "-e" "RUST_BACKTRACE=full" "-e" "RUSTFLAGS=--cap-lints=warn" "-e" "RUSTDOCFLAGS=--cap-lints=warn" "-e" "CARGO_HOME=/opt/rustwide/cargo-home" "-e" "RUSTUP_HOME=/opt/rustwide/rustup-home" "-w" "/opt/rustwide/workdir" "-m" "1610612736" "--user" "0:0" "--network" "none" "ghcr.io/rust-lang/crates-build-env/linux@sha256:2788e3201cd34a07e3172128adcd8b3090168a8e3bcc40d7c032b9dda1df7d1c" "/opt/rustwide/cargo-home/bin/cargo" "+1.75.0" "build" "--frozen" "--message-format=json", kill_on_drop: false }`
[INFO] [stdout] 9fe5bac7c6181b7286f2d8100b3faa205f46edeb73386870827817c0b335b3b6
[INFO] running `Command { std: "docker" "start" "-a" "9fe5bac7c6181b7286f2d8100b3faa205f46edeb73386870827817c0b335b3b6", kill_on_drop: false }`
[INFO] [stderr]    Compiling libc v0.2.151
[INFO] [stderr]    Compiling syn v1.0.109
[INFO] [stderr]    Compiling futures-core v0.3.30
[INFO] [stderr]    Compiling static_assertions v1.1.0
[INFO] [stderr]    Compiling futures-io v0.3.30
[INFO] [stderr]    Compiling subtle v2.5.0
[INFO] [stderr]    Compiling const-oid v0.9.6
[INFO] [stderr]    Compiling generic-array v0.14.7
[INFO] [stderr]    Compiling memchr v2.7.1
[INFO] [stderr]    Compiling futures-sink v0.3.30
[INFO] [stderr]    Compiling crossbeam-utils v0.8.18
[INFO] [stderr]    Compiling value-bag v1.4.3
[INFO] [stderr]    Compiling syn v2.0.48
[INFO] [stderr]    Compiling proc-macro-error-attr v1.0.4
[INFO] [stderr]    Compiling ahash v0.8.7
[INFO] [stderr]    Compiling proc-macro-error v1.0.4
[INFO] [stderr]    Compiling lexical-util v0.8.5
[INFO] [stderr]    Compiling futures-channel v0.3.30
[INFO] [stderr]    Compiling futures-task v0.3.30
[INFO] [stderr]    Compiling zerocopy v0.7.32
[INFO] [stderr]    Compiling utf8-decode v1.0.1
[INFO] [stderr]    Compiling parking v2.2.0
[INFO] [stderr]    Compiling log v0.4.20
[INFO] [stderr]    Compiling pct-str v1.2.0
[INFO] [stderr]    Compiling tracing-core v0.1.32
[INFO] [stderr]    Compiling ahash v0.7.7
[INFO] [stderr]    Compiling contextual v0.1.6
[INFO] [stderr]    Compiling indexmap v1.9.3
[INFO] [stderr]    Compiling crunchy v0.2.2
[INFO] [stderr]    Compiling ryu-js v0.2.2
[INFO] [stderr]    Compiling langtag v0.3.4
[INFO] [stderr]    Compiling hashbrown v0.13.2
[INFO] [stderr]    Compiling tracing v0.1.40
[INFO] [stderr]    Compiling ryu_floating_decimal v0.1.0
[INFO] [stderr]    Compiling smallstr v0.3.0
[INFO] [stderr]    Compiling num-traits v0.2.17
[INFO] [stderr]    Compiling fastrand v2.0.1
[INFO] [stderr]    Compiling base16ct v0.2.0
[INFO] [stderr]    Compiling decoded-char v0.1.1
[INFO] [stderr]    Compiling concurrent-queue v2.4.0
[INFO] [stderr]    Compiling getrandom v0.2.11
[INFO] [stderr]    Compiling cc v1.0.83
[INFO] [stderr]    Compiling iref v2.2.3
[INFO] [stderr]    Compiling tiny-keccak v2.0.2
[INFO] [stderr]    Compiling byteorder v1.5.0
[INFO] [stderr]    Compiling locspan v0.7.16
[INFO] [stderr]    Compiling event-listener v4.0.2
[INFO] [stderr]    Compiling rand_core v0.6.4
[INFO] [stderr]    Compiling lexical-write-integer v0.8.5
[INFO] [stderr]    Compiling lexical-parse-integer v0.8.6
[INFO] [stderr]    Compiling mime v0.3.17
[INFO] [stderr]    Compiling rustix v0.38.28
[INFO] [stderr]    Compiling uint v0.9.5
[INFO] [stderr]    Compiling event-listener-strategy v0.4.0
[INFO] [stderr]    Compiling ff v0.13.0
[INFO] [stderr]    Compiling lexical-write-float v0.8.5
[INFO] [stderr]    Compiling hashbrown v0.12.3
[INFO] [stderr]    Compiling async-lock v3.2.0
[INFO] [stderr]    Compiling pretty_dtoa v0.3.0
[INFO] [stderr]    Compiling futures-lite v2.1.0
[INFO] [stderr]    Compiling group v0.13.0
[INFO] [stderr]    Compiling mio v0.8.10
[INFO] [stderr]    Compiling lexical-parse-float v0.8.5
[INFO] [stderr]    Compiling socket2 v0.5.5
[INFO] [stderr]    Compiling fixed-hash v0.7.0
[INFO] [stderr]    Compiling data-encoding v2.5.0
[INFO] [stderr]    Compiling io-lifetimes v1.0.11
[INFO] [stderr]    Compiling permutohedron v0.2.4
[INFO] [stderr]    Compiling mown v0.2.2
[INFO] [stderr]    Compiling static-iref v2.0.0
[INFO] [stderr]    Compiling spin v0.9.8
[INFO] [stderr]    Compiling untrusted v0.9.0
[INFO] [stderr]    Compiling linux-raw-sys v0.4.12
[INFO] [stderr]    Compiling tokio v1.35.1
[INFO] [stderr]    Compiling lexical-core v0.8.5
[INFO] [stderr]    Compiling primitive-types v0.9.1
[INFO] [stderr]    Compiling lexical v6.1.1
[INFO] [stderr]    Compiling num-bigint v0.4.4
[INFO] [stderr]    Compiling polling v2.8.0
[INFO] [stderr]    Compiling json-number v0.4.6
[INFO] [stderr]    Compiling ident_case v1.0.1
[INFO] [stderr]    Compiling atomic-waker v1.1.2
[INFO] [stderr]    Compiling strsim v0.9.3
[INFO] [stderr]    Compiling rustix v0.37.27
[INFO] [stderr]    Compiling async-task v4.7.0
[INFO] [stderr]    Compiling event-listener v2.5.3
[INFO] [stderr]    Compiling num-integer v0.1.45
[INFO] [stderr]    Compiling piper v0.2.1
[INFO] [stderr]    Compiling ring v0.17.7
[INFO] [stderr]    Compiling async-channel v2.1.1
[INFO] [stderr]    Compiling async-io v1.13.0
[INFO] [stderr]    Compiling bitflags v1.3.2
[INFO] [stderr]    Compiling rustls v0.21.10
[INFO] [stderr]    Compiling base-x v0.2.11
[INFO] [stderr]    Compiling waker-fn v1.1.1
[INFO] [stderr]    Compiling fastrand v1.9.0
[INFO] [stderr]    Compiling linux-raw-sys v0.3.8
[INFO] [stderr]    Compiling iana-time-zone v0.1.59
[INFO] [stderr]    Compiling hashbrown v0.14.3
[INFO] [stderr]    Compiling blocking v1.5.1
[INFO] [stderr]    Compiling async-executor v1.8.0
[INFO] [stderr]    Compiling async-lock v2.8.0
[INFO] [stderr]    Compiling futures-lite v1.13.0
[INFO] [stderr]    Compiling socket2 v0.4.10
[INFO] [stderr]    Compiling keccak-hash v0.7.0
[INFO] [stderr]    Compiling async-trait v0.1.77
[INFO] [stderr]    Compiling try-lock v0.2.5
[INFO] [stderr]    Compiling indexmap v2.1.0
[INFO] [stderr]    Compiling want v0.3.1
[INFO] [stderr]    Compiling http-body v0.4.6
[INFO] [stderr]    Compiling async-channel v1.9.0
[INFO] [stderr]    Compiling kv-log-macro v1.0.7
[INFO] [stderr]    Compiling httpdate v1.0.3
[INFO] [stderr]    Compiling anyhow v1.0.79
[INFO] [stderr]    Compiling base64 v0.12.3
[INFO] [stderr]    Compiling derive_builder v0.9.0
[INFO] [stderr]    Compiling unsigned-varint v0.7.2
[INFO] [stderr]    Compiling base64 v0.21.5
[INFO] [stderr]    Compiling combination v0.1.5
[INFO] [stderr]    Compiling ssi-contexts v0.1.5
[INFO] [stderr]    Compiling encoding_rs v0.8.33
[INFO] [stderr]    Compiling webpki-roots v0.25.3
[INFO] [stderr]    Compiling ipnet v2.9.0
[INFO] [stderr]    Compiling rustls-pemfile v1.0.4
[INFO] [stderr]    Compiling darling_core v0.10.2
[INFO] [stderr]    Compiling zeroize_derive v1.4.2
[INFO] [stderr]    Compiling serde_derive v1.0.194
[INFO] [stderr]    Compiling futures-macro v0.3.30
[INFO] [stderr]    Compiling thiserror-impl v1.0.56
[INFO] [stderr]    Compiling locspan-derive v0.6.0
[INFO] [stderr]    Compiling derivative v2.2.0
[INFO] [stderr]    Compiling data-encoding-macro-internal v0.1.12
[INFO] [stderr]    Compiling num-derive v0.3.3
[INFO] [stderr]    Compiling async-attributes v1.1.2
[INFO] [stderr]    Compiling tokio-util v0.7.10
[INFO] [stderr]    Compiling zeroize v1.7.0
[INFO] [stderr]    Compiling polling v3.3.1
[INFO] [stderr]    Compiling der v0.7.8
[INFO] [stderr]    Compiling data-encoding-macro v0.1.14
[INFO] [stderr]    Compiling multibase v0.9.1
[INFO] [stderr]    Compiling async-io v2.2.2
[INFO] [stderr]    Compiling multibase v0.8.0
[INFO] [stderr]    Compiling darling_macro v0.10.2
[INFO] [stderr]    Compiling futures-util v0.3.30
[INFO] [stderr]    Compiling crypto-common v0.1.6
[INFO] [stderr]    Compiling block-buffer v0.10.4
[INFO] [stderr]    Compiling digest v0.9.0
[INFO] [stderr]    Compiling digest v0.10.7
[INFO] [stderr]    Compiling block-buffer v0.9.0
[INFO] [stderr]    Compiling crypto-bigint v0.5.5
[INFO] [stderr]    Compiling sha2 v0.9.9
[INFO] [stderr]    Compiling hmac v0.12.1
[INFO] [stderr]    Compiling json-syntax v0.9.6
[INFO] [stderr]    Compiling rfc6979 v0.4.0
[INFO] [stderr]    Compiling signature v2.2.0
[INFO] [stderr]    Compiling thiserror v1.0.56
[INFO] [stderr]    Compiling spki v0.7.3
[INFO] [stderr]    Compiling sec1 v0.7.3
[INFO] [stderr]    Compiling sha2 v0.10.8
[INFO] [stderr]    Compiling pkcs8 v0.10.2
[INFO] [stderr]    Compiling bs58 v0.4.0
[INFO] [stderr]    Compiling ripemd160 v0.9.1
[INFO] [stderr]    Compiling rustls-webpki v0.101.7
[INFO] [stderr]    Compiling sct v0.7.1
[INFO] [stderr]    Compiling darling v0.10.2
[INFO] [stderr]    Compiling async-global-executor v2.4.1
[INFO] [stderr]    Compiling derive_builder_core v0.9.0
[INFO] [stderr]    Compiling async-std v1.12.0
[INFO] [stderr]    Compiling elliptic-curve v0.13.8
[INFO] [stderr]    Compiling serde v1.0.194
[INFO] [stderr]    Compiling ecdsa v0.16.9
[INFO] [stderr]    Compiling k256 v0.13.2
[INFO] [stderr]    Compiling futures-executor v0.3.30
[INFO] [stderr]    Compiling h2 v0.3.22
[INFO] [stderr]    Compiling futures v0.3.30
[INFO] [stderr]    Compiling ssi-crypto v0.1.1
[INFO] [stderr]    Compiling tokio-rustls v0.24.1
[INFO] [stderr]    Compiling chrono v0.4.31
[INFO] [stderr]    Compiling serde_json v1.0.111
[INFO] [stderr]    Compiling serde_urlencoded v0.7.1
[INFO] [stderr]    Compiling ssi-core v0.1.0
[INFO] [stderr]    Compiling rdf-types v0.12.19
[INFO] [stderr]    Compiling hyper v0.14.28
[INFO] [stderr]    Compiling json-ld-syntax v0.12.1
[INFO] [stderr]    Compiling grdf v0.16.3
[INFO] [stderr]    Compiling simple_asn1 v0.5.4
[INFO] [stderr]    Compiling ssi-jwk v0.1.2
[INFO] [stderr]    Compiling json-ld-core v0.12.1
[INFO] [stderr]    Compiling ssi-caips v0.1.0
[INFO] [stderr]    Compiling hyper-rustls v0.24.2
[INFO] [stderr]    Compiling reqwest v0.11.23
[INFO] [stderr]    Compiling json-ld-context-processing v0.12.1
[INFO] [stderr]    Compiling json-ld-expansion v0.12.1
[INFO] [stderr]    Compiling json-ld-compaction v0.12.1
[INFO] [stderr]    Compiling json-ld v0.12.1
[INFO] [stderr]    Compiling ssi-json-ld v0.2.2
[INFO] [stderr]    Compiling ssi-dids v0.1.1
[INFO] [stderr]    Compiling did-web v0.2.2 (/opt/rustwide/workdir)
[INFO] [stderr]     Finished dev [unoptimized + debuginfo] target(s) in 27.02s
[INFO] running `Command { std: "docker" "inspect" "9fe5bac7c6181b7286f2d8100b3faa205f46edeb73386870827817c0b335b3b6", kill_on_drop: false }`
[INFO] running `Command { std: "docker" "rm" "-f" "9fe5bac7c6181b7286f2d8100b3faa205f46edeb73386870827817c0b335b3b6", kill_on_drop: false }`
[INFO] [stdout] 9fe5bac7c6181b7286f2d8100b3faa205f46edeb73386870827817c0b335b3b6
[INFO] running `Command { std: "docker" "create" "-v" "/var/lib/crater-agent-workspace/builds/worker-1-tc1/target:/opt/rustwide/target:rw,Z" "-v" "/var/lib/crater-agent-workspace/builds/worker-1-tc1/source:/opt/rustwide/workdir:ro,Z" "-v" "/var/lib/crater-agent-workspace/cargo-home:/opt/rustwide/cargo-home:ro,Z" "-v" "/var/lib/crater-agent-workspace/rustup-home:/opt/rustwide/rustup-home:ro,Z" "-e" "SOURCE_DIR=/opt/rustwide/workdir" "-e" "CARGO_TARGET_DIR=/opt/rustwide/target" "-e" "CARGO_INCREMENTAL=0" "-e" "RUST_BACKTRACE=full" "-e" "RUSTFLAGS=--cap-lints=warn" "-e" "RUSTDOCFLAGS=--cap-lints=warn" "-e" "CARGO_HOME=/opt/rustwide/cargo-home" "-e" "RUSTUP_HOME=/opt/rustwide/rustup-home" "-w" "/opt/rustwide/workdir" "-m" "1610612736" "--user" "0:0" "--network" "none" "ghcr.io/rust-lang/crates-build-env/linux@sha256:2788e3201cd34a07e3172128adcd8b3090168a8e3bcc40d7c032b9dda1df7d1c" "/opt/rustwide/cargo-home/bin/cargo" "+1.75.0" "test" "--frozen" "--no-run" "--message-format=json", kill_on_drop: false }`
[INFO] [stdout] f3d211db075448db090123f43cfc818922a30bea0ae385967901597d7a9b9c37
[INFO] running `Command { std: "docker" "start" "-a" "f3d211db075448db090123f43cfc818922a30bea0ae385967901597d7a9b9c37", kill_on_drop: false }`
[INFO] [stderr]    Compiling tokio-macros v2.2.0
[INFO] [stderr]    Compiling tokio v1.35.1
[INFO] [stderr]    Compiling tokio-util v0.7.10
[INFO] [stderr]    Compiling tokio-rustls v0.24.1
[INFO] [stderr]    Compiling h2 v0.3.22
[INFO] [stderr]    Compiling hyper v0.14.28
[INFO] [stderr]    Compiling hyper-rustls v0.24.2
[INFO] [stderr]    Compiling reqwest v0.11.23
[INFO] [stderr]    Compiling did-web v0.2.2 (/opt/rustwide/workdir)
[INFO] [stdout] error: couldn't read src/../../tests/ed25519-2020-10-18.json: No such file or directory (os error 2)
[INFO] [stdout]    --> src/lib.rs:316:23
[INFO] [stdout]     |
[INFO] [stdout] 316 |         let key_str = include_str!("../../tests/ed25519-2020-10-18.json");
[INFO] [stdout]     |                       ^^^^^^^^^^^^^^^^^^^^^^^^^^^^^^^^^^^^^^^^^^^^^^^^^^^
[INFO] [stdout]     |
[INFO] [stdout]     = note: this error originates in the macro `include_str` (in Nightly builds, run with -Z macro-backtrace for more info)
[INFO] [stdout] 
[INFO] [stdout] 
[INFO] [stdout] error[E0432]: unresolved import `ssi_jwk`
[INFO] [stdout]    --> src/lib.rs:299:13
[INFO] [stdout]     |
[INFO] [stdout] 299 |         use ssi_jwk::JWK;
[INFO] [stdout]     |             ^^^^^^^ use of undeclared crate or module `ssi_jwk`
[INFO] [stdout] 
[INFO] [stdout] 
[INFO] [stdout] error[E0432]: unresolved import `ssi_ldp`
[INFO] [stdout]    --> src/lib.rs:300:13
[INFO] [stdout]     |
[INFO] [stdout] 300 |         use ssi_ldp::LinkedDataProofOptions;
[INFO] [stdout]     |             ^^^^^^^ use of undeclared crate or module `ssi_ldp`
[INFO] [stdout] 
[INFO] [stdout] 
[INFO] [stdout] error[E0432]: unresolved import `ssi_vc`
[INFO] [stdout]    --> src/lib.rs:301:13
[INFO] [stdout]     |
[INFO] [stdout] 301 |         use ssi_vc::{Credential, Issuer, URI};
[INFO] [stdout]     |             ^^^^^^ use of undeclared crate or module `ssi_vc`
[INFO] [stdout] 
[INFO] [stdout] 
[INFO] [stdout] error[E0433]: failed to resolve: use of undeclared crate or module `ssi_json_ld`
[INFO] [stdout]    --> src/lib.rs:322:34
[INFO] [stdout]     |
[INFO] [stdout] 322 |         let mut context_loader = ssi_json_ld::ContextLoader::default();
[INFO] [stdout]     |                                  ^^^^^^^^^^^ use of undeclared crate or module `ssi_json_ld`
[INFO] [stdout] 
[INFO] [stdout] 
[INFO] [stdout] error: aborting due to 5 previous errors
[INFO] [stdout] 
[INFO] [stdout] 
[INFO] [stdout] Some errors have detailed explanations: E0432, E0433.
[INFO] [stdout] 
[INFO] [stdout] For more information about an error, try `rustc --explain E0432`.
[INFO] [stdout] 
[INFO] [stderr] error: could not compile `did-web` (lib test) due to 6 previous errors
[INFO] running `Command { std: "docker" "inspect" "f3d211db075448db090123f43cfc818922a30bea0ae385967901597d7a9b9c37", kill_on_drop: false }`
[INFO] running `Command { std: "docker" "rm" "-f" "f3d211db075448db090123f43cfc818922a30bea0ae385967901597d7a9b9c37", kill_on_drop: false }`
[INFO] [stdout] f3d211db075448db090123f43cfc818922a30bea0ae385967901597d7a9b9c37
