[INFO] fetching crate diagnostics_tools 0.3.0...
[INFO] testing diagnostics_tools-0.3.0 against 1.75.0 for beta-1.76-1
[INFO] extracting crate diagnostics_tools 0.3.0 into /workspace/builds/worker-2-tc1/source
[INFO] validating manifest of crates.io crate diagnostics_tools 0.3.0 on toolchain 1.75.0
[INFO] running `Command { std: CARGO_HOME="/workspace/cargo-home" RUSTUP_HOME="/workspace/rustup-home" "/workspace/cargo-home/bin/cargo" "+1.75.0" "metadata" "--manifest-path" "Cargo.toml" "--no-deps", kill_on_drop: false }`
[INFO] started tweaking crates.io crate diagnostics_tools 0.3.0
[INFO] finished tweaking crates.io crate diagnostics_tools 0.3.0
[INFO] tweaked toml for crates.io crate diagnostics_tools 0.3.0 written to /workspace/builds/worker-2-tc1/source/Cargo.toml
[INFO] crate crates.io crate diagnostics_tools 0.3.0 already has a lockfile, it will not be regenerated
[INFO] running `Command { std: CARGO_HOME="/workspace/cargo-home" RUSTUP_HOME="/workspace/rustup-home" "/workspace/cargo-home/bin/cargo" "+1.75.0" "fetch" "--manifest-path" "Cargo.toml", kill_on_drop: false }`
[INFO] running `Command { std: "docker" "create" "-v" "/var/lib/crater-agent-workspace/builds/worker-2-tc1/target:/opt/rustwide/target:rw,Z" "-v" "/var/lib/crater-agent-workspace/builds/worker-2-tc1/source:/opt/rustwide/workdir:ro,Z" "-v" "/var/lib/crater-agent-workspace/cargo-home:/opt/rustwide/cargo-home:ro,Z" "-v" "/var/lib/crater-agent-workspace/rustup-home:/opt/rustwide/rustup-home:ro,Z" "-e" "SOURCE_DIR=/opt/rustwide/workdir" "-e" "CARGO_TARGET_DIR=/opt/rustwide/target" "-e" "CARGO_HOME=/opt/rustwide/cargo-home" "-e" "RUSTUP_HOME=/opt/rustwide/rustup-home" "-w" "/opt/rustwide/workdir" "-m" "1610612736" "--user" "0:0" "--network" "none" "ghcr.io/rust-lang/crates-build-env/linux@sha256:2788e3201cd34a07e3172128adcd8b3090168a8e3bcc40d7c032b9dda1df7d1c" "/opt/rustwide/cargo-home/bin/cargo" "+1.75.0" "metadata" "--no-deps" "--format-version=1", kill_on_drop: false }`
[INFO] [stdout] 160a593f289b2de7a460c48838631cc9b79a9495ab957e91504bc5986f8c38b2
[INFO] running `Command { std: "docker" "start" "-a" "160a593f289b2de7a460c48838631cc9b79a9495ab957e91504bc5986f8c38b2", kill_on_drop: false }`
[INFO] running `Command { std: "docker" "inspect" "160a593f289b2de7a460c48838631cc9b79a9495ab957e91504bc5986f8c38b2", kill_on_drop: false }`
[INFO] running `Command { std: "docker" "rm" "-f" "160a593f289b2de7a460c48838631cc9b79a9495ab957e91504bc5986f8c38b2", kill_on_drop: false }`
[INFO] [stdout] 160a593f289b2de7a460c48838631cc9b79a9495ab957e91504bc5986f8c38b2
[INFO] running `Command { std: "docker" "create" "-v" "/var/lib/crater-agent-workspace/builds/worker-2-tc1/target:/opt/rustwide/target:rw,Z" "-v" "/var/lib/crater-agent-workspace/builds/worker-2-tc1/source:/opt/rustwide/workdir:ro,Z" "-v" "/var/lib/crater-agent-workspace/cargo-home:/opt/rustwide/cargo-home:ro,Z" "-v" "/var/lib/crater-agent-workspace/rustup-home:/opt/rustwide/rustup-home:ro,Z" "-e" "SOURCE_DIR=/opt/rustwide/workdir" "-e" "CARGO_TARGET_DIR=/opt/rustwide/target" "-e" "CARGO_INCREMENTAL=0" "-e" "RUST_BACKTRACE=full" "-e" "RUSTFLAGS=--cap-lints=warn" "-e" "RUSTDOCFLAGS=--cap-lints=warn" "-e" "CARGO_HOME=/opt/rustwide/cargo-home" "-e" "RUSTUP_HOME=/opt/rustwide/rustup-home" "-w" "/opt/rustwide/workdir" "-m" "1610612736" "--user" "0:0" "--network" "none" "ghcr.io/rust-lang/crates-build-env/linux@sha256:2788e3201cd34a07e3172128adcd8b3090168a8e3bcc40d7c032b9dda1df7d1c" "/opt/rustwide/cargo-home/bin/cargo" "+1.75.0" "build" "--frozen" "--message-format=json", kill_on_drop: false }`
[INFO] [stdout] 915c8aa95926122302965b085833f2ecc16157984805a57cd35fa587639d3e45
[INFO] running `Command { std: "docker" "start" "-a" "915c8aa95926122302965b085833f2ecc16157984805a57cd35fa587639d3e45", kill_on_drop: false }`
[INFO] [stderr]    Compiling yansi v0.5.1
[INFO] [stderr]    Compiling pretty_assertions v1.4.0
[INFO] [stderr]    Compiling diagnostics_tools v0.3.0 (/opt/rustwide/workdir)
[INFO] [stderr]     Finished dev [unoptimized + debuginfo] target(s) in 0.29s
[INFO] running `Command { std: "docker" "inspect" "915c8aa95926122302965b085833f2ecc16157984805a57cd35fa587639d3e45", kill_on_drop: false }`
[INFO] running `Command { std: "docker" "rm" "-f" "915c8aa95926122302965b085833f2ecc16157984805a57cd35fa587639d3e45", kill_on_drop: false }`
[INFO] [stdout] 915c8aa95926122302965b085833f2ecc16157984805a57cd35fa587639d3e45
[INFO] running `Command { std: "docker" "create" "-v" "/var/lib/crater-agent-workspace/builds/worker-2-tc1/target:/opt/rustwide/target:rw,Z" "-v" "/var/lib/crater-agent-workspace/builds/worker-2-tc1/source:/opt/rustwide/workdir:ro,Z" "-v" "/var/lib/crater-agent-workspace/cargo-home:/opt/rustwide/cargo-home:ro,Z" "-v" "/var/lib/crater-agent-workspace/rustup-home:/opt/rustwide/rustup-home:ro,Z" "-e" "SOURCE_DIR=/opt/rustwide/workdir" "-e" "CARGO_TARGET_DIR=/opt/rustwide/target" "-e" "CARGO_INCREMENTAL=0" "-e" "RUST_BACKTRACE=full" "-e" "RUSTFLAGS=--cap-lints=warn" "-e" "RUSTDOCFLAGS=--cap-lints=warn" "-e" "CARGO_HOME=/opt/rustwide/cargo-home" "-e" "RUSTUP_HOME=/opt/rustwide/rustup-home" "-w" "/opt/rustwide/workdir" "-m" "1610612736" "--user" "0:0" "--network" "none" "ghcr.io/rust-lang/crates-build-env/linux@sha256:2788e3201cd34a07e3172128adcd8b3090168a8e3bcc40d7c032b9dda1df7d1c" "/opt/rustwide/cargo-home/bin/cargo" "+1.75.0" "test" "--frozen" "--no-run" "--message-format=json", kill_on_drop: false }`
[INFO] [stdout] 3d46bc813017fe1396d38e4bb0e838f583b8da42fe34eef7d0fb35ea8fba6f0c
[INFO] running `Command { std: "docker" "start" "-a" "3d46bc813017fe1396d38e4bb0e838f583b8da42fe34eef7d0fb35ea8fba6f0c", kill_on_drop: false }`
[INFO] [stderr]    Compiling diagnostics_tools v0.3.0 (/opt/rustwide/workdir)
[INFO] [stdout] error[E0433]: failed to resolve: use of undeclared crate or module `test_tools`
[INFO] [stdout]   --> tests/diagnostics_tests.rs:11:5
[INFO] [stdout]    |
[INFO] [stdout] 11 | use test_tools::exposed::*;
[INFO] [stdout]    |     ^^^^^^^^^^ use of undeclared crate or module `test_tools`
[INFO] [stdout] 
[INFO] [stdout] 
[INFO] [stdout] error[E0433]: failed to resolve: use of undeclared crate or module `test_tools`
[INFO] [stdout]   --> tests/inc/layout_test.rs:68:4
[INFO] [stdout]    |
[INFO] [stdout] 68 | #[ test_tools::nightly ]
[INFO] [stdout]    |    ^^^^^^^^^^ use of undeclared crate or module `test_tools`
[INFO] [stdout] 
[INFO] [stdout] 
[INFO] [stdout] error[E0433]: failed to resolve: use of undeclared crate or module `test_tools`
[INFO] [stdout]   --> tests/inc/cta_test.rs:20:4
[INFO] [stdout]    |
[INFO] [stdout] 20 | #[ test_tools::nightly ]
[INFO] [stdout]    |    ^^^^^^^^^^ use of undeclared crate or module `test_tools`
[INFO] [stdout] 
[INFO] [stdout] 
[INFO] [stdout] error[E0433]: failed to resolve: could not find `test_tools` in the list of imported crates
[INFO] [stdout]  --> tests/smoke_test.rs:6:5
[INFO] [stdout]   |
[INFO] [stdout] 6 |   ::test_tools::smoke_test_for_local_run();
[INFO] [stdout]   |     ^^^^^^^^^^ could not find `test_tools` in the list of imported crates
[INFO] [stdout] 
[INFO] [stdout] 
[INFO] [stdout] error[E0433]: failed to resolve: could not find `test_tools` in the list of imported crates
[INFO] [stdout]   --> tests/smoke_test.rs:13:5
[INFO] [stdout]    |
[INFO] [stdout] 13 |   ::test_tools::smoke_test_for_published_run();
[INFO] [stdout]    |     ^^^^^^^^^^ could not find `test_tools` in the list of imported crates
[INFO] [stdout] 
[INFO] [stdout] 
[INFO] [stdout] error: aborting due to 2 previous errors
[INFO] [stdout] 
[INFO] [stdout] 
[INFO] [stdout] For more information about this error, try `rustc --explain E0433`.
[INFO] [stdout] 
[INFO] [stderr] error: could not compile `diagnostics_tools` (test "smoke_test") due to 3 previous errors
[INFO] [stderr] warning: build failed, waiting for other jobs to finish...
[INFO] [stdout] error: cannot find macro `tests_index` in this scope
[INFO] [stdout]   --> tests/inc/layout_test.rs:80:1
[INFO] [stdout]    |
[INFO] [stdout] 80 | tests_index!
[INFO] [stdout]    | ^^^^^^^^^^^
[INFO] [stdout] 
[INFO] [stdout] 
[INFO] [stdout] error: cannot find macro `tests_impls` in this scope
[INFO] [stdout]  --> tests/inc/layout_test.rs:9:1
[INFO] [stdout]   |
[INFO] [stdout] 9 | tests_impls!
[INFO] [stdout]   | ^^^^^^^^^^^
[INFO] [stdout] 
[INFO] [stdout] 
[INFO] [stdout] error: cannot find macro `tests_index` in this scope
[INFO] [stdout]    --> tests/inc/rta_test.rs:244:1
[INFO] [stdout]     |
[INFO] [stdout] 244 | tests_index!
[INFO] [stdout]     | ^^^^^^^^^^^
[INFO] [stdout] 
[INFO] [stdout] 
[INFO] [stdout] error: cannot find macro `tests_impls` in this scope
[INFO] [stdout]  --> tests/inc/rta_test.rs:9:1
[INFO] [stdout]   |
[INFO] [stdout] 9 | tests_impls!
[INFO] [stdout]   | ^^^^^^^^^^^
[INFO] [stdout] 
[INFO] [stdout] 
[INFO] [stdout] error: cannot find macro `tests_index` in this scope
[INFO] [stdout]   --> tests/inc/cta_test.rs:29:1
[INFO] [stdout]    |
[INFO] [stdout] 29 | tests_index!
[INFO] [stdout]    | ^^^^^^^^^^^
[INFO] [stdout] 
[INFO] [stdout] 
[INFO] [stdout] error: cannot find macro `tests_impls` in this scope
[INFO] [stdout]  --> tests/inc/cta_test.rs:6:1
[INFO] [stdout]   |
[INFO] [stdout] 6 | tests_impls!
[INFO] [stdout]   | ^^^^^^^^^^^
[INFO] [stdout] 
[INFO] [stdout] 
[INFO] [stdout] error[E0433]: failed to resolve: use of undeclared crate or module `test_tools`
[INFO] [stdout]   --> tests/inc/cta_test.rs:23:11
[INFO] [stdout]    |
[INFO] [stdout] 23 |   let t = test_tools::compiletime::TestCases::new();
[INFO] [stdout]    |           ^^^^^^^^^^ use of undeclared crate or module `test_tools`
[INFO] [stdout] 
[INFO] [stdout] 
[INFO] [stdout] error[E0433]: failed to resolve: use of undeclared crate or module `test_tools`
[INFO] [stdout]   --> tests/inc/layout_test.rs:71:11
[INFO] [stdout]    |
[INFO] [stdout] 71 |   let t = test_tools::compiletime::TestCases::new();
[INFO] [stdout]    |           ^^^^^^^^^^ use of undeclared crate or module `test_tools`
[INFO] [stdout] 
[INFO] [stdout] 
[INFO] [stdout] error: aborting due to 11 previous errors
[INFO] [stdout] 
[INFO] [stdout] 
[INFO] [stdout] For more information about this error, try `rustc --explain E0433`.
[INFO] [stdout] 
[INFO] [stderr] error: could not compile `diagnostics_tools` (test "diagnostics_tests") due to 12 previous errors
[INFO] running `Command { std: "docker" "inspect" "3d46bc813017fe1396d38e4bb0e838f583b8da42fe34eef7d0fb35ea8fba6f0c", kill_on_drop: false }`
[INFO] running `Command { std: "docker" "rm" "-f" "3d46bc813017fe1396d38e4bb0e838f583b8da42fe34eef7d0fb35ea8fba6f0c", kill_on_drop: false }`
[INFO] [stdout] 3d46bc813017fe1396d38e4bb0e838f583b8da42fe34eef7d0fb35ea8fba6f0c
[INFO] testing diagnostics_tools-0.3.0 against beta-2023-12-22 for beta-1.76-1
[INFO] extracting crate diagnostics_tools 0.3.0 into /workspace/builds/worker-2-tc2/source
[INFO] validating manifest of crates.io crate diagnostics_tools 0.3.0 on toolchain beta-2023-12-22
[INFO] running `Command { std: CARGO_HOME="/workspace/cargo-home" RUSTUP_HOME="/workspace/rustup-home" "/workspace/cargo-home/bin/cargo" "+beta-2023-12-22" "metadata" "--manifest-path" "Cargo.toml" "--no-deps", kill_on_drop: false }`
[INFO] started tweaking crates.io crate diagnostics_tools 0.3.0
[INFO] finished tweaking crates.io crate diagnostics_tools 0.3.0
[INFO] tweaked toml for crates.io crate diagnostics_tools 0.3.0 written to /workspace/builds/worker-2-tc2/source/Cargo.toml
[INFO] crate crates.io crate diagnostics_tools 0.3.0 already has a lockfile, it will not be regenerated
[INFO] running `Command { std: CARGO_HOME="/workspace/cargo-home" RUSTUP_HOME="/workspace/rustup-home" "/workspace/cargo-home/bin/cargo" "+beta-2023-12-22" "fetch" "--manifest-path" "Cargo.toml", kill_on_drop: false }`
[INFO] running `Command { std: "docker" "create" "-v" "/var/lib/crater-agent-workspace/builds/worker-2-tc2/target:/opt/rustwide/target:rw,Z" "-v" "/var/lib/crater-agent-workspace/builds/worker-2-tc2/source:/opt/rustwide/workdir:ro,Z" "-v" "/var/lib/crater-agent-workspace/cargo-home:/opt/rustwide/cargo-home:ro,Z" "-v" "/var/lib/crater-agent-workspace/rustup-home:/opt/rustwide/rustup-home:ro,Z" "-e" "SOURCE_DIR=/opt/rustwide/workdir" "-e" "CARGO_TARGET_DIR=/opt/rustwide/target" "-e" "CARGO_HOME=/opt/rustwide/cargo-home" "-e" "RUSTUP_HOME=/opt/rustwide/rustup-home" "-w" "/opt/rustwide/workdir" "-m" "1610612736" "--user" "0:0" "--network" "none" "ghcr.io/rust-lang/crates-build-env/linux@sha256:2788e3201cd34a07e3172128adcd8b3090168a8e3bcc40d7c032b9dda1df7d1c" "/opt/rustwide/cargo-home/bin/cargo" "+beta-2023-12-22" "metadata" "--no-deps" "--format-version=1", kill_on_drop: false }`
[INFO] [stdout] faaace8d8fe82385d2c8df26a2799e91b529b697e822d0defe284c996eccddbd
[INFO] running `Command { std: "docker" "start" "-a" "faaace8d8fe82385d2c8df26a2799e91b529b697e822d0defe284c996eccddbd", kill_on_drop: false }`
[INFO] running `Command { std: "docker" "inspect" "faaace8d8fe82385d2c8df26a2799e91b529b697e822d0defe284c996eccddbd", kill_on_drop: false }`
[INFO] running `Command { std: "docker" "rm" "-f" "faaace8d8fe82385d2c8df26a2799e91b529b697e822d0defe284c996eccddbd", kill_on_drop: false }`
[INFO] [stdout] faaace8d8fe82385d2c8df26a2799e91b529b697e822d0defe284c996eccddbd
[INFO] running `Command { std: "docker" "create" "-v" "/var/lib/crater-agent-workspace/builds/worker-2-tc2/target:/opt/rustwide/target:rw,Z" "-v" "/var/lib/crater-agent-workspace/builds/worker-2-tc2/source:/opt/rustwide/workdir:ro,Z" "-v" "/var/lib/crater-agent-workspace/cargo-home:/opt/rustwide/cargo-home:ro,Z" "-v" "/var/lib/crater-agent-workspace/rustup-home:/opt/rustwide/rustup-home:ro,Z" "-e" "SOURCE_DIR=/opt/rustwide/workdir" "-e" "CARGO_TARGET_DIR=/opt/rustwide/target" "-e" "CARGO_INCREMENTAL=0" "-e" "RUST_BACKTRACE=full" "-e" "RUSTFLAGS=--cap-lints=warn" "-e" "RUSTDOCFLAGS=--cap-lints=warn" "-e" "CARGO_HOME=/opt/rustwide/cargo-home" "-e" "RUSTUP_HOME=/opt/rustwide/rustup-home" "-w" "/opt/rustwide/workdir" "-m" "1610612736" "--user" "0:0" "--network" "none" "ghcr.io/rust-lang/crates-build-env/linux@sha256:2788e3201cd34a07e3172128adcd8b3090168a8e3bcc40d7c032b9dda1df7d1c" "/opt/rustwide/cargo-home/bin/cargo" "+beta-2023-12-22" "build" "--frozen" "--message-format=json", kill_on_drop: false }`
[INFO] [stdout] 2403b251ff271f5a9d783f51dcaaa72f2782bd6058f322a9a7ed9ae12f6e7b67
[INFO] running `Command { std: "docker" "start" "-a" "2403b251ff271f5a9d783f51dcaaa72f2782bd6058f322a9a7ed9ae12f6e7b67", kill_on_drop: false }`
[INFO] [stderr]    Compiling yansi v0.5.1
[INFO] [stderr]    Compiling pretty_assertions v1.4.0
[INFO] [stderr]    Compiling diagnostics_tools v0.3.0 (/opt/rustwide/workdir)
[INFO] [stderr]     Finished dev [unoptimized + debuginfo] target(s) in 0.49s
[INFO] running `Command { std: "docker" "inspect" "2403b251ff271f5a9d783f51dcaaa72f2782bd6058f322a9a7ed9ae12f6e7b67", kill_on_drop: false }`
[INFO] running `Command { std: "docker" "rm" "-f" "2403b251ff271f5a9d783f51dcaaa72f2782bd6058f322a9a7ed9ae12f6e7b67", kill_on_drop: false }`
[INFO] [stdout] 2403b251ff271f5a9d783f51dcaaa72f2782bd6058f322a9a7ed9ae12f6e7b67
[INFO] running `Command { std: "docker" "create" "-v" "/var/lib/crater-agent-workspace/builds/worker-2-tc2/target:/opt/rustwide/target:rw,Z" "-v" "/var/lib/crater-agent-workspace/builds/worker-2-tc2/source:/opt/rustwide/workdir:ro,Z" "-v" "/var/lib/crater-agent-workspace/cargo-home:/opt/rustwide/cargo-home:ro,Z" "-v" "/var/lib/crater-agent-workspace/rustup-home:/opt/rustwide/rustup-home:ro,Z" "-e" "SOURCE_DIR=/opt/rustwide/workdir" "-e" "CARGO_TARGET_DIR=/opt/rustwide/target" "-e" "CARGO_INCREMENTAL=0" "-e" "RUST_BACKTRACE=full" "-e" "RUSTFLAGS=--cap-lints=warn" "-e" "RUSTDOCFLAGS=--cap-lints=warn" "-e" "CARGO_HOME=/opt/rustwide/cargo-home" "-e" "RUSTUP_HOME=/opt/rustwide/rustup-home" "-w" "/opt/rustwide/workdir" "-m" "1610612736" "--user" "0:0" "--network" "none" "ghcr.io/rust-lang/crates-build-env/linux@sha256:2788e3201cd34a07e3172128adcd8b3090168a8e3bcc40d7c032b9dda1df7d1c" "/opt/rustwide/cargo-home/bin/cargo" "+beta-2023-12-22" "test" "--frozen" "--no-run" "--message-format=json", kill_on_drop: false }`
[INFO] [stdout] a32c27f700078064c3322182d23a4dd3606f7b97dd527accd2192bcc0ac31f05
[INFO] running `Command { std: "docker" "start" "-a" "a32c27f700078064c3322182d23a4dd3606f7b97dd527accd2192bcc0ac31f05", kill_on_drop: false }`
[INFO] [stderr]    Compiling diagnostics_tools v0.3.0 (/opt/rustwide/workdir)
[INFO] [stdout] error[E0433]: failed to resolve: use of undeclared crate or module `test_tools`
[INFO] [stdout]   --> tests/diagnostics_tests.rs:11:5
[INFO] [stdout]    |
[INFO] [stdout] 11 | use test_tools::exposed::*;
[INFO] [stdout]    |     ^^^^^^^^^^ use of undeclared crate or module `test_tools`
[INFO] [stdout] 
[INFO] [stdout] 
[INFO] [stdout] error[E0433]: failed to resolve: use of undeclared crate or module `test_tools`
[INFO] [stdout]   --> tests/inc/layout_test.rs:68:4
[INFO] [stdout]    |
[INFO] [stdout] 68 | #[ test_tools::nightly ]
[INFO] [stdout]    |    ^^^^^^^^^^ use of undeclared crate or module `test_tools`
[INFO] [stdout] 
[INFO] [stdout] 
[INFO] [stdout] error[E0433]: failed to resolve: use of undeclared crate or module `test_tools`
[INFO] [stdout]   --> tests/inc/cta_test.rs:20:4
[INFO] [stdout]    |
[INFO] [stdout] 20 | #[ test_tools::nightly ]
[INFO] [stdout]    |    ^^^^^^^^^^ use of undeclared crate or module `test_tools`
[INFO] [stdout] 
[INFO] [stdout] 
[INFO] [stdout] error[E0433]: failed to resolve: could not find `test_tools` in the list of imported crates
[INFO] [stdout]  --> tests/smoke_test.rs:6:5
[INFO] [stdout]   |
[INFO] [stdout] 6 |   ::test_tools::smoke_test_for_local_run();
[INFO] [stdout]   |     ^^^^^^^^^^ could not find `test_tools` in the list of imported crates
[INFO] [stdout] 
[INFO] [stdout] 
[INFO] [stdout] error[E0433]: failed to resolve: could not find `test_tools` in the list of imported crates
[INFO] [stdout]   --> tests/smoke_test.rs:13:5
[INFO] [stdout]    |
[INFO] [stdout] 13 |   ::test_tools::smoke_test_for_published_run();
[INFO] [stdout]    |     ^^^^^^^^^^ could not find `test_tools` in the list of imported crates
[INFO] [stdout] 
[INFO] [stdout] 
[INFO] [stdout] error: aborting due to 2 previous errors
[INFO] [stdout] 
[INFO] [stdout] 
[INFO] [stdout] error: cannot find macro `tests_index` in this scope
[INFO] [stdout]   --> tests/inc/layout_test.rs:80:1
[INFO] [stdout]    |
[INFO] [stdout] 80 | tests_index!
[INFO] [stdout]    | ^^^^^^^^^^^
[INFO] [stdout] 
[INFO] [stdout] 
[INFO] [stdout] error: cannot find macro `tests_impls` in this scope
[INFO] [stdout]  --> tests/inc/layout_test.rs:9:1
[INFO] [stdout]   |
[INFO] [stdout] 9 | tests_impls!
[INFO] [stdout]   | ^^^^^^^^^^^
[INFO] [stdout] 
[INFO] [stdout] 
[INFO] [stdout] error: cannot find macro `tests_index` in this scope
[INFO] [stdout]    --> tests/inc/rta_test.rs:244:1
[INFO] [stdout]     |
[INFO] [stdout] 244 | tests_index!
[INFO] [stdout]     | ^^^^^^^^^^^
[INFO] [stdout] 
[INFO] [stdout] 
[INFO] [stdout] error: cannot find macro `tests_impls` in this scope
[INFO] [stdout]  --> tests/inc/rta_test.rs:9:1
[INFO] [stdout]   |
[INFO] [stdout] 9 | tests_impls!
[INFO] [stdout]   | ^^^^^^^^^^^
[INFO] [stdout] 
[INFO] [stdout] 
[INFO] [stdout] For more information about this error, try `rustc --explain E0433`.
[INFO] [stdout] 
[INFO] [stdout] error: cannot find macro `tests_index` in this scope
[INFO] [stdout]   --> tests/inc/cta_test.rs:29:1
[INFO] [stdout]    |
[INFO] [stdout] 29 | tests_index!
[INFO] [stdout]    | ^^^^^^^^^^^
[INFO] [stdout] 
[INFO] [stdout] 
[INFO] [stdout] error: cannot find macro `tests_impls` in this scope
[INFO] [stdout]  --> tests/inc/cta_test.rs:6:1
[INFO] [stdout]   |
[INFO] [stdout] 6 | tests_impls!
[INFO] [stdout]   | ^^^^^^^^^^^
[INFO] [stdout] 
[INFO] [stdout] 
[INFO] [stdout] error[E0433]: failed to resolve: use of undeclared crate or module `test_tools`
[INFO] [stdout]   --> tests/inc/cta_test.rs:23:11
[INFO] [stdout]    |
[INFO] [stdout] 23 |   let t = test_tools::compiletime::TestCases::new();
[INFO] [stdout]    |           ^^^^^^^^^^ use of undeclared crate or module `test_tools`
[INFO] [stdout] 
[INFO] [stdout] 
[INFO] [stdout] error[E0433]: failed to resolve: use of undeclared crate or module `test_tools`
[INFO] [stdout]   --> tests/inc/layout_test.rs:71:11
[INFO] [stdout]    |
[INFO] [stdout] 71 |   let t = test_tools::compiletime::TestCases::new();
[INFO] [stdout]    |           ^^^^^^^^^^ use of undeclared crate or module `test_tools`
[INFO] [stdout] 
[INFO] [stdout] 
[INFO] [stderr] error: could not compile `diagnostics_tools` (test "smoke_test") due to 3 previous errors
[INFO] [stderr] warning: build failed, waiting for other jobs to finish...
[INFO] [stdout] error: aborting due to 11 previous errors
[INFO] [stdout] 
[INFO] [stdout] 
[INFO] [stderr] error: could not compile `diagnostics_tools` (test "diagnostics_tests") due to 12 previous errors
[INFO] [stdout] For more information about this error, try `rustc --explain E0433`.
[INFO] [stdout] 
[INFO] running `Command { std: "docker" "inspect" "a32c27f700078064c3322182d23a4dd3606f7b97dd527accd2192bcc0ac31f05", kill_on_drop: false }`
[INFO] running `Command { std: "docker" "rm" "-f" "a32c27f700078064c3322182d23a4dd3606f7b97dd527accd2192bcc0ac31f05", kill_on_drop: false }`
[INFO] [stdout] a32c27f700078064c3322182d23a4dd3606f7b97dd527accd2192bcc0ac31f05
