[INFO] fetching crate diagnostic-lsp 0.2.0...
[INFO] testing diagnostic-lsp-0.2.0 against 1.75.0 for beta-1.76-1
[INFO] extracting crate diagnostic-lsp 0.2.0 into /workspace/builds/worker-1-tc1/source
[INFO] validating manifest of crates.io crate diagnostic-lsp 0.2.0 on toolchain 1.75.0
[INFO] running `Command { std: CARGO_HOME="/workspace/cargo-home" RUSTUP_HOME="/workspace/rustup-home" "/workspace/cargo-home/bin/cargo" "+1.75.0" "metadata" "--manifest-path" "Cargo.toml" "--no-deps", kill_on_drop: false }`
[INFO] started tweaking crates.io crate diagnostic-lsp 0.2.0
[INFO] finished tweaking crates.io crate diagnostic-lsp 0.2.0
[INFO] tweaked toml for crates.io crate diagnostic-lsp 0.2.0 written to /workspace/builds/worker-1-tc1/source/Cargo.toml
[INFO] running `Command { std: CARGO_HOME="/workspace/cargo-home" RUSTUP_HOME="/workspace/rustup-home" "/workspace/cargo-home/bin/cargo" "+1.75.0" "generate-lockfile" "--manifest-path" "Cargo.toml", kill_on_drop: false }`
[INFO] [stderr]     Updating crates.io index
[INFO] running `Command { std: CARGO_HOME="/workspace/cargo-home" RUSTUP_HOME="/workspace/rustup-home" "/workspace/cargo-home/bin/cargo" "+1.75.0" "fetch" "--manifest-path" "Cargo.toml", kill_on_drop: false }`
[INFO] [stderr]  Downloading crates ...
[INFO] [stderr]   Downloaded lsp-types v0.93.2
[INFO] [stderr]   Downloaded diagnostic v0.3.12
[INFO] running `Command { std: "docker" "create" "-v" "/var/lib/crater-agent-workspace/builds/worker-1-tc1/target:/opt/rustwide/target:rw,Z" "-v" "/var/lib/crater-agent-workspace/builds/worker-1-tc1/source:/opt/rustwide/workdir:ro,Z" "-v" "/var/lib/crater-agent-workspace/cargo-home:/opt/rustwide/cargo-home:ro,Z" "-v" "/var/lib/crater-agent-workspace/rustup-home:/opt/rustwide/rustup-home:ro,Z" "-e" "SOURCE_DIR=/opt/rustwide/workdir" "-e" "CARGO_TARGET_DIR=/opt/rustwide/target" "-e" "CARGO_HOME=/opt/rustwide/cargo-home" "-e" "RUSTUP_HOME=/opt/rustwide/rustup-home" "-w" "/opt/rustwide/workdir" "-m" "1610612736" "--user" "0:0" "--network" "none" "ghcr.io/rust-lang/crates-build-env/linux@sha256:2788e3201cd34a07e3172128adcd8b3090168a8e3bcc40d7c032b9dda1df7d1c" "/opt/rustwide/cargo-home/bin/cargo" "+1.75.0" "metadata" "--no-deps" "--format-version=1", kill_on_drop: false }`
[INFO] [stdout] 2bb6639342e69dc4eae66fabb89e148bc3976006f2d08bde81e84c614403dde1
[INFO] running `Command { std: "docker" "start" "-a" "2bb6639342e69dc4eae66fabb89e148bc3976006f2d08bde81e84c614403dde1", kill_on_drop: false }`
[INFO] running `Command { std: "docker" "inspect" "2bb6639342e69dc4eae66fabb89e148bc3976006f2d08bde81e84c614403dde1", kill_on_drop: false }`
[INFO] running `Command { std: "docker" "rm" "-f" "2bb6639342e69dc4eae66fabb89e148bc3976006f2d08bde81e84c614403dde1", kill_on_drop: false }`
[INFO] [stdout] 2bb6639342e69dc4eae66fabb89e148bc3976006f2d08bde81e84c614403dde1
[INFO] running `Command { std: "docker" "create" "-v" "/var/lib/crater-agent-workspace/builds/worker-1-tc1/target:/opt/rustwide/target:rw,Z" "-v" "/var/lib/crater-agent-workspace/builds/worker-1-tc1/source:/opt/rustwide/workdir:ro,Z" "-v" "/var/lib/crater-agent-workspace/cargo-home:/opt/rustwide/cargo-home:ro,Z" "-v" "/var/lib/crater-agent-workspace/rustup-home:/opt/rustwide/rustup-home:ro,Z" "-e" "SOURCE_DIR=/opt/rustwide/workdir" "-e" "CARGO_TARGET_DIR=/opt/rustwide/target" "-e" "CARGO_INCREMENTAL=0" "-e" "RUST_BACKTRACE=full" "-e" "RUSTFLAGS=--cap-lints=warn" "-e" "RUSTDOCFLAGS=--cap-lints=warn" "-e" "CARGO_HOME=/opt/rustwide/cargo-home" "-e" "RUSTUP_HOME=/opt/rustwide/rustup-home" "-w" "/opt/rustwide/workdir" "-m" "1610612736" "--user" "0:0" "--network" "none" "ghcr.io/rust-lang/crates-build-env/linux@sha256:2788e3201cd34a07e3172128adcd8b3090168a8e3bcc40d7c032b9dda1df7d1c" "/opt/rustwide/cargo-home/bin/cargo" "+1.75.0" "build" "--frozen" "--message-format=json", kill_on_drop: false }`
[INFO] [stdout] 6765322e76a32a4bbfd1ac31f027a32b7b8354d71e944b2fc4f7c371a98534e3
[INFO] running `Command { std: "docker" "start" "-a" "6765322e76a32a4bbfd1ac31f027a32b7b8354d71e944b2fc4f7c371a98534e3", kill_on_drop: false }`
[INFO] [stderr]    Compiling termcolor v1.4.0
[INFO] [stderr]    Compiling serde_repr v0.1.18
[INFO] [stderr]    Compiling url v2.5.0
[INFO] [stderr]    Compiling diagnostic v0.3.12
[INFO] [stderr]    Compiling lsp-types v0.93.2
[INFO] [stderr]    Compiling diagnostic-lsp v0.2.0 (/opt/rustwide/workdir)
[INFO] [stdout] error[E0599]: no method named `source` found for reference `&TextStorage` in the current scope
[INFO] [stdout]   --> src/lib.rs:33:24
[INFO] [stdout]    |
[INFO] [stdout] 33 |     let source = files.source(file_id)?;
[INFO] [stdout]    |                        ^^^^^^ method not found in `&TextStorage`
[INFO] [stdout] 
[INFO] [stdout] 
[INFO] [stdout] error[E0599]: no method named `source` found for reference `&TextStorage` in the current scope
[INFO] [stdout]   --> src/lib.rs:80:24
[INFO] [stdout]    |
[INFO] [stdout] 80 |     let source = files.source(file_id)?;
[INFO] [stdout]    |                        ^^^^^^ method not found in `&TextStorage`
[INFO] [stdout] 
[INFO] [stdout] 
[INFO] [stdout] error: aborting due to 2 previous errors
[INFO] [stdout] 
[INFO] [stdout] 
[INFO] [stdout] For more information about this error, try `rustc --explain E0599`.
[INFO] [stdout] 
[INFO] [stderr] error: could not compile `diagnostic-lsp` (lib) due to 3 previous errors
[INFO] [stderr] warning: build failed, waiting for other jobs to finish...
[INFO] running `Command { std: "docker" "inspect" "6765322e76a32a4bbfd1ac31f027a32b7b8354d71e944b2fc4f7c371a98534e3", kill_on_drop: false }`
[INFO] running `Command { std: "docker" "rm" "-f" "6765322e76a32a4bbfd1ac31f027a32b7b8354d71e944b2fc4f7c371a98534e3", kill_on_drop: false }`
[INFO] [stdout] 6765322e76a32a4bbfd1ac31f027a32b7b8354d71e944b2fc4f7c371a98534e3
[INFO] testing diagnostic-lsp-0.2.0 against beta-2023-12-22 for beta-1.76-1
[INFO] extracting crate diagnostic-lsp 0.2.0 into /workspace/builds/worker-1-tc2/source
[INFO] validating manifest of crates.io crate diagnostic-lsp 0.2.0 on toolchain beta-2023-12-22
[INFO] running `Command { std: CARGO_HOME="/workspace/cargo-home" RUSTUP_HOME="/workspace/rustup-home" "/workspace/cargo-home/bin/cargo" "+beta-2023-12-22" "metadata" "--manifest-path" "Cargo.toml" "--no-deps", kill_on_drop: false }`
[INFO] started tweaking crates.io crate diagnostic-lsp 0.2.0
[INFO] finished tweaking crates.io crate diagnostic-lsp 0.2.0
[INFO] tweaked toml for crates.io crate diagnostic-lsp 0.2.0 written to /workspace/builds/worker-1-tc2/source/Cargo.toml
[INFO] running `Command { std: CARGO_HOME="/workspace/cargo-home" RUSTUP_HOME="/workspace/rustup-home" "/workspace/cargo-home/bin/cargo" "+beta-2023-12-22" "generate-lockfile" "--manifest-path" "Cargo.toml", kill_on_drop: false }`
[INFO] [stderr]     Updating crates.io index
[INFO] running `Command { std: CARGO_HOME="/workspace/cargo-home" RUSTUP_HOME="/workspace/rustup-home" "/workspace/cargo-home/bin/cargo" "+beta-2023-12-22" "fetch" "--manifest-path" "Cargo.toml", kill_on_drop: false }`
[INFO] running `Command { std: "docker" "create" "-v" "/var/lib/crater-agent-workspace/builds/worker-1-tc2/target:/opt/rustwide/target:rw,Z" "-v" "/var/lib/crater-agent-workspace/builds/worker-1-tc2/source:/opt/rustwide/workdir:ro,Z" "-v" "/var/lib/crater-agent-workspace/cargo-home:/opt/rustwide/cargo-home:ro,Z" "-v" "/var/lib/crater-agent-workspace/rustup-home:/opt/rustwide/rustup-home:ro,Z" "-e" "SOURCE_DIR=/opt/rustwide/workdir" "-e" "CARGO_TARGET_DIR=/opt/rustwide/target" "-e" "CARGO_HOME=/opt/rustwide/cargo-home" "-e" "RUSTUP_HOME=/opt/rustwide/rustup-home" "-w" "/opt/rustwide/workdir" "-m" "1610612736" "--user" "0:0" "--network" "none" "ghcr.io/rust-lang/crates-build-env/linux@sha256:2788e3201cd34a07e3172128adcd8b3090168a8e3bcc40d7c032b9dda1df7d1c" "/opt/rustwide/cargo-home/bin/cargo" "+beta-2023-12-22" "metadata" "--no-deps" "--format-version=1", kill_on_drop: false }`
[INFO] [stdout] 26f661f65a4613a1a5fd26d799c183d9448b73b638699137af415b3921f257e4
[INFO] running `Command { std: "docker" "start" "-a" "26f661f65a4613a1a5fd26d799c183d9448b73b638699137af415b3921f257e4", kill_on_drop: false }`
[INFO] running `Command { std: "docker" "inspect" "26f661f65a4613a1a5fd26d799c183d9448b73b638699137af415b3921f257e4", kill_on_drop: false }`
[INFO] running `Command { std: "docker" "rm" "-f" "26f661f65a4613a1a5fd26d799c183d9448b73b638699137af415b3921f257e4", kill_on_drop: false }`
[INFO] [stdout] 26f661f65a4613a1a5fd26d799c183d9448b73b638699137af415b3921f257e4
[INFO] running `Command { std: "docker" "create" "-v" "/var/lib/crater-agent-workspace/builds/worker-1-tc2/target:/opt/rustwide/target:rw,Z" "-v" "/var/lib/crater-agent-workspace/builds/worker-1-tc2/source:/opt/rustwide/workdir:ro,Z" "-v" "/var/lib/crater-agent-workspace/cargo-home:/opt/rustwide/cargo-home:ro,Z" "-v" "/var/lib/crater-agent-workspace/rustup-home:/opt/rustwide/rustup-home:ro,Z" "-e" "SOURCE_DIR=/opt/rustwide/workdir" "-e" "CARGO_TARGET_DIR=/opt/rustwide/target" "-e" "CARGO_INCREMENTAL=0" "-e" "RUST_BACKTRACE=full" "-e" "RUSTFLAGS=--cap-lints=warn" "-e" "RUSTDOCFLAGS=--cap-lints=warn" "-e" "CARGO_HOME=/opt/rustwide/cargo-home" "-e" "RUSTUP_HOME=/opt/rustwide/rustup-home" "-w" "/opt/rustwide/workdir" "-m" "1610612736" "--user" "0:0" "--network" "none" "ghcr.io/rust-lang/crates-build-env/linux@sha256:2788e3201cd34a07e3172128adcd8b3090168a8e3bcc40d7c032b9dda1df7d1c" "/opt/rustwide/cargo-home/bin/cargo" "+beta-2023-12-22" "build" "--frozen" "--message-format=json", kill_on_drop: false }`
[INFO] [stdout] eb403e9849174b36eefb8c5725572fd4931ec37ecbce4314f1a4511d3feefac5
[INFO] running `Command { std: "docker" "start" "-a" "eb403e9849174b36eefb8c5725572fd4931ec37ecbce4314f1a4511d3feefac5", kill_on_drop: false }`
[INFO] [stderr]    Compiling termcolor v1.4.0
[INFO] [stderr]    Compiling serde_repr v0.1.18
[INFO] [stderr]    Compiling url v2.5.0
[INFO] [stderr]    Compiling diagnostic v0.3.12
[INFO] [stderr]    Compiling lsp-types v0.93.2
[INFO] [stderr]    Compiling diagnostic-lsp v0.2.0 (/opt/rustwide/workdir)
[INFO] [stdout] error[E0599]: no method named `source` found for reference `&TextStorage` in the current scope
[INFO] [stdout]   --> src/lib.rs:33:24
[INFO] [stdout]    |
[INFO] [stdout] 33 |     let source = files.source(file_id)?;
[INFO] [stdout]    |                        ^^^^^^ method not found in `&TextStorage`
[INFO] [stdout] 
[INFO] [stdout] 
[INFO] [stdout] error[E0599]: no method named `source` found for reference `&TextStorage` in the current scope
[INFO] [stdout]   --> src/lib.rs:80:24
[INFO] [stdout]    |
[INFO] [stdout] 80 |     let source = files.source(file_id)?;
[INFO] [stdout]    |                        ^^^^^^ method not found in `&TextStorage`
[INFO] [stdout] 
[INFO] [stdout] 
[INFO] [stdout] error: aborting due to 2 previous errors
[INFO] [stdout] 
[INFO] [stdout] 
[INFO] [stdout] For more information about this error, try `rustc --explain E0599`.
[INFO] [stdout] 
[INFO] [stderr] error: could not compile `diagnostic-lsp` (lib) due to 3 previous errors
[INFO] [stderr] warning: build failed, waiting for other jobs to finish...
[INFO] running `Command { std: "docker" "inspect" "eb403e9849174b36eefb8c5725572fd4931ec37ecbce4314f1a4511d3feefac5", kill_on_drop: false }`
[INFO] running `Command { std: "docker" "rm" "-f" "eb403e9849174b36eefb8c5725572fd4931ec37ecbce4314f1a4511d3feefac5", kill_on_drop: false }`
[INFO] [stdout] eb403e9849174b36eefb8c5725572fd4931ec37ecbce4314f1a4511d3feefac5
