[INFO] fetching crate dharitri-sc-scenario 0.1.7...
[INFO] testing dharitri-sc-scenario-0.1.7 against 1.75.0 for beta-1.76-1
[INFO] extracting crate dharitri-sc-scenario 0.1.7 into /workspace/builds/worker-2-tc1/source
[INFO] validating manifest of crates.io crate dharitri-sc-scenario 0.1.7 on toolchain 1.75.0
[INFO] running `Command { std: CARGO_HOME="/workspace/cargo-home" RUSTUP_HOME="/workspace/rustup-home" "/workspace/cargo-home/bin/cargo" "+1.75.0" "metadata" "--manifest-path" "Cargo.toml" "--no-deps", kill_on_drop: false }`
[INFO] started tweaking crates.io crate dharitri-sc-scenario 0.1.7
[INFO] finished tweaking crates.io crate dharitri-sc-scenario 0.1.7
[INFO] tweaked toml for crates.io crate dharitri-sc-scenario 0.1.7 written to /workspace/builds/worker-2-tc1/source/Cargo.toml
[INFO] crate crates.io crate dharitri-sc-scenario 0.1.7 already has a lockfile, it will not be regenerated
[INFO] running `Command { std: CARGO_HOME="/workspace/cargo-home" RUSTUP_HOME="/workspace/rustup-home" "/workspace/cargo-home/bin/cargo" "+1.75.0" "fetch" "--manifest-path" "Cargo.toml", kill_on_drop: false }`
[INFO] [stderr]     Updating crates.io index
[INFO] [stderr]  Downloading crates ...
[INFO] [stderr]   Downloaded rand_seeder v0.2.3
[INFO] [stderr]   Downloaded dharitri-chain-vm-executor v0.1.0
[INFO] [stderr]   Downloaded enumset v1.1.3
[INFO] [stderr]   Downloaded pbkdf2 v0.9.0
[INFO] [stderr]   Downloaded common-path v1.0.0
[INFO] [stderr]   Downloaded platforms v3.2.0
[INFO] [stderr]   Downloaded ed25519-dalek v2.0.0
[INFO] [stderr]   Downloaded dharitri-sc-codec-derive v0.0.5
[INFO] [stderr]   Downloaded serde_repr v0.1.17
[INFO] [stderr]   Downloaded ruplacer v0.8.2
[INFO] [stderr]   Downloaded dharitri-sc-codec v0.0.5
[INFO] [stderr]   Downloaded dharitri-sc-derive v0.1.7
[INFO] [stderr]   Downloaded fiat-crypto v0.2.3
[INFO] [stderr]   Downloaded dharitri-chain-vm v0.1.4
[INFO] [stderr]   Downloaded dharitri-sc v0.1.7
[INFO] [stderr]   Downloaded globset v0.4.13
[INFO] [stderr]   Downloaded bitcoin_hashes v0.11.0
[INFO] [stderr]   Downloaded bip39 v2.0.0
[INFO] [stderr]   Downloaded dharitri-sc-meta v0.1.7
[INFO] [stderr]   Downloaded dharitri-chain-scenario-format v0.0.3
[INFO] [stderr]   Downloaded dharitri-sdk v0.0.3
[INFO] [stderr]   Downloaded copy_dir v0.1.3
[INFO] running `Command { std: "docker" "create" "-v" "/var/lib/crater-agent-workspace/builds/worker-2-tc1/target:/opt/rustwide/target:rw,Z" "-v" "/var/lib/crater-agent-workspace/builds/worker-2-tc1/source:/opt/rustwide/workdir:ro,Z" "-v" "/var/lib/crater-agent-workspace/cargo-home:/opt/rustwide/cargo-home:ro,Z" "-v" "/var/lib/crater-agent-workspace/rustup-home:/opt/rustwide/rustup-home:ro,Z" "-e" "SOURCE_DIR=/opt/rustwide/workdir" "-e" "CARGO_TARGET_DIR=/opt/rustwide/target" "-e" "CARGO_HOME=/opt/rustwide/cargo-home" "-e" "RUSTUP_HOME=/opt/rustwide/rustup-home" "-w" "/opt/rustwide/workdir" "-m" "1610612736" "--user" "0:0" "--network" "none" "ghcr.io/rust-lang/crates-build-env/linux@sha256:2788e3201cd34a07e3172128adcd8b3090168a8e3bcc40d7c032b9dda1df7d1c" "/opt/rustwide/cargo-home/bin/cargo" "+1.75.0" "metadata" "--no-deps" "--format-version=1", kill_on_drop: false }`
[INFO] [stdout] 8fe72b94157f867832a89636194760c2879be14b7c2206bccf1adfbeb6581383
[INFO] running `Command { std: "docker" "start" "-a" "8fe72b94157f867832a89636194760c2879be14b7c2206bccf1adfbeb6581383", kill_on_drop: false }`
[INFO] running `Command { std: "docker" "inspect" "8fe72b94157f867832a89636194760c2879be14b7c2206bccf1adfbeb6581383", kill_on_drop: false }`
[INFO] running `Command { std: "docker" "rm" "-f" "8fe72b94157f867832a89636194760c2879be14b7c2206bccf1adfbeb6581383", kill_on_drop: false }`
[INFO] [stdout] 8fe72b94157f867832a89636194760c2879be14b7c2206bccf1adfbeb6581383
[INFO] running `Command { std: "docker" "create" "-v" "/var/lib/crater-agent-workspace/builds/worker-2-tc1/target:/opt/rustwide/target:rw,Z" "-v" "/var/lib/crater-agent-workspace/builds/worker-2-tc1/source:/opt/rustwide/workdir:ro,Z" "-v" "/var/lib/crater-agent-workspace/cargo-home:/opt/rustwide/cargo-home:ro,Z" "-v" "/var/lib/crater-agent-workspace/rustup-home:/opt/rustwide/rustup-home:ro,Z" "-e" "SOURCE_DIR=/opt/rustwide/workdir" "-e" "CARGO_TARGET_DIR=/opt/rustwide/target" "-e" "CARGO_INCREMENTAL=0" "-e" "RUST_BACKTRACE=full" "-e" "RUSTFLAGS=--cap-lints=warn" "-e" "RUSTDOCFLAGS=--cap-lints=warn" "-e" "CARGO_HOME=/opt/rustwide/cargo-home" "-e" "RUSTUP_HOME=/opt/rustwide/rustup-home" "-w" "/opt/rustwide/workdir" "-m" "1610612736" "--user" "0:0" "--network" "none" "ghcr.io/rust-lang/crates-build-env/linux@sha256:2788e3201cd34a07e3172128adcd8b3090168a8e3bcc40d7c032b9dda1df7d1c" "/opt/rustwide/cargo-home/bin/cargo" "+1.75.0" "build" "--frozen" "--message-format=json", kill_on_drop: false }`
[INFO] [stdout] a67f6f565be40b277b422145492beec7053b4edd474bc4b57b28e2b6e90b6496
[INFO] running `Command { std: "docker" "start" "-a" "a67f6f565be40b277b422145492beec7053b4edd474bc4b57b28e2b6e90b6496", kill_on_drop: false }`
[INFO] [stderr]    Compiling libc v0.2.150
[INFO] [stderr]    Compiling typenum v1.17.0
[INFO] [stderr]    Compiling generic-array v0.14.7
[INFO] [stderr]    Compiling once_cell v1.18.0
[INFO] [stderr]    Compiling memchr v2.6.4
[INFO] [stderr]    Compiling subtle v2.4.1
[INFO] [stderr]    Compiling smallvec v1.11.1
[INFO] [stderr]    Compiling syn v2.0.39
[INFO] [stderr]    Compiling lock_api v0.4.11
[INFO] [stderr]    Compiling parking_lot_core v0.9.9
[INFO] [stderr]    Compiling bytes v1.5.0
[INFO] [stderr]    Compiling scopeguard v1.2.0
[INFO] [stderr]    Compiling futures-core v0.3.29
[INFO] [stderr]    Compiling cpufeatures v0.2.11
[INFO] [stderr]    Compiling serde v1.0.192
[INFO] [stderr]    Compiling aho-corasick v1.1.2
[INFO] [stderr]    Compiling regex-syntax v0.8.2
[INFO] [stderr]    Compiling indexmap v1.9.3
[INFO] [stderr]    Compiling slab v0.4.9
[INFO] [stderr]    Compiling jobserver v0.1.27
[INFO] [stderr]    Compiling getrandom v0.2.11
[INFO] [stderr]    Compiling cc v1.0.83
[INFO] [stderr]    Compiling rand_core v0.6.4
[INFO] [stderr]    Compiling num_cpus v1.16.0
[INFO] [stderr]    Compiling parking_lot v0.12.1
[INFO] [stderr]    Compiling crypto-common v0.1.6
[INFO] [stderr]    Compiling block-buffer v0.10.4
[INFO] [stderr]    Compiling socket2 v0.5.5
[INFO] [stderr]    Compiling digest v0.10.7
[INFO] [stderr]    Compiling signal-hook-registry v1.4.1
[INFO] [stderr]    Compiling mio v0.8.9
[INFO] [stderr]    Compiling regex-automata v0.4.3
[INFO] [stderr]    Compiling num-traits v0.2.17
[INFO] [stderr]    Compiling futures-task v0.3.29
[INFO] [stderr]    Compiling semver v1.0.20
[INFO] [stderr]    Compiling tracing-core v0.1.32
[INFO] [stderr]    Compiling openssl-sys v0.9.95
[INFO] [stderr]    Compiling num-integer v0.1.45
[INFO] [stderr]    Compiling hex v0.4.3
[INFO] [stderr]    Compiling tinyvec_macros v0.1.1
[INFO] [stderr]    Compiling futures-util v0.3.29
[INFO] [stderr]    Compiling openssl v0.10.59
[INFO] [stderr]    Compiling tinyvec v1.6.0
[INFO] [stderr]    Compiling regex v1.10.2
[INFO] [stderr]    Compiling tracing v0.1.40
[INFO] [stderr]    Compiling zstd-sys v2.0.9+zstd.1.5.5
[INFO] [stderr]    Compiling http v0.2.9
[INFO] [stderr]    Compiling num-bigint v0.4.4
[INFO] [stderr]    Compiling futures-io v0.3.29
[INFO] [stderr]    Compiling rustix v0.38.21
[INFO] [stderr]    Compiling syn v1.0.109
[INFO] [stderr]    Compiling futures-channel v0.3.29
[INFO] [stderr]    Compiling anyhow v1.0.75
[INFO] [stderr]    Compiling futures-sink v0.3.29
[INFO] [stderr]    Compiling native-tls v0.2.11
[INFO] [stderr]    Compiling darling_core v0.20.3
[INFO] [stderr]    Compiling rustc_version v0.4.0
[INFO] [stderr]    Compiling tokio-macros v2.1.0
[INFO] [stderr]    Compiling serde_derive v1.0.192
[INFO] [stderr]    Compiling openssl-macros v0.1.1
[INFO] [stderr]    Compiling tokio v1.33.0
[INFO] [stderr]    Compiling unicode-normalization v0.1.22
[INFO] [stderr]    Compiling linux-raw-sys v0.4.11
[INFO] [stderr]    Compiling try-lock v0.2.4
[INFO] [stderr]    Compiling hashbrown v0.14.2
[INFO] [stderr]    Compiling equivalent v1.0.1
[INFO] [stderr]    Compiling percent-encoding v2.3.0
[INFO] [stderr]    Compiling serde_json v1.0.108
[INFO] [stderr]    Compiling form_urlencoded v1.2.0
[INFO] [stderr]    Compiling indexmap v2.1.0
[INFO] [stderr]    Compiling darling_macro v0.20.3
[INFO] [stderr]    Compiling want v0.3.1
[INFO] [stderr]    Compiling http-body v0.4.5
[INFO] [stderr]    Compiling bzip2-sys v0.1.11+1.0.8
[INFO] [stderr]    Compiling sha2 v0.10.8
[INFO] [stderr]    Compiling digest v0.9.0
[INFO] [stderr]    Compiling socket2 v0.4.10
[INFO] [stderr]    Compiling ahash v0.8.6
[INFO] [stderr]    Compiling platforms v3.2.0
[INFO] [stderr]    Compiling zstd-safe v5.0.2+zstd.1.5.2
[INFO] [stderr]    Compiling same-file v1.0.6
[INFO] [stderr]    Compiling unicode-bidi v0.3.13
[INFO] [stderr]    Compiling keccak v0.1.4
[INFO] [stderr]    Compiling block-padding v0.2.1
[INFO] [stderr]    Compiling httpdate v1.0.3
[INFO] [stderr]    Compiling crc32fast v1.3.2
[INFO] [stderr]    Compiling idna v0.4.0
[INFO] [stderr]    Compiling block-buffer v0.9.0
[INFO] [stderr]    Compiling curve25519-dalek v4.1.1
[INFO] [stderr]    Compiling tokio-util v0.7.10
[INFO] [stderr]    Compiling tokio-native-tls v0.3.1
[INFO] [stderr]    Compiling rand_chacha v0.3.1
[INFO] [stderr]    Compiling walkdir v2.4.0
[INFO] [stderr]    Compiling darling v0.20.3
[INFO] [stderr]    Compiling inout v0.1.3
[INFO] [stderr]    Compiling bstr v1.7.0
[INFO] [stderr]    Compiling h2 v0.3.21
[INFO] [stderr]    Compiling nibble_vec v0.1.0
[INFO] [stderr]    Compiling heck v0.4.1
[INFO] [stderr]    Compiling base64ct v1.6.0
[INFO] [stderr]    Compiling zerocopy v0.7.25
[INFO] [stderr]    Compiling endian-type v0.1.2
[INFO] [stderr]    Compiling zeroize v1.6.0
[INFO] [stderr]    Compiling opaque-debug v0.3.0
[INFO] [stderr]    Compiling paste v1.0.14
[INFO] [stderr]    Compiling adler v1.0.2
[INFO] [stderr]    Compiling thiserror v1.0.50
[INFO] [stderr]    Compiling miniz_oxide v0.7.1
[INFO] [stderr]    Compiling password-hash v0.4.2
[INFO] [stderr]    Compiling clap_builder v4.4.7
[INFO] [stderr]    Compiling radix_trie v0.2.1
[INFO] [stderr]    Compiling serde_urlencoded v0.7.1
[INFO] [stderr]    Compiling clap_derive v4.4.7
[INFO] [stderr]    Compiling globset v0.4.13
[INFO] [stderr]    Compiling cipher v0.4.4
[INFO] [stderr]    Compiling enumset_derive v0.8.1
[INFO] [stderr]    Compiling rand v0.8.5
[INFO] [stderr]    Compiling dharitri-sc-codec-derive v0.0.5
[INFO] [stderr]    Compiling hyper v0.14.27
[INFO] [stderr]    Compiling url v2.4.1
[INFO] [stderr]    Compiling is-terminal v0.4.9
[INFO] [stderr]    Compiling curve25519-dalek-derive v0.1.1
[INFO] [stderr]    Compiling thiserror-impl v1.0.50
[INFO] [stderr]    Compiling hmac v0.12.1
[INFO] [stderr]    Compiling crypto-mac v0.11.1
[INFO] [stderr]    Compiling atty v0.2.14
[INFO] [stderr]    Compiling thread_local v1.1.7
[INFO] [stderr]    Compiling encoding_rs v0.8.33
[INFO] [stderr]    Compiling mime v0.3.17
[INFO] [stderr]    Compiling base64 v0.21.5
[INFO] [stderr]    Compiling hyper-tls v0.5.0
[INFO] [stderr]    Compiling signature v2.1.0
[INFO] [stderr]    Compiling hex-literal v0.3.4
[INFO] [stderr]    Compiling ipnet v2.9.0
[INFO] [stderr]    Compiling termcolor v1.3.0
[INFO] [stderr]    Compiling humantime v2.1.0
[INFO] [stderr]    Compiling arrayvec v0.7.4
[INFO] [stderr]    Compiling ed25519 v2.2.3
[INFO] [stderr]    Compiling reqwest v0.11.22
[INFO] [stderr]    Compiling dharitri-sc-codec v0.0.5
[INFO] [stderr]    Compiling env_logger v0.8.4
[INFO] [stdout] error[E0554]: `#![feature]` may not be used on the stable release channel
[INFO] [stdout]  --> /opt/rustwide/cargo-home/registry/src/index.crates.io-6f17d22bba15001f/dharitri-sc-codec-0.0.5/src/lib.rs:2:1
[INFO] [stdout]   |
[INFO] [stdout] 2 | #![feature(try_trait_v2)]
[INFO] [stdout]   | ^^^^^^^^^^^^^^^^^^^^^^^^^
[INFO] [stdout] 
[INFO] [stdout] 
[INFO] [stdout] error[E0554]: `#![feature]` may not be used on the stable release channel
[INFO] [stdout]  --> /opt/rustwide/cargo-home/registry/src/index.crates.io-6f17d22bba15001f/dharitri-sc-codec-0.0.5/src/lib.rs:3:1
[INFO] [stdout]   |
[INFO] [stdout] 3 | #![feature(never_type)]
[INFO] [stdout]   | ^^^^^^^^^^^^^^^^^^^^^^^
[INFO] [stdout] 
[INFO] [stdout] 
[INFO] [stdout] error[E0554]: `#![feature]` may not be used on the stable release channel
[INFO] [stdout]  --> /opt/rustwide/cargo-home/registry/src/index.crates.io-6f17d22bba15001f/dharitri-sc-codec-0.0.5/src/lib.rs:4:1
[INFO] [stdout]   |
[INFO] [stdout] 4 | #![feature(exhaustive_patterns)]
[INFO] [stdout]   | ^^^^^^^^^^^^^^^^^^^^^^^^^^^^^^^^
[INFO] [stdout] 
[INFO] [stdout] 
[INFO] [stdout] error[E0554]: `#![feature]` may not be used on the stable release channel
[INFO] [stdout]  --> /opt/rustwide/cargo-home/registry/src/index.crates.io-6f17d22bba15001f/dharitri-sc-codec-0.0.5/src/lib.rs:5:1
[INFO] [stdout]   |
[INFO] [stdout] 5 | #![feature(auto_traits)]
[INFO] [stdout]   | ^^^^^^^^^^^^^^^^^^^^^^^^
[INFO] [stdout] 
[INFO] [stdout] 
[INFO] [stdout] error[E0554]: `#![feature]` may not be used on the stable release channel
[INFO] [stdout]  --> /opt/rustwide/cargo-home/registry/src/index.crates.io-6f17d22bba15001f/dharitri-sc-codec-0.0.5/src/lib.rs:6:1
[INFO] [stdout]   |
[INFO] [stdout] 6 | #![feature(negative_impls)]
[INFO] [stdout]   | ^^^^^^^^^^^^^^^^^^^^^^^^^^^
[INFO] [stdout] 
[INFO] [stdout] 
[INFO] [stdout] error[E0554]: `#![feature]` may not be used on the stable release channel
[INFO] [stdout]  --> /opt/rustwide/cargo-home/registry/src/index.crates.io-6f17d22bba15001f/dharitri-sc-codec-0.0.5/src/lib.rs:2:12
[INFO] [stdout]   |
[INFO] [stdout] 2 | #![feature(try_trait_v2)]
[INFO] [stdout]   |            ^^^^^^^^^^^^
[INFO] [stdout] 
[INFO] [stdout] 
[INFO] [stderr]    Compiling time v0.3.30
[INFO] [stdout] error: aborting due to 6 previous errors
[INFO] [stdout] 
[INFO] [stdout] 
[INFO] [stdout] For more information about this error, try `rustc --explain E0554`.
[INFO] [stdout] 
[INFO] [stderr] error: could not compile `dharitri-sc-codec` (lib) due to 7 previous errors
[INFO] [stderr] warning: build failed, waiting for other jobs to finish...
[INFO] running `Command { std: "docker" "inspect" "a67f6f565be40b277b422145492beec7053b4edd474bc4b57b28e2b6e90b6496", kill_on_drop: false }`
[INFO] running `Command { std: "docker" "rm" "-f" "a67f6f565be40b277b422145492beec7053b4edd474bc4b57b28e2b6e90b6496", kill_on_drop: false }`
[INFO] [stdout] a67f6f565be40b277b422145492beec7053b4edd474bc4b57b28e2b6e90b6496
[INFO] testing dharitri-sc-scenario-0.1.7 against beta-2023-12-22 for beta-1.76-1
[INFO] extracting crate dharitri-sc-scenario 0.1.7 into /workspace/builds/worker-2-tc2/source
[INFO] validating manifest of crates.io crate dharitri-sc-scenario 0.1.7 on toolchain beta-2023-12-22
[INFO] running `Command { std: CARGO_HOME="/workspace/cargo-home" RUSTUP_HOME="/workspace/rustup-home" "/workspace/cargo-home/bin/cargo" "+beta-2023-12-22" "metadata" "--manifest-path" "Cargo.toml" "--no-deps", kill_on_drop: false }`
[INFO] started tweaking crates.io crate dharitri-sc-scenario 0.1.7
[INFO] finished tweaking crates.io crate dharitri-sc-scenario 0.1.7
[INFO] tweaked toml for crates.io crate dharitri-sc-scenario 0.1.7 written to /workspace/builds/worker-2-tc2/source/Cargo.toml
[INFO] crate crates.io crate dharitri-sc-scenario 0.1.7 already has a lockfile, it will not be regenerated
[INFO] running `Command { std: CARGO_HOME="/workspace/cargo-home" RUSTUP_HOME="/workspace/rustup-home" "/workspace/cargo-home/bin/cargo" "+beta-2023-12-22" "fetch" "--manifest-path" "Cargo.toml", kill_on_drop: false }`
[INFO] running `Command { std: "docker" "create" "-v" "/var/lib/crater-agent-workspace/builds/worker-2-tc2/target:/opt/rustwide/target:rw,Z" "-v" "/var/lib/crater-agent-workspace/builds/worker-2-tc2/source:/opt/rustwide/workdir:ro,Z" "-v" "/var/lib/crater-agent-workspace/cargo-home:/opt/rustwide/cargo-home:ro,Z" "-v" "/var/lib/crater-agent-workspace/rustup-home:/opt/rustwide/rustup-home:ro,Z" "-e" "SOURCE_DIR=/opt/rustwide/workdir" "-e" "CARGO_TARGET_DIR=/opt/rustwide/target" "-e" "CARGO_HOME=/opt/rustwide/cargo-home" "-e" "RUSTUP_HOME=/opt/rustwide/rustup-home" "-w" "/opt/rustwide/workdir" "-m" "1610612736" "--user" "0:0" "--network" "none" "ghcr.io/rust-lang/crates-build-env/linux@sha256:2788e3201cd34a07e3172128adcd8b3090168a8e3bcc40d7c032b9dda1df7d1c" "/opt/rustwide/cargo-home/bin/cargo" "+beta-2023-12-22" "metadata" "--no-deps" "--format-version=1", kill_on_drop: false }`
[INFO] [stdout] f4c478a19621040ab4aa72256e9b9a4d9b0cc2d5c3d7a129b1694e769e2cce11
[INFO] running `Command { std: "docker" "start" "-a" "f4c478a19621040ab4aa72256e9b9a4d9b0cc2d5c3d7a129b1694e769e2cce11", kill_on_drop: false }`
[INFO] running `Command { std: "docker" "inspect" "f4c478a19621040ab4aa72256e9b9a4d9b0cc2d5c3d7a129b1694e769e2cce11", kill_on_drop: false }`
[INFO] running `Command { std: "docker" "rm" "-f" "f4c478a19621040ab4aa72256e9b9a4d9b0cc2d5c3d7a129b1694e769e2cce11", kill_on_drop: false }`
[INFO] [stdout] f4c478a19621040ab4aa72256e9b9a4d9b0cc2d5c3d7a129b1694e769e2cce11
[INFO] running `Command { std: "docker" "create" "-v" "/var/lib/crater-agent-workspace/builds/worker-2-tc2/target:/opt/rustwide/target:rw,Z" "-v" "/var/lib/crater-agent-workspace/builds/worker-2-tc2/source:/opt/rustwide/workdir:ro,Z" "-v" "/var/lib/crater-agent-workspace/cargo-home:/opt/rustwide/cargo-home:ro,Z" "-v" "/var/lib/crater-agent-workspace/rustup-home:/opt/rustwide/rustup-home:ro,Z" "-e" "SOURCE_DIR=/opt/rustwide/workdir" "-e" "CARGO_TARGET_DIR=/opt/rustwide/target" "-e" "CARGO_INCREMENTAL=0" "-e" "RUST_BACKTRACE=full" "-e" "RUSTFLAGS=--cap-lints=warn" "-e" "RUSTDOCFLAGS=--cap-lints=warn" "-e" "CARGO_HOME=/opt/rustwide/cargo-home" "-e" "RUSTUP_HOME=/opt/rustwide/rustup-home" "-w" "/opt/rustwide/workdir" "-m" "1610612736" "--user" "0:0" "--network" "none" "ghcr.io/rust-lang/crates-build-env/linux@sha256:2788e3201cd34a07e3172128adcd8b3090168a8e3bcc40d7c032b9dda1df7d1c" "/opt/rustwide/cargo-home/bin/cargo" "+beta-2023-12-22" "build" "--frozen" "--message-format=json", kill_on_drop: false }`
[INFO] [stdout] 060d84d5fde9fd175a81a23e6d4971928130e5f830b3d3c61307884dd4b55adb
[INFO] running `Command { std: "docker" "start" "-a" "060d84d5fde9fd175a81a23e6d4971928130e5f830b3d3c61307884dd4b55adb", kill_on_drop: false }`
[INFO] [stderr]    Compiling libc v0.2.150
[INFO] [stderr]    Compiling typenum v1.17.0
[INFO] [stderr]    Compiling generic-array v0.14.7
[INFO] [stderr]    Compiling memchr v2.6.4
[INFO] [stderr]    Compiling once_cell v1.18.0
[INFO] [stderr]    Compiling subtle v2.4.1
[INFO] [stderr]    Compiling smallvec v1.11.1
[INFO] [stderr]    Compiling syn v2.0.39
[INFO] [stderr]    Compiling lock_api v0.4.11
[INFO] [stderr]    Compiling parking_lot_core v0.9.9
[INFO] [stderr]    Compiling cpufeatures v0.2.11
[INFO] [stderr]    Compiling futures-core v0.3.29
[INFO] [stderr]    Compiling bytes v1.5.0
[INFO] [stderr]    Compiling scopeguard v1.2.0
[INFO] [stderr]    Compiling serde v1.0.192
[INFO] [stderr]    Compiling regex-syntax v0.8.2
[INFO] [stderr]    Compiling aho-corasick v1.1.2
[INFO] [stderr]    Compiling indexmap v1.9.3
[INFO] [stderr]    Compiling jobserver v0.1.27
[INFO] [stderr]    Compiling getrandom v0.2.11
[INFO] [stderr]    Compiling cc v1.0.83
[INFO] [stderr]    Compiling rand_core v0.6.4
[INFO] [stderr]    Compiling signal-hook-registry v1.4.1
[INFO] [stderr]    Compiling socket2 v0.5.5
[INFO] [stderr]    Compiling parking_lot v0.12.1
[INFO] [stderr]    Compiling mio v0.8.9
[INFO] [stderr]    Compiling crypto-common v0.1.6
[INFO] [stderr]    Compiling block-buffer v0.10.4
[INFO] [stderr]    Compiling num_cpus v1.16.0
[INFO] [stderr]    Compiling num-traits v0.2.17
[INFO] [stderr]    Compiling digest v0.10.7
[INFO] [stderr]    Compiling slab v0.4.9
[INFO] [stderr]    Compiling semver v1.0.20
[INFO] [stderr]    Compiling regex-automata v0.4.3
[INFO] [stderr]    Compiling openssl-sys v0.9.95
[INFO] [stderr]    Compiling futures-task v0.3.29
[INFO] [stderr]    Compiling tracing-core v0.1.32
[INFO] [stderr]    Compiling num-integer v0.1.45
[INFO] [stderr]    Compiling hex v0.4.3
[INFO] [stderr]    Compiling tinyvec_macros v0.1.1
[INFO] [stderr]    Compiling openssl v0.10.59
[INFO] [stderr]    Compiling futures-util v0.3.29
[INFO] [stderr]    Compiling tinyvec v1.6.0
[INFO] [stderr]    Compiling tracing v0.1.40
[INFO] [stderr]    Compiling zstd-sys v2.0.9+zstd.1.5.5
[INFO] [stderr]    Compiling http v0.2.9
[INFO] [stderr]    Compiling num-bigint v0.4.4
[INFO] [stderr]    Compiling syn v1.0.109
[INFO] [stderr]    Compiling futures-channel v0.3.29
[INFO] [stderr]    Compiling regex v1.10.2
[INFO] [stderr]    Compiling futures-io v0.3.29
[INFO] [stderr]    Compiling futures-sink v0.3.29
[INFO] [stderr]    Compiling rustix v0.38.21
[INFO] [stderr]    Compiling anyhow v1.0.75
[INFO] [stderr]    Compiling native-tls v0.2.11
[INFO] [stderr]    Compiling darling_core v0.20.3
[INFO] [stderr]    Compiling rustc_version v0.4.0
[INFO] [stderr]    Compiling unicode-normalization v0.1.22
[INFO] [stderr]    Compiling linux-raw-sys v0.4.11
[INFO] [stderr]    Compiling try-lock v0.2.4
[INFO] [stderr]    Compiling percent-encoding v2.3.0
[INFO] [stderr]    Compiling serde_json v1.0.108
[INFO] [stderr]    Compiling hashbrown v0.14.2
[INFO] [stderr]    Compiling equivalent v1.0.1
[INFO] [stderr]    Compiling form_urlencoded v1.2.0
[INFO] [stderr]    Compiling want v0.3.1
[INFO] [stderr]    Compiling serde_derive v1.0.192
[INFO] [stderr]    Compiling tokio-macros v2.1.0
[INFO] [stderr]    Compiling openssl-macros v0.1.1
[INFO] [stderr]    Compiling indexmap v2.1.0
[INFO] [stderr]    Compiling tokio v1.33.0
[INFO] [stderr]    Compiling darling_macro v0.20.3
[INFO] [stderr]    Compiling http-body v0.4.5
[INFO] [stderr]    Compiling bzip2-sys v0.1.11+1.0.8
[INFO] [stderr]    Compiling sha2 v0.10.8
[INFO] [stderr]    Compiling digest v0.9.0
[INFO] [stderr]    Compiling socket2 v0.4.10
[INFO] [stderr]    Compiling ahash v0.8.6
[INFO] [stderr]    Compiling same-file v1.0.6
[INFO] [stderr]    Compiling crc32fast v1.3.2
[INFO] [stderr]    Compiling platforms v3.2.0
[INFO] [stderr]    Compiling httpdate v1.0.3
[INFO] [stderr]    Compiling unicode-bidi v0.3.13
[INFO] [stderr]    Compiling block-padding v0.2.1
[INFO] [stderr]    Compiling keccak v0.1.4
[INFO] [stderr]    Compiling zstd-safe v5.0.2+zstd.1.5.2
[INFO] [stderr]    Compiling block-buffer v0.9.0
[INFO] [stderr]    Compiling curve25519-dalek v4.1.1
[INFO] [stderr]    Compiling idna v0.4.0
[INFO] [stderr]    Compiling rand_chacha v0.3.1
[INFO] [stderr]    Compiling walkdir v2.4.0
[INFO] [stderr]    Compiling darling v0.20.3
[INFO] [stderr]    Compiling inout v0.1.3
[INFO] [stderr]    Compiling bstr v1.7.0
[INFO] [stderr]    Compiling nibble_vec v0.1.0
[INFO] [stderr]    Compiling adler v1.0.2
[INFO] [stderr]    Compiling heck v0.4.1
[INFO] [stderr]    Compiling paste v1.0.14
[INFO] [stderr]    Compiling zerocopy v0.7.25
[INFO] [stderr]    Compiling endian-type v0.1.2
[INFO] [stderr]    Compiling opaque-debug v0.3.0
[INFO] [stderr]    Compiling zeroize v1.6.0
[INFO] [stderr]    Compiling base64ct v1.6.0
[INFO] [stderr]    Compiling clap_builder v4.4.7
[INFO] [stderr]    Compiling clap_derive v4.4.7
[INFO] [stderr]    Compiling password-hash v0.4.2
[INFO] [stderr]    Compiling globset v0.4.13
[INFO] [stderr]    Compiling radix_trie v0.2.1
[INFO] [stderr]    Compiling tokio-util v0.7.10
[INFO] [stderr]    Compiling tokio-native-tls v0.3.1
[INFO] [stderr]    Compiling miniz_oxide v0.7.1
[INFO] [stderr]    Compiling h2 v0.3.21
[INFO] [stderr]    Compiling cipher v0.4.4
[INFO] [stderr]    Compiling serde_urlencoded v0.7.1
[INFO] [stderr]    Compiling url v2.4.1
[INFO] [stderr]    Compiling enumset_derive v0.8.1
[INFO] [stderr]    Compiling dharitri-sc-codec-derive v0.0.5
[INFO] [stderr]    Compiling rand v0.8.5
[INFO] [stderr]    Compiling is-terminal v0.4.9
[INFO] [stderr]    Compiling thiserror-impl v1.0.50
[INFO] [stderr]    Compiling curve25519-dalek-derive v0.1.1
[INFO] [stderr]    Compiling hmac v0.12.1
[INFO] [stderr]    Compiling crypto-mac v0.11.1
[INFO] [stderr]    Compiling hyper v0.14.27
[INFO] [stderr]    Compiling atty v0.2.14
[INFO] [stderr]    Compiling thread_local v1.1.7
[INFO] [stderr]    Compiling encoding_rs v0.8.33
[INFO] [stderr]    Compiling ipnet v2.9.0
[INFO] [stderr]    Compiling signature v2.1.0
[INFO] [stderr]    Compiling base64 v0.21.5
[INFO] [stderr]    Compiling termcolor v1.3.0
[INFO] [stderr]    Compiling mime v0.3.17
[INFO] [stderr]    Compiling humantime v2.1.0
[INFO] [stderr]    Compiling hex-literal v0.3.4
[INFO] [stderr]    Compiling arrayvec v0.7.4
[INFO] [stderr]    Compiling env_logger v0.8.4
[INFO] [stderr]    Compiling thiserror v1.0.50
[INFO] [stderr]    Compiling dharitri-sc-codec v0.0.5
[INFO] [stderr]    Compiling time v0.3.30
[INFO] [stderr]    Compiling ed25519 v2.2.3
[INFO] [stdout] error[E0554]: `#![feature]` may not be used on the beta release channel
[INFO] [stdout]  --> /opt/rustwide/cargo-home/registry/src/index.crates.io-6f17d22bba15001f/dharitri-sc-codec-0.0.5/src/lib.rs:2:1
[INFO] [stdout]   |
[INFO] [stdout] 2 | #![feature(try_trait_v2)]
[INFO] [stdout]   | ^^^^^^^^^^^^^^^^^^^^^^^^^
[INFO] [stdout] 
[INFO] [stdout] 
[INFO] [stdout] error[E0554]: `#![feature]` may not be used on the beta release channel
[INFO] [stdout]  --> /opt/rustwide/cargo-home/registry/src/index.crates.io-6f17d22bba15001f/dharitri-sc-codec-0.0.5/src/lib.rs:3:1
[INFO] [stdout]   |
[INFO] [stdout] 3 | #![feature(never_type)]
[INFO] [stdout]   | ^^^^^^^^^^^^^^^^^^^^^^^
[INFO] [stdout] 
[INFO] [stdout] 
[INFO] [stdout] error[E0554]: `#![feature]` may not be used on the beta release channel
[INFO] [stdout]  --> /opt/rustwide/cargo-home/registry/src/index.crates.io-6f17d22bba15001f/dharitri-sc-codec-0.0.5/src/lib.rs:4:1
[INFO] [stdout]   |
[INFO] [stdout] 4 | #![feature(exhaustive_patterns)]
[INFO] [stdout]   | ^^^^^^^^^^^^^^^^^^^^^^^^^^^^^^^^
[INFO] [stdout] 
[INFO] [stdout] 
[INFO] [stdout] error[E0554]: `#![feature]` may not be used on the beta release channel
[INFO] [stdout]  --> /opt/rustwide/cargo-home/registry/src/index.crates.io-6f17d22bba15001f/dharitri-sc-codec-0.0.5/src/lib.rs:5:1
[INFO] [stdout]   |
[INFO] [stdout] 5 | #![feature(auto_traits)]
[INFO] [stdout]   | ^^^^^^^^^^^^^^^^^^^^^^^^
[INFO] [stdout] 
[INFO] [stdout] 
[INFO] [stdout] error[E0554]: `#![feature]` may not be used on the beta release channel
[INFO] [stdout]  --> /opt/rustwide/cargo-home/registry/src/index.crates.io-6f17d22bba15001f/dharitri-sc-codec-0.0.5/src/lib.rs:6:1
[INFO] [stdout]   |
[INFO] [stdout] 6 | #![feature(negative_impls)]
[INFO] [stdout]   | ^^^^^^^^^^^^^^^^^^^^^^^^^^^
[INFO] [stdout] 
[INFO] [stdout] 
[INFO] [stdout] error[E0554]: `#![feature]` may not be used on the beta release channel
[INFO] [stdout]  --> /opt/rustwide/cargo-home/registry/src/index.crates.io-6f17d22bba15001f/dharitri-sc-codec-0.0.5/src/lib.rs:2:12
[INFO] [stdout]   |
[INFO] [stdout] 2 | #![feature(try_trait_v2)]
[INFO] [stdout]   |            ^^^^^^^^^^^^
[INFO] [stdout] 
[INFO] [stdout] 
[INFO] [stderr]    Compiling ignore v0.4.20
[INFO] [stdout] error: aborting due to 6 previous errors
[INFO] [stdout] 
[INFO] [stdout] 
[INFO] [stdout] For more information about this error, try `rustc --explain E0554`.
[INFO] [stdout] 
[INFO] [stderr] error: could not compile `dharitri-sc-codec` (lib) due to 7 previous errors
[INFO] [stderr] warning: build failed, waiting for other jobs to finish...
[INFO] running `Command { std: "docker" "inspect" "060d84d5fde9fd175a81a23e6d4971928130e5f830b3d3c61307884dd4b55adb", kill_on_drop: false }`
[INFO] running `Command { std: "docker" "rm" "-f" "060d84d5fde9fd175a81a23e6d4971928130e5f830b3d3c61307884dd4b55adb", kill_on_drop: false }`
[INFO] [stdout] 060d84d5fde9fd175a81a23e6d4971928130e5f830b3d3c61307884dd4b55adb
