[INFO] fetching crate desert 2.0.1...
[INFO] testing desert-2.0.1 against 1.75.0 for beta-1.76-1
[INFO] extracting crate desert 2.0.1 into /workspace/builds/worker-6-tc1/source
[INFO] validating manifest of crates.io crate desert 2.0.1 on toolchain 1.75.0
[INFO] running `Command { std: CARGO_HOME="/workspace/cargo-home" RUSTUP_HOME="/workspace/rustup-home" "/workspace/cargo-home/bin/cargo" "+1.75.0" "metadata" "--manifest-path" "Cargo.toml" "--no-deps", kill_on_drop: false }`
[INFO] started tweaking crates.io crate desert 2.0.1
[INFO] finished tweaking crates.io crate desert 2.0.1
[INFO] tweaked toml for crates.io crate desert 2.0.1 written to /workspace/builds/worker-6-tc1/source/Cargo.toml
[INFO] crate crates.io crate desert 2.0.1 already has a lockfile, it will not be regenerated
[INFO] running `Command { std: CARGO_HOME="/workspace/cargo-home" RUSTUP_HOME="/workspace/rustup-home" "/workspace/cargo-home/bin/cargo" "+1.75.0" "fetch" "--manifest-path" "Cargo.toml", kill_on_drop: false }`
[INFO] [stderr]     Blocking waiting for file lock on package cache
[INFO] running `Command { std: "docker" "create" "-v" "/var/lib/crater-agent-workspace/builds/worker-6-tc1/target:/opt/rustwide/target:rw,Z" "-v" "/var/lib/crater-agent-workspace/builds/worker-6-tc1/source:/opt/rustwide/workdir:ro,Z" "-v" "/var/lib/crater-agent-workspace/cargo-home:/opt/rustwide/cargo-home:ro,Z" "-v" "/var/lib/crater-agent-workspace/rustup-home:/opt/rustwide/rustup-home:ro,Z" "-e" "SOURCE_DIR=/opt/rustwide/workdir" "-e" "CARGO_TARGET_DIR=/opt/rustwide/target" "-e" "CARGO_HOME=/opt/rustwide/cargo-home" "-e" "RUSTUP_HOME=/opt/rustwide/rustup-home" "-w" "/opt/rustwide/workdir" "-m" "1610612736" "--user" "0:0" "--network" "none" "ghcr.io/rust-lang/crates-build-env/linux@sha256:2788e3201cd34a07e3172128adcd8b3090168a8e3bcc40d7c032b9dda1df7d1c" "/opt/rustwide/cargo-home/bin/cargo" "+1.75.0" "metadata" "--no-deps" "--format-version=1", kill_on_drop: false }`
[INFO] [stdout] 8968cc5c3ba20dfbe5f5996926842896e52f432b0dc89e08c62f7b653c153517
[INFO] running `Command { std: "docker" "start" "-a" "8968cc5c3ba20dfbe5f5996926842896e52f432b0dc89e08c62f7b653c153517", kill_on_drop: false }`
[INFO] running `Command { std: "docker" "inspect" "8968cc5c3ba20dfbe5f5996926842896e52f432b0dc89e08c62f7b653c153517", kill_on_drop: false }`
[INFO] running `Command { std: "docker" "rm" "-f" "8968cc5c3ba20dfbe5f5996926842896e52f432b0dc89e08c62f7b653c153517", kill_on_drop: false }`
[INFO] [stdout] 8968cc5c3ba20dfbe5f5996926842896e52f432b0dc89e08c62f7b653c153517
[INFO] running `Command { std: "docker" "create" "-v" "/var/lib/crater-agent-workspace/builds/worker-6-tc1/target:/opt/rustwide/target:rw,Z" "-v" "/var/lib/crater-agent-workspace/builds/worker-6-tc1/source:/opt/rustwide/workdir:ro,Z" "-v" "/var/lib/crater-agent-workspace/cargo-home:/opt/rustwide/cargo-home:ro,Z" "-v" "/var/lib/crater-agent-workspace/rustup-home:/opt/rustwide/rustup-home:ro,Z" "-e" "SOURCE_DIR=/opt/rustwide/workdir" "-e" "CARGO_TARGET_DIR=/opt/rustwide/target" "-e" "CARGO_INCREMENTAL=0" "-e" "RUST_BACKTRACE=full" "-e" "RUSTFLAGS=--cap-lints=warn" "-e" "RUSTDOCFLAGS=--cap-lints=warn" "-e" "CARGO_HOME=/opt/rustwide/cargo-home" "-e" "RUSTUP_HOME=/opt/rustwide/rustup-home" "-w" "/opt/rustwide/workdir" "-m" "1610612736" "--user" "0:0" "--network" "none" "ghcr.io/rust-lang/crates-build-env/linux@sha256:2788e3201cd34a07e3172128adcd8b3090168a8e3bcc40d7c032b9dda1df7d1c" "/opt/rustwide/cargo-home/bin/cargo" "+1.75.0" "build" "--frozen" "--message-format=json", kill_on_drop: false }`
[INFO] [stdout] fa0b670a5d65cfe84f6a04ad824600539462cbe9d987cc6a4cc4a21543819d43
[INFO] running `Command { std: "docker" "start" "-a" "fa0b670a5d65cfe84f6a04ad824600539462cbe9d987cc6a4cc4a21543819d43", kill_on_drop: false }`
[INFO] [stderr]    Compiling desert v2.0.1 (/opt/rustwide/workdir)
[INFO] [stderr]     Finished dev [unoptimized + debuginfo] target(s) in 0.73s
[INFO] running `Command { std: "docker" "inspect" "fa0b670a5d65cfe84f6a04ad824600539462cbe9d987cc6a4cc4a21543819d43", kill_on_drop: false }`
[INFO] running `Command { std: "docker" "rm" "-f" "fa0b670a5d65cfe84f6a04ad824600539462cbe9d987cc6a4cc4a21543819d43", kill_on_drop: false }`
[INFO] [stdout] fa0b670a5d65cfe84f6a04ad824600539462cbe9d987cc6a4cc4a21543819d43
[INFO] running `Command { std: "docker" "create" "-v" "/var/lib/crater-agent-workspace/builds/worker-6-tc1/target:/opt/rustwide/target:rw,Z" "-v" "/var/lib/crater-agent-workspace/builds/worker-6-tc1/source:/opt/rustwide/workdir:ro,Z" "-v" "/var/lib/crater-agent-workspace/cargo-home:/opt/rustwide/cargo-home:ro,Z" "-v" "/var/lib/crater-agent-workspace/rustup-home:/opt/rustwide/rustup-home:ro,Z" "-e" "SOURCE_DIR=/opt/rustwide/workdir" "-e" "CARGO_TARGET_DIR=/opt/rustwide/target" "-e" "CARGO_INCREMENTAL=0" "-e" "RUST_BACKTRACE=full" "-e" "RUSTFLAGS=--cap-lints=warn" "-e" "RUSTDOCFLAGS=--cap-lints=warn" "-e" "CARGO_HOME=/opt/rustwide/cargo-home" "-e" "RUSTUP_HOME=/opt/rustwide/rustup-home" "-w" "/opt/rustwide/workdir" "-m" "1610612736" "--user" "0:0" "--network" "none" "ghcr.io/rust-lang/crates-build-env/linux@sha256:2788e3201cd34a07e3172128adcd8b3090168a8e3bcc40d7c032b9dda1df7d1c" "/opt/rustwide/cargo-home/bin/cargo" "+1.75.0" "test" "--frozen" "--no-run" "--message-format=json", kill_on_drop: false }`
[INFO] [stdout] 5b3b6a052f14859f85746be79782596886f1b4cd3ec64a3c04708b3501f88f9c
[INFO] running `Command { std: "docker" "start" "-a" "5b3b6a052f14859f85746be79782596886f1b4cd3ec64a3c04708b3501f88f9c", kill_on_drop: false }`
[INFO] [stderr]    Compiling desert v2.0.1 (/opt/rustwide/workdir)
[INFO] [stdout] error[E0554]: `#![feature]` may not be used on the stable release channel
[INFO] [stdout]  --> examples/err.rs:1:12
[INFO] [stdout]   |
[INFO] [stdout] 1 | #![feature(backtrace)]
[INFO] [stdout]   |            ^^^^^^^^^
[INFO] [stdout] 
[INFO] [stdout] 
[INFO] [stdout] warning: the feature `backtrace` has been stable since 1.65.0 and no longer requires an attribute to enable
[INFO] [stdout]  --> examples/err.rs:1:12
[INFO] [stdout]   |
[INFO] [stdout] 1 | #![feature(backtrace)]
[INFO] [stdout]   |            ^^^^^^^^^
[INFO] [stdout]   |
[INFO] [stdout]   = note: `#[warn(stable_features)]` on by default
[INFO] [stdout] 
[INFO] [stdout] 
[INFO] [stdout] error[E0599]: no method named `backtrace` found for struct `Box<dyn std::error::Error + Send + Sync>` in the current scope
[INFO] [stdout]   --> examples/err.rs:12:13
[INFO] [stdout]    |
[INFO] [stdout] 12 |     match e.backtrace() {
[INFO] [stdout]    |             ^^^^^^^^^ method not found in `Box<dyn Error + Send + Sync>`
[INFO] [stdout] 
[INFO] [stdout] 
[INFO] [stdout] error: aborting due to 2 previous errors; 1 warning emitted
[INFO] [stdout] 
[INFO] [stdout] 
[INFO] [stdout] Some errors have detailed explanations: E0554, E0599.
[INFO] [stdout] 
[INFO] [stdout] For more information about an error, try `rustc --explain E0554`.
[INFO] [stdout] 
[INFO] [stderr] error: could not compile `desert` (example "err") due to 3 previous errors; 1 warning emitted
[INFO] [stderr] warning: build failed, waiting for other jobs to finish...
[INFO] running `Command { std: "docker" "inspect" "5b3b6a052f14859f85746be79782596886f1b4cd3ec64a3c04708b3501f88f9c", kill_on_drop: false }`
[INFO] running `Command { std: "docker" "rm" "-f" "5b3b6a052f14859f85746be79782596886f1b4cd3ec64a3c04708b3501f88f9c", kill_on_drop: false }`
[INFO] [stdout] 5b3b6a052f14859f85746be79782596886f1b4cd3ec64a3c04708b3501f88f9c
[INFO] testing desert-2.0.1 against beta-2023-12-22 for beta-1.76-1
[INFO] extracting crate desert 2.0.1 into /workspace/builds/worker-6-tc2/source
[INFO] validating manifest of crates.io crate desert 2.0.1 on toolchain beta-2023-12-22
[INFO] running `Command { std: CARGO_HOME="/workspace/cargo-home" RUSTUP_HOME="/workspace/rustup-home" "/workspace/cargo-home/bin/cargo" "+beta-2023-12-22" "metadata" "--manifest-path" "Cargo.toml" "--no-deps", kill_on_drop: false }`
[INFO] started tweaking crates.io crate desert 2.0.1
[INFO] finished tweaking crates.io crate desert 2.0.1
[INFO] tweaked toml for crates.io crate desert 2.0.1 written to /workspace/builds/worker-6-tc2/source/Cargo.toml
[INFO] crate crates.io crate desert 2.0.1 already has a lockfile, it will not be regenerated
[INFO] running `Command { std: CARGO_HOME="/workspace/cargo-home" RUSTUP_HOME="/workspace/rustup-home" "/workspace/cargo-home/bin/cargo" "+beta-2023-12-22" "fetch" "--manifest-path" "Cargo.toml", kill_on_drop: false }`
[INFO] running `Command { std: "docker" "create" "-v" "/var/lib/crater-agent-workspace/builds/worker-6-tc2/target:/opt/rustwide/target:rw,Z" "-v" "/var/lib/crater-agent-workspace/builds/worker-6-tc2/source:/opt/rustwide/workdir:ro,Z" "-v" "/var/lib/crater-agent-workspace/cargo-home:/opt/rustwide/cargo-home:ro,Z" "-v" "/var/lib/crater-agent-workspace/rustup-home:/opt/rustwide/rustup-home:ro,Z" "-e" "SOURCE_DIR=/opt/rustwide/workdir" "-e" "CARGO_TARGET_DIR=/opt/rustwide/target" "-e" "CARGO_HOME=/opt/rustwide/cargo-home" "-e" "RUSTUP_HOME=/opt/rustwide/rustup-home" "-w" "/opt/rustwide/workdir" "-m" "1610612736" "--user" "0:0" "--network" "none" "ghcr.io/rust-lang/crates-build-env/linux@sha256:2788e3201cd34a07e3172128adcd8b3090168a8e3bcc40d7c032b9dda1df7d1c" "/opt/rustwide/cargo-home/bin/cargo" "+beta-2023-12-22" "metadata" "--no-deps" "--format-version=1", kill_on_drop: false }`
[INFO] [stdout] de498d0400b5cd2af2354bc6d30c71ac3c589cd7cb2dc4ea85f412dcf0c0c705
[INFO] running `Command { std: "docker" "start" "-a" "de498d0400b5cd2af2354bc6d30c71ac3c589cd7cb2dc4ea85f412dcf0c0c705", kill_on_drop: false }`
[INFO] running `Command { std: "docker" "inspect" "de498d0400b5cd2af2354bc6d30c71ac3c589cd7cb2dc4ea85f412dcf0c0c705", kill_on_drop: false }`
[INFO] running `Command { std: "docker" "rm" "-f" "de498d0400b5cd2af2354bc6d30c71ac3c589cd7cb2dc4ea85f412dcf0c0c705", kill_on_drop: false }`
[INFO] [stdout] de498d0400b5cd2af2354bc6d30c71ac3c589cd7cb2dc4ea85f412dcf0c0c705
[INFO] running `Command { std: "docker" "create" "-v" "/var/lib/crater-agent-workspace/builds/worker-6-tc2/target:/opt/rustwide/target:rw,Z" "-v" "/var/lib/crater-agent-workspace/builds/worker-6-tc2/source:/opt/rustwide/workdir:ro,Z" "-v" "/var/lib/crater-agent-workspace/cargo-home:/opt/rustwide/cargo-home:ro,Z" "-v" "/var/lib/crater-agent-workspace/rustup-home:/opt/rustwide/rustup-home:ro,Z" "-e" "SOURCE_DIR=/opt/rustwide/workdir" "-e" "CARGO_TARGET_DIR=/opt/rustwide/target" "-e" "CARGO_INCREMENTAL=0" "-e" "RUST_BACKTRACE=full" "-e" "RUSTFLAGS=--cap-lints=warn" "-e" "RUSTDOCFLAGS=--cap-lints=warn" "-e" "CARGO_HOME=/opt/rustwide/cargo-home" "-e" "RUSTUP_HOME=/opt/rustwide/rustup-home" "-w" "/opt/rustwide/workdir" "-m" "1610612736" "--user" "0:0" "--network" "none" "ghcr.io/rust-lang/crates-build-env/linux@sha256:2788e3201cd34a07e3172128adcd8b3090168a8e3bcc40d7c032b9dda1df7d1c" "/opt/rustwide/cargo-home/bin/cargo" "+beta-2023-12-22" "build" "--frozen" "--message-format=json", kill_on_drop: false }`
[INFO] [stdout] 80b2ddc7ada716ed98c5b68adfe60461ef648e7e7280f6797601cf90184f58ca
[INFO] running `Command { std: "docker" "start" "-a" "80b2ddc7ada716ed98c5b68adfe60461ef648e7e7280f6797601cf90184f58ca", kill_on_drop: false }`
[INFO] [stderr]    Compiling desert v2.0.1 (/opt/rustwide/workdir)
[INFO] [stderr]     Finished dev [unoptimized + debuginfo] target(s) in 0.69s
[INFO] running `Command { std: "docker" "inspect" "80b2ddc7ada716ed98c5b68adfe60461ef648e7e7280f6797601cf90184f58ca", kill_on_drop: false }`
[INFO] running `Command { std: "docker" "rm" "-f" "80b2ddc7ada716ed98c5b68adfe60461ef648e7e7280f6797601cf90184f58ca", kill_on_drop: false }`
[INFO] [stdout] 80b2ddc7ada716ed98c5b68adfe60461ef648e7e7280f6797601cf90184f58ca
[INFO] running `Command { std: "docker" "create" "-v" "/var/lib/crater-agent-workspace/builds/worker-6-tc2/target:/opt/rustwide/target:rw,Z" "-v" "/var/lib/crater-agent-workspace/builds/worker-6-tc2/source:/opt/rustwide/workdir:ro,Z" "-v" "/var/lib/crater-agent-workspace/cargo-home:/opt/rustwide/cargo-home:ro,Z" "-v" "/var/lib/crater-agent-workspace/rustup-home:/opt/rustwide/rustup-home:ro,Z" "-e" "SOURCE_DIR=/opt/rustwide/workdir" "-e" "CARGO_TARGET_DIR=/opt/rustwide/target" "-e" "CARGO_INCREMENTAL=0" "-e" "RUST_BACKTRACE=full" "-e" "RUSTFLAGS=--cap-lints=warn" "-e" "RUSTDOCFLAGS=--cap-lints=warn" "-e" "CARGO_HOME=/opt/rustwide/cargo-home" "-e" "RUSTUP_HOME=/opt/rustwide/rustup-home" "-w" "/opt/rustwide/workdir" "-m" "1610612736" "--user" "0:0" "--network" "none" "ghcr.io/rust-lang/crates-build-env/linux@sha256:2788e3201cd34a07e3172128adcd8b3090168a8e3bcc40d7c032b9dda1df7d1c" "/opt/rustwide/cargo-home/bin/cargo" "+beta-2023-12-22" "test" "--frozen" "--no-run" "--message-format=json", kill_on_drop: false }`
[INFO] [stdout] edec32da82f3c75d9af9edf424809aa4afc8cb22485a205f2b7bc16965d6c279
[INFO] running `Command { std: "docker" "start" "-a" "edec32da82f3c75d9af9edf424809aa4afc8cb22485a205f2b7bc16965d6c279", kill_on_drop: false }`
[INFO] [stderr]    Compiling desert v2.0.1 (/opt/rustwide/workdir)
[INFO] [stdout] error[E0554]: `#![feature]` may not be used on the beta release channel
[INFO] [stdout]  --> examples/err.rs:1:12
[INFO] [stdout]   |
[INFO] [stdout] 1 | #![feature(backtrace)]
[INFO] [stdout]   |            ^^^^^^^^^
[INFO] [stdout] 
[INFO] [stdout] 
[INFO] [stdout] warning: the feature `backtrace` has been stable since 1.65.0 and no longer requires an attribute to enable
[INFO] [stdout]  --> examples/err.rs:1:12
[INFO] [stdout]   |
[INFO] [stdout] 1 | #![feature(backtrace)]
[INFO] [stdout]   |            ^^^^^^^^^
[INFO] [stdout]   |
[INFO] [stdout]   = note: `#[warn(stable_features)]` on by default
[INFO] [stdout] 
[INFO] [stdout] 
[INFO] [stdout] error[E0599]: no method named `backtrace` found for struct `Box<dyn std::error::Error + Send + Sync>` in the current scope
[INFO] [stdout]   --> examples/err.rs:12:13
[INFO] [stdout]    |
[INFO] [stdout] 12 |     match e.backtrace() {
[INFO] [stdout]    |             ^^^^^^^^^ method not found in `Box<dyn Error + Send + Sync>`
[INFO] [stdout] 
[INFO] [stdout] 
[INFO] [stdout] error: aborting due to 2 previous errors; 1 warning emitted
[INFO] [stdout] 
[INFO] [stdout] 
[INFO] [stdout] Some errors have detailed explanations: E0554, E0599.
[INFO] [stdout] 
[INFO] [stdout] For more information about an error, try `rustc --explain E0554`.
[INFO] [stdout] 
[INFO] [stderr] error: could not compile `desert` (example "err") due to 3 previous errors; 1 warning emitted
[INFO] [stderr] warning: build failed, waiting for other jobs to finish...
[INFO] running `Command { std: "docker" "inspect" "edec32da82f3c75d9af9edf424809aa4afc8cb22485a205f2b7bc16965d6c279", kill_on_drop: false }`
[INFO] running `Command { std: "docker" "rm" "-f" "edec32da82f3c75d9af9edf424809aa4afc8cb22485a205f2b7bc16965d6c279", kill_on_drop: false }`
[INFO] [stdout] edec32da82f3c75d9af9edf424809aa4afc8cb22485a205f2b7bc16965d6c279
