[INFO] fetching crate depot-js 0.2.12...
[INFO] testing depot-js-0.2.12 against 1.75.0 for beta-1.76-1
[INFO] extracting crate depot-js 0.2.12 into /workspace/builds/worker-7-tc1/source
[INFO] validating manifest of crates.io crate depot-js 0.2.12 on toolchain 1.75.0
[INFO] running `Command { std: CARGO_HOME="/workspace/cargo-home" RUSTUP_HOME="/workspace/rustup-home" "/workspace/cargo-home/bin/cargo" "+1.75.0" "metadata" "--manifest-path" "Cargo.toml" "--no-deps", kill_on_drop: false }`
[INFO] started tweaking crates.io crate depot-js 0.2.12
[INFO] finished tweaking crates.io crate depot-js 0.2.12
[INFO] tweaked toml for crates.io crate depot-js 0.2.12 written to /workspace/builds/worker-7-tc1/source/Cargo.toml
[INFO] crate crates.io crate depot-js 0.2.12 already has a lockfile, it will not be regenerated
[INFO] running `Command { std: CARGO_HOME="/workspace/cargo-home" RUSTUP_HOME="/workspace/rustup-home" "/workspace/cargo-home/bin/cargo" "+1.75.0" "fetch" "--manifest-path" "Cargo.toml", kill_on_drop: false }`
[INFO] [stderr]     Updating crates.io index
[INFO] [stderr]  Downloading crates ...
[INFO] [stderr]   Downloaded ansi-diff v1.1.0
[INFO] [stderr]   Downloaded notify-debouncer-mini v0.3.0
[INFO] [stderr]   Downloaded clap v4.3.15
[INFO] [stderr]   Downloaded filedescriptor v0.8.2
[INFO] [stderr]   Downloaded typed-builder v0.14.0
[INFO] [stderr]   Downloaded notify v6.0.1
[INFO] [stderr]   Downloaded indicatif v0.17.5
[INFO] [stderr]   Downloaded clap_builder v4.3.15
[INFO] [stderr]   Downloaded portable-atomic v1.4.1
[INFO] [stderr]   Downloaded rustls-webpki v0.101.3
[INFO] [stderr]   Downloaded ratatui v0.22.0
[INFO] [stderr]   Downloaded indoc v2.0.3
[INFO] [stderr]   Downloaded ansi-to-tui v3.1.0
[INFO] [stderr]   Downloaded package_json_schema v0.2.1
[INFO] running `Command { std: "docker" "create" "-v" "/var/lib/crater-agent-workspace/builds/worker-7-tc1/target:/opt/rustwide/target:rw,Z" "-v" "/var/lib/crater-agent-workspace/builds/worker-7-tc1/source:/opt/rustwide/workdir:ro,Z" "-v" "/var/lib/crater-agent-workspace/cargo-home:/opt/rustwide/cargo-home:ro,Z" "-v" "/var/lib/crater-agent-workspace/rustup-home:/opt/rustwide/rustup-home:ro,Z" "-e" "SOURCE_DIR=/opt/rustwide/workdir" "-e" "CARGO_TARGET_DIR=/opt/rustwide/target" "-e" "CARGO_HOME=/opt/rustwide/cargo-home" "-e" "RUSTUP_HOME=/opt/rustwide/rustup-home" "-w" "/opt/rustwide/workdir" "-m" "1610612736" "--user" "0:0" "--network" "none" "ghcr.io/rust-lang/crates-build-env/linux@sha256:2788e3201cd34a07e3172128adcd8b3090168a8e3bcc40d7c032b9dda1df7d1c" "/opt/rustwide/cargo-home/bin/cargo" "+1.75.0" "metadata" "--no-deps" "--format-version=1", kill_on_drop: false }`
[INFO] [stdout] 2699dad7f286bbc22dd381bf19c72e376ee9f222b01fe264d7a150ebca5a4f7f
[INFO] running `Command { std: "docker" "start" "-a" "2699dad7f286bbc22dd381bf19c72e376ee9f222b01fe264d7a150ebca5a4f7f", kill_on_drop: false }`
[INFO] running `Command { std: "docker" "inspect" "2699dad7f286bbc22dd381bf19c72e376ee9f222b01fe264d7a150ebca5a4f7f", kill_on_drop: false }`
[INFO] running `Command { std: "docker" "rm" "-f" "2699dad7f286bbc22dd381bf19c72e376ee9f222b01fe264d7a150ebca5a4f7f", kill_on_drop: false }`
[INFO] [stdout] 2699dad7f286bbc22dd381bf19c72e376ee9f222b01fe264d7a150ebca5a4f7f
[INFO] running `Command { std: "docker" "create" "-v" "/var/lib/crater-agent-workspace/builds/worker-7-tc1/target:/opt/rustwide/target:rw,Z" "-v" "/var/lib/crater-agent-workspace/builds/worker-7-tc1/source:/opt/rustwide/workdir:ro,Z" "-v" "/var/lib/crater-agent-workspace/cargo-home:/opt/rustwide/cargo-home:ro,Z" "-v" "/var/lib/crater-agent-workspace/rustup-home:/opt/rustwide/rustup-home:ro,Z" "-e" "SOURCE_DIR=/opt/rustwide/workdir" "-e" "CARGO_TARGET_DIR=/opt/rustwide/target" "-e" "CARGO_INCREMENTAL=0" "-e" "RUST_BACKTRACE=full" "-e" "RUSTFLAGS=--cap-lints=warn" "-e" "RUSTDOCFLAGS=--cap-lints=warn" "-e" "CARGO_HOME=/opt/rustwide/cargo-home" "-e" "RUSTUP_HOME=/opt/rustwide/rustup-home" "-w" "/opt/rustwide/workdir" "-m" "1610612736" "--user" "0:0" "--network" "none" "ghcr.io/rust-lang/crates-build-env/linux@sha256:2788e3201cd34a07e3172128adcd8b3090168a8e3bcc40d7c032b9dda1df7d1c" "/opt/rustwide/cargo-home/bin/cargo" "+1.75.0" "build" "--frozen" "--message-format=json", kill_on_drop: false }`
[INFO] [stdout] 87cbf8175e1dfea7c8eaf27fce8fcc1eb5aae66715326b8bdab9f770777224ef
[INFO] running `Command { std: "docker" "start" "-a" "87cbf8175e1dfea7c8eaf27fce8fcc1eb5aae66715326b8bdab9f770777224ef", kill_on_drop: false }`
[INFO] [stderr]    Compiling libc v0.2.147
[INFO] [stderr]    Compiling proc-macro2 v1.0.66
[INFO] [stderr]    Compiling unicode-ident v1.0.11
[INFO] [stderr]    Compiling autocfg v1.1.0
[INFO] [stderr]    Compiling once_cell v1.18.0
[INFO] [stderr]    Compiling memchr v2.5.0
[INFO] [stderr]    Compiling log v0.4.19
[INFO] [stderr]    Compiling version_check v0.9.4
[INFO] [stderr]    Compiling futures-core v0.3.28
[INFO] [stderr]    Compiling cc v1.0.79
[INFO] [stderr]    Compiling pin-project-lite v0.2.10
[INFO] [stderr]    Compiling serde v1.0.171
[INFO] [stderr]    Compiling itoa v1.0.9
[INFO] [stderr]    Compiling spin v0.5.2
[INFO] [stderr]    Compiling untrusted v0.7.1
[INFO] [stderr]    Compiling bytes v1.4.0
[INFO] [stderr]    Compiling futures-channel v0.3.28
[INFO] [stderr]    Compiling futures-task v0.3.28
[INFO] [stderr]    Compiling regex-syntax v0.7.4
[INFO] [stderr]    Compiling futures-sink v0.3.28
[INFO] [stderr]    Compiling futures-util v0.3.28
[INFO] [stderr]    Compiling thiserror v1.0.43
[INFO] [stderr]    Compiling bitflags v2.3.3
[INFO] [stderr]    Compiling tracing-core v0.1.31
[INFO] [stderr]    Compiling ahash v0.7.6
[INFO] [stderr]    Compiling rustix v0.38.4
[INFO] [stderr]    Compiling bitflags v1.3.2
[INFO] [stderr]    Compiling parking_lot_core v0.9.8
[INFO] [stderr]    Compiling tokio v1.29.1
[INFO] [stderr]    Compiling indexmap v1.9.3
[INFO] [stderr]    Compiling slab v0.4.8
[INFO] [stderr]    Compiling lock_api v0.4.10
[INFO] [stderr]    Compiling signal-hook v0.3.17
[INFO] [stderr]    Compiling futures-io v0.3.28
[INFO] [stderr]    Compiling pin-utils v0.1.0
[INFO] [stderr]    Compiling fnv v1.0.7
[INFO] [stderr]    Compiling http v0.2.9
[INFO] [stderr]    Compiling tracing v0.1.37
[INFO] [stderr]    Compiling linux-raw-sys v0.4.3
[INFO] [stderr]    Compiling quote v1.0.31
[INFO] [stderr]    Compiling aho-corasick v1.0.2
[INFO] [stderr]    Compiling unicode-width v0.1.10
[INFO] [stderr]    Compiling httparse v1.8.0
[INFO] [stderr]    Compiling smallvec v1.11.0
[INFO] [stderr]    Compiling syn v1.0.109
[INFO] [stderr]    Compiling syn v2.0.26
[INFO] [stderr]    Compiling crossbeam-utils v0.8.16
[INFO] [stderr]    Compiling tinyvec_macros v0.1.1
[INFO] [stderr]    Compiling rustls v0.21.6
[INFO] [stderr]    Compiling scopeguard v1.2.0
[INFO] [stderr]    Compiling tinyvec v1.6.0
[INFO] [stderr]    Compiling try-lock v0.2.4
[INFO] [stderr]    Compiling ryu v1.0.15
[INFO] [stderr]    Compiling utf8parse v0.2.1
[INFO] [stderr]    Compiling percent-encoding v2.3.0
[INFO] [stderr]    Compiling paste v1.0.14
[INFO] [stderr]    Compiling lazy_static v1.4.0
[INFO] [stderr]    Compiling anstyle-parse v0.2.1
[INFO] [stderr]    Compiling want v0.3.1
[INFO] [stderr]    Compiling unicode-bidi v0.3.13
[INFO] [stderr]    Compiling form_urlencoded v1.2.0
[INFO] [stderr]    Compiling colorchoice v1.0.0
[INFO] [stderr]    Compiling semver v1.0.18
[INFO] [stderr]    Compiling http-body v0.4.5
[INFO] [stderr]    Compiling ring v0.16.20
[INFO] [stderr]    Compiling doc-comment v0.3.3
[INFO] [stderr]    Compiling httpdate v1.0.2
[INFO] [stderr]    Compiling same-file v1.0.6
[INFO] [stderr]    Compiling hashbrown v0.14.0
[INFO] [stderr]    Compiling serde_json v1.0.103
[INFO] [stderr]    Compiling getrandom v0.2.10
[INFO] [stderr]    Compiling mio v0.8.8
[INFO] [stderr]    Compiling signal-hook-registry v1.4.1
[INFO] [stderr]    Compiling regex-automata v0.3.3
[INFO] [stderr]    Compiling num_cpus v1.16.0
[INFO] [stderr]    Compiling socket2 v0.4.9
[INFO] [stderr]    Compiling unicode-normalization v0.1.22
[INFO] [stderr]    Compiling hashbrown v0.12.3
[INFO] [stderr]    Compiling parking_lot v0.12.1
[INFO] [stderr]    Compiling is-terminal v0.4.9
[INFO] [stderr]    Compiling inotify-sys v0.1.5
[INFO] [stderr]    Compiling tower-service v0.3.2
[INFO] [stderr]    Compiling signal-hook-mio v0.2.3
[INFO] [stderr]    Compiling anstyle-query v1.0.0
[INFO] [stderr]    Compiling anstyle v1.0.1
[INFO] [stderr]    Compiling portable-atomic v1.4.1
[INFO] [stderr]    Compiling equivalent v1.0.1
[INFO] [stderr]    Compiling idna v0.4.0
[INFO] [stderr]    Compiling indexmap v2.0.0
[INFO] [stderr]    Compiling inotify v0.9.6
[INFO] [stderr]    Compiling filetime v0.2.22
[INFO] [stderr]    Compiling anstream v0.3.2
[INFO] [stderr]    Compiling walkdir v2.3.3
[INFO] [stderr]    Compiling crossbeam-channel v0.5.8
[INFO] [stderr]    Compiling anyhow v1.0.72
[INFO] [stderr]    Compiling heck v0.4.1
[INFO] [stderr]    Compiling minimal-lexical v0.2.1
[INFO] [stderr]    Compiling cassowary v0.3.0
[INFO] [stderr]    Compiling unicode-segmentation v1.10.1
[INFO] [stderr]    Compiling base64 v0.21.2
[INFO] [stderr]    Compiling indoc v2.0.3
[INFO] [stderr]    Compiling async-trait v0.1.71
[INFO] [stderr]    Compiling strsim v0.10.0
[INFO] [stderr]    Compiling clap_lex v0.5.0
[INFO] [stderr]    Compiling rustls-pemfile v1.0.3
[INFO] [stderr]    Compiling clap_builder v4.3.15
[INFO] [stderr]    Compiling nom v7.1.3
[INFO] [stderr]    Compiling notify v6.0.1
[INFO] [stderr]    Compiling url v2.4.0
[INFO] [stderr]    Compiling console v0.15.7
[INFO] [stderr]    Compiling encoding_rs v0.8.32
[INFO] [stderr]    Compiling ipnet v2.8.0
[INFO] [stderr]    Compiling mime v0.3.17
[INFO] [stderr]    Compiling smawk v0.3.1
[INFO] [stderr]    Compiling fixedbitset v0.4.2
[INFO] [stderr]    Compiling number_prefix v0.4.0
[INFO] [stderr]    Compiling notify-debouncer-mini v0.3.0
[INFO] [stderr]    Compiling indicatif v0.17.5
[INFO] [stderr]    Compiling env_logger v0.10.0
[INFO] [stderr]    Compiling home v0.5.5
[INFO] [stderr]    Compiling regex v1.9.1
[INFO] [stderr]    Compiling maplit v1.0.2
[INFO] [stderr]    Compiling shlex v1.1.0
[INFO] [stderr]    Compiling bimap v0.6.3
[INFO] [stderr]    Compiling ansi-diff v1.1.0
[INFO] [stderr]    Compiling serde_derive v1.0.171
[INFO] [stderr]    Compiling tokio-macros v2.1.0
[INFO] [stderr]    Compiling thiserror-impl v1.0.43
[INFO] [stderr]    Compiling futures-macro v0.3.28
[INFO] [stderr]    Compiling clap_derive v4.3.12
[INFO] [stderr]    Compiling typed-builder v0.14.0
[INFO] [stderr]    Compiling atomic_enum v0.2.0
[INFO] [stderr]    Compiling sct v0.7.0
[INFO] [stderr]    Compiling rustls-webpki v0.101.3
[INFO] [stderr]    Compiling webpki v0.22.0
[INFO] [stderr]    Compiling unicode-linebreak v0.1.4
[INFO] [stderr]    Compiling webpki-roots v0.22.6
[INFO] [stderr]    Compiling filedescriptor v0.8.2
[INFO] [stderr]    Compiling crossterm v0.26.1
[INFO] [stderr]    Compiling clap v4.3.15
[INFO] [stderr]    Compiling ratatui v0.22.0
[INFO] [stderr]    Compiling textwrap v0.16.0
[INFO] [stderr]    Compiling ansi-to-tui v3.1.0
[INFO] [stderr]    Compiling futures v0.3.28
[INFO] [stderr]    Compiling tokio-util v0.7.8
[INFO] [stderr]    Compiling tokio-rustls v0.24.1
[INFO] [stderr]    Compiling serde_urlencoded v0.7.1
[INFO] [stderr]    Compiling h2 v0.3.20
[INFO] [stderr]    Compiling petgraph v0.6.3
[INFO] [stderr]    Compiling package_json_schema v0.2.1
[INFO] [stderr]    Compiling hyper v0.14.27
[INFO] [stderr]    Compiling hyper-rustls v0.24.1
[INFO] [stderr]    Compiling reqwest v0.11.18
[INFO] [stderr]    Compiling depot-js v0.2.12 (/opt/rustwide/workdir)
[INFO] [stderr]     Finished dev [unoptimized + debuginfo] target(s) in 24.89s
[INFO] running `Command { std: "docker" "inspect" "87cbf8175e1dfea7c8eaf27fce8fcc1eb5aae66715326b8bdab9f770777224ef", kill_on_drop: false }`
[INFO] running `Command { std: "docker" "rm" "-f" "87cbf8175e1dfea7c8eaf27fce8fcc1eb5aae66715326b8bdab9f770777224ef", kill_on_drop: false }`
[INFO] [stdout] 87cbf8175e1dfea7c8eaf27fce8fcc1eb5aae66715326b8bdab9f770777224ef
[INFO] running `Command { std: "docker" "create" "-v" "/var/lib/crater-agent-workspace/builds/worker-7-tc1/target:/opt/rustwide/target:rw,Z" "-v" "/var/lib/crater-agent-workspace/builds/worker-7-tc1/source:/opt/rustwide/workdir:ro,Z" "-v" "/var/lib/crater-agent-workspace/cargo-home:/opt/rustwide/cargo-home:ro,Z" "-v" "/var/lib/crater-agent-workspace/rustup-home:/opt/rustwide/rustup-home:ro,Z" "-e" "SOURCE_DIR=/opt/rustwide/workdir" "-e" "CARGO_TARGET_DIR=/opt/rustwide/target" "-e" "CARGO_INCREMENTAL=0" "-e" "RUST_BACKTRACE=full" "-e" "RUSTFLAGS=--cap-lints=warn" "-e" "RUSTDOCFLAGS=--cap-lints=warn" "-e" "CARGO_HOME=/opt/rustwide/cargo-home" "-e" "RUSTUP_HOME=/opt/rustwide/rustup-home" "-w" "/opt/rustwide/workdir" "-m" "1610612736" "--user" "0:0" "--network" "none" "ghcr.io/rust-lang/crates-build-env/linux@sha256:2788e3201cd34a07e3172128adcd8b3090168a8e3bcc40d7c032b9dda1df7d1c" "/opt/rustwide/cargo-home/bin/cargo" "+1.75.0" "test" "--frozen" "--no-run" "--message-format=json", kill_on_drop: false }`
[INFO] [stdout] df696e31d75849d9317c4e910229c6e77e7eb5e5c696a11180148aa020ce6f85
[INFO] running `Command { std: "docker" "start" "-a" "df696e31d75849d9317c4e910229c6e77e7eb5e5c696a11180148aa020ce6f85", kill_on_drop: false }`
[INFO] [stderr]    Compiling depot-js v0.2.12 (/opt/rustwide/workdir)
[INFO] [stdout] error[E0432]: unresolved import `depot_test_utils`
[INFO] [stdout]  --> tests/tests/build.rs:1:5
[INFO] [stdout]   |
[INFO] [stdout] 1 | use depot_test_utils::{custom_project_for, project, project_for, workspace};
[INFO] [stdout]   |     ^^^^^^^^^^^^^^^^ use of undeclared crate or module `depot_test_utils`
[INFO] [stdout] 
[INFO] [stdout] 
[INFO] [stdout] error[E0432]: unresolved import `depot_test_utils`
[INFO] [stdout]  --> tests/tests/clean.rs:1:5
[INFO] [stdout]   |
[INFO] [stdout] 1 | use depot_test_utils::{project, workspace_single_lib};
[INFO] [stdout]   |     ^^^^^^^^^^^^^^^^ use of undeclared crate or module `depot_test_utils`
[INFO] [stdout] 
[INFO] [stdout] 
[INFO] [stdout] error[E0432]: unresolved import `depot_test_utils`
[INFO] [stdout]  --> tests/tests/doc.rs:1:5
[INFO] [stdout]   |
[INFO] [stdout] 1 | use depot_test_utils::{project, workspace_single_lib};
[INFO] [stdout]   |     ^^^^^^^^^^^^^^^^ use of undeclared crate or module `depot_test_utils`
[INFO] [stdout] 
[INFO] [stdout] 
[INFO] [stdout] error[E0432]: unresolved import `depot_test_utils`
[INFO] [stdout]  --> tests/tests/fmt.rs:1:5
[INFO] [stdout]   |
[INFO] [stdout] 1 | use depot_test_utils::{project, workspace_single_lib};
[INFO] [stdout]   |     ^^^^^^^^^^^^^^^^ use of undeclared crate or module `depot_test_utils`
[INFO] [stdout] 
[INFO] [stdout] 
[INFO] [stdout] error[E0432]: unresolved import `depot_test_utils`
[INFO] [stdout]  --> tests/tests/new.rs:1:5
[INFO] [stdout]   |
[INFO] [stdout] 1 | use depot_test_utils::project;
[INFO] [stdout]   |     ^^^^^^^^^^^^^^^^ use of undeclared crate or module `depot_test_utils`
[INFO] [stdout] 
[INFO] [stdout] 
[INFO] [stdout] error[E0432]: unresolved import `depot_test_utils`
[INFO] [stdout]  --> tests/tests/test.rs:1:5
[INFO] [stdout]   |
[INFO] [stdout] 1 | use depot_test_utils::{project, workspace_single_lib};
[INFO] [stdout]   |     ^^^^^^^^^^^^^^^^ use of undeclared crate or module `depot_test_utils`
[INFO] [stdout] 
[INFO] [stdout] 
[INFO] [stdout] error: aborting due to 6 previous errors
[INFO] [stdout] 
[INFO] [stdout] 
[INFO] [stdout] For more information about this error, try `rustc --explain E0432`.
[INFO] [stdout] 
[INFO] [stderr] error: could not compile `depot-js` (test "tests") due to 7 previous errors
[INFO] [stderr] warning: build failed, waiting for other jobs to finish...
[INFO] running `Command { std: "docker" "inspect" "df696e31d75849d9317c4e910229c6e77e7eb5e5c696a11180148aa020ce6f85", kill_on_drop: false }`
[INFO] running `Command { std: "docker" "rm" "-f" "df696e31d75849d9317c4e910229c6e77e7eb5e5c696a11180148aa020ce6f85", kill_on_drop: false }`
[INFO] [stdout] df696e31d75849d9317c4e910229c6e77e7eb5e5c696a11180148aa020ce6f85
