[INFO] fetching crate deno_doc 0.73.5...
[INFO] testing deno_doc-0.73.5 against 1.75.0 for beta-1.76-1
[INFO] extracting crate deno_doc 0.73.5 into /workspace/builds/worker-5-tc1/source
[INFO] validating manifest of crates.io crate deno_doc 0.73.5 on toolchain 1.75.0
[INFO] running `Command { std: CARGO_HOME="/workspace/cargo-home" RUSTUP_HOME="/workspace/rustup-home" "/workspace/cargo-home/bin/cargo" "+1.75.0" "metadata" "--manifest-path" "Cargo.toml" "--no-deps", kill_on_drop: false }`
[INFO] removed /workspace/builds/worker-5-tc1/source/rust-toolchain.toml
[INFO] started tweaking crates.io crate deno_doc 0.73.5
[INFO] removed 1 missing examples
[INFO] finished tweaking crates.io crate deno_doc 0.73.5
[INFO] tweaked toml for crates.io crate deno_doc 0.73.5 written to /workspace/builds/worker-5-tc1/source/Cargo.toml
[INFO] crate crates.io crate deno_doc 0.73.5 already has a lockfile, it will not be regenerated
[INFO] running `Command { std: CARGO_HOME="/workspace/cargo-home" RUSTUP_HOME="/workspace/rustup-home" "/workspace/cargo-home/bin/cargo" "+1.75.0" "fetch" "--manifest-path" "Cargo.toml", kill_on_drop: false }`
[INFO] [stderr]     Updating crates.io index
[INFO] [stderr]  Downloading crates ...
[INFO] [stderr]   Downloaded swc_visit_macros v0.5.8
[INFO] [stderr]   Downloaded text_lines v0.6.0
[INFO] [stderr]   Downloaded html-escape v0.2.13
[INFO] [stderr]   Downloaded swc_ecma_loader v0.45.10
[INFO] [stderr]   Downloaded serde-wasm-bindgen v0.5.0
[INFO] [stderr]   Downloaded phf_macros v0.11.2
[INFO] [stderr]   Downloaded slug v0.1.4
[INFO] [stderr]   Downloaded swc_eq_ignore_macros v0.1.2
[INFO] [stderr]   Downloaded swc_macros_common v0.3.8
[INFO] [stderr]   Downloaded swc_ecma_dep_graph v0.113.22
[INFO] [stderr]   Downloaded swc_ecma_utils v0.124.29
[INFO] [stderr]   Downloaded utf8-width v0.1.6
[INFO] [stderr]   Downloaded unicode-id v0.3.4
[INFO] [stderr]   Downloaded dprint-swc-ext v0.13.0
[INFO] [stderr]   Downloaded import_map v0.15.0
[INFO] [stderr]   Downloaded deunicode v0.4.5
[INFO] [stderr]   Downloaded deunicode v1.4.1
[INFO] [stderr]   Downloaded swc_common v0.33.9
[INFO] [stderr]   Downloaded ast_node v0.9.5
[INFO] [stderr]   Downloaded comrak v0.19.0
[INFO] [stderr]   Downloaded swc_ecma_parser v0.141.23
[INFO] [stderr]   Downloaded swc_ecma_ast v0.110.10
[INFO] [stderr]   Downloaded deno_semver v0.5.1
[INFO] [stderr]   Downloaded stacker v0.1.15
[INFO] [stderr]   Downloaded data-url v0.3.0
[INFO] [stderr]   Downloaded string_enum v0.4.1
[INFO] [stderr]   Downloaded smartstring v1.0.1
[INFO] [stderr]   Downloaded swc_atoms v0.6.4
[INFO] [stderr]   Downloaded swc_ecma_visit v0.96.10
[INFO] [stderr]   Downloaded import_map v0.18.0
[INFO] [stderr]   Downloaded hstr v0.2.6
[INFO] [stderr]   Downloaded is-macro v0.3.0
[INFO] [stderr]   Downloaded better_scoped_tls v0.1.1
[INFO] [stderr]   Downloaded pmutil v0.6.1
[INFO] [stderr]   Downloaded monch v0.4.3
[INFO] [stderr]   Downloaded deno_media_type v0.1.2
[INFO] [stderr]   Downloaded from_variant v0.1.6
[INFO] [stderr]   Downloaded swc_visit v0.5.7
[INFO] [stderr]   Downloaded deno_ast v0.31.5
[INFO] [stderr]   Downloaded deno_graph v0.61.0
[INFO] [stderr]   Downloaded swc_ecma_transforms_base v0.134.35
[INFO] running `Command { std: "docker" "create" "-v" "/var/lib/crater-agent-workspace/builds/worker-5-tc1/target:/opt/rustwide/target:rw,Z" "-v" "/var/lib/crater-agent-workspace/builds/worker-5-tc1/source:/opt/rustwide/workdir:ro,Z" "-v" "/var/lib/crater-agent-workspace/cargo-home:/opt/rustwide/cargo-home:ro,Z" "-v" "/var/lib/crater-agent-workspace/rustup-home:/opt/rustwide/rustup-home:ro,Z" "-e" "SOURCE_DIR=/opt/rustwide/workdir" "-e" "CARGO_TARGET_DIR=/opt/rustwide/target" "-e" "CARGO_HOME=/opt/rustwide/cargo-home" "-e" "RUSTUP_HOME=/opt/rustwide/rustup-home" "-w" "/opt/rustwide/workdir" "-m" "1610612736" "--user" "0:0" "--network" "none" "ghcr.io/rust-lang/crates-build-env/linux@sha256:2788e3201cd34a07e3172128adcd8b3090168a8e3bcc40d7c032b9dda1df7d1c" "/opt/rustwide/cargo-home/bin/cargo" "+1.75.0" "metadata" "--no-deps" "--format-version=1", kill_on_drop: false }`
[INFO] [stdout] c033e74ffd693e688c9ce775143db8e96d25d1bc805ddf2dc65f76cb32e844a4
[INFO] running `Command { std: "docker" "start" "-a" "c033e74ffd693e688c9ce775143db8e96d25d1bc805ddf2dc65f76cb32e844a4", kill_on_drop: false }`
[INFO] running `Command { std: "docker" "inspect" "c033e74ffd693e688c9ce775143db8e96d25d1bc805ddf2dc65f76cb32e844a4", kill_on_drop: false }`
[INFO] running `Command { std: "docker" "rm" "-f" "c033e74ffd693e688c9ce775143db8e96d25d1bc805ddf2dc65f76cb32e844a4", kill_on_drop: false }`
[INFO] [stdout] c033e74ffd693e688c9ce775143db8e96d25d1bc805ddf2dc65f76cb32e844a4
[INFO] running `Command { std: "docker" "create" "-v" "/var/lib/crater-agent-workspace/builds/worker-5-tc1/target:/opt/rustwide/target:rw,Z" "-v" "/var/lib/crater-agent-workspace/builds/worker-5-tc1/source:/opt/rustwide/workdir:ro,Z" "-v" "/var/lib/crater-agent-workspace/cargo-home:/opt/rustwide/cargo-home:ro,Z" "-v" "/var/lib/crater-agent-workspace/rustup-home:/opt/rustwide/rustup-home:ro,Z" "-e" "SOURCE_DIR=/opt/rustwide/workdir" "-e" "CARGO_TARGET_DIR=/opt/rustwide/target" "-e" "CARGO_INCREMENTAL=0" "-e" "RUST_BACKTRACE=full" "-e" "RUSTFLAGS=--cap-lints=warn" "-e" "RUSTDOCFLAGS=--cap-lints=warn" "-e" "CARGO_HOME=/opt/rustwide/cargo-home" "-e" "RUSTUP_HOME=/opt/rustwide/rustup-home" "-w" "/opt/rustwide/workdir" "-m" "1610612736" "--user" "0:0" "--network" "none" "ghcr.io/rust-lang/crates-build-env/linux@sha256:2788e3201cd34a07e3172128adcd8b3090168a8e3bcc40d7c032b9dda1df7d1c" "/opt/rustwide/cargo-home/bin/cargo" "+1.75.0" "build" "--frozen" "--message-format=json", kill_on_drop: false }`
[INFO] [stdout] 379901b78c054ff00e3f5e553e55f230804e65d7f34f5f6729e6570ad06497aa
[INFO] running `Command { std: "docker" "start" "-a" "379901b78c054ff00e3f5e553e55f230804e65d7f34f5f6729e6570ad06497aa", kill_on_drop: false }`
[INFO] [stderr]    Compiling proc-macro2 v1.0.69
[INFO] [stderr]    Compiling unicode-ident v1.0.12
[INFO] [stderr]    Compiling serde v1.0.190
[INFO] [stderr]    Compiling memchr v2.6.4
[INFO] [stderr]    Compiling siphasher v0.3.11
[INFO] [stderr]    Compiling percent-encoding v2.3.0
[INFO] [stderr]    Compiling rand_core v0.6.4
[INFO] [stderr]    Compiling unicode-bidi v0.3.13
[INFO] [stderr]    Compiling regex-syntax v0.8.2
[INFO] [stderr]    Compiling form_urlencoded v1.2.0
[INFO] [stderr]    Compiling phf_shared v0.11.2
[INFO] [stderr]    Compiling rand v0.8.5
[INFO] [stderr]    Compiling once_cell v1.18.0
[INFO] [stderr]    Compiling idna v0.4.0
[INFO] [stderr]    Compiling num-traits v0.2.17
[INFO] [stderr]    Compiling smallvec v1.11.1
[INFO] [stderr]    Compiling aho-corasick v1.1.2
[INFO] [stderr]    Compiling quote v1.0.33
[INFO] [stderr]    Compiling phf_generator v0.11.2
[INFO] [stderr]    Compiling num-integer v0.1.45
[INFO] [stderr]    Compiling libc v0.2.149
[INFO] [stderr]    Compiling syn v2.0.38
[INFO] [stderr]    Compiling num-bigint v0.4.4
[INFO] [stderr]    Compiling rustc-hash v1.1.0
[INFO] [stderr]    Compiling tracing-core v0.1.32
[INFO] [stderr]    Compiling scoped-tls v1.0.1
[INFO] [stderr]    Compiling either v1.9.0
[INFO] [stderr]    Compiling better_scoped_tls v0.1.1
[INFO] [stderr]    Compiling unicode-id v0.3.4
[INFO] [stderr]    Compiling indexmap v1.9.3
[INFO] [stderr]    Compiling cc v1.0.83
[INFO] [stderr]    Compiling smartstring v1.0.1
[INFO] [stderr]    Compiling regex-automata v0.4.3
[INFO] [stderr]    Compiling hashbrown v0.12.3
[INFO] [stderr]    Compiling futures-core v0.3.29
[INFO] [stderr]    Compiling futures-channel v0.3.29
[INFO] [stderr]    Compiling futures-task v0.3.29
[INFO] [stderr]    Compiling static_assertions v1.1.0
[INFO] [stderr]    Compiling hashbrown v0.14.2
[INFO] [stderr]    Compiling futures-sink v0.3.29
[INFO] [stderr]    Compiling futures-util v0.3.29
[INFO] [stderr]    Compiling anyhow v1.0.75
[INFO] [stderr]    Compiling psm v0.1.21
[INFO] [stderr]    Compiling stacker v0.1.15
[INFO] [stderr]    Compiling serde_json v1.0.107
[INFO] [stderr]    Compiling typed-arena v2.0.2
[INFO] [stderr]    Compiling num_cpus v1.16.0
[INFO] [stderr]    Compiling lock_api v0.4.11
[INFO] [stderr]    Compiling thiserror v1.0.50
[INFO] [stderr]    Compiling parking_lot_core v0.9.9
[INFO] [stderr]    Compiling ryu v1.0.15
[INFO] [stderr]    Compiling itoa v1.0.9
[INFO] [stderr]    Compiling futures-io v0.3.29
[INFO] [stderr]    Compiling async-trait v0.1.74
[INFO] [stderr]    Compiling scopeguard v1.2.0
[INFO] [stderr]    Compiling bumpalo v3.14.0
[INFO] [stderr]    Compiling data-url v0.3.0
[INFO] [stderr]    Compiling pathdiff v0.2.1
[INFO] [stderr]    Compiling monch v0.4.3
[INFO] [stderr]    Compiling termcolor v1.3.0
[INFO] [stderr]    Compiling parking_lot v0.12.1
[INFO] [stderr]    Compiling regex v1.10.2
[INFO] [stderr]    Compiling Inflector v0.11.4
[INFO] [stderr]    Compiling pmutil v0.6.1
[INFO] [stderr]    Compiling swc_macros_common v0.3.8
[INFO] [stderr]    Compiling serde_derive v1.0.190
[INFO] [stderr]    Compiling phf_macros v0.11.2
[INFO] [stderr]    Compiling tracing-attributes v0.1.27
[INFO] [stderr]    Compiling swc_eq_ignore_macros v0.1.2
[INFO] [stderr]    Compiling is-macro v0.3.0
[INFO] [stderr]    Compiling futures-macro v0.3.29
[INFO] [stderr]    Compiling swc_visit_macros v0.5.8
[INFO] [stderr]    Compiling from_variant v0.1.6
[INFO] [stderr]    Compiling phf v0.11.2
[INFO] [stderr]    Compiling hstr v0.2.6
[INFO] [stderr]    Compiling ast_node v0.9.5
[INFO] [stderr]    Compiling string_enum v0.4.1
[INFO] [stderr]    Compiling tracing v0.1.40
[INFO] [stderr]    Compiling thiserror-impl v1.0.50
[INFO] [stderr]    Compiling swc_visit v0.5.7
[INFO] [stderr]    Compiling futures-executor v0.3.29
[INFO] [stderr]    Compiling futures v0.3.29
[INFO] [stderr]    Compiling url v2.4.1
[INFO] [stderr]    Compiling swc_atoms v0.6.4
[INFO] [stderr]    Compiling indexmap v2.0.2
[INFO] [stderr]    Compiling text_lines v0.6.0
[INFO] [stderr]    Compiling deno_media_type v0.1.2
[INFO] [stderr]    Compiling deno_semver v0.5.1
[INFO] [stderr]    Compiling swc_common v0.33.9
[INFO] [stderr]    Compiling import_map v0.18.0
[INFO] [stderr]    Compiling import_map v0.15.0
[INFO] [stderr]    Compiling swc_ecma_ast v0.110.10
[INFO] [stderr]    Compiling swc_ecma_loader v0.45.10
[INFO] [stderr]    Compiling swc_ecma_visit v0.96.10
[INFO] [stderr]    Compiling swc_ecma_parser v0.141.23
[INFO] [stderr]    Compiling dprint-swc-ext v0.13.0
[INFO] [stderr]    Compiling swc_ecma_utils v0.124.29
[INFO] [stderr]    Compiling swc_ecma_dep_graph v0.113.22
[INFO] [stderr]    Compiling swc_ecma_transforms_base v0.134.35
[INFO] [stderr]    Compiling deno_ast v0.31.5
[INFO] [stderr]    Compiling deno_graph v0.61.0
[INFO] [stderr]    Compiling deno_doc v0.73.5 (/opt/rustwide/workdir)
[INFO] [stderr]     Finished dev [unoptimized + debuginfo] target(s) in 1m 46s
[INFO] running `Command { std: "docker" "inspect" "379901b78c054ff00e3f5e553e55f230804e65d7f34f5f6729e6570ad06497aa", kill_on_drop: false }`
[INFO] running `Command { std: "docker" "rm" "-f" "379901b78c054ff00e3f5e553e55f230804e65d7f34f5f6729e6570ad06497aa", kill_on_drop: false }`
[INFO] [stdout] 379901b78c054ff00e3f5e553e55f230804e65d7f34f5f6729e6570ad06497aa
[INFO] running `Command { std: "docker" "create" "-v" "/var/lib/crater-agent-workspace/builds/worker-5-tc1/target:/opt/rustwide/target:rw,Z" "-v" "/var/lib/crater-agent-workspace/builds/worker-5-tc1/source:/opt/rustwide/workdir:ro,Z" "-v" "/var/lib/crater-agent-workspace/cargo-home:/opt/rustwide/cargo-home:ro,Z" "-v" "/var/lib/crater-agent-workspace/rustup-home:/opt/rustwide/rustup-home:ro,Z" "-e" "SOURCE_DIR=/opt/rustwide/workdir" "-e" "CARGO_TARGET_DIR=/opt/rustwide/target" "-e" "CARGO_INCREMENTAL=0" "-e" "RUST_BACKTRACE=full" "-e" "RUSTFLAGS=--cap-lints=warn" "-e" "RUSTDOCFLAGS=--cap-lints=warn" "-e" "CARGO_HOME=/opt/rustwide/cargo-home" "-e" "RUSTUP_HOME=/opt/rustwide/rustup-home" "-w" "/opt/rustwide/workdir" "-m" "1610612736" "--user" "0:0" "--network" "none" "ghcr.io/rust-lang/crates-build-env/linux@sha256:2788e3201cd34a07e3172128adcd8b3090168a8e3bcc40d7c032b9dda1df7d1c" "/opt/rustwide/cargo-home/bin/cargo" "+1.75.0" "test" "--frozen" "--no-run" "--message-format=json", kill_on_drop: false }`
[INFO] [stdout] 1e9b7380b8a28c4d6f77da029c2723bbe249ea9a9b2fbca3d1f6f50425136994
[INFO] running `Command { std: "docker" "start" "-a" "1e9b7380b8a28c4d6f77da029c2723bbe249ea9a9b2fbca3d1f6f50425136994", kill_on_drop: false }`
[INFO] [stderr]    Compiling serde v1.0.190
[INFO] [stderr]    Compiling indexmap v1.9.3
[INFO] [stderr]    Compiling memoffset v0.9.0
[INFO] [stderr]    Compiling crossbeam-utils v0.8.16
[INFO] [stderr]    Compiling crossbeam-epoch v0.9.15
[INFO] [stderr]    Compiling ciborium-io v0.2.1
[INFO] [stderr]    Compiling os_str_bytes v6.6.1
[INFO] [stderr]    Compiling itertools v0.10.5
[INFO] [stderr]    Compiling ciborium-ll v0.2.1
[INFO] [stderr]    Compiling clap_lex v0.2.4
[INFO] [stderr]    Compiling atty v0.2.14
[INFO] [stderr]    Compiling textwrap v0.16.0
[INFO] [stderr]    Compiling plotters v0.3.5
[INFO] [stderr]    Compiling tokio-macros v2.1.0
[INFO] [stderr]    Compiling socket2 v0.5.5
[INFO] [stderr]    Compiling mio v0.8.9
[INFO] [stderr]    Compiling signal-hook-registry v1.4.1
[INFO] [stderr]    Compiling diff v0.1.13
[INFO] [stderr]    Compiling crossbeam-deque v0.8.3
[INFO] [stderr]    Compiling rayon-core v1.12.0
[INFO] [stderr]    Compiling yansi v0.5.1
[INFO] [stderr]    Compiling ansi_term v0.12.1
[INFO] [stderr]    Compiling rayon v1.8.0
[INFO] [stderr]    Compiling anes v0.1.6
[INFO] [stderr]    Compiling criterion-plot v0.5.0
[INFO] [stderr]    Compiling tokio v1.33.0
[INFO] [stderr]    Compiling clap v2.34.0
[INFO] [stderr]    Compiling pretty_assertions v1.4.0
[INFO] [stderr]    Compiling url v2.4.1
[INFO] [stderr]    Compiling num-bigint v0.4.4
[INFO] [stderr]    Compiling swc_atoms v0.6.4
[INFO] [stderr]    Compiling indexmap v2.0.2
[INFO] [stderr]    Compiling text_lines v0.6.0
[INFO] [stderr]    Compiling deno_media_type v0.1.2
[INFO] [stderr]    Compiling deno_semver v0.5.1
[INFO] [stderr]    Compiling clap v3.2.25
[INFO] [stderr]    Compiling serde_json v1.0.107
[INFO] [stderr]    Compiling ciborium v0.2.1
[INFO] [stderr]    Compiling swc_common v0.33.9
[INFO] [stderr]    Compiling tinytemplate v1.2.1
[INFO] [stderr]    Compiling import_map v0.18.0
[INFO] [stderr]    Compiling import_map v0.15.0
[INFO] [stderr]    Compiling swc_ecma_ast v0.110.10
[INFO] [stderr]    Compiling swc_ecma_loader v0.45.10
[INFO] [stderr]    Compiling criterion v0.4.0
[INFO] [stderr]    Compiling swc_ecma_visit v0.96.10
[INFO] [stderr]    Compiling swc_ecma_parser v0.141.23
[INFO] [stderr]    Compiling dprint-swc-ext v0.13.0
[INFO] [stderr]    Compiling swc_ecma_utils v0.124.29
[INFO] [stderr]    Compiling swc_ecma_dep_graph v0.113.22
[INFO] [stderr]    Compiling swc_ecma_transforms_base v0.134.35
[INFO] [stderr]    Compiling deno_ast v0.31.5
[INFO] [stderr]    Compiling deno_graph v0.61.0
[INFO] [stderr]    Compiling deno_doc v0.73.5 (/opt/rustwide/workdir)
[INFO] [stdout] error[E0432]: unresolved import `deno_doc::html`
[INFO] [stdout]  --> tests/html_test.rs:2:15
[INFO] [stdout]   |
[INFO] [stdout] 2 | use deno_doc::html::*;
[INFO] [stdout]   |               ^^^^ could not find `html` in `deno_doc`
[INFO] [stdout] 
[INFO] [stdout] 
[INFO] [stdout] error[E0433]: failed to resolve: could not find `html` in `deno_doc`
[INFO] [stdout]    --> examples/ddoc/main.rs:182:27
[INFO] [stdout]     |
[INFO] [stdout] 182 |   let options = deno_doc::html::GenerateOptions {
[INFO] [stdout]     |                           ^^^^ could not find `html` in `deno_doc`
[INFO] [stdout] 
[INFO] [stdout] 
[INFO] [stdout] error[E0433]: failed to resolve: could not find `html` in `deno_doc`
[INFO] [stdout]    --> examples/ddoc/main.rs:187:46
[INFO] [stdout]     |
[INFO] [stdout] 187 |     url_resolver: std::rc::Rc::new(deno_doc::html::default_url_resolver),
[INFO] [stdout]     |                                              ^^^^ could not find `html` in `deno_doc`
[INFO] [stdout] 
[INFO] [stdout] 
[INFO] [stdout] error[E0433]: failed to resolve: could not find `html` in `deno_doc`
[INFO] [stdout]    --> examples/ddoc/main.rs:189:24
[INFO] [stdout]     |
[INFO] [stdout] 189 |   let html = deno_doc::html::generate(options.clone(), doc_nodes_by_url)?;
[INFO] [stdout]     |                        ^^^^ could not find `html` in `deno_doc`
[INFO] [stdout] 
[INFO] [stdout] 
[INFO] [stdout] error[E0422]: cannot find struct, variant or union type `GenerateOptions` in this scope
[INFO] [stdout]   --> tests/html_test.rs:96:5
[INFO] [stdout]    |
[INFO] [stdout] 96 |     GenerateOptions {
[INFO] [stdout]    |     ^^^^^^^^^^^^^^^ not found in this scope
[INFO] [stdout] 
[INFO] [stdout] 
[INFO] [stdout] error[E0425]: cannot find value `default_url_resolver` in this scope
[INFO] [stdout]    --> tests/html_test.rs:101:29
[INFO] [stdout]     |
[INFO] [stdout] 101 |       url_resolver: Rc::new(default_url_resolver),
[INFO] [stdout]     |                             ^^^^^^^^^^^^^^^^^^^^ not found in this scope
[INFO] [stdout] 
[INFO] [stdout] 
[INFO] [stdout] error: aborting due to 3 previous errors
[INFO] [stdout] 
[INFO] [stdout] 
[INFO] [stdout] For more information about this error, try `rustc --explain E0433`.
[INFO] [stdout] 
[INFO] [stderr] error: could not compile `deno_doc` (example "ddoc") due to 4 previous errors
[INFO] [stderr] warning: build failed, waiting for other jobs to finish...
[INFO] [stdout] error[E0425]: cannot find function `generate` in this scope
[INFO] [stdout]   --> tests/html_test.rs:95:15
[INFO] [stdout]    |
[INFO] [stdout] 95 |   let files = generate(
[INFO] [stdout]    |               ^^^^^^^^ not found in this scope
[INFO] [stdout] 
[INFO] [stdout] 
[INFO] [stdout] error: aborting due to 4 previous errors
[INFO] [stdout] 
[INFO] [stdout] 
[INFO] [stdout] Some errors have detailed explanations: E0422, E0425, E0432.
[INFO] [stdout] 
[INFO] [stdout] For more information about an error, try `rustc --explain E0422`.
[INFO] [stdout] 
[INFO] [stderr] error: could not compile `deno_doc` (test "html_test") due to 5 previous errors
[INFO] running `Command { std: "docker" "inspect" "1e9b7380b8a28c4d6f77da029c2723bbe249ea9a9b2fbca3d1f6f50425136994", kill_on_drop: false }`
[INFO] running `Command { std: "docker" "rm" "-f" "1e9b7380b8a28c4d6f77da029c2723bbe249ea9a9b2fbca3d1f6f50425136994", kill_on_drop: false }`
[INFO] [stdout] 1e9b7380b8a28c4d6f77da029c2723bbe249ea9a9b2fbca3d1f6f50425136994
