[INFO] fetching crate del-msh 0.1.18...
[INFO] testing del-msh-0.1.18 against 1.75.0 for beta-1.76-1
[INFO] extracting crate del-msh 0.1.18 into /workspace/builds/worker-2-tc1/source
[INFO] validating manifest of crates.io crate del-msh 0.1.18 on toolchain 1.75.0
[INFO] running `Command { std: CARGO_HOME="/workspace/cargo-home" RUSTUP_HOME="/workspace/rustup-home" "/workspace/cargo-home/bin/cargo" "+1.75.0" "metadata" "--manifest-path" "Cargo.toml" "--no-deps", kill_on_drop: false }`
[INFO] started tweaking crates.io crate del-msh 0.1.18
[INFO] finished tweaking crates.io crate del-msh 0.1.18
[INFO] tweaked toml for crates.io crate del-msh 0.1.18 written to /workspace/builds/worker-2-tc1/source/Cargo.toml
[INFO] running `Command { std: CARGO_HOME="/workspace/cargo-home" RUSTUP_HOME="/workspace/rustup-home" "/workspace/cargo-home/bin/cargo" "+1.75.0" "generate-lockfile" "--manifest-path" "Cargo.toml", kill_on_drop: false }`
[INFO] [stderr]     Updating crates.io index
[INFO] running `Command { std: CARGO_HOME="/workspace/cargo-home" RUSTUP_HOME="/workspace/rustup-home" "/workspace/cargo-home/bin/cargo" "+1.75.0" "fetch" "--manifest-path" "Cargo.toml", kill_on_drop: false }`
[INFO] [stderr]  Downloading crates ...
[INFO] [stderr]   Downloaded del-geo v0.1.14
[INFO] running `Command { std: "docker" "create" "-v" "/var/lib/crater-agent-workspace/builds/worker-2-tc1/target:/opt/rustwide/target:rw,Z" "-v" "/var/lib/crater-agent-workspace/builds/worker-2-tc1/source:/opt/rustwide/workdir:ro,Z" "-v" "/var/lib/crater-agent-workspace/cargo-home:/opt/rustwide/cargo-home:ro,Z" "-v" "/var/lib/crater-agent-workspace/rustup-home:/opt/rustwide/rustup-home:ro,Z" "-e" "SOURCE_DIR=/opt/rustwide/workdir" "-e" "CARGO_TARGET_DIR=/opt/rustwide/target" "-e" "CARGO_HOME=/opt/rustwide/cargo-home" "-e" "RUSTUP_HOME=/opt/rustwide/rustup-home" "-w" "/opt/rustwide/workdir" "-m" "1610612736" "--user" "0:0" "--network" "none" "ghcr.io/rust-lang/crates-build-env/linux@sha256:2788e3201cd34a07e3172128adcd8b3090168a8e3bcc40d7c032b9dda1df7d1c" "/opt/rustwide/cargo-home/bin/cargo" "+1.75.0" "metadata" "--no-deps" "--format-version=1", kill_on_drop: false }`
[INFO] [stdout] b7d4462919fddf4f9f604206ff1ade2875662aea09a69c54c1aefb13fe3702e8
[INFO] running `Command { std: "docker" "start" "-a" "b7d4462919fddf4f9f604206ff1ade2875662aea09a69c54c1aefb13fe3702e8", kill_on_drop: false }`
[INFO] running `Command { std: "docker" "inspect" "b7d4462919fddf4f9f604206ff1ade2875662aea09a69c54c1aefb13fe3702e8", kill_on_drop: false }`
[INFO] running `Command { std: "docker" "rm" "-f" "b7d4462919fddf4f9f604206ff1ade2875662aea09a69c54c1aefb13fe3702e8", kill_on_drop: false }`
[INFO] [stdout] b7d4462919fddf4f9f604206ff1ade2875662aea09a69c54c1aefb13fe3702e8
[INFO] running `Command { std: "docker" "create" "-v" "/var/lib/crater-agent-workspace/builds/worker-2-tc1/target:/opt/rustwide/target:rw,Z" "-v" "/var/lib/crater-agent-workspace/builds/worker-2-tc1/source:/opt/rustwide/workdir:ro,Z" "-v" "/var/lib/crater-agent-workspace/cargo-home:/opt/rustwide/cargo-home:ro,Z" "-v" "/var/lib/crater-agent-workspace/rustup-home:/opt/rustwide/rustup-home:ro,Z" "-e" "SOURCE_DIR=/opt/rustwide/workdir" "-e" "CARGO_TARGET_DIR=/opt/rustwide/target" "-e" "CARGO_INCREMENTAL=0" "-e" "RUST_BACKTRACE=full" "-e" "RUSTFLAGS=--cap-lints=warn" "-e" "RUSTDOCFLAGS=--cap-lints=warn" "-e" "CARGO_HOME=/opt/rustwide/cargo-home" "-e" "RUSTUP_HOME=/opt/rustwide/rustup-home" "-w" "/opt/rustwide/workdir" "-m" "1610612736" "--user" "0:0" "--network" "none" "ghcr.io/rust-lang/crates-build-env/linux@sha256:2788e3201cd34a07e3172128adcd8b3090168a8e3bcc40d7c032b9dda1df7d1c" "/opt/rustwide/cargo-home/bin/cargo" "+1.75.0" "build" "--frozen" "--message-format=json", kill_on_drop: false }`
[INFO] [stdout] 40c8f66e2847608e87f19f197e0dea7ddf8d31025835f0a58207c96946159b36
[INFO] running `Command { std: "docker" "start" "-a" "40c8f66e2847608e87f19f197e0dea7ddf8d31025835f0a58207c96946159b36", kill_on_drop: false }`
[INFO] [stderr]    Compiling bytemuck v1.14.0
[INFO] [stderr]    Compiling num-rational v0.4.1
[INFO] [stderr]    Compiling matrixmultiply v0.3.8
[INFO] [stderr]    Compiling approx v0.5.1
[INFO] [stderr]    Compiling num-complex v0.4.4
[INFO] [stderr]    Compiling rawpointer v0.2.1
[INFO] [stderr]    Compiling nalgebra-macros v0.2.1
[INFO] [stderr]    Compiling ordered-float v4.2.0
[INFO] [stderr]    Compiling safe_arch v0.7.1
[INFO] [stderr]    Compiling wide v0.7.13
[INFO] [stderr]    Compiling simba v0.8.1
[INFO] [stderr]    Compiling nalgebra v0.32.3
[INFO] [stderr]    Compiling del-geo v0.1.14
[INFO] [stderr]    Compiling del-msh v0.1.18 (/opt/rustwide/workdir)
[INFO] [stdout] error[E0425]: cannot find function `nearest_to_point3_` in module `tri3`
[INFO] [stdout]    --> src/trimesh3_search.rs:57:40
[INFO] [stdout]     |
[INFO] [stdout] 57  |               let (pn, _r0, _r1) = tri3::nearest_to_point3_(
[INFO] [stdout]     |                                          ^^^^^^^^^^^^^^^^^^ help: a function with a similar name exists: `nearest_to_point3`
[INFO] [stdout]     |
[INFO] [stdout]    ::: /opt/rustwide/cargo-home/registry/src/index.crates.io-6f17d22bba15001f/del-geo-0.1.14/src/tri3.rs:197:1
[INFO] [stdout]     |
[INFO] [stdout] 197 | / pub fn nearest_to_point3<T>(
[INFO] [stdout] 198 | |     q0: &nalgebra::Vector3<T>,
[INFO] [stdout] 199 | |     q1: &nalgebra::Vector3<T>,
[INFO] [stdout] 200 | |     q2: &nalgebra::Vector3<T>,
[INFO] [stdout] ...   |
[INFO] [stdout] 203 | |     where T: nalgebra::RealField + Copy + 'static,
[INFO] [stdout] 204 | |           f64: AsPrimitive<T>
[INFO] [stdout]     | |_____________________________- similarly named function `nearest_to_point3` defined here
[INFO] [stdout] 
[INFO] [stdout] 
[INFO] [stdout] error[E0277]: the size for values of type `[_]` cannot be known at compilation time
[INFO] [stdout]   --> src/trimesh3_search.rs:57:18
[INFO] [stdout]    |
[INFO] [stdout] 57 |             let (pn, _r0, _r1) = tri3::nearest_to_point3_(
[INFO] [stdout]    |                  ^^ doesn't have a size known at compile-time
[INFO] [stdout]    |
[INFO] [stdout]    = help: the trait `Sized` is not implemented for `[_]`
[INFO] [stdout]    = note: all local variables must have a statically known size
[INFO] [stdout]    = help: unsized locals are gated as an unstable feature
[INFO] [stdout] 
[INFO] [stdout] 
[INFO] [stdout] error[E0609]: no field `1` on type `[f32; 6]`
[INFO] [stdout]   --> src/bvh3.rs:31:21
[INFO] [stdout]    |
[INFO] [stdout] 31 |     let lenx = aabb.1.x - aabb.0.x;
[INFO] [stdout]    |                -----^
[INFO] [stdout]    |                |
[INFO] [stdout]    |                help: instead of using tuple indexing, use array indexing: `aabb[1]`
[INFO] [stdout] 
[INFO] [stdout] 
[INFO] [stdout] error[E0609]: no field `0` on type `[f32; 6]`
[INFO] [stdout]   --> src/bvh3.rs:31:32
[INFO] [stdout]    |
[INFO] [stdout] 31 |     let lenx = aabb.1.x - aabb.0.x;
[INFO] [stdout]    |                           -----^
[INFO] [stdout]    |                           |
[INFO] [stdout]    |                           help: instead of using tuple indexing, use array indexing: `aabb[0]`
[INFO] [stdout] 
[INFO] [stdout] 
[INFO] [stdout] error[E0609]: no field `1` on type `[f32; 6]`
[INFO] [stdout]   --> src/bvh3.rs:32:21
[INFO] [stdout]    |
[INFO] [stdout] 32 |     let leny = aabb.1.y - aabb.0.y;
[INFO] [stdout]    |                -----^
[INFO] [stdout]    |                |
[INFO] [stdout]    |                help: instead of using tuple indexing, use array indexing: `aabb[1]`
[INFO] [stdout] 
[INFO] [stdout] 
[INFO] [stdout] error[E0609]: no field `0` on type `[f32; 6]`
[INFO] [stdout]   --> src/bvh3.rs:32:32
[INFO] [stdout]    |
[INFO] [stdout] 32 |     let leny = aabb.1.y - aabb.0.y;
[INFO] [stdout]    |                           -----^
[INFO] [stdout]    |                           |
[INFO] [stdout]    |                           help: instead of using tuple indexing, use array indexing: `aabb[0]`
[INFO] [stdout] 
[INFO] [stdout] 
[INFO] [stdout] error[E0609]: no field `1` on type `[f32; 6]`
[INFO] [stdout]   --> src/bvh3.rs:33:21
[INFO] [stdout]    |
[INFO] [stdout] 33 |     let lenz = aabb.1.z - aabb.0.z;
[INFO] [stdout]    |                -----^
[INFO] [stdout]    |                |
[INFO] [stdout]    |                help: instead of using tuple indexing, use array indexing: `aabb[1]`
[INFO] [stdout] 
[INFO] [stdout] 
[INFO] [stdout] error[E0609]: no field `0` on type `[f32; 6]`
[INFO] [stdout]   --> src/bvh3.rs:33:32
[INFO] [stdout]    |
[INFO] [stdout] 33 |     let lenz = aabb.1.z - aabb.0.z;
[INFO] [stdout]    |                           -----^
[INFO] [stdout]    |                           |
[INFO] [stdout]    |                           help: instead of using tuple indexing, use array indexing: `aabb[0]`
[INFO] [stdout] 
[INFO] [stdout] 
[INFO] [stdout] error[E0609]: no field `0` on type `[f32; 6]`
[INFO] [stdout]   --> src/bvh3.rs:39:15
[INFO] [stdout]    |
[INFO] [stdout] 39 |         (aabb.0.x + aabb.1.x) * 0.5,
[INFO] [stdout]    |          -----^
[INFO] [stdout]    |          |
[INFO] [stdout]    |          help: instead of using tuple indexing, use array indexing: `aabb[0]`
[INFO] [stdout] 
[INFO] [stdout] 
[INFO] [stdout] error[E0609]: no field `1` on type `[f32; 6]`
[INFO] [stdout]   --> src/bvh3.rs:39:26
[INFO] [stdout]    |
[INFO] [stdout] 39 |         (aabb.0.x + aabb.1.x) * 0.5,
[INFO] [stdout]    |                     -----^
[INFO] [stdout]    |                     |
[INFO] [stdout]    |                     help: instead of using tuple indexing, use array indexing: `aabb[1]`
[INFO] [stdout] 
[INFO] [stdout] 
[INFO] [stdout] error[E0609]: no field `0` on type `[f32; 6]`
[INFO] [stdout]   --> src/bvh3.rs:40:15
[INFO] [stdout]    |
[INFO] [stdout] 40 |         (aabb.0.y + aabb.1.y) * 0.5,
[INFO] [stdout]    |          -----^
[INFO] [stdout]    |          |
[INFO] [stdout]    |          help: instead of using tuple indexing, use array indexing: `aabb[0]`
[INFO] [stdout] 
[INFO] [stdout] 
[INFO] [stdout] error[E0609]: no field `1` on type `[f32; 6]`
[INFO] [stdout]   --> src/bvh3.rs:40:26
[INFO] [stdout]    |
[INFO] [stdout] 40 |         (aabb.0.y + aabb.1.y) * 0.5,
[INFO] [stdout]    |                     -----^
[INFO] [stdout]    |                     |
[INFO] [stdout]    |                     help: instead of using tuple indexing, use array indexing: `aabb[1]`
[INFO] [stdout] 
[INFO] [stdout] 
[INFO] [stdout] error[E0609]: no field `0` on type `[f32; 6]`
[INFO] [stdout]   --> src/bvh3.rs:41:15
[INFO] [stdout]    |
[INFO] [stdout] 41 |         (aabb.0.z + aabb.1.z) * 0.5);
[INFO] [stdout]    |          -----^
[INFO] [stdout]    |          |
[INFO] [stdout]    |          help: instead of using tuple indexing, use array indexing: `aabb[0]`
[INFO] [stdout] 
[INFO] [stdout] 
[INFO] [stdout] error[E0609]: no field `1` on type `[f32; 6]`
[INFO] [stdout]   --> src/bvh3.rs:41:26
[INFO] [stdout]    |
[INFO] [stdout] 41 |         (aabb.0.z + aabb.1.z) * 0.5);
[INFO] [stdout]    |                     -----^
[INFO] [stdout]    |                     |
[INFO] [stdout]    |                     help: instead of using tuple indexing, use array indexing: `aabb[1]`
[INFO] [stdout] 
[INFO] [stdout] 
[INFO] [stdout] error[E0609]: no field `0` on type `[f32; 6]`
[INFO] [stdout]    --> src/bvh3.rs:169:74
[INFO] [stdout]     |
[INFO] [stdout] 169 |         aabbs[i_bvhnode * 6 + 0..i_bvhnode * 6 + 3].copy_from_slice(aabb.0.as_slice());
[INFO] [stdout]     |                                                                     -----^
[INFO] [stdout]     |                                                                     |
[INFO] [stdout]     |                                                                     help: instead of using tuple indexing, use array indexing: `aabb[0]`
[INFO] [stdout] 
[INFO] [stdout] 
[INFO] [stdout] error[E0609]: no field `1` on type `[f32; 6]`
[INFO] [stdout]    --> src/bvh3.rs:170:74
[INFO] [stdout]     |
[INFO] [stdout] 170 |         aabbs[i_bvhnode * 6 + 3..i_bvhnode * 6 + 6].copy_from_slice(aabb.1.as_slice());
[INFO] [stdout]     |                                                                     -----^
[INFO] [stdout]     |                                                                     |
[INFO] [stdout]     |                                                                     help: instead of using tuple indexing, use array indexing: `aabb[1]`
[INFO] [stdout] 
[INFO] [stdout] 
[INFO] [stdout] error: aborting due to 16 previous errors
[INFO] [stdout] 
[INFO] [stdout] 
[INFO] [stdout] Some errors have detailed explanations: E0277, E0425, E0609.
[INFO] [stdout] 
[INFO] [stdout] For more information about an error, try `rustc --explain E0277`.
[INFO] [stdout] 
[INFO] [stderr] error: could not compile `del-msh` (lib) due to 17 previous errors
[INFO] running `Command { std: "docker" "inspect" "40c8f66e2847608e87f19f197e0dea7ddf8d31025835f0a58207c96946159b36", kill_on_drop: false }`
[INFO] running `Command { std: "docker" "rm" "-f" "40c8f66e2847608e87f19f197e0dea7ddf8d31025835f0a58207c96946159b36", kill_on_drop: false }`
[INFO] [stdout] 40c8f66e2847608e87f19f197e0dea7ddf8d31025835f0a58207c96946159b36
