[INFO] fetching crate del-misc 0.1.4...
[INFO] testing del-misc-0.1.4 against 1.75.0 for beta-1.76-1
[INFO] extracting crate del-misc 0.1.4 into /workspace/builds/worker-3-tc1/source
[INFO] validating manifest of crates.io crate del-misc 0.1.4 on toolchain 1.75.0
[INFO] running `Command { std: CARGO_HOME="/workspace/cargo-home" RUSTUP_HOME="/workspace/rustup-home" "/workspace/cargo-home/bin/cargo" "+1.75.0" "metadata" "--manifest-path" "Cargo.toml" "--no-deps", kill_on_drop: false }`
[INFO] started tweaking crates.io crate del-misc 0.1.4
[INFO] finished tweaking crates.io crate del-misc 0.1.4
[INFO] tweaked toml for crates.io crate del-misc 0.1.4 written to /workspace/builds/worker-3-tc1/source/Cargo.toml
[INFO] running `Command { std: CARGO_HOME="/workspace/cargo-home" RUSTUP_HOME="/workspace/rustup-home" "/workspace/cargo-home/bin/cargo" "+1.75.0" "generate-lockfile" "--manifest-path" "Cargo.toml", kill_on_drop: false }`
[INFO] [stderr]     Updating crates.io index
[INFO] running `Command { std: CARGO_HOME="/workspace/cargo-home" RUSTUP_HOME="/workspace/rustup-home" "/workspace/cargo-home/bin/cargo" "+1.75.0" "fetch" "--manifest-path" "Cargo.toml", kill_on_drop: false }`
[INFO] [stderr]     Blocking waiting for file lock on package cache
[INFO] [stderr]  Downloading crates ...
[INFO] [stderr]   Downloaded del-ls v0.1.3
[INFO] [stderr]   Downloaded ordered-float v4.2.0
[INFO] [stderr]   Downloaded del-geo v0.1.14
[INFO] [stderr]   Downloaded del-msh v0.1.22
[INFO] running `Command { std: "docker" "create" "-v" "/var/lib/crater-agent-workspace/builds/worker-3-tc1/target:/opt/rustwide/target:rw,Z" "-v" "/var/lib/crater-agent-workspace/builds/worker-3-tc1/source:/opt/rustwide/workdir:ro,Z" "-v" "/var/lib/crater-agent-workspace/cargo-home:/opt/rustwide/cargo-home:ro,Z" "-v" "/var/lib/crater-agent-workspace/rustup-home:/opt/rustwide/rustup-home:ro,Z" "-e" "SOURCE_DIR=/opt/rustwide/workdir" "-e" "CARGO_TARGET_DIR=/opt/rustwide/target" "-e" "CARGO_HOME=/opt/rustwide/cargo-home" "-e" "RUSTUP_HOME=/opt/rustwide/rustup-home" "-w" "/opt/rustwide/workdir" "-m" "1610612736" "--user" "0:0" "--network" "none" "ghcr.io/rust-lang/crates-build-env/linux@sha256:2788e3201cd34a07e3172128adcd8b3090168a8e3bcc40d7c032b9dda1df7d1c" "/opt/rustwide/cargo-home/bin/cargo" "+1.75.0" "metadata" "--no-deps" "--format-version=1", kill_on_drop: false }`
[INFO] [stdout] 217d08a9547b7f6f8a378c139d982b011c581a01d432611f95a24895cf169ece
[INFO] running `Command { std: "docker" "start" "-a" "217d08a9547b7f6f8a378c139d982b011c581a01d432611f95a24895cf169ece", kill_on_drop: false }`
[INFO] running `Command { std: "docker" "inspect" "217d08a9547b7f6f8a378c139d982b011c581a01d432611f95a24895cf169ece", kill_on_drop: false }`
[INFO] running `Command { std: "docker" "rm" "-f" "217d08a9547b7f6f8a378c139d982b011c581a01d432611f95a24895cf169ece", kill_on_drop: false }`
[INFO] [stdout] 217d08a9547b7f6f8a378c139d982b011c581a01d432611f95a24895cf169ece
[INFO] running `Command { std: "docker" "create" "-v" "/var/lib/crater-agent-workspace/builds/worker-3-tc1/target:/opt/rustwide/target:rw,Z" "-v" "/var/lib/crater-agent-workspace/builds/worker-3-tc1/source:/opt/rustwide/workdir:ro,Z" "-v" "/var/lib/crater-agent-workspace/cargo-home:/opt/rustwide/cargo-home:ro,Z" "-v" "/var/lib/crater-agent-workspace/rustup-home:/opt/rustwide/rustup-home:ro,Z" "-e" "SOURCE_DIR=/opt/rustwide/workdir" "-e" "CARGO_TARGET_DIR=/opt/rustwide/target" "-e" "CARGO_INCREMENTAL=0" "-e" "RUST_BACKTRACE=full" "-e" "RUSTFLAGS=--cap-lints=warn" "-e" "RUSTDOCFLAGS=--cap-lints=warn" "-e" "CARGO_HOME=/opt/rustwide/cargo-home" "-e" "RUSTUP_HOME=/opt/rustwide/rustup-home" "-w" "/opt/rustwide/workdir" "-m" "1610612736" "--user" "0:0" "--network" "none" "ghcr.io/rust-lang/crates-build-env/linux@sha256:2788e3201cd34a07e3172128adcd8b3090168a8e3bcc40d7c032b9dda1df7d1c" "/opt/rustwide/cargo-home/bin/cargo" "+1.75.0" "build" "--frozen" "--message-format=json", kill_on_drop: false }`
[INFO] [stdout] 67da9fb313a1947b2140acfb0a5af6313e4f36c200d8d4323d3bba7c3fddeaa5
[INFO] running `Command { std: "docker" "start" "-a" "67da9fb313a1947b2140acfb0a5af6313e4f36c200d8d4323d3bba7c3fddeaa5", kill_on_drop: false }`
[INFO] [stderr]    Compiling num-traits v0.2.17
[INFO] [stderr]    Compiling num-integer v0.1.45
[INFO] [stderr]    Compiling bytemuck v1.14.0
[INFO] [stderr]    Compiling syn v1.0.109
[INFO] [stderr]    Compiling paste v1.0.14
[INFO] [stderr]    Compiling matrixmultiply v0.3.8
[INFO] [stderr]    Compiling num-rational v0.4.1
[INFO] [stderr]    Compiling typenum v1.17.0
[INFO] [stderr]    Compiling safe_arch v0.7.1
[INFO] [stderr]    Compiling getrandom v0.2.11
[INFO] [stderr]    Compiling rawpointer v0.2.1
[INFO] [stderr]    Compiling ppv-lite86 v0.2.17
[INFO] [stderr]    Compiling rand_core v0.6.4
[INFO] [stderr]    Compiling wide v0.7.13
[INFO] [stderr]    Compiling array-init v2.1.0
[INFO] [stderr]    Compiling rand_chacha v0.3.1
[INFO] [stderr]    Compiling rand v0.8.5
[INFO] [stderr]    Compiling approx v0.5.1
[INFO] [stderr]    Compiling num-complex v0.4.4
[INFO] [stderr]    Compiling ordered-float v4.2.0
[INFO] [stderr]    Compiling simba v0.8.1
[INFO] [stderr]    Compiling nalgebra-macros v0.2.1
[INFO] [stderr]    Compiling nalgebra v0.32.3
[INFO] [stderr]    Compiling del-geo v0.1.14
[INFO] [stderr]    Compiling del-ls v0.1.3
[INFO] [stderr]    Compiling del-msh v0.1.22
[INFO] [stderr]    Compiling del-misc v0.1.4 (/opt/rustwide/workdir)
[INFO] [stdout] error[E0425]: cannot find function `nearest_to_point3_` in module `tri3`
[INFO] [stdout]    --> src/srch_bruteforce.rs:55:40
[INFO] [stdout]     |
[INFO] [stdout] 55  |               let (pn, _r0, _r1) = tri3::nearest_to_point3_(
[INFO] [stdout]     |                                          ^^^^^^^^^^^^^^^^^^ help: a function with a similar name exists: `nearest_to_point3`
[INFO] [stdout]     |
[INFO] [stdout]    ::: /opt/rustwide/cargo-home/registry/src/index.crates.io-6f17d22bba15001f/del-geo-0.1.14/src/tri3.rs:197:1
[INFO] [stdout]     |
[INFO] [stdout] 197 | / pub fn nearest_to_point3<T>(
[INFO] [stdout] 198 | |     q0: &nalgebra::Vector3<T>,
[INFO] [stdout] 199 | |     q1: &nalgebra::Vector3<T>,
[INFO] [stdout] 200 | |     q2: &nalgebra::Vector3<T>,
[INFO] [stdout] ...   |
[INFO] [stdout] 203 | |     where T: nalgebra::RealField + Copy + 'static,
[INFO] [stdout] 204 | |           f64: AsPrimitive<T>
[INFO] [stdout]     | |_____________________________- similarly named function `nearest_to_point3` defined here
[INFO] [stdout] 
[INFO] [stdout] 
[INFO] [stdout] error[E0425]: cannot find function `position_on_mesh_tri3` in module `sampling`
[INFO] [stdout]   --> src/srch_bruteforce.rs:84:27
[INFO] [stdout]    |
[INFO] [stdout] 84 |       let pos_i = sampling::position_on_mesh_tri3(
[INFO] [stdout]    |                             ^^^^^^^^^^^^^^^^^^^^^ help: a function with a similar name exists: `position_on_trimesh3`
[INFO] [stdout]    |
[INFO] [stdout]   ::: /opt/rustwide/cargo-home/registry/src/index.crates.io-6f17d22bba15001f/del-msh-0.1.22/src/sampling.rs:79:1
[INFO] [stdout]    |
[INFO] [stdout] 79 | / pub fn position_on_trimesh3<T>(
[INFO] [stdout] 80 | |     itri: usize,
[INFO] [stdout] 81 | |     r0: T,
[INFO] [stdout] 82 | |     r1: T,
[INFO] [stdout] 83 | |     tri2vtx: &[usize],
[INFO] [stdout] 84 | |     vtx2xyz: &[T]) -> [T; 3]
[INFO] [stdout] 85 | | where T: num_traits::Float
[INFO] [stdout]    | |__________________________- similarly named function `position_on_trimesh3` defined here
[INFO] [stdout] 
[INFO] [stdout] 
[INFO] [stdout] error[E0425]: cannot find function `position_on_mesh_tri3` in module `sampling`
[INFO] [stdout]   --> src/srch_bruteforce.rs:96:35
[INFO] [stdout]    |
[INFO] [stdout] 96 |               let pos_j = sampling::position_on_mesh_tri3(
[INFO] [stdout]    |                                     ^^^^^^^^^^^^^^^^^^^^^ help: a function with a similar name exists: `position_on_trimesh3`
[INFO] [stdout]    |
[INFO] [stdout]   ::: /opt/rustwide/cargo-home/registry/src/index.crates.io-6f17d22bba15001f/del-msh-0.1.22/src/sampling.rs:79:1
[INFO] [stdout]    |
[INFO] [stdout] 79 | / pub fn position_on_trimesh3<T>(
[INFO] [stdout] 80 | |     itri: usize,
[INFO] [stdout] 81 | |     r0: T,
[INFO] [stdout] 82 | |     r1: T,
[INFO] [stdout] 83 | |     tri2vtx: &[usize],
[INFO] [stdout] 84 | |     vtx2xyz: &[T]) -> [T; 3]
[INFO] [stdout] 85 | | where T: num_traits::Float
[INFO] [stdout]    | |__________________________- similarly named function `position_on_trimesh3` defined here
[INFO] [stdout] 
[INFO] [stdout] 
[INFO] [stdout] error[E0277]: the size for values of type `[_]` cannot be known at compilation time
[INFO] [stdout]   --> src/srch_bruteforce.rs:55:18
[INFO] [stdout]    |
[INFO] [stdout] 55 |             let (pn, _r0, _r1) = tri3::nearest_to_point3_(
[INFO] [stdout]    |                  ^^ doesn't have a size known at compile-time
[INFO] [stdout]    |
[INFO] [stdout]    = help: the trait `Sized` is not implemented for `[_]`
[INFO] [stdout]    = note: all local variables must have a statically known size
[INFO] [stdout]    = help: unsized locals are gated as an unstable feature
[INFO] [stdout] 
[INFO] [stdout] 
[INFO] [stdout] error: aborting due to 4 previous errors
[INFO] [stdout] 
[INFO] [stdout] 
[INFO] [stdout] Some errors have detailed explanations: E0277, E0425.
[INFO] [stdout] 
[INFO] [stdout] For more information about an error, try `rustc --explain E0277`.
[INFO] [stdout] 
[INFO] [stderr] error: could not compile `del-misc` (lib) due to 5 previous errors
[INFO] [stderr] warning: build failed, waiting for other jobs to finish...
[INFO] running `Command { std: "docker" "inspect" "67da9fb313a1947b2140acfb0a5af6313e4f36c200d8d4323d3bba7c3fddeaa5", kill_on_drop: false }`
[INFO] running `Command { std: "docker" "rm" "-f" "67da9fb313a1947b2140acfb0a5af6313e4f36c200d8d4323d3bba7c3fddeaa5", kill_on_drop: false }`
[INFO] [stdout] 67da9fb313a1947b2140acfb0a5af6313e4f36c200d8d4323d3bba7c3fddeaa5
[INFO] testing del-misc-0.1.4 against beta-2023-12-22 for beta-1.76-1
[INFO] extracting crate del-misc 0.1.4 into /workspace/builds/worker-3-tc2/source
[INFO] validating manifest of crates.io crate del-misc 0.1.4 on toolchain beta-2023-12-22
[INFO] running `Command { std: CARGO_HOME="/workspace/cargo-home" RUSTUP_HOME="/workspace/rustup-home" "/workspace/cargo-home/bin/cargo" "+beta-2023-12-22" "metadata" "--manifest-path" "Cargo.toml" "--no-deps", kill_on_drop: false }`
[INFO] started tweaking crates.io crate del-misc 0.1.4
[INFO] finished tweaking crates.io crate del-misc 0.1.4
[INFO] tweaked toml for crates.io crate del-misc 0.1.4 written to /workspace/builds/worker-3-tc2/source/Cargo.toml
[INFO] running `Command { std: CARGO_HOME="/workspace/cargo-home" RUSTUP_HOME="/workspace/rustup-home" "/workspace/cargo-home/bin/cargo" "+beta-2023-12-22" "generate-lockfile" "--manifest-path" "Cargo.toml", kill_on_drop: false }`
[INFO] [stderr]     Blocking waiting for file lock on package cache
[INFO] [stderr]     Updating crates.io index
[INFO] running `Command { std: CARGO_HOME="/workspace/cargo-home" RUSTUP_HOME="/workspace/rustup-home" "/workspace/cargo-home/bin/cargo" "+beta-2023-12-22" "fetch" "--manifest-path" "Cargo.toml", kill_on_drop: false }`
[INFO] running `Command { std: "docker" "create" "-v" "/var/lib/crater-agent-workspace/builds/worker-3-tc2/target:/opt/rustwide/target:rw,Z" "-v" "/var/lib/crater-agent-workspace/builds/worker-3-tc2/source:/opt/rustwide/workdir:ro,Z" "-v" "/var/lib/crater-agent-workspace/cargo-home:/opt/rustwide/cargo-home:ro,Z" "-v" "/var/lib/crater-agent-workspace/rustup-home:/opt/rustwide/rustup-home:ro,Z" "-e" "SOURCE_DIR=/opt/rustwide/workdir" "-e" "CARGO_TARGET_DIR=/opt/rustwide/target" "-e" "CARGO_HOME=/opt/rustwide/cargo-home" "-e" "RUSTUP_HOME=/opt/rustwide/rustup-home" "-w" "/opt/rustwide/workdir" "-m" "1610612736" "--user" "0:0" "--network" "none" "ghcr.io/rust-lang/crates-build-env/linux@sha256:2788e3201cd34a07e3172128adcd8b3090168a8e3bcc40d7c032b9dda1df7d1c" "/opt/rustwide/cargo-home/bin/cargo" "+beta-2023-12-22" "metadata" "--no-deps" "--format-version=1", kill_on_drop: false }`
[INFO] [stdout] 839d63827d41b8ca989f6e37fa23e8b0e0b330a5c5f7300216cf8fdab36a1d28
[INFO] running `Command { std: "docker" "start" "-a" "839d63827d41b8ca989f6e37fa23e8b0e0b330a5c5f7300216cf8fdab36a1d28", kill_on_drop: false }`
[INFO] running `Command { std: "docker" "inspect" "839d63827d41b8ca989f6e37fa23e8b0e0b330a5c5f7300216cf8fdab36a1d28", kill_on_drop: false }`
[INFO] running `Command { std: "docker" "rm" "-f" "839d63827d41b8ca989f6e37fa23e8b0e0b330a5c5f7300216cf8fdab36a1d28", kill_on_drop: false }`
[INFO] [stdout] 839d63827d41b8ca989f6e37fa23e8b0e0b330a5c5f7300216cf8fdab36a1d28
[INFO] running `Command { std: "docker" "create" "-v" "/var/lib/crater-agent-workspace/builds/worker-3-tc2/target:/opt/rustwide/target:rw,Z" "-v" "/var/lib/crater-agent-workspace/builds/worker-3-tc2/source:/opt/rustwide/workdir:ro,Z" "-v" "/var/lib/crater-agent-workspace/cargo-home:/opt/rustwide/cargo-home:ro,Z" "-v" "/var/lib/crater-agent-workspace/rustup-home:/opt/rustwide/rustup-home:ro,Z" "-e" "SOURCE_DIR=/opt/rustwide/workdir" "-e" "CARGO_TARGET_DIR=/opt/rustwide/target" "-e" "CARGO_INCREMENTAL=0" "-e" "RUST_BACKTRACE=full" "-e" "RUSTFLAGS=--cap-lints=warn" "-e" "RUSTDOCFLAGS=--cap-lints=warn" "-e" "CARGO_HOME=/opt/rustwide/cargo-home" "-e" "RUSTUP_HOME=/opt/rustwide/rustup-home" "-w" "/opt/rustwide/workdir" "-m" "1610612736" "--user" "0:0" "--network" "none" "ghcr.io/rust-lang/crates-build-env/linux@sha256:2788e3201cd34a07e3172128adcd8b3090168a8e3bcc40d7c032b9dda1df7d1c" "/opt/rustwide/cargo-home/bin/cargo" "+beta-2023-12-22" "build" "--frozen" "--message-format=json", kill_on_drop: false }`
[INFO] [stdout] 910e879483b6a15daf3fefb231e2c871633448433540784e02a9d23e55ce7cbb
[INFO] running `Command { std: "docker" "start" "-a" "910e879483b6a15daf3fefb231e2c871633448433540784e02a9d23e55ce7cbb", kill_on_drop: false }`
[INFO] [stderr]    Compiling num-traits v0.2.17
[INFO] [stderr]    Compiling num-integer v0.1.45
[INFO] [stderr]    Compiling paste v1.0.14
[INFO] [stderr]    Compiling syn v1.0.109
[INFO] [stderr]    Compiling bytemuck v1.14.0
[INFO] [stderr]    Compiling num-rational v0.4.1
[INFO] [stderr]    Compiling matrixmultiply v0.3.8
[INFO] [stderr]    Compiling typenum v1.17.0
[INFO] [stderr]    Compiling safe_arch v0.7.1
[INFO] [stderr]    Compiling getrandom v0.2.11
[INFO] [stderr]    Compiling rawpointer v0.2.1
[INFO] [stderr]    Compiling rand_core v0.6.4
[INFO] [stderr]    Compiling wide v0.7.13
[INFO] [stderr]    Compiling ppv-lite86 v0.2.17
[INFO] [stderr]    Compiling array-init v2.1.0
[INFO] [stderr]    Compiling rand_chacha v0.3.1
[INFO] [stderr]    Compiling rand v0.8.5
[INFO] [stderr]    Compiling num-complex v0.4.4
[INFO] [stderr]    Compiling approx v0.5.1
[INFO] [stderr]    Compiling ordered-float v4.2.0
[INFO] [stderr]    Compiling simba v0.8.1
[INFO] [stderr]    Compiling nalgebra-macros v0.2.1
[INFO] [stderr]    Compiling nalgebra v0.32.3
[INFO] [stderr]    Compiling del-geo v0.1.14
[INFO] [stderr]    Compiling del-ls v0.1.3
[INFO] [stderr]    Compiling del-msh v0.1.22
[INFO] [stderr]    Compiling del-misc v0.1.4 (/opt/rustwide/workdir)
[INFO] [stdout] error[E0425]: cannot find function `nearest_to_point3_` in module `tri3`
[INFO] [stdout]    --> src/srch_bruteforce.rs:55:40
[INFO] [stdout]     |
[INFO] [stdout] 55  |               let (pn, _r0, _r1) = tri3::nearest_to_point3_(
[INFO] [stdout]     |                                          ^^^^^^^^^^^^^^^^^^ help: a function with a similar name exists: `nearest_to_point3`
[INFO] [stdout]     |
[INFO] [stdout]    ::: /opt/rustwide/cargo-home/registry/src/index.crates.io-6f17d22bba15001f/del-geo-0.1.14/src/tri3.rs:197:1
[INFO] [stdout]     |
[INFO] [stdout] 197 | / pub fn nearest_to_point3<T>(
[INFO] [stdout] 198 | |     q0: &nalgebra::Vector3<T>,
[INFO] [stdout] 199 | |     q1: &nalgebra::Vector3<T>,
[INFO] [stdout] 200 | |     q2: &nalgebra::Vector3<T>,
[INFO] [stdout] ...   |
[INFO] [stdout] 203 | |     where T: nalgebra::RealField + Copy + 'static,
[INFO] [stdout] 204 | |           f64: AsPrimitive<T>
[INFO] [stdout]     | |_____________________________- similarly named function `nearest_to_point3` defined here
[INFO] [stdout] 
[INFO] [stdout] 
[INFO] [stdout] error[E0425]: cannot find function `position_on_mesh_tri3` in module `sampling`
[INFO] [stdout]   --> src/srch_bruteforce.rs:84:27
[INFO] [stdout]    |
[INFO] [stdout] 84 |       let pos_i = sampling::position_on_mesh_tri3(
[INFO] [stdout]    |                             ^^^^^^^^^^^^^^^^^^^^^ help: a function with a similar name exists: `position_on_trimesh3`
[INFO] [stdout]    |
[INFO] [stdout]   ::: /opt/rustwide/cargo-home/registry/src/index.crates.io-6f17d22bba15001f/del-msh-0.1.22/src/sampling.rs:79:1
[INFO] [stdout]    |
[INFO] [stdout] 79 | / pub fn position_on_trimesh3<T>(
[INFO] [stdout] 80 | |     itri: usize,
[INFO] [stdout] 81 | |     r0: T,
[INFO] [stdout] 82 | |     r1: T,
[INFO] [stdout] 83 | |     tri2vtx: &[usize],
[INFO] [stdout] 84 | |     vtx2xyz: &[T]) -> [T; 3]
[INFO] [stdout] 85 | | where T: num_traits::Float
[INFO] [stdout]    | |__________________________- similarly named function `position_on_trimesh3` defined here
[INFO] [stdout] 
[INFO] [stdout] 
[INFO] [stdout] error[E0425]: cannot find function `position_on_mesh_tri3` in module `sampling`
[INFO] [stdout]   --> src/srch_bruteforce.rs:96:35
[INFO] [stdout]    |
[INFO] [stdout] 96 |               let pos_j = sampling::position_on_mesh_tri3(
[INFO] [stdout]    |                                     ^^^^^^^^^^^^^^^^^^^^^ help: a function with a similar name exists: `position_on_trimesh3`
[INFO] [stdout]    |
[INFO] [stdout]   ::: /opt/rustwide/cargo-home/registry/src/index.crates.io-6f17d22bba15001f/del-msh-0.1.22/src/sampling.rs:79:1
[INFO] [stdout]    |
[INFO] [stdout] 79 | / pub fn position_on_trimesh3<T>(
[INFO] [stdout] 80 | |     itri: usize,
[INFO] [stdout] 81 | |     r0: T,
[INFO] [stdout] 82 | |     r1: T,
[INFO] [stdout] 83 | |     tri2vtx: &[usize],
[INFO] [stdout] 84 | |     vtx2xyz: &[T]) -> [T; 3]
[INFO] [stdout] 85 | | where T: num_traits::Float
[INFO] [stdout]    | |__________________________- similarly named function `position_on_trimesh3` defined here
[INFO] [stdout] 
[INFO] [stdout] 
[INFO] [stdout] error[E0277]: the size for values of type `[_]` cannot be known at compilation time
[INFO] [stdout]   --> src/srch_bruteforce.rs:55:18
[INFO] [stdout]    |
[INFO] [stdout] 55 |             let (pn, _r0, _r1) = tri3::nearest_to_point3_(
[INFO] [stdout]    |                  ^^ doesn't have a size known at compile-time
[INFO] [stdout]    |
[INFO] [stdout]    = help: the trait `Sized` is not implemented for `[_]`
[INFO] [stdout]    = note: all local variables must have a statically known size
[INFO] [stdout]    = help: unsized locals are gated as an unstable feature
[INFO] [stdout] 
[INFO] [stdout] 
[INFO] [stdout] error: aborting due to 4 previous errors
[INFO] [stdout] 
[INFO] [stdout] 
[INFO] [stdout] Some errors have detailed explanations: E0277, E0425.
[INFO] [stdout] 
[INFO] [stdout] For more information about an error, try `rustc --explain E0277`.
[INFO] [stdout] 
[INFO] [stderr] error: could not compile `del-misc` (lib) due to 5 previous errors
[INFO] [stderr] warning: build failed, waiting for other jobs to finish...
[INFO] running `Command { std: "docker" "inspect" "910e879483b6a15daf3fefb231e2c871633448433540784e02a9d23e55ce7cbb", kill_on_drop: false }`
[INFO] running `Command { std: "docker" "rm" "-f" "910e879483b6a15daf3fefb231e2c871633448433540784e02a9d23e55ce7cbb", kill_on_drop: false }`
[INFO] [stdout] 910e879483b6a15daf3fefb231e2c871633448433540784e02a9d23e55ce7cbb
