[INFO] fetching crate deduposaur 0.1.0...
[INFO] testing deduposaur-0.1.0 against 1.75.0 for beta-1.76-1
[INFO] extracting crate deduposaur 0.1.0 into /workspace/builds/worker-4-tc1/source
[INFO] validating manifest of crates.io crate deduposaur 0.1.0 on toolchain 1.75.0
[INFO] running `Command { std: CARGO_HOME="/workspace/cargo-home" RUSTUP_HOME="/workspace/rustup-home" "/workspace/cargo-home/bin/cargo" "+1.75.0" "metadata" "--manifest-path" "Cargo.toml" "--no-deps", kill_on_drop: false }`
[INFO] started tweaking crates.io crate deduposaur 0.1.0
[INFO] finished tweaking crates.io crate deduposaur 0.1.0
[INFO] tweaked toml for crates.io crate deduposaur 0.1.0 written to /workspace/builds/worker-4-tc1/source/Cargo.toml
[INFO] crate crates.io crate deduposaur 0.1.0 already has a lockfile, it will not be regenerated
[INFO] running `Command { std: CARGO_HOME="/workspace/cargo-home" RUSTUP_HOME="/workspace/rustup-home" "/workspace/cargo-home/bin/cargo" "+1.75.0" "fetch" "--manifest-path" "Cargo.toml", kill_on_drop: false }`
[INFO] [stderr]     Updating crates.io index
[INFO] [stderr]  Downloading crates ...
[INFO] [stderr]   Downloaded predicates v2.1.1
[INFO] [stderr]   Downloaded predicates-core v1.0.3
[INFO] [stderr]   Downloaded temp-dir v0.1.11
[INFO] [stderr]   Downloaded termtree v0.2.4
[INFO] [stderr]   Downloaded predicates-tree v1.0.5
[INFO] [stderr]   Downloaded float-cmp v0.8.0
[INFO] [stderr]   Downloaded serde_with v1.13.0
[INFO] [stderr]   Downloaded predicates v1.0.8
[INFO] [stderr]   Downloaded assert_cmd v1.0.8
[INFO] [stderr]   Downloaded assert_that v0.1.2
[INFO] running `Command { std: "docker" "create" "-v" "/var/lib/crater-agent-workspace/builds/worker-4-tc1/target:/opt/rustwide/target:rw,Z" "-v" "/var/lib/crater-agent-workspace/builds/worker-4-tc1/source:/opt/rustwide/workdir:ro,Z" "-v" "/var/lib/crater-agent-workspace/cargo-home:/opt/rustwide/cargo-home:ro,Z" "-v" "/var/lib/crater-agent-workspace/rustup-home:/opt/rustwide/rustup-home:ro,Z" "-e" "SOURCE_DIR=/opt/rustwide/workdir" "-e" "CARGO_TARGET_DIR=/opt/rustwide/target" "-e" "CARGO_HOME=/opt/rustwide/cargo-home" "-e" "RUSTUP_HOME=/opt/rustwide/rustup-home" "-w" "/opt/rustwide/workdir" "-m" "1610612736" "--user" "0:0" "--network" "none" "ghcr.io/rust-lang/crates-build-env/linux@sha256:2788e3201cd34a07e3172128adcd8b3090168a8e3bcc40d7c032b9dda1df7d1c" "/opt/rustwide/cargo-home/bin/cargo" "+1.75.0" "metadata" "--no-deps" "--format-version=1", kill_on_drop: false }`
[INFO] [stdout] ea90eb33c6de5bea33142a34614f49ae56f3020882af838631a13efc7b6b55d3
[INFO] running `Command { std: "docker" "start" "-a" "ea90eb33c6de5bea33142a34614f49ae56f3020882af838631a13efc7b6b55d3", kill_on_drop: false }`
[INFO] running `Command { std: "docker" "inspect" "ea90eb33c6de5bea33142a34614f49ae56f3020882af838631a13efc7b6b55d3", kill_on_drop: false }`
[INFO] running `Command { std: "docker" "rm" "-f" "ea90eb33c6de5bea33142a34614f49ae56f3020882af838631a13efc7b6b55d3", kill_on_drop: false }`
[INFO] [stdout] ea90eb33c6de5bea33142a34614f49ae56f3020882af838631a13efc7b6b55d3
[INFO] running `Command { std: "docker" "create" "-v" "/var/lib/crater-agent-workspace/builds/worker-4-tc1/target:/opt/rustwide/target:rw,Z" "-v" "/var/lib/crater-agent-workspace/builds/worker-4-tc1/source:/opt/rustwide/workdir:ro,Z" "-v" "/var/lib/crater-agent-workspace/cargo-home:/opt/rustwide/cargo-home:ro,Z" "-v" "/var/lib/crater-agent-workspace/rustup-home:/opt/rustwide/rustup-home:ro,Z" "-e" "SOURCE_DIR=/opt/rustwide/workdir" "-e" "CARGO_TARGET_DIR=/opt/rustwide/target" "-e" "CARGO_INCREMENTAL=0" "-e" "RUST_BACKTRACE=full" "-e" "RUSTFLAGS=--cap-lints=warn" "-e" "RUSTDOCFLAGS=--cap-lints=warn" "-e" "CARGO_HOME=/opt/rustwide/cargo-home" "-e" "RUSTUP_HOME=/opt/rustwide/rustup-home" "-w" "/opt/rustwide/workdir" "-m" "1610612736" "--user" "0:0" "--network" "none" "ghcr.io/rust-lang/crates-build-env/linux@sha256:2788e3201cd34a07e3172128adcd8b3090168a8e3bcc40d7c032b9dda1df7d1c" "/opt/rustwide/cargo-home/bin/cargo" "+1.75.0" "build" "--frozen" "--message-format=json", kill_on_drop: false }`
[INFO] [stdout] 900aa70414cc4f320ab929c263d51cb8e04db60cc97026a23952be8f7a934eff
[INFO] running `Command { std: "docker" "start" "-a" "900aa70414cc4f320ab929c263d51cb8e04db60cc97026a23952be8f7a934eff", kill_on_drop: false }`
[INFO] [stderr]    Compiling proc-macro2 v1.0.37
[INFO] [stderr]    Compiling unicode-xid v0.2.2
[INFO] [stderr]    Compiling syn v1.0.91
[INFO] [stderr]    Compiling libc v0.2.124
[INFO] [stderr]    Compiling typenum v1.15.0
[INFO] [stderr]    Compiling strsim v0.10.0
[INFO] [stderr]    Compiling generic-array v0.14.5
[INFO] [stderr]    Compiling proc-macro-error-attr v1.0.4
[INFO] [stderr]    Compiling serde_derive v1.0.136
[INFO] [stderr]    Compiling ident_case v1.0.1
[INFO] [stderr]    Compiling fnv v1.0.7
[INFO] [stderr]    Compiling num-traits v0.2.14
[INFO] [stderr]    Compiling proc-macro-error v1.0.4
[INFO] [stderr]    Compiling serde v1.0.136
[INFO] [stderr]    Compiling num-integer v0.1.44
[INFO] [stderr]    Compiling rustversion v1.0.6
[INFO] [stderr]    Compiling unicode-width v0.1.9
[INFO] [stderr]    Compiling unicode-segmentation v1.9.0
[INFO] [stderr]    Compiling textwrap v0.11.0
[INFO] [stderr]    Compiling bitflags v1.3.2
[INFO] [stderr]    Compiling quote v1.0.18
[INFO] [stderr]    Compiling ansi_term v0.12.1
[INFO] [stderr]    Compiling serde_json v1.0.79
[INFO] [stderr]    Compiling atty v0.2.14
[INFO] [stderr]    Compiling heck v0.3.3
[INFO] [stderr]    Compiling strsim v0.8.0
[INFO] [stderr]    Compiling vec_map v0.8.2
[INFO] [stderr]    Compiling time v0.1.44
[INFO] [stderr]    Compiling clap v2.34.0
[INFO] [stderr]    Compiling lazy_static v1.4.0
[INFO] [stderr]    Compiling cpufeatures v0.2.2
[INFO] [stderr]    Compiling itoa v1.0.1
[INFO] [stderr]    Compiling opaque-debug v0.3.0
[INFO] [stderr]    Compiling block-buffer v0.9.0
[INFO] [stderr]    Compiling digest v0.9.0
[INFO] [stderr]    Compiling ryu v1.0.9
[INFO] [stderr]    Compiling chrono v0.4.19
[INFO] [stderr]    Compiling sha2 v0.9.9
[INFO] [stderr]    Compiling filetime v0.2.16
[INFO] [stderr]    Compiling darling_core v0.13.4
[INFO] [stderr]    Compiling structopt-derive v0.4.18
[INFO] [stderr]    Compiling darling_macro v0.13.4
[INFO] [stderr]    Compiling structopt v0.3.26
[INFO] [stderr]    Compiling darling v0.13.4
[INFO] [stderr]    Compiling serde_with_macros v1.5.2
[INFO] [stderr]    Compiling serde_with v1.13.0
[INFO] [stderr]    Compiling deduposaur v0.1.0 (/opt/rustwide/workdir)
[INFO] [stdout] error[E0433]: failed to resolve: could not find `macos` in `os`
[INFO] [stdout]    --> src/main.rs:146:14
[INFO] [stdout]     |
[INFO] [stdout] 146 | use std::os::macos::fs::MetadataExt;
[INFO] [stdout]     |              ^^^^^ could not find `macos` in `os`
[INFO] [stdout] 
[INFO] [stdout] 
[INFO] [stdout] error[E0599]: no method named `st_mtime` found for struct `Metadata` in the current scope
[INFO] [stdout]    --> src/main.rs:277:37
[INFO] [stdout]     |
[INFO] [stdout] 277 |                     mtime: metadata.st_mtime(),
[INFO] [stdout]     |                                     ^^^^^^^^ method not found in `Metadata`
[INFO] [stdout]    --> /rustc/82e1608dfa6e0b5569232559e3d385fea5a93112/library/std/src/os/linux/fs.rs:236:8
[INFO] [stdout]     |
[INFO] [stdout]     = note: the method is available for `Metadata` here
[INFO] [stdout]     |
[INFO] [stdout]     = help: items from traits can only be used if the trait is in scope
[INFO] [stdout] help: the following trait is implemented but not in scope; perhaps add a `use` for it:
[INFO] [stdout]     |
[INFO] [stdout] 136 + use std::os::linux::fs::MetadataExt;
[INFO] [stdout]     |
[INFO] [stdout] 
[INFO] [stdout] 
[INFO] [stdout] error: aborting due to 2 previous errors
[INFO] [stdout] 
[INFO] [stdout] 
[INFO] [stdout] Some errors have detailed explanations: E0433, E0599.
[INFO] [stdout] 
[INFO] [stdout] For more information about an error, try `rustc --explain E0433`.
[INFO] [stdout] 
[INFO] [stderr] error: could not compile `deduposaur` (bin "deduposaur") due to 3 previous errors
[INFO] running `Command { std: "docker" "inspect" "900aa70414cc4f320ab929c263d51cb8e04db60cc97026a23952be8f7a934eff", kill_on_drop: false }`
[INFO] running `Command { std: "docker" "rm" "-f" "900aa70414cc4f320ab929c263d51cb8e04db60cc97026a23952be8f7a934eff", kill_on_drop: false }`
[INFO] [stdout] 900aa70414cc4f320ab929c263d51cb8e04db60cc97026a23952be8f7a934eff
[INFO] testing deduposaur-0.1.0 against beta-2023-12-22 for beta-1.76-1
[INFO] extracting crate deduposaur 0.1.0 into /workspace/builds/worker-4-tc2/source
[INFO] validating manifest of crates.io crate deduposaur 0.1.0 on toolchain beta-2023-12-22
[INFO] running `Command { std: CARGO_HOME="/workspace/cargo-home" RUSTUP_HOME="/workspace/rustup-home" "/workspace/cargo-home/bin/cargo" "+beta-2023-12-22" "metadata" "--manifest-path" "Cargo.toml" "--no-deps", kill_on_drop: false }`
[INFO] started tweaking crates.io crate deduposaur 0.1.0
[INFO] finished tweaking crates.io crate deduposaur 0.1.0
[INFO] tweaked toml for crates.io crate deduposaur 0.1.0 written to /workspace/builds/worker-4-tc2/source/Cargo.toml
[INFO] crate crates.io crate deduposaur 0.1.0 already has a lockfile, it will not be regenerated
[INFO] running `Command { std: CARGO_HOME="/workspace/cargo-home" RUSTUP_HOME="/workspace/rustup-home" "/workspace/cargo-home/bin/cargo" "+beta-2023-12-22" "fetch" "--manifest-path" "Cargo.toml", kill_on_drop: false }`
[INFO] running `Command { std: "docker" "create" "-v" "/var/lib/crater-agent-workspace/builds/worker-4-tc2/target:/opt/rustwide/target:rw,Z" "-v" "/var/lib/crater-agent-workspace/builds/worker-4-tc2/source:/opt/rustwide/workdir:ro,Z" "-v" "/var/lib/crater-agent-workspace/cargo-home:/opt/rustwide/cargo-home:ro,Z" "-v" "/var/lib/crater-agent-workspace/rustup-home:/opt/rustwide/rustup-home:ro,Z" "-e" "SOURCE_DIR=/opt/rustwide/workdir" "-e" "CARGO_TARGET_DIR=/opt/rustwide/target" "-e" "CARGO_HOME=/opt/rustwide/cargo-home" "-e" "RUSTUP_HOME=/opt/rustwide/rustup-home" "-w" "/opt/rustwide/workdir" "-m" "1610612736" "--user" "0:0" "--network" "none" "ghcr.io/rust-lang/crates-build-env/linux@sha256:2788e3201cd34a07e3172128adcd8b3090168a8e3bcc40d7c032b9dda1df7d1c" "/opt/rustwide/cargo-home/bin/cargo" "+beta-2023-12-22" "metadata" "--no-deps" "--format-version=1", kill_on_drop: false }`
[INFO] [stdout] fab21b482adfe4bff49fcc2e962d67ac9c3eddc9e3917ab4c849a97a253b54a2
[INFO] running `Command { std: "docker" "start" "-a" "fab21b482adfe4bff49fcc2e962d67ac9c3eddc9e3917ab4c849a97a253b54a2", kill_on_drop: false }`
[INFO] running `Command { std: "docker" "inspect" "fab21b482adfe4bff49fcc2e962d67ac9c3eddc9e3917ab4c849a97a253b54a2", kill_on_drop: false }`
[INFO] running `Command { std: "docker" "rm" "-f" "fab21b482adfe4bff49fcc2e962d67ac9c3eddc9e3917ab4c849a97a253b54a2", kill_on_drop: false }`
[INFO] [stdout] fab21b482adfe4bff49fcc2e962d67ac9c3eddc9e3917ab4c849a97a253b54a2
[INFO] running `Command { std: "docker" "create" "-v" "/var/lib/crater-agent-workspace/builds/worker-4-tc2/target:/opt/rustwide/target:rw,Z" "-v" "/var/lib/crater-agent-workspace/builds/worker-4-tc2/source:/opt/rustwide/workdir:ro,Z" "-v" "/var/lib/crater-agent-workspace/cargo-home:/opt/rustwide/cargo-home:ro,Z" "-v" "/var/lib/crater-agent-workspace/rustup-home:/opt/rustwide/rustup-home:ro,Z" "-e" "SOURCE_DIR=/opt/rustwide/workdir" "-e" "CARGO_TARGET_DIR=/opt/rustwide/target" "-e" "CARGO_INCREMENTAL=0" "-e" "RUST_BACKTRACE=full" "-e" "RUSTFLAGS=--cap-lints=warn" "-e" "RUSTDOCFLAGS=--cap-lints=warn" "-e" "CARGO_HOME=/opt/rustwide/cargo-home" "-e" "RUSTUP_HOME=/opt/rustwide/rustup-home" "-w" "/opt/rustwide/workdir" "-m" "1610612736" "--user" "0:0" "--network" "none" "ghcr.io/rust-lang/crates-build-env/linux@sha256:2788e3201cd34a07e3172128adcd8b3090168a8e3bcc40d7c032b9dda1df7d1c" "/opt/rustwide/cargo-home/bin/cargo" "+beta-2023-12-22" "build" "--frozen" "--message-format=json", kill_on_drop: false }`
[INFO] [stdout] dd28acbbbdd690083d0dc9cb46ba8b38358b33dac45c60b274560e1d8ea0df44
[INFO] running `Command { std: "docker" "start" "-a" "dd28acbbbdd690083d0dc9cb46ba8b38358b33dac45c60b274560e1d8ea0df44", kill_on_drop: false }`
[INFO] [stderr]    Compiling proc-macro2 v1.0.37
[INFO] [stderr]    Compiling unicode-xid v0.2.2
[INFO] [stderr]    Compiling syn v1.0.91
[INFO] [stderr]    Compiling libc v0.2.124
[INFO] [stderr]    Compiling typenum v1.15.0
[INFO] [stderr]    Compiling ident_case v1.0.1
[INFO] [stderr]    Compiling proc-macro-error-attr v1.0.4
[INFO] [stderr]    Compiling generic-array v0.14.5
[INFO] [stderr]    Compiling fnv v1.0.7
[INFO] [stderr]    Compiling strsim v0.10.0
[INFO] [stderr]    Compiling serde_derive v1.0.136
[INFO] [stderr]    Compiling num-traits v0.2.14
[INFO] [stderr]    Compiling proc-macro-error v1.0.4
[INFO] [stderr]    Compiling serde v1.0.136
[INFO] [stderr]    Compiling num-integer v0.1.44
[INFO] [stderr]    Compiling unicode-width v0.1.9
[INFO] [stderr]    Compiling rustversion v1.0.6
[INFO] [stderr]    Compiling unicode-segmentation v1.9.0
[INFO] [stderr]    Compiling textwrap v0.11.0
[INFO] [stderr]    Compiling quote v1.0.18
[INFO] [stderr]    Compiling atty v0.2.14
[INFO] [stderr]    Compiling heck v0.3.3
[INFO] [stderr]    Compiling ansi_term v0.12.1
[INFO] [stderr]    Compiling vec_map v0.8.2
[INFO] [stderr]    Compiling strsim v0.8.0
[INFO] [stderr]    Compiling bitflags v1.3.2
[INFO] [stderr]    Compiling serde_json v1.0.79
[INFO] [stderr]    Compiling clap v2.34.0
[INFO] [stderr]    Compiling time v0.1.44
[INFO] [stderr]    Compiling opaque-debug v0.3.0
[INFO] [stderr]    Compiling cpufeatures v0.2.2
[INFO] [stderr]    Compiling lazy_static v1.4.0
[INFO] [stderr]    Compiling ryu v1.0.9
[INFO] [stderr]    Compiling itoa v1.0.1
[INFO] [stderr]    Compiling chrono v0.4.19
[INFO] [stderr]    Compiling filetime v0.2.16
[INFO] [stderr]    Compiling block-buffer v0.9.0
[INFO] [stderr]    Compiling digest v0.9.0
[INFO] [stderr]    Compiling sha2 v0.9.9
[INFO] [stderr]    Compiling darling_core v0.13.4
[INFO] [stderr]    Compiling structopt-derive v0.4.18
[INFO] [stderr]    Compiling darling_macro v0.13.4
[INFO] [stderr]    Compiling structopt v0.3.26
[INFO] [stderr]    Compiling darling v0.13.4
[INFO] [stderr]    Compiling serde_with_macros v1.5.2
[INFO] [stderr]    Compiling serde_with v1.13.0
[INFO] [stderr]    Compiling deduposaur v0.1.0 (/opt/rustwide/workdir)
[INFO] [stdout] error[E0433]: failed to resolve: could not find `macos` in `os`
[INFO] [stdout]    --> src/main.rs:146:14
[INFO] [stdout]     |
[INFO] [stdout] 146 | use std::os::macos::fs::MetadataExt;
[INFO] [stdout]     |              ^^^^^ could not find `macos` in `os`
[INFO] [stdout] 
[INFO] [stdout] 
[INFO] [stdout] error[E0599]: no method named `st_mtime` found for struct `Metadata` in the current scope
[INFO] [stdout]    --> src/main.rs:277:37
[INFO] [stdout]     |
[INFO] [stdout] 277 |                     mtime: metadata.st_mtime(),
[INFO] [stdout]     |                                     ^^^^^^^^ method not found in `Metadata`
[INFO] [stdout]    --> /rustc/0e09125c6c3c2fd70d7de961bcf0e51575235fad/library/std/src/os/linux/fs.rs:236:8
[INFO] [stdout]     |
[INFO] [stdout]     = note: the method is available for `Metadata` here
[INFO] [stdout]     |
[INFO] [stdout]     = help: items from traits can only be used if the trait is in scope
[INFO] [stdout] help: the following trait is implemented but not in scope; perhaps add a `use` for it:
[INFO] [stdout]     |
[INFO] [stdout] 136 + use std::os::linux::fs::MetadataExt;
[INFO] [stdout]     |
[INFO] [stdout] 
[INFO] [stdout] 
[INFO] [stdout] error: aborting due to 2 previous errors
[INFO] [stdout] 
[INFO] [stdout] 
[INFO] [stdout] Some errors have detailed explanations: E0433, E0599.
[INFO] [stdout] 
[INFO] [stdout] For more information about an error, try `rustc --explain E0433`.
[INFO] [stdout] 
[INFO] [stderr] error: could not compile `deduposaur` (bin "deduposaur") due to 3 previous errors
[INFO] running `Command { std: "docker" "inspect" "dd28acbbbdd690083d0dc9cb46ba8b38358b33dac45c60b274560e1d8ea0df44", kill_on_drop: false }`
[INFO] running `Command { std: "docker" "rm" "-f" "dd28acbbbdd690083d0dc9cb46ba8b38358b33dac45c60b274560e1d8ea0df44", kill_on_drop: false }`
[INFO] [stdout] dd28acbbbdd690083d0dc9cb46ba8b38358b33dac45c60b274560e1d8ea0df44
