[INFO] fetching crate debridge-solana-sdk 1.0.1...
[INFO] testing debridge-solana-sdk-1.0.1 against 1.75.0 for beta-1.76-1
[INFO] extracting crate debridge-solana-sdk 1.0.1 into /workspace/builds/worker-6-tc1/source
[INFO] validating manifest of crates.io crate debridge-solana-sdk 1.0.1 on toolchain 1.75.0
[INFO] running `Command { std: CARGO_HOME="/workspace/cargo-home" RUSTUP_HOME="/workspace/rustup-home" "/workspace/cargo-home/bin/cargo" "+1.75.0" "metadata" "--manifest-path" "Cargo.toml" "--no-deps", kill_on_drop: false }`
[INFO] started tweaking crates.io crate debridge-solana-sdk 1.0.1
[INFO] finished tweaking crates.io crate debridge-solana-sdk 1.0.1
[INFO] tweaked toml for crates.io crate debridge-solana-sdk 1.0.1 written to /workspace/builds/worker-6-tc1/source/Cargo.toml
[INFO] running `Command { std: CARGO_HOME="/workspace/cargo-home" RUSTUP_HOME="/workspace/rustup-home" "/workspace/cargo-home/bin/cargo" "+1.75.0" "generate-lockfile" "--manifest-path" "Cargo.toml", kill_on_drop: false }`
[INFO] [stderr]     Updating crates.io index
[INFO] running `Command { std: CARGO_HOME="/workspace/cargo-home" RUSTUP_HOME="/workspace/rustup-home" "/workspace/cargo-home/bin/cargo" "+1.75.0" "fetch" "--manifest-path" "Cargo.toml", kill_on_drop: false }`
[INFO] [stderr]  Downloading crates ...
[INFO] [stderr]   Downloaded cfg-match v0.2.1
[INFO] [stderr]   Downloaded env_to_array v0.1.2
[INFO] running `Command { std: "docker" "create" "-v" "/var/lib/crater-agent-workspace/builds/worker-6-tc1/target:/opt/rustwide/target:rw,Z" "-v" "/var/lib/crater-agent-workspace/builds/worker-6-tc1/source:/opt/rustwide/workdir:ro,Z" "-v" "/var/lib/crater-agent-workspace/cargo-home:/opt/rustwide/cargo-home:ro,Z" "-v" "/var/lib/crater-agent-workspace/rustup-home:/opt/rustwide/rustup-home:ro,Z" "-e" "SOURCE_DIR=/opt/rustwide/workdir" "-e" "CARGO_TARGET_DIR=/opt/rustwide/target" "-e" "CARGO_HOME=/opt/rustwide/cargo-home" "-e" "RUSTUP_HOME=/opt/rustwide/rustup-home" "-w" "/opt/rustwide/workdir" "-m" "1610612736" "--user" "0:0" "--network" "none" "ghcr.io/rust-lang/crates-build-env/linux@sha256:2788e3201cd34a07e3172128adcd8b3090168a8e3bcc40d7c032b9dda1df7d1c" "/opt/rustwide/cargo-home/bin/cargo" "+1.75.0" "metadata" "--no-deps" "--format-version=1", kill_on_drop: false }`
[INFO] [stdout] 6e7bafceb3b68af25ca6e0c1c6726a213f8570b07da0e47f96beaf38de09c6d6
[INFO] running `Command { std: "docker" "start" "-a" "6e7bafceb3b68af25ca6e0c1c6726a213f8570b07da0e47f96beaf38de09c6d6", kill_on_drop: false }`
[INFO] running `Command { std: "docker" "inspect" "6e7bafceb3b68af25ca6e0c1c6726a213f8570b07da0e47f96beaf38de09c6d6", kill_on_drop: false }`
[INFO] running `Command { std: "docker" "rm" "-f" "6e7bafceb3b68af25ca6e0c1c6726a213f8570b07da0e47f96beaf38de09c6d6", kill_on_drop: false }`
[INFO] [stdout] 6e7bafceb3b68af25ca6e0c1c6726a213f8570b07da0e47f96beaf38de09c6d6
[INFO] running `Command { std: "docker" "create" "-v" "/var/lib/crater-agent-workspace/builds/worker-6-tc1/target:/opt/rustwide/target:rw,Z" "-v" "/var/lib/crater-agent-workspace/builds/worker-6-tc1/source:/opt/rustwide/workdir:ro,Z" "-v" "/var/lib/crater-agent-workspace/cargo-home:/opt/rustwide/cargo-home:ro,Z" "-v" "/var/lib/crater-agent-workspace/rustup-home:/opt/rustwide/rustup-home:ro,Z" "-e" "SOURCE_DIR=/opt/rustwide/workdir" "-e" "CARGO_TARGET_DIR=/opt/rustwide/target" "-e" "CARGO_INCREMENTAL=0" "-e" "RUST_BACKTRACE=full" "-e" "RUSTFLAGS=--cap-lints=warn" "-e" "RUSTDOCFLAGS=--cap-lints=warn" "-e" "CARGO_HOME=/opt/rustwide/cargo-home" "-e" "RUSTUP_HOME=/opt/rustwide/rustup-home" "-w" "/opt/rustwide/workdir" "-m" "1610612736" "--user" "0:0" "--network" "none" "ghcr.io/rust-lang/crates-build-env/linux@sha256:2788e3201cd34a07e3172128adcd8b3090168a8e3bcc40d7c032b9dda1df7d1c" "/opt/rustwide/cargo-home/bin/cargo" "+1.75.0" "build" "--frozen" "--message-format=json", kill_on_drop: false }`
[INFO] [stdout] 8047ecc1ba14707435996b09a1fb4301f434e9dff7ee49d294179655a6506a47
[INFO] running `Command { std: "docker" "start" "-a" "8047ecc1ba14707435996b09a1fb4301f434e9dff7ee49d294179655a6506a47", kill_on_drop: false }`
[INFO] [stderr]    Compiling version_check v0.9.4
[INFO] [stderr]    Compiling typenum v1.17.0
[INFO] [stderr]    Compiling serde v1.0.194
[INFO] [stderr]    Compiling libc v0.2.151
[INFO] [stderr]    Compiling syn v1.0.109
[INFO] [stderr]    Compiling subtle v2.5.0
[INFO] [stderr]    Compiling num-traits v0.2.17
[INFO] [stderr]    Compiling semver v1.0.21
[INFO] [stderr]    Compiling generic-array v0.14.7
[INFO] [stderr]    Compiling ahash v0.8.7
[INFO] [stderr]    Compiling num-integer v0.1.45
[INFO] [stderr]    Compiling crunchy v0.2.2
[INFO] [stderr]    Compiling either v1.9.0
[INFO] [stderr]    Compiling rustc_version v0.4.0
[INFO] [stderr]    Compiling zeroize_derive v1.4.2
[INFO] [stderr]    Compiling num-bigint v0.4.4
[INFO] [stderr]    Compiling crossbeam-utils v0.8.18
[INFO] [stderr]    Compiling getrandom v0.2.11
[INFO] [stderr]    Compiling getrandom v0.1.16
[INFO] [stderr]    Compiling zerocopy v0.7.32
[INFO] [stderr]    Compiling rand_core v0.6.4
[INFO] [stderr]    Compiling rand_chacha v0.3.1
[INFO] [stderr]    Compiling zeroize v1.3.0
[INFO] [stderr]    Compiling jobserver v0.1.27
[INFO] [stderr]    Compiling rand v0.8.5
[INFO] [stderr]    Compiling paste v1.0.14
[INFO] [stderr]    Compiling cc v1.0.83
[INFO] [stderr]    Compiling digest v0.9.0
[INFO] [stderr]    Compiling ark-std v0.4.0
[INFO] [stderr]    Compiling wasm-bindgen-shared v0.2.89
[INFO] [stderr]    Compiling crossbeam-epoch v0.9.17
[INFO] [stderr]    Compiling libsecp256k1-core v0.2.2
[INFO] [stderr]    Compiling block-buffer v0.10.4
[INFO] [stderr]    Compiling crypto-common v0.1.6
[INFO] [stderr]    Compiling digest v0.10.7
[INFO] [stderr]    Compiling crypto-mac v0.8.0
[INFO] [stderr]    Compiling rand_core v0.5.1
[INFO] [stderr]    Compiling hashbrown v0.13.2
[INFO] [stderr]    Compiling itertools v0.10.5
[INFO] [stderr]    Compiling rayon-core v1.12.0
[INFO] [stderr]    Compiling fnv v1.0.7
[INFO] [stderr]    Compiling cpufeatures v0.2.12
[INFO] [stderr]    Compiling darling_core v0.14.4
[INFO] [stderr]    Compiling crossbeam-deque v0.8.4
[INFO] [stderr]    Compiling ahash v0.7.7
[INFO] [stderr]    Compiling feature-probe v0.1.1
[INFO] [stderr]    Compiling bumpalo v3.14.0
[INFO] [stderr]    Compiling log v0.4.20
[INFO] [stderr]    Compiling bv v0.11.1
[INFO] [stderr]    Compiling blake3 v1.5.0
[INFO] [stderr]    Compiling wasm-bindgen-backend v0.2.89
[INFO] [stderr]    Compiling libsecp256k1-gen-genmult v0.2.1
[INFO] [stderr]    Compiling libsecp256k1-gen-ecmult v0.2.1
[INFO] [stderr]    Compiling rand_chacha v0.2.2
[INFO] [stderr]    Compiling hmac v0.8.1
[INFO] [stderr]    Compiling block-buffer v0.9.0
[INFO] [stderr]    Compiling solana-frozen-abi-macro v1.17.14
[INFO] [stderr]    Compiling bitmaps v2.1.0
[INFO] [stderr]    Compiling toml v0.5.11
[INFO] [stderr]    Compiling im v15.1.0
[INFO] [stderr]    Compiling rustversion v1.0.14
[INFO] [stderr]    Compiling opaque-debug v0.3.0
[INFO] [stderr]    Compiling bs58 v0.4.0
[INFO] [stderr]    Compiling sha2 v0.9.9
[INFO] [stderr]    Compiling wasm-bindgen-macro-support v0.2.89
[INFO] [stderr]    Compiling sized-chunks v0.6.5
[INFO] [stderr]    Compiling rand v0.7.3
[INFO] [stderr]    Compiling rayon v1.8.0
[INFO] [stderr]    Compiling ark-serialize-derive v0.4.2
[INFO] [stderr]    Compiling ark-ff-asm v0.4.2
[INFO] [stderr]    Compiling ark-ff-macros v0.4.2
[INFO] [stderr]    Compiling derivative v2.2.0
[INFO] [stderr]    Compiling proc-macro-crate v0.1.5
[INFO] [stderr]    Compiling darling_macro v0.14.4
[INFO] [stderr]    Compiling ark-serialize v0.4.2
[INFO] [stderr]    Compiling libsecp256k1 v0.6.0
[INFO] [stderr]    Compiling borsh-derive-internal v0.10.3
[INFO] [stderr]    Compiling borsh-derive-internal v0.9.3
[INFO] [stderr]    Compiling borsh-schema-derive-internal v0.10.3
[INFO] [stderr]    Compiling borsh-schema-derive-internal v0.9.3
[INFO] [stderr]    Compiling rand_xoshiro v0.6.0
[INFO] [stderr]    Compiling solana-frozen-abi v1.17.14
[INFO] [stderr]    Compiling darling v0.14.4
[INFO] [stderr]    Compiling memoffset v0.9.0
[INFO] [stderr]    Compiling wasm-bindgen v0.2.89
[INFO] [stderr]    Compiling byteorder v1.5.0
[INFO] [stderr]    Compiling cfg_aliases v0.1.1
[INFO] [stderr]    Compiling constant_time_eq v0.3.0
[INFO] [stderr]    Compiling arrayvec v0.7.4
[INFO] [stderr]    Compiling serde_json v1.0.111
[INFO] [stderr]    Compiling borsh v1.3.0
[INFO] [stderr]    Compiling derive_builder_core v0.12.0
[INFO] [stderr]    Compiling borsh-derive v0.10.3
[INFO] [stderr]    Compiling borsh-derive v0.9.3
[INFO] [stderr]    Compiling hashbrown v0.11.2
[INFO] [stderr]    Compiling wasm-bindgen-macro v0.2.89
[INFO] [stderr]    Compiling unicode-normalization v0.1.22
[INFO] [stderr]    Compiling ark-ff v0.4.2
[INFO] [stderr]    Compiling hmac-drbg v0.3.0
[INFO] [stderr]    Compiling solana-program v1.17.14
[INFO] [stderr]    Compiling sha2 v0.10.8
[INFO] [stderr]    Compiling pbkdf2 v0.4.0
[INFO] [stderr]    Compiling serde_bytes v0.11.14
[INFO] [stderr]    Compiling memmap2 v0.5.10
[INFO] [stderr]    Compiling bytemuck_derive v1.5.0
[INFO] [stderr]    Compiling rustc-hash v1.1.0
[INFO] [stderr]    Compiling env_to_array v0.1.2
[INFO] [stderr]    Compiling base64 v0.12.3
[INFO] [stderr]    Compiling keccak v0.1.4
[INFO] [stderr]    Compiling solana-sdk-macro v1.17.14
[INFO] [stderr]    Compiling tiny-bip39 v0.8.2
[INFO] [stderr]    Compiling sha3 v0.10.8
[INFO] [stderr]    Compiling borsh v0.9.3
[INFO] [stderr]    Compiling derive_builder_macro v0.12.0
[INFO] [stderr]    Compiling bytemuck v1.14.0
[INFO] [stderr]    Compiling borsh v0.10.3
[INFO] [stderr]    Compiling curve25519-dalek v3.2.1
[INFO] [stderr]    Compiling num-derive v0.3.3
[INFO] [stderr]    Compiling bitflags v2.4.1
[INFO] [stderr]    Compiling bincode v1.3.3
[INFO] [stderr]    Compiling base64 v0.13.1
[INFO] [stderr]    Compiling base64 v0.21.5
[INFO] [stderr]    Compiling derive_builder v0.12.0
[INFO] [stderr]    Compiling cfg-match v0.2.1
[INFO] [stderr]    Compiling ark-poly v0.4.2
[INFO] [stderr]    Compiling ark-ec v0.4.2
[INFO] [stderr]    Compiling ark-bn254 v0.4.0
[INFO] [stderr]    Compiling light-poseidon v0.2.0
[INFO] [stderr]    Compiling debridge-solana-sdk v1.0.1 (/opt/rustwide/workdir)
[INFO] [stdout] error: cannot find derive macro `BorshSerialize` in this scope
[INFO] [stdout]   --> src/sending.rs:42:10
[INFO] [stdout]    |
[INFO] [stdout] 42 | #[derive(BorshSerialize, BorshDeserialize)]
[INFO] [stdout]    |          ^^^^^^^^^^^^^^
[INFO] [stdout]    |
[INFO] [stdout] note: `BorshSerialize` is imported here, but it is only a trait, without a derive macro
[INFO] [stdout]   --> src/sending.rs:20:31
[INFO] [stdout]    |
[INFO] [stdout] 20 | use borsh::{BorshDeserialize, BorshSerialize};
[INFO] [stdout]    |                               ^^^^^^^^^^^^^^
[INFO] [stdout] 
[INFO] [stdout] 
[INFO] [stdout] error: cannot find derive macro `BorshDeserialize` in this scope
[INFO] [stdout]   --> src/sending.rs:42:26
[INFO] [stdout]    |
[INFO] [stdout] 42 | #[derive(BorshSerialize, BorshDeserialize)]
[INFO] [stdout]    |                          ^^^^^^^^^^^^^^^^
[INFO] [stdout]    |
[INFO] [stdout] note: `BorshDeserialize` is imported here, but it is only a trait, without a derive macro
[INFO] [stdout]   --> src/sending.rs:20:13
[INFO] [stdout]    |
[INFO] [stdout] 20 | use borsh::{BorshDeserialize, BorshSerialize};
[INFO] [stdout]    |             ^^^^^^^^^^^^^^^^
[INFO] [stdout] 
[INFO] [stdout] 
[INFO] [stdout] error: cannot find derive macro `BorshSerialize` in this scope
[INFO] [stdout]   --> src/sending.rs:59:10
[INFO] [stdout]    |
[INFO] [stdout] 59 | #[derive(BorshSerialize, BorshDeserialize)]
[INFO] [stdout]    |          ^^^^^^^^^^^^^^
[INFO] [stdout]    |
[INFO] [stdout] note: `BorshSerialize` is imported here, but it is only a trait, without a derive macro
[INFO] [stdout]   --> src/sending.rs:20:31
[INFO] [stdout]    |
[INFO] [stdout] 20 | use borsh::{BorshDeserialize, BorshSerialize};
[INFO] [stdout]    |                               ^^^^^^^^^^^^^^
[INFO] [stdout] 
[INFO] [stdout] 
[INFO] [stdout] error: cannot find derive macro `BorshDeserialize` in this scope
[INFO] [stdout]   --> src/sending.rs:59:26
[INFO] [stdout]    |
[INFO] [stdout] 59 | #[derive(BorshSerialize, BorshDeserialize)]
[INFO] [stdout]    |                          ^^^^^^^^^^^^^^^^
[INFO] [stdout]    |
[INFO] [stdout] note: `BorshDeserialize` is imported here, but it is only a trait, without a derive macro
[INFO] [stdout]   --> src/sending.rs:20:13
[INFO] [stdout]    |
[INFO] [stdout] 20 | use borsh::{BorshDeserialize, BorshSerialize};
[INFO] [stdout]    |             ^^^^^^^^^^^^^^^^
[INFO] [stdout] 
[INFO] [stdout] 
[INFO] [stdout] error: cannot find derive macro `BorshSerialize` in this scope
[INFO] [stdout]    --> src/sending.rs:191:10
[INFO] [stdout]     |
[INFO] [stdout] 191 | #[derive(BorshSerialize, BorshDeserialize)]
[INFO] [stdout]     |          ^^^^^^^^^^^^^^
[INFO] [stdout]     |
[INFO] [stdout] note: `BorshSerialize` is imported here, but it is only a trait, without a derive macro
[INFO] [stdout]    --> src/sending.rs:20:31
[INFO] [stdout]     |
[INFO] [stdout] 20  | use borsh::{BorshDeserialize, BorshSerialize};
[INFO] [stdout]     |                               ^^^^^^^^^^^^^^
[INFO] [stdout] 
[INFO] [stdout] 
[INFO] [stdout] error: cannot find derive macro `BorshDeserialize` in this scope
[INFO] [stdout]    --> src/sending.rs:191:26
[INFO] [stdout]     |
[INFO] [stdout] 191 | #[derive(BorshSerialize, BorshDeserialize)]
[INFO] [stdout]     |                          ^^^^^^^^^^^^^^^^
[INFO] [stdout]     |
[INFO] [stdout] note: `BorshDeserialize` is imported here, but it is only a trait, without a derive macro
[INFO] [stdout]    --> src/sending.rs:20:13
[INFO] [stdout]     |
[INFO] [stdout] 20  | use borsh::{BorshDeserialize, BorshSerialize};
[INFO] [stdout]     |             ^^^^^^^^^^^^^^^^
[INFO] [stdout] 
[INFO] [stdout] 
[INFO] [stdout] error: cannot find derive macro `BorshSerialize` in this scope
[INFO] [stdout]   --> src/debridge_accounts.rs:63:10
[INFO] [stdout]    |
[INFO] [stdout] 63 | #[derive(BorshSerialize, BorshDeserialize)]
[INFO] [stdout]    |          ^^^^^^^^^^^^^^
[INFO] [stdout]    |
[INFO] [stdout] note: `BorshSerialize` is imported here, but it is only a trait, without a derive macro
[INFO] [stdout]   --> src/debridge_accounts.rs:20:31
[INFO] [stdout]    |
[INFO] [stdout] 20 | use borsh::{BorshDeserialize, BorshSerialize};
[INFO] [stdout]    |                               ^^^^^^^^^^^^^^
[INFO] [stdout] 
[INFO] [stdout] 
[INFO] [stdout] error: cannot find derive macro `BorshDeserialize` in this scope
[INFO] [stdout]   --> src/debridge_accounts.rs:63:26
[INFO] [stdout]    |
[INFO] [stdout] 63 | #[derive(BorshSerialize, BorshDeserialize)]
[INFO] [stdout]    |                          ^^^^^^^^^^^^^^^^
[INFO] [stdout]    |
[INFO] [stdout] note: `BorshDeserialize` is imported here, but it is only a trait, without a derive macro
[INFO] [stdout]   --> src/debridge_accounts.rs:20:13
[INFO] [stdout]    |
[INFO] [stdout] 20 | use borsh::{BorshDeserialize, BorshSerialize};
[INFO] [stdout]    |             ^^^^^^^^^^^^^^^^
[INFO] [stdout] 
[INFO] [stdout] 
[INFO] [stdout] error: cannot find derive macro `BorshSerialize` in this scope
[INFO] [stdout]   --> src/debridge_accounts.rs:92:10
[INFO] [stdout]    |
[INFO] [stdout] 92 | #[derive(BorshSerialize, BorshDeserialize, Clone, Debug)]
[INFO] [stdout]    |          ^^^^^^^^^^^^^^
[INFO] [stdout]    |
[INFO] [stdout] note: `BorshSerialize` is imported here, but it is only a trait, without a derive macro
[INFO] [stdout]   --> src/debridge_accounts.rs:20:31
[INFO] [stdout]    |
[INFO] [stdout] 20 | use borsh::{BorshDeserialize, BorshSerialize};
[INFO] [stdout]    |                               ^^^^^^^^^^^^^^
[INFO] [stdout] 
[INFO] [stdout] 
[INFO] [stdout] error: cannot find derive macro `BorshDeserialize` in this scope
[INFO] [stdout]   --> src/debridge_accounts.rs:92:26
[INFO] [stdout]    |
[INFO] [stdout] 92 | #[derive(BorshSerialize, BorshDeserialize, Clone, Debug)]
[INFO] [stdout]    |                          ^^^^^^^^^^^^^^^^
[INFO] [stdout]    |
[INFO] [stdout] note: `BorshDeserialize` is imported here, but it is only a trait, without a derive macro
[INFO] [stdout]   --> src/debridge_accounts.rs:20:13
[INFO] [stdout]    |
[INFO] [stdout] 20 | use borsh::{BorshDeserialize, BorshSerialize};
[INFO] [stdout]    |             ^^^^^^^^^^^^^^^^
[INFO] [stdout] 
[INFO] [stdout] 
[INFO] [stdout] error: cannot find derive macro `BorshSerialize` in this scope
[INFO] [stdout]    --> src/debridge_accounts.rs:117:10
[INFO] [stdout]     |
[INFO] [stdout] 117 | #[derive(BorshSerialize, BorshDeserialize, Clone, Debug)]
[INFO] [stdout]     |          ^^^^^^^^^^^^^^
[INFO] [stdout]     |
[INFO] [stdout] note: `BorshSerialize` is imported here, but it is only a trait, without a derive macro
[INFO] [stdout]    --> src/debridge_accounts.rs:20:31
[INFO] [stdout]     |
[INFO] [stdout] 20  | use borsh::{BorshDeserialize, BorshSerialize};
[INFO] [stdout]     |                               ^^^^^^^^^^^^^^
[INFO] [stdout] 
[INFO] [stdout] 
[INFO] [stdout] error: cannot find derive macro `BorshDeserialize` in this scope
[INFO] [stdout]    --> src/debridge_accounts.rs:117:26
[INFO] [stdout]     |
[INFO] [stdout] 117 | #[derive(BorshSerialize, BorshDeserialize, Clone, Debug)]
[INFO] [stdout]     |                          ^^^^^^^^^^^^^^^^
[INFO] [stdout]     |
[INFO] [stdout] note: `BorshDeserialize` is imported here, but it is only a trait, without a derive macro
[INFO] [stdout]    --> src/debridge_accounts.rs:20:13
[INFO] [stdout]     |
[INFO] [stdout] 20  | use borsh::{BorshDeserialize, BorshSerialize};
[INFO] [stdout]     |             ^^^^^^^^^^^^^^^^
[INFO] [stdout] 
[INFO] [stdout] 
[INFO] [stdout] error: cannot find derive macro `BorshSerialize` in this scope
[INFO] [stdout]    --> src/debridge_accounts.rs:124:10
[INFO] [stdout]     |
[INFO] [stdout] 124 | #[derive(BorshSerialize, BorshDeserialize, Clone, Debug)]
[INFO] [stdout]     |          ^^^^^^^^^^^^^^
[INFO] [stdout]     |
[INFO] [stdout] note: `BorshSerialize` is imported here, but it is only a trait, without a derive macro
[INFO] [stdout]    --> src/debridge_accounts.rs:20:31
[INFO] [stdout]     |
[INFO] [stdout] 20  | use borsh::{BorshDeserialize, BorshSerialize};
[INFO] [stdout]     |                               ^^^^^^^^^^^^^^
[INFO] [stdout] 
[INFO] [stdout] 
[INFO] [stdout] error: cannot find derive macro `BorshDeserialize` in this scope
[INFO] [stdout]    --> src/debridge_accounts.rs:124:26
[INFO] [stdout]     |
[INFO] [stdout] 124 | #[derive(BorshSerialize, BorshDeserialize, Clone, Debug)]
[INFO] [stdout]     |                          ^^^^^^^^^^^^^^^^
[INFO] [stdout]     |
[INFO] [stdout] note: `BorshDeserialize` is imported here, but it is only a trait, without a derive macro
[INFO] [stdout]    --> src/debridge_accounts.rs:20:13
[INFO] [stdout]     |
[INFO] [stdout] 20  | use borsh::{BorshDeserialize, BorshSerialize};
[INFO] [stdout]     |             ^^^^^^^^^^^^^^^^
[INFO] [stdout] 
[INFO] [stdout] 
[INFO] [stdout] error: cannot find derive macro `BorshSerialize` in this scope
[INFO] [stdout]    --> src/debridge_accounts.rs:135:10
[INFO] [stdout]     |
[INFO] [stdout] 135 | #[derive(BorshSerialize, BorshDeserialize, Clone, Debug)]
[INFO] [stdout]     |          ^^^^^^^^^^^^^^
[INFO] [stdout]     |
[INFO] [stdout] note: `BorshSerialize` is imported here, but it is only a trait, without a derive macro
[INFO] [stdout]    --> src/debridge_accounts.rs:20:31
[INFO] [stdout]     |
[INFO] [stdout] 20  | use borsh::{BorshDeserialize, BorshSerialize};
[INFO] [stdout]     |                               ^^^^^^^^^^^^^^
[INFO] [stdout] 
[INFO] [stdout] 
[INFO] [stdout] error: cannot find derive macro `BorshDeserialize` in this scope
[INFO] [stdout]    --> src/debridge_accounts.rs:135:26
[INFO] [stdout]     |
[INFO] [stdout] 135 | #[derive(BorshSerialize, BorshDeserialize, Clone, Debug)]
[INFO] [stdout]     |                          ^^^^^^^^^^^^^^^^
[INFO] [stdout]     |
[INFO] [stdout] note: `BorshDeserialize` is imported here, but it is only a trait, without a derive macro
[INFO] [stdout]    --> src/debridge_accounts.rs:20:13
[INFO] [stdout]     |
[INFO] [stdout] 20  | use borsh::{BorshDeserialize, BorshSerialize};
[INFO] [stdout]     |             ^^^^^^^^^^^^^^^^
[INFO] [stdout] 
[INFO] [stdout] 
[INFO] [stdout] error: cannot find derive macro `BorshSerialize` in this scope
[INFO] [stdout]    --> src/debridge_accounts.rs:167:10
[INFO] [stdout]     |
[INFO] [stdout] 167 | #[derive(BorshSerialize, BorshDeserialize, Clone, Debug)]
[INFO] [stdout]     |          ^^^^^^^^^^^^^^
[INFO] [stdout]     |
[INFO] [stdout] note: `BorshSerialize` is imported here, but it is only a trait, without a derive macro
[INFO] [stdout]    --> src/debridge_accounts.rs:20:31
[INFO] [stdout]     |
[INFO] [stdout] 20  | use borsh::{BorshDeserialize, BorshSerialize};
[INFO] [stdout]     |                               ^^^^^^^^^^^^^^
[INFO] [stdout] 
[INFO] [stdout] 
[INFO] [stdout] error: cannot find derive macro `BorshDeserialize` in this scope
[INFO] [stdout]    --> src/debridge_accounts.rs:167:26
[INFO] [stdout]     |
[INFO] [stdout] 167 | #[derive(BorshSerialize, BorshDeserialize, Clone, Debug)]
[INFO] [stdout]     |                          ^^^^^^^^^^^^^^^^
[INFO] [stdout]     |
[INFO] [stdout] note: `BorshDeserialize` is imported here, but it is only a trait, without a derive macro
[INFO] [stdout]    --> src/debridge_accounts.rs:20:13
[INFO] [stdout]     |
[INFO] [stdout] 20  | use borsh::{BorshDeserialize, BorshSerialize};
[INFO] [stdout]     |             ^^^^^^^^^^^^^^^^
[INFO] [stdout] 
[INFO] [stdout] 
[INFO] [stdout] error: cannot find derive macro `BorshSerialize` in this scope
[INFO] [stdout]    --> src/debridge_accounts.rs:189:10
[INFO] [stdout]     |
[INFO] [stdout] 189 | #[derive(BorshSerialize, BorshDeserialize, Clone, Debug)]
[INFO] [stdout]     |          ^^^^^^^^^^^^^^
[INFO] [stdout]     |
[INFO] [stdout] note: `BorshSerialize` is imported here, but it is only a trait, without a derive macro
[INFO] [stdout]    --> src/debridge_accounts.rs:20:31
[INFO] [stdout]     |
[INFO] [stdout] 20  | use borsh::{BorshDeserialize, BorshSerialize};
[INFO] [stdout]     |                               ^^^^^^^^^^^^^^
[INFO] [stdout] 
[INFO] [stdout] 
[INFO] [stdout] error: cannot find derive macro `BorshDeserialize` in this scope
[INFO] [stdout]    --> src/debridge_accounts.rs:189:26
[INFO] [stdout]     |
[INFO] [stdout] 189 | #[derive(BorshSerialize, BorshDeserialize, Clone, Debug)]
[INFO] [stdout]     |                          ^^^^^^^^^^^^^^^^
[INFO] [stdout]     |
[INFO] [stdout] note: `BorshDeserialize` is imported here, but it is only a trait, without a derive macro
[INFO] [stdout]    --> src/debridge_accounts.rs:20:13
[INFO] [stdout]     |
[INFO] [stdout] 20  | use borsh::{BorshDeserialize, BorshSerialize};
[INFO] [stdout]     |             ^^^^^^^^^^^^^^^^
[INFO] [stdout] 
[INFO] [stdout] 
[INFO] [stdout] error: cannot find derive macro `BorshSerialize` in this scope
[INFO] [stdout]    --> src/debridge_accounts.rs:220:10
[INFO] [stdout]     |
[INFO] [stdout] 220 | #[derive(BorshSerialize, BorshDeserialize, Clone, Debug)]
[INFO] [stdout]     |          ^^^^^^^^^^^^^^
[INFO] [stdout]     |
[INFO] [stdout] note: `BorshSerialize` is imported here, but it is only a trait, without a derive macro
[INFO] [stdout]    --> src/debridge_accounts.rs:20:31
[INFO] [stdout]     |
[INFO] [stdout] 20  | use borsh::{BorshDeserialize, BorshSerialize};
[INFO] [stdout]     |                               ^^^^^^^^^^^^^^
[INFO] [stdout] 
[INFO] [stdout] 
[INFO] [stdout] error: cannot find derive macro `BorshDeserialize` in this scope
[INFO] [stdout]    --> src/debridge_accounts.rs:220:26
[INFO] [stdout]     |
[INFO] [stdout] 220 | #[derive(BorshSerialize, BorshDeserialize, Clone, Debug)]
[INFO] [stdout]     |                          ^^^^^^^^^^^^^^^^
[INFO] [stdout]     |
[INFO] [stdout] note: `BorshDeserialize` is imported here, but it is only a trait, without a derive macro
[INFO] [stdout]    --> src/debridge_accounts.rs:20:13
[INFO] [stdout]     |
[INFO] [stdout] 20  | use borsh::{BorshDeserialize, BorshSerialize};
[INFO] [stdout]     |             ^^^^^^^^^^^^^^^^
[INFO] [stdout] 
[INFO] [stdout] 
[INFO] [stdout] error: cannot find derive macro `BorshSerialize` in this scope
[INFO] [stdout]    --> src/debridge_accounts.rs:226:10
[INFO] [stdout]     |
[INFO] [stdout] 226 | #[derive(BorshSerialize, BorshDeserialize, Clone, Debug)]
[INFO] [stdout]     |          ^^^^^^^^^^^^^^
[INFO] [stdout]     |
[INFO] [stdout] note: `BorshSerialize` is imported here, but it is only a trait, without a derive macro
[INFO] [stdout]    --> src/debridge_accounts.rs:20:31
[INFO] [stdout]     |
[INFO] [stdout] 20  | use borsh::{BorshDeserialize, BorshSerialize};
[INFO] [stdout]     |                               ^^^^^^^^^^^^^^
[INFO] [stdout] 
[INFO] [stdout] 
[INFO] [stdout] error: cannot find derive macro `BorshDeserialize` in this scope
[INFO] [stdout]    --> src/debridge_accounts.rs:226:26
[INFO] [stdout]     |
[INFO] [stdout] 226 | #[derive(BorshSerialize, BorshDeserialize, Clone, Debug)]
[INFO] [stdout]     |                          ^^^^^^^^^^^^^^^^
[INFO] [stdout]     |
[INFO] [stdout] note: `BorshDeserialize` is imported here, but it is only a trait, without a derive macro
[INFO] [stdout]    --> src/debridge_accounts.rs:20:13
[INFO] [stdout]     |
[INFO] [stdout] 20  | use borsh::{BorshDeserialize, BorshSerialize};
[INFO] [stdout]     |             ^^^^^^^^^^^^^^^^
[INFO] [stdout] 
[INFO] [stdout] 
[INFO] [stdout] error[E0599]: no method named `try_to_vec` found for struct `SendIx` in the current scope
[INFO] [stdout]    --> src/sending.rs:182:21
[INFO] [stdout]     |
[INFO] [stdout] 43  | pub struct SendIx {
[INFO] [stdout]     | ----------------- method `try_to_vec` not found for this struct
[INFO] [stdout] ...
[INFO] [stdout] 182 |             send_ix.try_to_vec()?.as_slice(),
[INFO] [stdout]     |                     ^^^^^^^^^^ method not found in `SendIx`
[INFO] [stdout]     |
[INFO] [stdout]     = help: items from traits can only be used if the trait is implemented and in scope
[INFO] [stdout]     = note: the following traits define an item `try_to_vec`, perhaps you need to implement one of them:
[INFO] [stdout]             candidate #1: `borsh::ser::BorshSerialize`
[INFO] [stdout]             candidate #2: `borsh::ser::BorshSerialize`
[INFO] [stdout] 
[INFO] [stdout] 
[INFO] [stdout] error[E0599]: the variant or associated item `try_from_account` exists for enum `ExternalCallMeta`, but its trait bounds were not satisfied
[INFO] [stdout]    --> src/sending.rs:238:40
[INFO] [stdout]     |
[INFO] [stdout] 238 |         return match ExternalCallMeta::try_from_account(&external_call_meta)? {
[INFO] [stdout]     |                                        ^^^^^^^^^^^^^^^^ variant or associated item cannot be called on `ExternalCallMeta` due to unsatisfied trait bounds
[INFO] [stdout]     |
[INFO] [stdout]    ::: src/debridge_accounts.rs:227:1
[INFO] [stdout]     |
[INFO] [stdout] 227 | pub enum ExternalCallMeta {
[INFO] [stdout]     | -------------------------
[INFO] [stdout]     | |
[INFO] [stdout]     | variant or associated item `try_from_account` not found for this enum
[INFO] [stdout]     | doesn't satisfy `ExternalCallMeta: BorshDeserialize`
[INFO] [stdout]     | doesn't satisfy `ExternalCallMeta: BorshSerialize`
[INFO] [stdout]     | doesn't satisfy `ExternalCallMeta: TryFromAccount`
[INFO] [stdout]     |
[INFO] [stdout] note: the following trait bounds were not satisfied:
[INFO] [stdout]       `&ExternalCallMeta: BorshDeserialize`
[INFO] [stdout]       `&ExternalCallMeta: BorshSerialize`
[INFO] [stdout]       `&ExternalCallMeta: Discriminator`
[INFO] [stdout]       `&mut ExternalCallMeta: BorshDeserialize`
[INFO] [stdout]       `&mut ExternalCallMeta: BorshSerialize`
[INFO] [stdout]       `&mut ExternalCallMeta: Discriminator`
[INFO] [stdout]       `ExternalCallMeta: BorshDeserialize`
[INFO] [stdout]       `ExternalCallMeta: BorshSerialize`
[INFO] [stdout]    --> src/debridge_accounts.rs:40:15
[INFO] [stdout]     |
[INFO] [stdout] 40  | impl<ACCOUNT: Discriminator + Sized + BorshSerialize + BorshDeserialize> TryFromAccount
[INFO] [stdout]     |               ^^^^^^^^^^^^^           ^^^^^^^^^^^^^^   ^^^^^^^^^^^^^^^^  --------------
[INFO] [stdout]     |               |                       |                |
[INFO] [stdout]     |               |                       |                unsatisfied trait bound introduced here
[INFO] [stdout]     |               |                       unsatisfied trait bound introduced here
[INFO] [stdout]     |               unsatisfied trait bound introduced here
[INFO] [stdout] 41  |     for ACCOUNT
[INFO] [stdout]     |         -------
[INFO] [stdout] note: the traits `BorshDeserialize` and `BorshSerialize` must be implemented
[INFO] [stdout]    --> /opt/rustwide/cargo-home/registry/src/index.crates.io-6f17d22bba15001f/borsh-1.3.0/src/de/mod.rs:36:1
[INFO] [stdout]     |
[INFO] [stdout] 36  | pub trait BorshDeserialize: Sized {
[INFO] [stdout]     | ^^^^^^^^^^^^^^^^^^^^^^^^^^^^^^^^^
[INFO] [stdout]     |
[INFO] [stdout]    ::: /opt/rustwide/cargo-home/registry/src/index.crates.io-6f17d22bba15001f/borsh-1.3.0/src/ser/mod.rs:51:1
[INFO] [stdout]     |
[INFO] [stdout] 51  | pub trait BorshSerialize {
[INFO] [stdout]     | ^^^^^^^^^^^^^^^^^^^^^^^^
[INFO] [stdout] 
[INFO] [stdout] 
[INFO] [stdout] error[E0599]: no method named `try_to_vec` found for struct `InitExternalCallIx` in the current scope
[INFO] [stdout]    --> src/sending.rs:278:18
[INFO] [stdout]     |
[INFO] [stdout] 192 |   pub struct InitExternalCallIx {
[INFO] [stdout]     |   ----------------------------- method `try_to_vec` not found for this struct
[INFO] [stdout] ...
[INFO] [stdout] 272 | /                 InitExternalCallIx {
[INFO] [stdout] 273 | |                     external_call_len: external_call.len() as u32,
[INFO] [stdout] 274 | |                     chain_id: SOLANA_CHAIN_ID,
[INFO] [stdout] 275 | |                     external_call_shortcut: SolanaKeccak256::hash(external_call),
[INFO] [stdout] 276 | |                     external_call: external_call.to_vec(),
[INFO] [stdout] 277 | |                 }
[INFO] [stdout] 278 | |                 .try_to_vec()
[INFO] [stdout]     | |                 -^^^^^^^^^^ method not found in `InitExternalCallIx`
[INFO] [stdout]     | |_________________|
[INFO] [stdout]     | 
[INFO] [stdout]     |
[INFO] [stdout]     = help: items from traits can only be used if the trait is implemented and in scope
[INFO] [stdout]     = note: the following traits define an item `try_to_vec`, perhaps you need to implement one of them:
[INFO] [stdout]             candidate #1: `borsh::ser::BorshSerialize`
[INFO] [stdout]             candidate #2: `borsh::ser::BorshSerialize`
[INFO] [stdout] 
[INFO] [stdout] 
[INFO] [stdout] error[E0277]: the trait bound `debridge_accounts::State: BorshSerialize` is not satisfied
[INFO] [stdout]    --> src/sending.rs:416:5
[INFO] [stdout]     |
[INFO] [stdout] 416 |     get_account_by_index(account_infos, STATE_INDEX)
[INFO] [stdout]     |     ^^^^^^^^^^^^^^^^^^^^ the trait `BorshSerialize` is not implemented for `debridge_accounts::State`
[INFO] [stdout]     |
[INFO] [stdout]     = help: the following other types implement trait `BorshSerialize`:
[INFO] [stdout]               bool
[INFO] [stdout]               isize
[INFO] [stdout]               i8
[INFO] [stdout]               i16
[INFO] [stdout]               i32
[INFO] [stdout]               i64
[INFO] [stdout]               i128
[INFO] [stdout]               usize
[INFO] [stdout]             and 67 others
[INFO] [stdout] note: required for `debridge_accounts::State` to implement `TryFromAccount`
[INFO] [stdout]    --> src/debridge_accounts.rs:40:74
[INFO] [stdout]     |
[INFO] [stdout] 40  | impl<ACCOUNT: Discriminator + Sized + BorshSerialize + BorshDeserialize> TryFromAccount
[INFO] [stdout]     |                                       --------------                     ^^^^^^^^^^^^^^
[INFO] [stdout]     |                                       |
[INFO] [stdout]     |                                       unsatisfied trait bound introduced here
[INFO] [stdout] 41  |     for ACCOUNT
[INFO] [stdout]     |         ^^^^^^^
[INFO] [stdout] note: required by a bound in `get_account_by_index`
[INFO] [stdout]    --> src/sending.rs:484:32
[INFO] [stdout]     |
[INFO] [stdout] 484 | pub fn get_account_by_index<T: TryFromAccount<Error = Error>>(
[INFO] [stdout]     |                                ^^^^^^^^^^^^^^^^^^^^^^^^^^^^^ required by this bound in `get_account_by_index`
[INFO] [stdout] 
[INFO] [stdout] 
[INFO] [stdout] error[E0277]: the trait bound `debridge_accounts::State: BorshDeserialize` is not satisfied
[INFO] [stdout]    --> src/sending.rs:416:5
[INFO] [stdout]     |
[INFO] [stdout] 416 |     get_account_by_index(account_infos, STATE_INDEX)
[INFO] [stdout]     |     ^^^^^^^^^^^^^^^^^^^^ the trait `BorshDeserialize` is not implemented for `debridge_accounts::State`
[INFO] [stdout]     |
[INFO] [stdout]     = help: the following other types implement trait `BorshDeserialize`:
[INFO] [stdout]               bool
[INFO] [stdout]               isize
[INFO] [stdout]               i8
[INFO] [stdout]               i16
[INFO] [stdout]               i32
[INFO] [stdout]               i64
[INFO] [stdout]               i128
[INFO] [stdout]               usize
[INFO] [stdout]             and 64 others
[INFO] [stdout] note: required for `debridge_accounts::State` to implement `TryFromAccount`
[INFO] [stdout]    --> src/debridge_accounts.rs:40:74
[INFO] [stdout]     |
[INFO] [stdout] 40  | impl<ACCOUNT: Discriminator + Sized + BorshSerialize + BorshDeserialize> TryFromAccount
[INFO] [stdout]     |                                                        ----------------  ^^^^^^^^^^^^^^
[INFO] [stdout]     |                                                        |
[INFO] [stdout]     |                                                        unsatisfied trait bound introduced here
[INFO] [stdout] 41  |     for ACCOUNT
[INFO] [stdout]     |         ^^^^^^^
[INFO] [stdout] note: required by a bound in `get_account_by_index`
[INFO] [stdout]    --> src/sending.rs:484:32
[INFO] [stdout]     |
[INFO] [stdout] 484 | pub fn get_account_by_index<T: TryFromAccount<Error = Error>>(
[INFO] [stdout]     |                                ^^^^^^^^^^^^^^^^^^^^^^^^^^^^^ required by this bound in `get_account_by_index`
[INFO] [stdout] 
[INFO] [stdout] 
[INFO] [stdout] error[E0277]: the trait bound `ChainSupportInfo: BorshSerialize` is not satisfied
[INFO] [stdout]    --> src/sending.rs:429:24
[INFO] [stdout]     |
[INFO] [stdout] 429 |         .and_then(|()| get_account_by_index(account_infos, CHAIN_SUPPORT_INFO_INDEX))
[INFO] [stdout]     |                        ^^^^^^^^^^^^^^^^^^^^ the trait `BorshSerialize` is not implemented for `ChainSupportInfo`
[INFO] [stdout]     |
[INFO] [stdout]     = help: the following other types implement trait `BorshSerialize`:
[INFO] [stdout]               bool
[INFO] [stdout]               isize
[INFO] [stdout]               i8
[INFO] [stdout]               i16
[INFO] [stdout]               i32
[INFO] [stdout]               i64
[INFO] [stdout]               i128
[INFO] [stdout]               usize
[INFO] [stdout]             and 67 others
[INFO] [stdout] note: required for `ChainSupportInfo` to implement `TryFromAccount`
[INFO] [stdout]    --> src/debridge_accounts.rs:40:74
[INFO] [stdout]     |
[INFO] [stdout] 40  | impl<ACCOUNT: Discriminator + Sized + BorshSerialize + BorshDeserialize> TryFromAccount
[INFO] [stdout]     |                                       --------------                     ^^^^^^^^^^^^^^
[INFO] [stdout]     |                                       |
[INFO] [stdout]     |                                       unsatisfied trait bound introduced here
[INFO] [stdout] 41  |     for ACCOUNT
[INFO] [stdout]     |         ^^^^^^^
[INFO] [stdout] note: required by a bound in `get_account_by_index`
[INFO] [stdout]    --> src/sending.rs:484:32
[INFO] [stdout]     |
[INFO] [stdout] 484 | pub fn get_account_by_index<T: TryFromAccount<Error = Error>>(
[INFO] [stdout]     |                                ^^^^^^^^^^^^^^^^^^^^^^^^^^^^^ required by this bound in `get_account_by_index`
[INFO] [stdout] 
[INFO] [stdout] 
[INFO] [stdout] error[E0277]: the trait bound `ChainSupportInfo: BorshDeserialize` is not satisfied
[INFO] [stdout]    --> src/sending.rs:429:24
[INFO] [stdout]     |
[INFO] [stdout] 429 |         .and_then(|()| get_account_by_index(account_infos, CHAIN_SUPPORT_INFO_INDEX))
[INFO] [stdout]     |                        ^^^^^^^^^^^^^^^^^^^^ the trait `BorshDeserialize` is not implemented for `ChainSupportInfo`
[INFO] [stdout]     |
[INFO] [stdout]     = help: the following other types implement trait `BorshDeserialize`:
[INFO] [stdout]               bool
[INFO] [stdout]               isize
[INFO] [stdout]               i8
[INFO] [stdout]               i16
[INFO] [stdout]               i32
[INFO] [stdout]               i64
[INFO] [stdout]               i128
[INFO] [stdout]               usize
[INFO] [stdout]             and 64 others
[INFO] [stdout] note: required for `ChainSupportInfo` to implement `TryFromAccount`
[INFO] [stdout]    --> src/debridge_accounts.rs:40:74
[INFO] [stdout]     |
[INFO] [stdout] 40  | impl<ACCOUNT: Discriminator + Sized + BorshSerialize + BorshDeserialize> TryFromAccount
[INFO] [stdout]     |                                                        ----------------  ^^^^^^^^^^^^^^
[INFO] [stdout]     |                                                        |
[INFO] [stdout]     |                                                        unsatisfied trait bound introduced here
[INFO] [stdout] 41  |     for ACCOUNT
[INFO] [stdout]     |         ^^^^^^^
[INFO] [stdout] note: required by a bound in `get_account_by_index`
[INFO] [stdout]    --> src/sending.rs:484:32
[INFO] [stdout]     |
[INFO] [stdout] 484 | pub fn get_account_by_index<T: TryFromAccount<Error = Error>>(
[INFO] [stdout]     |                                ^^^^^^^^^^^^^^^^^^^^^^^^^^^^^ required by this bound in `get_account_by_index`
[INFO] [stdout] 
[INFO] [stdout] 
[INFO] [stdout] error[E0277]: the trait bound `AssetFeeInfo: BorshSerialize` is not satisfied
[INFO] [stdout]    --> src/sending.rs:476:24
[INFO] [stdout]     |
[INFO] [stdout] 476 |         .and_then(|()| get_account_by_index(account_infos, ASSET_FEE_INDEX))
[INFO] [stdout]     |                        ^^^^^^^^^^^^^^^^^^^^ the trait `BorshSerialize` is not implemented for `AssetFeeInfo`
[INFO] [stdout]     |
[INFO] [stdout]     = help: the following other types implement trait `BorshSerialize`:
[INFO] [stdout]               bool
[INFO] [stdout]               isize
[INFO] [stdout]               i8
[INFO] [stdout]               i16
[INFO] [stdout]               i32
[INFO] [stdout]               i64
[INFO] [stdout]               i128
[INFO] [stdout]               usize
[INFO] [stdout]             and 67 others
[INFO] [stdout] note: required for `AssetFeeInfo` to implement `TryFromAccount`
[INFO] [stdout]    --> src/debridge_accounts.rs:40:74
[INFO] [stdout]     |
[INFO] [stdout] 40  | impl<ACCOUNT: Discriminator + Sized + BorshSerialize + BorshDeserialize> TryFromAccount
[INFO] [stdout]     |                                       --------------                     ^^^^^^^^^^^^^^
[INFO] [stdout]     |                                       |
[INFO] [stdout]     |                                       unsatisfied trait bound introduced here
[INFO] [stdout] 41  |     for ACCOUNT
[INFO] [stdout]     |         ^^^^^^^
[INFO] [stdout] note: required by a bound in `get_account_by_index`
[INFO] [stdout]    --> src/sending.rs:484:32
[INFO] [stdout]     |
[INFO] [stdout] 484 | pub fn get_account_by_index<T: TryFromAccount<Error = Error>>(
[INFO] [stdout]     |                                ^^^^^^^^^^^^^^^^^^^^^^^^^^^^^ required by this bound in `get_account_by_index`
[INFO] [stdout] 
[INFO] [stdout] 
[INFO] [stdout] error[E0277]: the trait bound `AssetFeeInfo: BorshDeserialize` is not satisfied
[INFO] [stdout]    --> src/sending.rs:476:24
[INFO] [stdout]     |
[INFO] [stdout] 476 |         .and_then(|()| get_account_by_index(account_infos, ASSET_FEE_INDEX))
[INFO] [stdout]     |                        ^^^^^^^^^^^^^^^^^^^^ the trait `BorshDeserialize` is not implemented for `AssetFeeInfo`
[INFO] [stdout]     |
[INFO] [stdout]     = help: the following other types implement trait `BorshDeserialize`:
[INFO] [stdout]               bool
[INFO] [stdout]               isize
[INFO] [stdout]               i8
[INFO] [stdout]               i16
[INFO] [stdout]               i32
[INFO] [stdout]               i64
[INFO] [stdout]               i128
[INFO] [stdout]               usize
[INFO] [stdout]             and 64 others
[INFO] [stdout] note: required for `AssetFeeInfo` to implement `TryFromAccount`
[INFO] [stdout]    --> src/debridge_accounts.rs:40:74
[INFO] [stdout]     |
[INFO] [stdout] 40  | impl<ACCOUNT: Discriminator + Sized + BorshSerialize + BorshDeserialize> TryFromAccount
[INFO] [stdout]     |                                                        ----------------  ^^^^^^^^^^^^^^
[INFO] [stdout]     |                                                        |
[INFO] [stdout]     |                                                        unsatisfied trait bound introduced here
[INFO] [stdout] 41  |     for ACCOUNT
[INFO] [stdout]     |         ^^^^^^^
[INFO] [stdout] note: required by a bound in `get_account_by_index`
[INFO] [stdout]    --> src/sending.rs:484:32
[INFO] [stdout]     |
[INFO] [stdout] 484 | pub fn get_account_by_index<T: TryFromAccount<Error = Error>>(
[INFO] [stdout]     |                                ^^^^^^^^^^^^^^^^^^^^^^^^^^^^^ required by this bound in `get_account_by_index`
[INFO] [stdout] 
[INFO] [stdout] 
[INFO] [stdout] error[E0599]: the function or associated item `try_from_account` exists for struct `SubmissionAccount`, but its trait bounds were not satisfied
[INFO] [stdout]    --> src/check_claiming.rs:124:32
[INFO] [stdout]     |
[INFO] [stdout] 124 |         } = SubmissionAccount::try_from_account(submission)?;
[INFO] [stdout]     |                                ^^^^^^^^^^^^^^^^ function or associated item cannot be called on `SubmissionAccount` due to unsatisfied trait bounds
[INFO] [stdout]     |
[INFO] [stdout]    ::: src/debridge_accounts.rs:64:1
[INFO] [stdout]     |
[INFO] [stdout] 64  | pub struct SubmissionAccount {
[INFO] [stdout]     | ----------------------------
[INFO] [stdout]     | |
[INFO] [stdout]     | function or associated item `try_from_account` not found for this struct
[INFO] [stdout]     | doesn't satisfy `SubmissionAccount: BorshDeserialize`
[INFO] [stdout]     | doesn't satisfy `SubmissionAccount: BorshSerialize`
[INFO] [stdout]     | doesn't satisfy `SubmissionAccount: TryFromAccount`
[INFO] [stdout]     |
[INFO] [stdout] note: the following trait bounds were not satisfied:
[INFO] [stdout]       `&SubmissionAccount: BorshDeserialize`
[INFO] [stdout]       `&SubmissionAccount: BorshSerialize`
[INFO] [stdout]       `&SubmissionAccount: Discriminator`
[INFO] [stdout]       `&mut SubmissionAccount: BorshDeserialize`
[INFO] [stdout]       `&mut SubmissionAccount: BorshSerialize`
[INFO] [stdout]       `&mut SubmissionAccount: Discriminator`
[INFO] [stdout]       `SubmissionAccount: BorshDeserialize`
[INFO] [stdout]       `SubmissionAccount: BorshSerialize`
[INFO] [stdout]    --> src/debridge_accounts.rs:40:15
[INFO] [stdout]     |
[INFO] [stdout] 40  | impl<ACCOUNT: Discriminator + Sized + BorshSerialize + BorshDeserialize> TryFromAccount
[INFO] [stdout]     |               ^^^^^^^^^^^^^           ^^^^^^^^^^^^^^   ^^^^^^^^^^^^^^^^  --------------
[INFO] [stdout]     |               |                       |                |
[INFO] [stdout]     |               |                       |                unsatisfied trait bound introduced here
[INFO] [stdout]     |               |                       unsatisfied trait bound introduced here
[INFO] [stdout]     |               unsatisfied trait bound introduced here
[INFO] [stdout] 41  |     for ACCOUNT
[INFO] [stdout]     |         -------
[INFO] [stdout] note: the traits `BorshDeserialize` and `BorshSerialize` must be implemented
[INFO] [stdout]    --> /opt/rustwide/cargo-home/registry/src/index.crates.io-6f17d22bba15001f/borsh-1.3.0/src/de/mod.rs:36:1
[INFO] [stdout]     |
[INFO] [stdout] 36  | pub trait BorshDeserialize: Sized {
[INFO] [stdout]     | ^^^^^^^^^^^^^^^^^^^^^^^^^^^^^^^^^
[INFO] [stdout]     |
[INFO] [stdout]    ::: /opt/rustwide/cargo-home/registry/src/index.crates.io-6f17d22bba15001f/borsh-1.3.0/src/ser/mod.rs:51:1
[INFO] [stdout]     |
[INFO] [stdout] 51  | pub trait BorshSerialize {
[INFO] [stdout]     | ^^^^^^^^^^^^^^^^^^^^^^^^
[INFO] [stdout] 
[INFO] [stdout] 
[INFO] [stdout] warning: unused import: `TryFromAccount`
[INFO] [stdout]   --> src/check_claiming.rs:26:44
[INFO] [stdout]    |
[INFO] [stdout] 26 |     debridge_accounts::{SubmissionAccount, TryFromAccount, EXECUTE_EXTERNAL_CALL_DISCRIMINATOR},
[INFO] [stdout]    |                                            ^^^^^^^^^^^^^^
[INFO] [stdout]    |
[INFO] [stdout]    = note: `#[warn(unused_imports)]` on by default
[INFO] [stdout] 
[INFO] [stdout] 
[INFO] [stdout] error: aborting due to 34 previous errors; 1 warning emitted
[INFO] [stdout] 
[INFO] [stdout] 
[INFO] [stdout] Some errors have detailed explanations: E0277, E0599.
[INFO] [stdout] 
[INFO] [stdout] For more information about an error, try `rustc --explain E0277`.
[INFO] [stdout] 
[INFO] [stderr] error: could not compile `debridge-solana-sdk` (lib) due to 35 previous errors; 1 warning emitted
[INFO] running `Command { std: "docker" "inspect" "8047ecc1ba14707435996b09a1fb4301f434e9dff7ee49d294179655a6506a47", kill_on_drop: false }`
[INFO] running `Command { std: "docker" "rm" "-f" "8047ecc1ba14707435996b09a1fb4301f434e9dff7ee49d294179655a6506a47", kill_on_drop: false }`
[INFO] [stdout] 8047ecc1ba14707435996b09a1fb4301f434e9dff7ee49d294179655a6506a47
[INFO] testing debridge-solana-sdk-1.0.1 against beta-2023-12-22 for beta-1.76-1
[INFO] extracting crate debridge-solana-sdk 1.0.1 into /workspace/builds/worker-6-tc2/source
[INFO] validating manifest of crates.io crate debridge-solana-sdk 1.0.1 on toolchain beta-2023-12-22
[INFO] running `Command { std: CARGO_HOME="/workspace/cargo-home" RUSTUP_HOME="/workspace/rustup-home" "/workspace/cargo-home/bin/cargo" "+beta-2023-12-22" "metadata" "--manifest-path" "Cargo.toml" "--no-deps", kill_on_drop: false }`
[INFO] started tweaking crates.io crate debridge-solana-sdk 1.0.1
[INFO] finished tweaking crates.io crate debridge-solana-sdk 1.0.1
[INFO] tweaked toml for crates.io crate debridge-solana-sdk 1.0.1 written to /workspace/builds/worker-6-tc2/source/Cargo.toml
[INFO] running `Command { std: CARGO_HOME="/workspace/cargo-home" RUSTUP_HOME="/workspace/rustup-home" "/workspace/cargo-home/bin/cargo" "+beta-2023-12-22" "generate-lockfile" "--manifest-path" "Cargo.toml", kill_on_drop: false }`
[INFO] [stderr]     Updating crates.io index
[INFO] running `Command { std: CARGO_HOME="/workspace/cargo-home" RUSTUP_HOME="/workspace/rustup-home" "/workspace/cargo-home/bin/cargo" "+beta-2023-12-22" "fetch" "--manifest-path" "Cargo.toml", kill_on_drop: false }`
[INFO] running `Command { std: "docker" "create" "-v" "/var/lib/crater-agent-workspace/builds/worker-6-tc2/target:/opt/rustwide/target:rw,Z" "-v" "/var/lib/crater-agent-workspace/builds/worker-6-tc2/source:/opt/rustwide/workdir:ro,Z" "-v" "/var/lib/crater-agent-workspace/cargo-home:/opt/rustwide/cargo-home:ro,Z" "-v" "/var/lib/crater-agent-workspace/rustup-home:/opt/rustwide/rustup-home:ro,Z" "-e" "SOURCE_DIR=/opt/rustwide/workdir" "-e" "CARGO_TARGET_DIR=/opt/rustwide/target" "-e" "CARGO_HOME=/opt/rustwide/cargo-home" "-e" "RUSTUP_HOME=/opt/rustwide/rustup-home" "-w" "/opt/rustwide/workdir" "-m" "1610612736" "--user" "0:0" "--network" "none" "ghcr.io/rust-lang/crates-build-env/linux@sha256:2788e3201cd34a07e3172128adcd8b3090168a8e3bcc40d7c032b9dda1df7d1c" "/opt/rustwide/cargo-home/bin/cargo" "+beta-2023-12-22" "metadata" "--no-deps" "--format-version=1", kill_on_drop: false }`
[INFO] [stdout] 003f751e3a0493179610906398c209b91880e0303a7bb35448b3fca7327d69cd
[INFO] running `Command { std: "docker" "start" "-a" "003f751e3a0493179610906398c209b91880e0303a7bb35448b3fca7327d69cd", kill_on_drop: false }`
[INFO] running `Command { std: "docker" "inspect" "003f751e3a0493179610906398c209b91880e0303a7bb35448b3fca7327d69cd", kill_on_drop: false }`
[INFO] running `Command { std: "docker" "rm" "-f" "003f751e3a0493179610906398c209b91880e0303a7bb35448b3fca7327d69cd", kill_on_drop: false }`
[INFO] [stdout] 003f751e3a0493179610906398c209b91880e0303a7bb35448b3fca7327d69cd
[INFO] running `Command { std: "docker" "create" "-v" "/var/lib/crater-agent-workspace/builds/worker-6-tc2/target:/opt/rustwide/target:rw,Z" "-v" "/var/lib/crater-agent-workspace/builds/worker-6-tc2/source:/opt/rustwide/workdir:ro,Z" "-v" "/var/lib/crater-agent-workspace/cargo-home:/opt/rustwide/cargo-home:ro,Z" "-v" "/var/lib/crater-agent-workspace/rustup-home:/opt/rustwide/rustup-home:ro,Z" "-e" "SOURCE_DIR=/opt/rustwide/workdir" "-e" "CARGO_TARGET_DIR=/opt/rustwide/target" "-e" "CARGO_INCREMENTAL=0" "-e" "RUST_BACKTRACE=full" "-e" "RUSTFLAGS=--cap-lints=warn" "-e" "RUSTDOCFLAGS=--cap-lints=warn" "-e" "CARGO_HOME=/opt/rustwide/cargo-home" "-e" "RUSTUP_HOME=/opt/rustwide/rustup-home" "-w" "/opt/rustwide/workdir" "-m" "1610612736" "--user" "0:0" "--network" "none" "ghcr.io/rust-lang/crates-build-env/linux@sha256:2788e3201cd34a07e3172128adcd8b3090168a8e3bcc40d7c032b9dda1df7d1c" "/opt/rustwide/cargo-home/bin/cargo" "+beta-2023-12-22" "build" "--frozen" "--message-format=json", kill_on_drop: false }`
[INFO] [stdout] ce86b6096c98cb8f6bfccb0d13ab90557b61dc81bb24d895e99dea9e1dc3a447
[INFO] running `Command { std: "docker" "start" "-a" "ce86b6096c98cb8f6bfccb0d13ab90557b61dc81bb24d895e99dea9e1dc3a447", kill_on_drop: false }`
[INFO] [stderr]    Compiling version_check v0.9.4
[INFO] [stderr]    Compiling typenum v1.17.0
[INFO] [stderr]    Compiling serde v1.0.194
[INFO] [stderr]    Compiling libc v0.2.151
[INFO] [stderr]    Compiling syn v1.0.109
[INFO] [stderr]    Compiling subtle v2.5.0
[INFO] [stderr]    Compiling num-traits v0.2.17
[INFO] [stderr]    Compiling semver v1.0.21
[INFO] [stderr]    Compiling generic-array v0.14.7
[INFO] [stderr]    Compiling ahash v0.8.7
[INFO] [stderr]    Compiling num-integer v0.1.45
[INFO] [stderr]    Compiling crunchy v0.2.2
[INFO] [stderr]    Compiling either v1.9.0
[INFO] [stderr]    Compiling rustc_version v0.4.0
[INFO] [stderr]    Compiling zeroize_derive v1.4.2
[INFO] [stderr]    Compiling num-bigint v0.4.4
[INFO] [stderr]    Compiling getrandom v0.2.11
[INFO] [stderr]    Compiling getrandom v0.1.16
[INFO] [stderr]    Compiling crossbeam-utils v0.8.18
[INFO] [stderr]    Compiling zerocopy v0.7.32
[INFO] [stderr]    Compiling rand_core v0.6.4
[INFO] [stderr]    Compiling rand_chacha v0.3.1
[INFO] [stderr]    Compiling jobserver v0.1.27
[INFO] [stderr]    Compiling zeroize v1.3.0
[INFO] [stderr]    Compiling rand v0.8.5
[INFO] [stderr]    Compiling paste v1.0.14
[INFO] [stderr]    Compiling digest v0.9.0
[INFO] [stderr]    Compiling cc v1.0.83
[INFO] [stderr]    Compiling ark-std v0.4.0
[INFO] [stderr]    Compiling crypto-common v0.1.6
[INFO] [stderr]    Compiling block-buffer v0.10.4
[INFO] [stderr]    Compiling digest v0.10.7
[INFO] [stderr]    Compiling wasm-bindgen-shared v0.2.89
[INFO] [stderr]    Compiling rand_core v0.5.1
[INFO] [stderr]    Compiling libsecp256k1-core v0.2.2
[INFO] [stderr]    Compiling crypto-mac v0.8.0
[INFO] [stderr]    Compiling crossbeam-epoch v0.9.17
[INFO] [stderr]    Compiling hashbrown v0.13.2
[INFO] [stderr]    Compiling itertools v0.10.5
[INFO] [stderr]    Compiling rayon-core v1.12.0
[INFO] [stderr]    Compiling fnv v1.0.7
[INFO] [stderr]    Compiling cpufeatures v0.2.12
[INFO] [stderr]    Compiling darling_core v0.14.4
[INFO] [stderr]    Compiling crossbeam-deque v0.8.4
[INFO] [stderr]    Compiling ahash v0.7.7
[INFO] [stderr]    Compiling bumpalo v3.14.0
[INFO] [stderr]    Compiling feature-probe v0.1.1
[INFO] [stderr]    Compiling log v0.4.20
[INFO] [stderr]    Compiling bv v0.11.1
[INFO] [stderr]    Compiling wasm-bindgen-backend v0.2.89
[INFO] [stderr]    Compiling blake3 v1.5.0
[INFO] [stderr]    Compiling libsecp256k1-gen-genmult v0.2.1
[INFO] [stderr]    Compiling libsecp256k1-gen-ecmult v0.2.1
[INFO] [stderr]    Compiling hmac v0.8.1
[INFO] [stderr]    Compiling rand_chacha v0.2.2
[INFO] [stderr]    Compiling block-buffer v0.9.0
[INFO] [stderr]    Compiling bitmaps v2.1.0
[INFO] [stderr]    Compiling solana-frozen-abi-macro v1.17.14
[INFO] [stderr]    Compiling toml v0.5.11
[INFO] [stderr]    Compiling im v15.1.0
[INFO] [stderr]    Compiling rustversion v1.0.14
[INFO] [stderr]    Compiling bs58 v0.4.0
[INFO] [stderr]    Compiling opaque-debug v0.3.0
[INFO] [stderr]    Compiling sha2 v0.9.9
[INFO] [stderr]    Compiling sized-chunks v0.6.5
[INFO] [stderr]    Compiling wasm-bindgen-macro-support v0.2.89
[INFO] [stderr]    Compiling ark-serialize-derive v0.4.2
[INFO] [stderr]    Compiling ark-ff-macros v0.4.2
[INFO] [stderr]    Compiling ark-ff-asm v0.4.2
[INFO] [stderr]    Compiling derivative v2.2.0
[INFO] [stderr]    Compiling proc-macro-crate v0.1.5
[INFO] [stderr]    Compiling darling_macro v0.14.4
[INFO] [stderr]    Compiling ark-serialize v0.4.2
[INFO] [stderr]    Compiling rand v0.7.3
[INFO] [stderr]    Compiling libsecp256k1 v0.6.0
[INFO] [stderr]    Compiling rayon v1.8.0
[INFO] [stderr]    Compiling borsh-schema-derive-internal v0.9.3
[INFO] [stderr]    Compiling borsh-derive-internal v0.10.3
[INFO] [stderr]    Compiling borsh-derive-internal v0.9.3
[INFO] [stderr]    Compiling borsh-schema-derive-internal v0.10.3
[INFO] [stderr]    Compiling rand_xoshiro v0.6.0
[INFO] [stderr]    Compiling darling v0.14.4
[INFO] [stderr]    Compiling solana-frozen-abi v1.17.14
[INFO] [stderr]    Compiling memoffset v0.9.0
[INFO] [stderr]    Compiling arrayvec v0.7.4
[INFO] [stderr]    Compiling wasm-bindgen v0.2.89
[INFO] [stderr]    Compiling constant_time_eq v0.3.0
[INFO] [stderr]    Compiling byteorder v1.5.0
[INFO] [stderr]    Compiling cfg_aliases v0.1.1
[INFO] [stderr]    Compiling serde_json v1.0.111
[INFO] [stderr]    Compiling borsh v1.3.0
[INFO] [stderr]    Compiling borsh-derive v0.9.3
[INFO] [stderr]    Compiling borsh-derive v0.10.3
[INFO] [stderr]    Compiling derive_builder_core v0.12.0
[INFO] [stderr]    Compiling hashbrown v0.11.2
[INFO] [stderr]    Compiling ark-ff v0.4.2
[INFO] [stderr]    Compiling wasm-bindgen-macro v0.2.89
[INFO] [stderr]    Compiling unicode-normalization v0.1.22
[INFO] [stderr]    Compiling hmac-drbg v0.3.0
[INFO] [stderr]    Compiling solana-program v1.17.14
[INFO] [stderr]    Compiling sha2 v0.10.8
[INFO] [stderr]    Compiling pbkdf2 v0.4.0
[INFO] [stderr]    Compiling serde_bytes v0.11.14
[INFO] [stderr]    Compiling memmap2 v0.5.10
[INFO] [stderr]    Compiling bytemuck_derive v1.5.0
[INFO] [stderr]    Compiling base64 v0.12.3
[INFO] [stderr]    Compiling rustc-hash v1.1.0
[INFO] [stderr]    Compiling keccak v0.1.4
[INFO] [stderr]    Compiling env_to_array v0.1.2
[INFO] [stderr]    Compiling sha3 v0.10.8
[INFO] [stderr]    Compiling tiny-bip39 v0.8.2
[INFO] [stderr]    Compiling solana-sdk-macro v1.17.14
[INFO] [stderr]    Compiling derive_builder_macro v0.12.0
[INFO] [stderr]    Compiling bytemuck v1.14.0
[INFO] [stderr]    Compiling borsh v0.10.3
[INFO] [stderr]    Compiling borsh v0.9.3
[INFO] [stderr]    Compiling curve25519-dalek v3.2.1
[INFO] [stderr]    Compiling num-derive v0.3.3
[INFO] [stderr]    Compiling bitflags v2.4.1
[INFO] [stderr]    Compiling bincode v1.3.3
[INFO] [stderr]    Compiling base64 v0.13.1
[INFO] [stderr]    Compiling base64 v0.21.5
[INFO] [stderr]    Compiling derive_builder v0.12.0
[INFO] [stderr]    Compiling cfg-match v0.2.1
[INFO] [stderr]    Compiling ark-poly v0.4.2
[INFO] [stderr]    Compiling ark-ec v0.4.2
[INFO] [stderr]    Compiling ark-bn254 v0.4.0
[INFO] [stderr]    Compiling light-poseidon v0.2.0
[INFO] [stderr]    Compiling debridge-solana-sdk v1.0.1 (/opt/rustwide/workdir)
[INFO] [stdout] error: cannot find derive macro `BorshSerialize` in this scope
[INFO] [stdout]   --> src/sending.rs:42:10
[INFO] [stdout]    |
[INFO] [stdout] 42 | #[derive(BorshSerialize, BorshDeserialize)]
[INFO] [stdout]    |          ^^^^^^^^^^^^^^
[INFO] [stdout]    |
[INFO] [stdout] note: `BorshSerialize` is imported here, but it is only a trait, without a derive macro
[INFO] [stdout]   --> src/sending.rs:20:31
[INFO] [stdout]    |
[INFO] [stdout] 20 | use borsh::{BorshDeserialize, BorshSerialize};
[INFO] [stdout]    |                               ^^^^^^^^^^^^^^
[INFO] [stdout] 
[INFO] [stdout] 
[INFO] [stdout] error: cannot find derive macro `BorshDeserialize` in this scope
[INFO] [stdout]   --> src/sending.rs:42:26
[INFO] [stdout]    |
[INFO] [stdout] 42 | #[derive(BorshSerialize, BorshDeserialize)]
[INFO] [stdout]    |                          ^^^^^^^^^^^^^^^^
[INFO] [stdout]    |
[INFO] [stdout] note: `BorshDeserialize` is imported here, but it is only a trait, without a derive macro
[INFO] [stdout]   --> src/sending.rs:20:13
[INFO] [stdout]    |
[INFO] [stdout] 20 | use borsh::{BorshDeserialize, BorshSerialize};
[INFO] [stdout]    |             ^^^^^^^^^^^^^^^^
[INFO] [stdout] 
[INFO] [stdout] 
[INFO] [stdout] error: cannot find derive macro `BorshSerialize` in this scope
[INFO] [stdout]   --> src/sending.rs:59:10
[INFO] [stdout]    |
[INFO] [stdout] 59 | #[derive(BorshSerialize, BorshDeserialize)]
[INFO] [stdout]    |          ^^^^^^^^^^^^^^
[INFO] [stdout]    |
[INFO] [stdout] note: `BorshSerialize` is imported here, but it is only a trait, without a derive macro
[INFO] [stdout]   --> src/sending.rs:20:31
[INFO] [stdout]    |
[INFO] [stdout] 20 | use borsh::{BorshDeserialize, BorshSerialize};
[INFO] [stdout]    |                               ^^^^^^^^^^^^^^
[INFO] [stdout] 
[INFO] [stdout] 
[INFO] [stdout] error: cannot find derive macro `BorshDeserialize` in this scope
[INFO] [stdout]   --> src/sending.rs:59:26
[INFO] [stdout]    |
[INFO] [stdout] 59 | #[derive(BorshSerialize, BorshDeserialize)]
[INFO] [stdout]    |                          ^^^^^^^^^^^^^^^^
[INFO] [stdout]    |
[INFO] [stdout] note: `BorshDeserialize` is imported here, but it is only a trait, without a derive macro
[INFO] [stdout]   --> src/sending.rs:20:13
[INFO] [stdout]    |
[INFO] [stdout] 20 | use borsh::{BorshDeserialize, BorshSerialize};
[INFO] [stdout]    |             ^^^^^^^^^^^^^^^^
[INFO] [stdout] 
[INFO] [stdout] 
[INFO] [stdout] error: cannot find derive macro `BorshSerialize` in this scope
[INFO] [stdout]    --> src/sending.rs:191:10
[INFO] [stdout]     |
[INFO] [stdout] 191 | #[derive(BorshSerialize, BorshDeserialize)]
[INFO] [stdout]     |          ^^^^^^^^^^^^^^
[INFO] [stdout]     |
[INFO] [stdout] note: `BorshSerialize` is imported here, but it is only a trait, without a derive macro
[INFO] [stdout]    --> src/sending.rs:20:31
[INFO] [stdout]     |
[INFO] [stdout] 20  | use borsh::{BorshDeserialize, BorshSerialize};
[INFO] [stdout]     |                               ^^^^^^^^^^^^^^
[INFO] [stdout] 
[INFO] [stdout] 
[INFO] [stdout] error: cannot find derive macro `BorshDeserialize` in this scope
[INFO] [stdout]    --> src/sending.rs:191:26
[INFO] [stdout]     |
[INFO] [stdout] 191 | #[derive(BorshSerialize, BorshDeserialize)]
[INFO] [stdout]     |                          ^^^^^^^^^^^^^^^^
[INFO] [stdout]     |
[INFO] [stdout] note: `BorshDeserialize` is imported here, but it is only a trait, without a derive macro
[INFO] [stdout]    --> src/sending.rs:20:13
[INFO] [stdout]     |
[INFO] [stdout] 20  | use borsh::{BorshDeserialize, BorshSerialize};
[INFO] [stdout]     |             ^^^^^^^^^^^^^^^^
[INFO] [stdout] 
[INFO] [stdout] 
[INFO] [stdout] error: cannot find derive macro `BorshSerialize` in this scope
[INFO] [stdout]   --> src/debridge_accounts.rs:63:10
[INFO] [stdout]    |
[INFO] [stdout] 63 | #[derive(BorshSerialize, BorshDeserialize)]
[INFO] [stdout]    |          ^^^^^^^^^^^^^^
[INFO] [stdout]    |
[INFO] [stdout] note: `BorshSerialize` is imported here, but it is only a trait, without a derive macro
[INFO] [stdout]   --> src/debridge_accounts.rs:20:31
[INFO] [stdout]    |
[INFO] [stdout] 20 | use borsh::{BorshDeserialize, BorshSerialize};
[INFO] [stdout]    |                               ^^^^^^^^^^^^^^
[INFO] [stdout] 
[INFO] [stdout] 
[INFO] [stdout] error: cannot find derive macro `BorshDeserialize` in this scope
[INFO] [stdout]   --> src/debridge_accounts.rs:63:26
[INFO] [stdout]    |
[INFO] [stdout] 63 | #[derive(BorshSerialize, BorshDeserialize)]
[INFO] [stdout]    |                          ^^^^^^^^^^^^^^^^
[INFO] [stdout]    |
[INFO] [stdout] note: `BorshDeserialize` is imported here, but it is only a trait, without a derive macro
[INFO] [stdout]   --> src/debridge_accounts.rs:20:13
[INFO] [stdout]    |
[INFO] [stdout] 20 | use borsh::{BorshDeserialize, BorshSerialize};
[INFO] [stdout]    |             ^^^^^^^^^^^^^^^^
[INFO] [stdout] 
[INFO] [stdout] 
[INFO] [stdout] error: cannot find derive macro `BorshSerialize` in this scope
[INFO] [stdout]   --> src/debridge_accounts.rs:92:10
[INFO] [stdout]    |
[INFO] [stdout] 92 | #[derive(BorshSerialize, BorshDeserialize, Clone, Debug)]
[INFO] [stdout]    |          ^^^^^^^^^^^^^^
[INFO] [stdout]    |
[INFO] [stdout] note: `BorshSerialize` is imported here, but it is only a trait, without a derive macro
[INFO] [stdout]   --> src/debridge_accounts.rs:20:31
[INFO] [stdout]    |
[INFO] [stdout] 20 | use borsh::{BorshDeserialize, BorshSerialize};
[INFO] [stdout]    |                               ^^^^^^^^^^^^^^
[INFO] [stdout] 
[INFO] [stdout] 
[INFO] [stdout] error: cannot find derive macro `BorshDeserialize` in this scope
[INFO] [stdout]   --> src/debridge_accounts.rs:92:26
[INFO] [stdout]    |
[INFO] [stdout] 92 | #[derive(BorshSerialize, BorshDeserialize, Clone, Debug)]
[INFO] [stdout]    |                          ^^^^^^^^^^^^^^^^
[INFO] [stdout]    |
[INFO] [stdout] note: `BorshDeserialize` is imported here, but it is only a trait, without a derive macro
[INFO] [stdout]   --> src/debridge_accounts.rs:20:13
[INFO] [stdout]    |
[INFO] [stdout] 20 | use borsh::{BorshDeserialize, BorshSerialize};
[INFO] [stdout]    |             ^^^^^^^^^^^^^^^^
[INFO] [stdout] 
[INFO] [stdout] 
[INFO] [stdout] error: cannot find derive macro `BorshSerialize` in this scope
[INFO] [stdout]    --> src/debridge_accounts.rs:117:10
[INFO] [stdout]     |
[INFO] [stdout] 117 | #[derive(BorshSerialize, BorshDeserialize, Clone, Debug)]
[INFO] [stdout]     |          ^^^^^^^^^^^^^^
[INFO] [stdout]     |
[INFO] [stdout] note: `BorshSerialize` is imported here, but it is only a trait, without a derive macro
[INFO] [stdout]    --> src/debridge_accounts.rs:20:31
[INFO] [stdout]     |
[INFO] [stdout] 20  | use borsh::{BorshDeserialize, BorshSerialize};
[INFO] [stdout]     |                               ^^^^^^^^^^^^^^
[INFO] [stdout] 
[INFO] [stdout] 
[INFO] [stdout] error: cannot find derive macro `BorshDeserialize` in this scope
[INFO] [stdout]    --> src/debridge_accounts.rs:117:26
[INFO] [stdout]     |
[INFO] [stdout] 117 | #[derive(BorshSerialize, BorshDeserialize, Clone, Debug)]
[INFO] [stdout]     |                          ^^^^^^^^^^^^^^^^
[INFO] [stdout]     |
[INFO] [stdout] note: `BorshDeserialize` is imported here, but it is only a trait, without a derive macro
[INFO] [stdout]    --> src/debridge_accounts.rs:20:13
[INFO] [stdout]     |
[INFO] [stdout] 20  | use borsh::{BorshDeserialize, BorshSerialize};
[INFO] [stdout]     |             ^^^^^^^^^^^^^^^^
[INFO] [stdout] 
[INFO] [stdout] 
[INFO] [stdout] error: cannot find derive macro `BorshSerialize` in this scope
[INFO] [stdout]    --> src/debridge_accounts.rs:124:10
[INFO] [stdout]     |
[INFO] [stdout] 124 | #[derive(BorshSerialize, BorshDeserialize, Clone, Debug)]
[INFO] [stdout]     |          ^^^^^^^^^^^^^^
[INFO] [stdout]     |
[INFO] [stdout] note: `BorshSerialize` is imported here, but it is only a trait, without a derive macro
[INFO] [stdout]    --> src/debridge_accounts.rs:20:31
[INFO] [stdout]     |
[INFO] [stdout] 20  | use borsh::{BorshDeserialize, BorshSerialize};
[INFO] [stdout]     |                               ^^^^^^^^^^^^^^
[INFO] [stdout] 
[INFO] [stdout] 
[INFO] [stdout] error: cannot find derive macro `BorshDeserialize` in this scope
[INFO] [stdout]    --> src/debridge_accounts.rs:124:26
[INFO] [stdout]     |
[INFO] [stdout] 124 | #[derive(BorshSerialize, BorshDeserialize, Clone, Debug)]
[INFO] [stdout]     |                          ^^^^^^^^^^^^^^^^
[INFO] [stdout]     |
[INFO] [stdout] note: `BorshDeserialize` is imported here, but it is only a trait, without a derive macro
[INFO] [stdout]    --> src/debridge_accounts.rs:20:13
[INFO] [stdout]     |
[INFO] [stdout] 20  | use borsh::{BorshDeserialize, BorshSerialize};
[INFO] [stdout]     |             ^^^^^^^^^^^^^^^^
[INFO] [stdout] 
[INFO] [stdout] 
[INFO] [stdout] error: cannot find derive macro `BorshSerialize` in this scope
[INFO] [stdout]    --> src/debridge_accounts.rs:135:10
[INFO] [stdout]     |
[INFO] [stdout] 135 | #[derive(BorshSerialize, BorshDeserialize, Clone, Debug)]
[INFO] [stdout]     |          ^^^^^^^^^^^^^^
[INFO] [stdout]     |
[INFO] [stdout] note: `BorshSerialize` is imported here, but it is only a trait, without a derive macro
[INFO] [stdout]    --> src/debridge_accounts.rs:20:31
[INFO] [stdout]     |
[INFO] [stdout] 20  | use borsh::{BorshDeserialize, BorshSerialize};
[INFO] [stdout]     |                               ^^^^^^^^^^^^^^
[INFO] [stdout] 
[INFO] [stdout] 
[INFO] [stdout] error: cannot find derive macro `BorshDeserialize` in this scope
[INFO] [stdout]    --> src/debridge_accounts.rs:135:26
[INFO] [stdout]     |
[INFO] [stdout] 135 | #[derive(BorshSerialize, BorshDeserialize, Clone, Debug)]
[INFO] [stdout]     |                          ^^^^^^^^^^^^^^^^
[INFO] [stdout]     |
[INFO] [stdout] note: `BorshDeserialize` is imported here, but it is only a trait, without a derive macro
[INFO] [stdout]    --> src/debridge_accounts.rs:20:13
[INFO] [stdout]     |
[INFO] [stdout] 20  | use borsh::{BorshDeserialize, BorshSerialize};
[INFO] [stdout]     |             ^^^^^^^^^^^^^^^^
[INFO] [stdout] 
[INFO] [stdout] 
[INFO] [stdout] error: cannot find derive macro `BorshSerialize` in this scope
[INFO] [stdout]    --> src/debridge_accounts.rs:167:10
[INFO] [stdout]     |
[INFO] [stdout] 167 | #[derive(BorshSerialize, BorshDeserialize, Clone, Debug)]
[INFO] [stdout]     |          ^^^^^^^^^^^^^^
[INFO] [stdout]     |
[INFO] [stdout] note: `BorshSerialize` is imported here, but it is only a trait, without a derive macro
[INFO] [stdout]    --> src/debridge_accounts.rs:20:31
[INFO] [stdout]     |
[INFO] [stdout] 20  | use borsh::{BorshDeserialize, BorshSerialize};
[INFO] [stdout]     |                               ^^^^^^^^^^^^^^
[INFO] [stdout] 
[INFO] [stdout] 
[INFO] [stdout] error: cannot find derive macro `BorshDeserialize` in this scope
[INFO] [stdout]    --> src/debridge_accounts.rs:167:26
[INFO] [stdout]     |
[INFO] [stdout] 167 | #[derive(BorshSerialize, BorshDeserialize, Clone, Debug)]
[INFO] [stdout]     |                          ^^^^^^^^^^^^^^^^
[INFO] [stdout]     |
[INFO] [stdout] note: `BorshDeserialize` is imported here, but it is only a trait, without a derive macro
[INFO] [stdout]    --> src/debridge_accounts.rs:20:13
[INFO] [stdout]     |
[INFO] [stdout] 20  | use borsh::{BorshDeserialize, BorshSerialize};
[INFO] [stdout]     |             ^^^^^^^^^^^^^^^^
[INFO] [stdout] 
[INFO] [stdout] 
[INFO] [stdout] error: cannot find derive macro `BorshSerialize` in this scope
[INFO] [stdout]    --> src/debridge_accounts.rs:189:10
[INFO] [stdout]     |
[INFO] [stdout] 189 | #[derive(BorshSerialize, BorshDeserialize, Clone, Debug)]
[INFO] [stdout]     |          ^^^^^^^^^^^^^^
[INFO] [stdout]     |
[INFO] [stdout] note: `BorshSerialize` is imported here, but it is only a trait, without a derive macro
[INFO] [stdout]    --> src/debridge_accounts.rs:20:31
[INFO] [stdout]     |
[INFO] [stdout] 20  | use borsh::{BorshDeserialize, BorshSerialize};
[INFO] [stdout]     |                               ^^^^^^^^^^^^^^
[INFO] [stdout] 
[INFO] [stdout] 
[INFO] [stdout] error: cannot find derive macro `BorshDeserialize` in this scope
[INFO] [stdout]    --> src/debridge_accounts.rs:189:26
[INFO] [stdout]     |
[INFO] [stdout] 189 | #[derive(BorshSerialize, BorshDeserialize, Clone, Debug)]
[INFO] [stdout]     |                          ^^^^^^^^^^^^^^^^
[INFO] [stdout]     |
[INFO] [stdout] note: `BorshDeserialize` is imported here, but it is only a trait, without a derive macro
[INFO] [stdout]    --> src/debridge_accounts.rs:20:13
[INFO] [stdout]     |
[INFO] [stdout] 20  | use borsh::{BorshDeserialize, BorshSerialize};
[INFO] [stdout]     |             ^^^^^^^^^^^^^^^^
[INFO] [stdout] 
[INFO] [stdout] 
[INFO] [stdout] error: cannot find derive macro `BorshSerialize` in this scope
[INFO] [stdout]    --> src/debridge_accounts.rs:220:10
[INFO] [stdout]     |
[INFO] [stdout] 220 | #[derive(BorshSerialize, BorshDeserialize, Clone, Debug)]
[INFO] [stdout]     |          ^^^^^^^^^^^^^^
[INFO] [stdout]     |
[INFO] [stdout] note: `BorshSerialize` is imported here, but it is only a trait, without a derive macro
[INFO] [stdout]    --> src/debridge_accounts.rs:20:31
[INFO] [stdout]     |
[INFO] [stdout] 20  | use borsh::{BorshDeserialize, BorshSerialize};
[INFO] [stdout]     |                               ^^^^^^^^^^^^^^
[INFO] [stdout] 
[INFO] [stdout] 
[INFO] [stdout] error: cannot find derive macro `BorshDeserialize` in this scope
[INFO] [stdout]    --> src/debridge_accounts.rs:220:26
[INFO] [stdout]     |
[INFO] [stdout] 220 | #[derive(BorshSerialize, BorshDeserialize, Clone, Debug)]
[INFO] [stdout]     |                          ^^^^^^^^^^^^^^^^
[INFO] [stdout]     |
[INFO] [stdout] note: `BorshDeserialize` is imported here, but it is only a trait, without a derive macro
[INFO] [stdout]    --> src/debridge_accounts.rs:20:13
[INFO] [stdout]     |
[INFO] [stdout] 20  | use borsh::{BorshDeserialize, BorshSerialize};
[INFO] [stdout]     |             ^^^^^^^^^^^^^^^^
[INFO] [stdout] 
[INFO] [stdout] 
[INFO] [stdout] error: cannot find derive macro `BorshSerialize` in this scope
[INFO] [stdout]    --> src/debridge_accounts.rs:226:10
[INFO] [stdout]     |
[INFO] [stdout] 226 | #[derive(BorshSerialize, BorshDeserialize, Clone, Debug)]
[INFO] [stdout]     |          ^^^^^^^^^^^^^^
[INFO] [stdout]     |
[INFO] [stdout] note: `BorshSerialize` is imported here, but it is only a trait, without a derive macro
[INFO] [stdout]    --> src/debridge_accounts.rs:20:31
[INFO] [stdout]     |
[INFO] [stdout] 20  | use borsh::{BorshDeserialize, BorshSerialize};
[INFO] [stdout]     |                               ^^^^^^^^^^^^^^
[INFO] [stdout] 
[INFO] [stdout] 
[INFO] [stdout] error: cannot find derive macro `BorshDeserialize` in this scope
[INFO] [stdout]    --> src/debridge_accounts.rs:226:26
[INFO] [stdout]     |
[INFO] [stdout] 226 | #[derive(BorshSerialize, BorshDeserialize, Clone, Debug)]
[INFO] [stdout]     |                          ^^^^^^^^^^^^^^^^
[INFO] [stdout]     |
[INFO] [stdout] note: `BorshDeserialize` is imported here, but it is only a trait, without a derive macro
[INFO] [stdout]    --> src/debridge_accounts.rs:20:13
[INFO] [stdout]     |
[INFO] [stdout] 20  | use borsh::{BorshDeserialize, BorshSerialize};
[INFO] [stdout]     |             ^^^^^^^^^^^^^^^^
[INFO] [stdout] 
[INFO] [stdout] 
[INFO] [stdout] error[E0599]: no method named `try_to_vec` found for struct `SendIx` in the current scope
[INFO] [stdout]    --> src/sending.rs:182:21
[INFO] [stdout]     |
[INFO] [stdout] 43  | pub struct SendIx {
[INFO] [stdout]     | ----------------- method `try_to_vec` not found for this struct
[INFO] [stdout] ...
[INFO] [stdout] 182 |             send_ix.try_to_vec()?.as_slice(),
[INFO] [stdout]     |                     ^^^^^^^^^^ method not found in `SendIx`
[INFO] [stdout]     |
[INFO] [stdout]     = help: items from traits can only be used if the trait is implemented and in scope
[INFO] [stdout]     = note: the following traits define an item `try_to_vec`, perhaps you need to implement one of them:
[INFO] [stdout]             candidate #1: `borsh::ser::BorshSerialize`
[INFO] [stdout]             candidate #2: `borsh::ser::BorshSerialize`
[INFO] [stdout] 
[INFO] [stdout] 
[INFO] [stdout] error[E0599]: the variant or associated item `try_from_account` exists for enum `ExternalCallMeta`, but its trait bounds were not satisfied
[INFO] [stdout]    --> src/sending.rs:238:40
[INFO] [stdout]     |
[INFO] [stdout] 238 |         return match ExternalCallMeta::try_from_account(&external_call_meta)? {
[INFO] [stdout]     |                                        ^^^^^^^^^^^^^^^^ variant or associated item cannot be called on `ExternalCallMeta` due to unsatisfied trait bounds
[INFO] [stdout]     |
[INFO] [stdout]    ::: src/debridge_accounts.rs:227:1
[INFO] [stdout]     |
[INFO] [stdout] 227 | pub enum ExternalCallMeta {
[INFO] [stdout]     | -------------------------
[INFO] [stdout]     | |
[INFO] [stdout]     | variant or associated item `try_from_account` not found for this enum
[INFO] [stdout]     | doesn't satisfy `ExternalCallMeta: BorshDeserialize`
[INFO] [stdout]     | doesn't satisfy `ExternalCallMeta: BorshSerialize`
[INFO] [stdout]     | doesn't satisfy `ExternalCallMeta: TryFromAccount`
[INFO] [stdout]     |
[INFO] [stdout] note: the following trait bounds were not satisfied:
[INFO] [stdout]       `&ExternalCallMeta: BorshDeserialize`
[INFO] [stdout]       `&ExternalCallMeta: BorshSerialize`
[INFO] [stdout]       `&ExternalCallMeta: Discriminator`
[INFO] [stdout]       `&mut ExternalCallMeta: BorshDeserialize`
[INFO] [stdout]       `&mut ExternalCallMeta: BorshSerialize`
[INFO] [stdout]       `&mut ExternalCallMeta: Discriminator`
[INFO] [stdout]       `ExternalCallMeta: BorshDeserialize`
[INFO] [stdout]       `ExternalCallMeta: BorshSerialize`
[INFO] [stdout]    --> src/debridge_accounts.rs:40:15
[INFO] [stdout]     |
[INFO] [stdout] 40  | impl<ACCOUNT: Discriminator + Sized + BorshSerialize + BorshDeserialize> TryFromAccount
[INFO] [stdout]     |               ^^^^^^^^^^^^^           ^^^^^^^^^^^^^^   ^^^^^^^^^^^^^^^^  --------------
[INFO] [stdout]     |               |                       |                |
[INFO] [stdout]     |               |                       |                unsatisfied trait bound introduced here
[INFO] [stdout]     |               |                       unsatisfied trait bound introduced here
[INFO] [stdout]     |               unsatisfied trait bound introduced here
[INFO] [stdout] 41  |     for ACCOUNT
[INFO] [stdout]     |         -------
[INFO] [stdout] note: the traits `BorshDeserialize` and `BorshSerialize` must be implemented
[INFO] [stdout]    --> /opt/rustwide/cargo-home/registry/src/index.crates.io-6f17d22bba15001f/borsh-1.3.0/src/de/mod.rs:36:1
[INFO] [stdout]     |
[INFO] [stdout] 36  | pub trait BorshDeserialize: Sized {
[INFO] [stdout]     | ^^^^^^^^^^^^^^^^^^^^^^^^^^^^^^^^^
[INFO] [stdout]     |
[INFO] [stdout]    ::: /opt/rustwide/cargo-home/registry/src/index.crates.io-6f17d22bba15001f/borsh-1.3.0/src/ser/mod.rs:51:1
[INFO] [stdout]     |
[INFO] [stdout] 51  | pub trait BorshSerialize {
[INFO] [stdout]     | ^^^^^^^^^^^^^^^^^^^^^^^^
[INFO] [stdout] 
[INFO] [stdout] 
[INFO] [stdout] error[E0599]: no method named `try_to_vec` found for struct `InitExternalCallIx` in the current scope
[INFO] [stdout]    --> src/sending.rs:278:18
[INFO] [stdout]     |
[INFO] [stdout] 192 |   pub struct InitExternalCallIx {
[INFO] [stdout]     |   ----------------------------- method `try_to_vec` not found for this struct
[INFO] [stdout] ...
[INFO] [stdout] 272 | /                 InitExternalCallIx {
[INFO] [stdout] 273 | |                     external_call_len: external_call.len() as u32,
[INFO] [stdout] 274 | |                     chain_id: SOLANA_CHAIN_ID,
[INFO] [stdout] 275 | |                     external_call_shortcut: SolanaKeccak256::hash(external_call),
[INFO] [stdout] 276 | |                     external_call: external_call.to_vec(),
[INFO] [stdout] 277 | |                 }
[INFO] [stdout] 278 | |                 .try_to_vec()
[INFO] [stdout]     | |                 -^^^^^^^^^^ method not found in `InitExternalCallIx`
[INFO] [stdout]     | |_________________|
[INFO] [stdout]     | 
[INFO] [stdout]     |
[INFO] [stdout]     = help: items from traits can only be used if the trait is implemented and in scope
[INFO] [stdout]     = note: the following traits define an item `try_to_vec`, perhaps you need to implement one of them:
[INFO] [stdout]             candidate #1: `borsh::ser::BorshSerialize`
[INFO] [stdout]             candidate #2: `borsh::ser::BorshSerialize`
[INFO] [stdout] 
[INFO] [stdout] 
[INFO] [stdout] error[E0277]: the trait bound `debridge_accounts::State: BorshSerialize` is not satisfied
[INFO] [stdout]    --> src/sending.rs:416:5
[INFO] [stdout]     |
[INFO] [stdout] 416 |     get_account_by_index(account_infos, STATE_INDEX)
[INFO] [stdout]     |     ^^^^^^^^^^^^^^^^^^^^ the trait `BorshSerialize` is not implemented for `debridge_accounts::State`
[INFO] [stdout]     |
[INFO] [stdout]     = help: the following other types implement trait `BorshSerialize`:
[INFO] [stdout]               bool
[INFO] [stdout]               isize
[INFO] [stdout]               i8
[INFO] [stdout]               i16
[INFO] [stdout]               i32
[INFO] [stdout]               i64
[INFO] [stdout]               i128
[INFO] [stdout]               usize
[INFO] [stdout]             and 67 others
[INFO] [stdout] note: required for `debridge_accounts::State` to implement `TryFromAccount`
[INFO] [stdout]    --> src/debridge_accounts.rs:40:74
[INFO] [stdout]     |
[INFO] [stdout] 40  | impl<ACCOUNT: Discriminator + Sized + BorshSerialize + BorshDeserialize> TryFromAccount
[INFO] [stdout]     |                                       --------------                     ^^^^^^^^^^^^^^
[INFO] [stdout]     |                                       |
[INFO] [stdout]     |                                       unsatisfied trait bound introduced here
[INFO] [stdout] 41  |     for ACCOUNT
[INFO] [stdout]     |         ^^^^^^^
[INFO] [stdout] note: required by a bound in `get_account_by_index`
[INFO] [stdout]    --> src/sending.rs:484:32
[INFO] [stdout]     |
[INFO] [stdout] 484 | pub fn get_account_by_index<T: TryFromAccount<Error = Error>>(
[INFO] [stdout]     |                                ^^^^^^^^^^^^^^^^^^^^^^^^^^^^^ required by this bound in `get_account_by_index`
[INFO] [stdout] 
[INFO] [stdout] 
[INFO] [stdout] error[E0277]: the trait bound `debridge_accounts::State: BorshDeserialize` is not satisfied
[INFO] [stdout]    --> src/sending.rs:416:5
[INFO] [stdout]     |
[INFO] [stdout] 416 |     get_account_by_index(account_infos, STATE_INDEX)
[INFO] [stdout]     |     ^^^^^^^^^^^^^^^^^^^^ the trait `BorshDeserialize` is not implemented for `debridge_accounts::State`
[INFO] [stdout]     |
[INFO] [stdout]     = help: the following other types implement trait `BorshDeserialize`:
[INFO] [stdout]               bool
[INFO] [stdout]               isize
[INFO] [stdout]               i8
[INFO] [stdout]               i16
[INFO] [stdout]               i32
[INFO] [stdout]               i64
[INFO] [stdout]               i128
[INFO] [stdout]               usize
[INFO] [stdout]             and 64 others
[INFO] [stdout] note: required for `debridge_accounts::State` to implement `TryFromAccount`
[INFO] [stdout]    --> src/debridge_accounts.rs:40:74
[INFO] [stdout]     |
[INFO] [stdout] 40  | impl<ACCOUNT: Discriminator + Sized + BorshSerialize + BorshDeserialize> TryFromAccount
[INFO] [stdout]     |                                                        ----------------  ^^^^^^^^^^^^^^
[INFO] [stdout]     |                                                        |
[INFO] [stdout]     |                                                        unsatisfied trait bound introduced here
[INFO] [stdout] 41  |     for ACCOUNT
[INFO] [stdout]     |         ^^^^^^^
[INFO] [stdout] note: required by a bound in `get_account_by_index`
[INFO] [stdout]    --> src/sending.rs:484:32
[INFO] [stdout]     |
[INFO] [stdout] 484 | pub fn get_account_by_index<T: TryFromAccount<Error = Error>>(
[INFO] [stdout]     |                                ^^^^^^^^^^^^^^^^^^^^^^^^^^^^^ required by this bound in `get_account_by_index`
[INFO] [stdout] 
[INFO] [stdout] 
[INFO] [stdout] error[E0277]: the trait bound `ChainSupportInfo: BorshSerialize` is not satisfied
[INFO] [stdout]    --> src/sending.rs:429:24
[INFO] [stdout]     |
[INFO] [stdout] 429 |         .and_then(|()| get_account_by_index(account_infos, CHAIN_SUPPORT_INFO_INDEX))
[INFO] [stdout]     |                        ^^^^^^^^^^^^^^^^^^^^ the trait `BorshSerialize` is not implemented for `ChainSupportInfo`
[INFO] [stdout]     |
[INFO] [stdout]     = help: the following other types implement trait `BorshSerialize`:
[INFO] [stdout]               bool
[INFO] [stdout]               isize
[INFO] [stdout]               i8
[INFO] [stdout]               i16
[INFO] [stdout]               i32
[INFO] [stdout]               i64
[INFO] [stdout]               i128
[INFO] [stdout]               usize
[INFO] [stdout]             and 67 others
[INFO] [stdout] note: required for `ChainSupportInfo` to implement `TryFromAccount`
[INFO] [stdout]    --> src/debridge_accounts.rs:40:74
[INFO] [stdout]     |
[INFO] [stdout] 40  | impl<ACCOUNT: Discriminator + Sized + BorshSerialize + BorshDeserialize> TryFromAccount
[INFO] [stdout]     |                                       --------------                     ^^^^^^^^^^^^^^
[INFO] [stdout]     |                                       |
[INFO] [stdout]     |                                       unsatisfied trait bound introduced here
[INFO] [stdout] 41  |     for ACCOUNT
[INFO] [stdout]     |         ^^^^^^^
[INFO] [stdout] note: required by a bound in `get_account_by_index`
[INFO] [stdout]    --> src/sending.rs:484:32
[INFO] [stdout]     |
[INFO] [stdout] 484 | pub fn get_account_by_index<T: TryFromAccount<Error = Error>>(
[INFO] [stdout]     |                                ^^^^^^^^^^^^^^^^^^^^^^^^^^^^^ required by this bound in `get_account_by_index`
[INFO] [stdout] 
[INFO] [stdout] 
[INFO] [stdout] error[E0277]: the trait bound `ChainSupportInfo: BorshDeserialize` is not satisfied
[INFO] [stdout]    --> src/sending.rs:429:24
[INFO] [stdout]     |
[INFO] [stdout] 429 |         .and_then(|()| get_account_by_index(account_infos, CHAIN_SUPPORT_INFO_INDEX))
[INFO] [stdout]     |                        ^^^^^^^^^^^^^^^^^^^^ the trait `BorshDeserialize` is not implemented for `ChainSupportInfo`
[INFO] [stdout]     |
[INFO] [stdout]     = help: the following other types implement trait `BorshDeserialize`:
[INFO] [stdout]               bool
[INFO] [stdout]               isize
[INFO] [stdout]               i8
[INFO] [stdout]               i16
[INFO] [stdout]               i32
[INFO] [stdout]               i64
[INFO] [stdout]               i128
[INFO] [stdout]               usize
[INFO] [stdout]             and 64 others
[INFO] [stdout] note: required for `ChainSupportInfo` to implement `TryFromAccount`
[INFO] [stdout]    --> src/debridge_accounts.rs:40:74
[INFO] [stdout]     |
[INFO] [stdout] 40  | impl<ACCOUNT: Discriminator + Sized + BorshSerialize + BorshDeserialize> TryFromAccount
[INFO] [stdout]     |                                                        ----------------  ^^^^^^^^^^^^^^
[INFO] [stdout]     |                                                        |
[INFO] [stdout]     |                                                        unsatisfied trait bound introduced here
[INFO] [stdout] 41  |     for ACCOUNT
[INFO] [stdout]     |         ^^^^^^^
[INFO] [stdout] note: required by a bound in `get_account_by_index`
[INFO] [stdout]    --> src/sending.rs:484:32
[INFO] [stdout]     |
[INFO] [stdout] 484 | pub fn get_account_by_index<T: TryFromAccount<Error = Error>>(
[INFO] [stdout]     |                                ^^^^^^^^^^^^^^^^^^^^^^^^^^^^^ required by this bound in `get_account_by_index`
[INFO] [stdout] 
[INFO] [stdout] 
[INFO] [stdout] error[E0277]: the trait bound `AssetFeeInfo: BorshSerialize` is not satisfied
[INFO] [stdout]    --> src/sending.rs:476:24
[INFO] [stdout]     |
[INFO] [stdout] 476 |         .and_then(|()| get_account_by_index(account_infos, ASSET_FEE_INDEX))
[INFO] [stdout]     |                        ^^^^^^^^^^^^^^^^^^^^ the trait `BorshSerialize` is not implemented for `AssetFeeInfo`
[INFO] [stdout]     |
[INFO] [stdout]     = help: the following other types implement trait `BorshSerialize`:
[INFO] [stdout]               bool
[INFO] [stdout]               isize
[INFO] [stdout]               i8
[INFO] [stdout]               i16
[INFO] [stdout]               i32
[INFO] [stdout]               i64
[INFO] [stdout]               i128
[INFO] [stdout]               usize
[INFO] [stdout]             and 67 others
[INFO] [stdout] note: required for `AssetFeeInfo` to implement `TryFromAccount`
[INFO] [stdout]    --> src/debridge_accounts.rs:40:74
[INFO] [stdout]     |
[INFO] [stdout] 40  | impl<ACCOUNT: Discriminator + Sized + BorshSerialize + BorshDeserialize> TryFromAccount
[INFO] [stdout]     |                                       --------------                     ^^^^^^^^^^^^^^
[INFO] [stdout]     |                                       |
[INFO] [stdout]     |                                       unsatisfied trait bound introduced here
[INFO] [stdout] 41  |     for ACCOUNT
[INFO] [stdout]     |         ^^^^^^^
[INFO] [stdout] note: required by a bound in `get_account_by_index`
[INFO] [stdout]    --> src/sending.rs:484:32
[INFO] [stdout]     |
[INFO] [stdout] 484 | pub fn get_account_by_index<T: TryFromAccount<Error = Error>>(
[INFO] [stdout]     |                                ^^^^^^^^^^^^^^^^^^^^^^^^^^^^^ required by this bound in `get_account_by_index`
[INFO] [stdout] 
[INFO] [stdout] 
[INFO] [stdout] error[E0277]: the trait bound `AssetFeeInfo: BorshDeserialize` is not satisfied
[INFO] [stdout]    --> src/sending.rs:476:24
[INFO] [stdout]     |
[INFO] [stdout] 476 |         .and_then(|()| get_account_by_index(account_infos, ASSET_FEE_INDEX))
[INFO] [stdout]     |                        ^^^^^^^^^^^^^^^^^^^^ the trait `BorshDeserialize` is not implemented for `AssetFeeInfo`
[INFO] [stdout]     |
[INFO] [stdout]     = help: the following other types implement trait `BorshDeserialize`:
[INFO] [stdout]               bool
[INFO] [stdout]               isize
[INFO] [stdout]               i8
[INFO] [stdout]               i16
[INFO] [stdout]               i32
[INFO] [stdout]               i64
[INFO] [stdout]               i128
[INFO] [stdout]               usize
[INFO] [stdout]             and 64 others
[INFO] [stdout] note: required for `AssetFeeInfo` to implement `TryFromAccount`
[INFO] [stdout]    --> src/debridge_accounts.rs:40:74
[INFO] [stdout]     |
[INFO] [stdout] 40  | impl<ACCOUNT: Discriminator + Sized + BorshSerialize + BorshDeserialize> TryFromAccount
[INFO] [stdout]     |                                                        ----------------  ^^^^^^^^^^^^^^
[INFO] [stdout]     |                                                        |
[INFO] [stdout]     |                                                        unsatisfied trait bound introduced here
[INFO] [stdout] 41  |     for ACCOUNT
[INFO] [stdout]     |         ^^^^^^^
[INFO] [stdout] note: required by a bound in `get_account_by_index`
[INFO] [stdout]    --> src/sending.rs:484:32
[INFO] [stdout]     |
[INFO] [stdout] 484 | pub fn get_account_by_index<T: TryFromAccount<Error = Error>>(
[INFO] [stdout]     |                                ^^^^^^^^^^^^^^^^^^^^^^^^^^^^^ required by this bound in `get_account_by_index`
[INFO] [stdout] 
[INFO] [stdout] 
[INFO] [stdout] error[E0599]: the function or associated item `try_from_account` exists for struct `SubmissionAccount`, but its trait bounds were not satisfied
[INFO] [stdout]    --> src/check_claiming.rs:124:32
[INFO] [stdout]     |
[INFO] [stdout] 124 |         } = SubmissionAccount::try_from_account(submission)?;
[INFO] [stdout]     |                                ^^^^^^^^^^^^^^^^ function or associated item cannot be called on `SubmissionAccount` due to unsatisfied trait bounds
[INFO] [stdout]     |
[INFO] [stdout]    ::: src/debridge_accounts.rs:64:1
[INFO] [stdout]     |
[INFO] [stdout] 64  | pub struct SubmissionAccount {
[INFO] [stdout]     | ----------------------------
[INFO] [stdout]     | |
[INFO] [stdout]     | function or associated item `try_from_account` not found for this struct
[INFO] [stdout]     | doesn't satisfy `SubmissionAccount: BorshDeserialize`
[INFO] [stdout]     | doesn't satisfy `SubmissionAccount: BorshSerialize`
[INFO] [stdout]     | doesn't satisfy `SubmissionAccount: TryFromAccount`
[INFO] [stdout]     |
[INFO] [stdout] note: the following trait bounds were not satisfied:
[INFO] [stdout]       `&SubmissionAccount: BorshDeserialize`
[INFO] [stdout]       `&SubmissionAccount: BorshSerialize`
[INFO] [stdout]       `&SubmissionAccount: Discriminator`
[INFO] [stdout]       `&mut SubmissionAccount: BorshDeserialize`
[INFO] [stdout]       `&mut SubmissionAccount: BorshSerialize`
[INFO] [stdout]       `&mut SubmissionAccount: Discriminator`
[INFO] [stdout]       `SubmissionAccount: BorshDeserialize`
[INFO] [stdout]       `SubmissionAccount: BorshSerialize`
[INFO] [stdout]    --> src/debridge_accounts.rs:40:15
[INFO] [stdout]     |
[INFO] [stdout] 40  | impl<ACCOUNT: Discriminator + Sized + BorshSerialize + BorshDeserialize> TryFromAccount
[INFO] [stdout]     |               ^^^^^^^^^^^^^           ^^^^^^^^^^^^^^   ^^^^^^^^^^^^^^^^  --------------
[INFO] [stdout]     |               |                       |                |
[INFO] [stdout]     |               |                       |                unsatisfied trait bound introduced here
[INFO] [stdout]     |               |                       unsatisfied trait bound introduced here
[INFO] [stdout]     |               unsatisfied trait bound introduced here
[INFO] [stdout] 41  |     for ACCOUNT
[INFO] [stdout]     |         -------
[INFO] [stdout] note: the traits `BorshDeserialize` and `BorshSerialize` must be implemented
[INFO] [stdout]    --> /opt/rustwide/cargo-home/registry/src/index.crates.io-6f17d22bba15001f/borsh-1.3.0/src/de/mod.rs:36:1
[INFO] [stdout]     |
[INFO] [stdout] 36  | pub trait BorshDeserialize: Sized {
[INFO] [stdout]     | ^^^^^^^^^^^^^^^^^^^^^^^^^^^^^^^^^
[INFO] [stdout]     |
[INFO] [stdout]    ::: /opt/rustwide/cargo-home/registry/src/index.crates.io-6f17d22bba15001f/borsh-1.3.0/src/ser/mod.rs:51:1
[INFO] [stdout]     |
[INFO] [stdout] 51  | pub trait BorshSerialize {
[INFO] [stdout]     | ^^^^^^^^^^^^^^^^^^^^^^^^
[INFO] [stdout] 
[INFO] [stdout] 
[INFO] [stdout] warning: unused import: `TryFromAccount`
[INFO] [stdout]   --> src/check_claiming.rs:26:44
[INFO] [stdout]    |
[INFO] [stdout] 26 |     debridge_accounts::{SubmissionAccount, TryFromAccount, EXECUTE_EXTERNAL_CALL_DISCRIMINATOR},
[INFO] [stdout]    |                                            ^^^^^^^^^^^^^^
[INFO] [stdout]    |
[INFO] [stdout]    = note: `#[warn(unused_imports)]` on by default
[INFO] [stdout] 
[INFO] [stdout] 
[INFO] [stdout] error: aborting due to 34 previous errors; 1 warning emitted
[INFO] [stdout] 
[INFO] [stdout] 
[INFO] [stdout] Some errors have detailed explanations: E0277, E0599.
[INFO] [stdout] 
[INFO] [stdout] For more information about an error, try `rustc --explain E0277`.
[INFO] [stdout] 
[INFO] [stderr] error: could not compile `debridge-solana-sdk` (lib) due to 35 previous errors; 1 warning emitted
[INFO] running `Command { std: "docker" "inspect" "ce86b6096c98cb8f6bfccb0d13ab90557b61dc81bb24d895e99dea9e1dc3a447", kill_on_drop: false }`
[INFO] running `Command { std: "docker" "rm" "-f" "ce86b6096c98cb8f6bfccb0d13ab90557b61dc81bb24d895e99dea9e1dc3a447", kill_on_drop: false }`
[INFO] [stdout] ce86b6096c98cb8f6bfccb0d13ab90557b61dc81bb24d895e99dea9e1dc3a447
