[INFO] fetching crate deboog 0.2.0...
[INFO] testing deboog-0.2.0 against 1.75.0 for beta-1.76-1
[INFO] extracting crate deboog 0.2.0 into /workspace/builds/worker-2-tc1/source
[INFO] validating manifest of crates.io crate deboog 0.2.0 on toolchain 1.75.0
[INFO] running `Command { std: CARGO_HOME="/workspace/cargo-home" RUSTUP_HOME="/workspace/rustup-home" "/workspace/cargo-home/bin/cargo" "+1.75.0" "metadata" "--manifest-path" "Cargo.toml" "--no-deps", kill_on_drop: false }`
[INFO] started tweaking crates.io crate deboog 0.2.0
[INFO] finished tweaking crates.io crate deboog 0.2.0
[INFO] tweaked toml for crates.io crate deboog 0.2.0 written to /workspace/builds/worker-2-tc1/source/Cargo.toml
[INFO] running `Command { std: CARGO_HOME="/workspace/cargo-home" RUSTUP_HOME="/workspace/rustup-home" "/workspace/cargo-home/bin/cargo" "+1.75.0" "generate-lockfile" "--manifest-path" "Cargo.toml", kill_on_drop: false }`
[INFO] [stderr]     Updating crates.io index
[INFO] running `Command { std: CARGO_HOME="/workspace/cargo-home" RUSTUP_HOME="/workspace/rustup-home" "/workspace/cargo-home/bin/cargo" "+1.75.0" "fetch" "--manifest-path" "Cargo.toml", kill_on_drop: false }`
[INFO] [stderr]     Blocking waiting for file lock on package cache
[INFO] [stderr]  Downloading crates ...
[INFO] [stderr]   Downloaded deboog-derive v0.1.1
[INFO] running `Command { std: "docker" "create" "-v" "/var/lib/crater-agent-workspace/builds/worker-2-tc1/target:/opt/rustwide/target:rw,Z" "-v" "/var/lib/crater-agent-workspace/builds/worker-2-tc1/source:/opt/rustwide/workdir:ro,Z" "-v" "/var/lib/crater-agent-workspace/cargo-home:/opt/rustwide/cargo-home:ro,Z" "-v" "/var/lib/crater-agent-workspace/rustup-home:/opt/rustwide/rustup-home:ro,Z" "-e" "SOURCE_DIR=/opt/rustwide/workdir" "-e" "CARGO_TARGET_DIR=/opt/rustwide/target" "-e" "CARGO_HOME=/opt/rustwide/cargo-home" "-e" "RUSTUP_HOME=/opt/rustwide/rustup-home" "-w" "/opt/rustwide/workdir" "-m" "1610612736" "--user" "0:0" "--network" "none" "ghcr.io/rust-lang/crates-build-env/linux@sha256:2788e3201cd34a07e3172128adcd8b3090168a8e3bcc40d7c032b9dda1df7d1c" "/opt/rustwide/cargo-home/bin/cargo" "+1.75.0" "metadata" "--no-deps" "--format-version=1", kill_on_drop: false }`
[INFO] [stdout] 6d4a1251c79ad9d926e0587d560595a3131c05469d1bcf3c15504f5f78f411cc
[INFO] running `Command { std: "docker" "start" "-a" "6d4a1251c79ad9d926e0587d560595a3131c05469d1bcf3c15504f5f78f411cc", kill_on_drop: false }`
[INFO] running `Command { std: "docker" "inspect" "6d4a1251c79ad9d926e0587d560595a3131c05469d1bcf3c15504f5f78f411cc", kill_on_drop: false }`
[INFO] running `Command { std: "docker" "rm" "-f" "6d4a1251c79ad9d926e0587d560595a3131c05469d1bcf3c15504f5f78f411cc", kill_on_drop: false }`
[INFO] [stdout] 6d4a1251c79ad9d926e0587d560595a3131c05469d1bcf3c15504f5f78f411cc
[INFO] running `Command { std: "docker" "create" "-v" "/var/lib/crater-agent-workspace/builds/worker-2-tc1/target:/opt/rustwide/target:rw,Z" "-v" "/var/lib/crater-agent-workspace/builds/worker-2-tc1/source:/opt/rustwide/workdir:ro,Z" "-v" "/var/lib/crater-agent-workspace/cargo-home:/opt/rustwide/cargo-home:ro,Z" "-v" "/var/lib/crater-agent-workspace/rustup-home:/opt/rustwide/rustup-home:ro,Z" "-e" "SOURCE_DIR=/opt/rustwide/workdir" "-e" "CARGO_TARGET_DIR=/opt/rustwide/target" "-e" "CARGO_INCREMENTAL=0" "-e" "RUST_BACKTRACE=full" "-e" "RUSTFLAGS=--cap-lints=warn" "-e" "RUSTDOCFLAGS=--cap-lints=warn" "-e" "CARGO_HOME=/opt/rustwide/cargo-home" "-e" "RUSTUP_HOME=/opt/rustwide/rustup-home" "-w" "/opt/rustwide/workdir" "-m" "1610612736" "--user" "0:0" "--network" "none" "ghcr.io/rust-lang/crates-build-env/linux@sha256:2788e3201cd34a07e3172128adcd8b3090168a8e3bcc40d7c032b9dda1df7d1c" "/opt/rustwide/cargo-home/bin/cargo" "+1.75.0" "build" "--frozen" "--message-format=json", kill_on_drop: false }`
[INFO] [stdout] 537532ccef50f59432018bc7d4dcba6178cbf9789527044e67fc3bfc4ebdeda7
[INFO] running `Command { std: "docker" "start" "-a" "537532ccef50f59432018bc7d4dcba6178cbf9789527044e67fc3bfc4ebdeda7", kill_on_drop: false }`
[INFO] [stderr]    Compiling proc-macro2 v1.0.75
[INFO] [stderr]    Compiling fnv v1.0.7
[INFO] [stderr]    Compiling quote v1.0.35
[INFO] [stderr]    Compiling syn v2.0.48
[INFO] [stderr]    Compiling darling_core v0.20.3
[INFO] [stderr]    Compiling darling_macro v0.20.3
[INFO] [stderr]    Compiling darling v0.20.3
[INFO] [stderr]    Compiling deboog-derive v0.1.1
[INFO] [stderr]    Compiling deboog v0.2.0 (/opt/rustwide/workdir)
[INFO] [stderr]     Finished dev [unoptimized + debuginfo] target(s) in 10.49s
[INFO] running `Command { std: "docker" "inspect" "537532ccef50f59432018bc7d4dcba6178cbf9789527044e67fc3bfc4ebdeda7", kill_on_drop: false }`
[INFO] running `Command { std: "docker" "rm" "-f" "537532ccef50f59432018bc7d4dcba6178cbf9789527044e67fc3bfc4ebdeda7", kill_on_drop: false }`
[INFO] [stdout] 537532ccef50f59432018bc7d4dcba6178cbf9789527044e67fc3bfc4ebdeda7
[INFO] running `Command { std: "docker" "create" "-v" "/var/lib/crater-agent-workspace/builds/worker-2-tc1/target:/opt/rustwide/target:rw,Z" "-v" "/var/lib/crater-agent-workspace/builds/worker-2-tc1/source:/opt/rustwide/workdir:ro,Z" "-v" "/var/lib/crater-agent-workspace/cargo-home:/opt/rustwide/cargo-home:ro,Z" "-v" "/var/lib/crater-agent-workspace/rustup-home:/opt/rustwide/rustup-home:ro,Z" "-e" "SOURCE_DIR=/opt/rustwide/workdir" "-e" "CARGO_TARGET_DIR=/opt/rustwide/target" "-e" "CARGO_INCREMENTAL=0" "-e" "RUST_BACKTRACE=full" "-e" "RUSTFLAGS=--cap-lints=warn" "-e" "RUSTDOCFLAGS=--cap-lints=warn" "-e" "CARGO_HOME=/opt/rustwide/cargo-home" "-e" "RUSTUP_HOME=/opt/rustwide/rustup-home" "-w" "/opt/rustwide/workdir" "-m" "1610612736" "--user" "0:0" "--network" "none" "ghcr.io/rust-lang/crates-build-env/linux@sha256:2788e3201cd34a07e3172128adcd8b3090168a8e3bcc40d7c032b9dda1df7d1c" "/opt/rustwide/cargo-home/bin/cargo" "+1.75.0" "test" "--frozen" "--no-run" "--message-format=json", kill_on_drop: false }`
[INFO] [stdout] 900a68695fe24b2372d32383266a32fe3bb49a2ce3c2d720cb241134f95975f1
[INFO] running `Command { std: "docker" "start" "-a" "900a68695fe24b2372d32383266a32fe3bb49a2ce3c2d720cb241134f95975f1", kill_on_drop: false }`
[INFO] [stderr]    Compiling deboog v0.2.0 (/opt/rustwide/workdir)
[INFO] [stdout] error[E0599]: no method named `mask_pan` found for reference `&'static str` in the current scope
[INFO] [stdout]  --> tests/mask.rs:6:14
[INFO] [stdout]   |
[INFO] [stdout] 6 |     #[derive(Deboog)]
[INFO] [stdout]   |              ^^^^^^ method not found in `&str`
[INFO] [stdout]   |
[INFO] [stdout]   = note: this error originates in the derive macro `Deboog` (in Nightly builds, run with -Z macro-backtrace for more info)
[INFO] [stdout] 
[INFO] [stdout] 
[INFO] [stdout] error[E0599]: no method named `mask_pan_suffix` found for reference `&'static str` in the current scope
[INFO] [stdout]   --> tests/mask.rs:25:14
[INFO] [stdout]    |
[INFO] [stdout] 25 |     #[derive(Deboog)]
[INFO] [stdout]    |              ^^^^^^ method not found in `&str`
[INFO] [stdout]    |
[INFO] [stdout]    = note: this error originates in the derive macro `Deboog` (in Nightly builds, run with -Z macro-backtrace for more info)
[INFO] [stdout] 
[INFO] [stdout] 
[INFO] [stdout] error[E0599]: no method named `mask_all` found for reference `&'static str` in the current scope
[INFO] [stdout]   --> tests/mask.rs:44:14
[INFO] [stdout]    |
[INFO] [stdout] 44 |     #[derive(Deboog)]
[INFO] [stdout]    |              ^^^^^^ method not found in `&str`
[INFO] [stdout]    |
[INFO] [stdout]    = note: this error originates in the derive macro `Deboog` (in Nightly builds, run with -Z macro-backtrace for more info)
[INFO] [stdout] 
[INFO] [stdout] 
[INFO] [stdout] error[E0599]: no method named `mask_all` found for enum `Option` in the current scope
[INFO] [stdout]   --> tests/mask.rs:63:14
[INFO] [stdout]    |
[INFO] [stdout] 63 |     #[derive(Deboog)]
[INFO] [stdout]    |              ^^^^^^ method not found in `Option<&str>`
[INFO] [stdout]    |
[INFO] [stdout]    = note: this error originates in the derive macro `Deboog` (in Nightly builds, run with -Z macro-backtrace for more info)
[INFO] [stdout] 
[INFO] [stdout] 
[INFO] [stdout] error[E0599]: no method named `mask_all` found for struct `Vec<&'static str>` in the current scope
[INFO] [stdout]   --> tests/mask.rs:84:14
[INFO] [stdout]    |
[INFO] [stdout] 84 |     #[derive(Deboog)]
[INFO] [stdout]    |              ^^^^^^ method not found in `Vec<&str>`
[INFO] [stdout]    |
[INFO] [stdout]    = note: this error originates in the derive macro `Deboog` (in Nightly builds, run with -Z macro-backtrace for more info)
[INFO] [stdout] 
[INFO] [stdout] 
[INFO] [stdout] error[E0599]: no method named `mask_all` found for struct `Vec<Option<&'static str>>` in the current scope
[INFO] [stdout]    --> tests/mask.rs:101:14
[INFO] [stdout]     |
[INFO] [stdout] 101 |     #[derive(Deboog)]
[INFO] [stdout]     |              ^^^^^^ method not found in `Vec<Option<&str>>`
[INFO] [stdout]     |
[INFO] [stdout]     = note: this error originates in the derive macro `Deboog` (in Nightly builds, run with -Z macro-backtrace for more info)
[INFO] [stdout] 
[INFO] [stdout] 
[INFO] [stdout] error[E0599]: no method named `mask_all` found for struct `Item` in the current scope
[INFO] [stdout]    --> tests/mask.rs:122:14
[INFO] [stdout]     |
[INFO] [stdout] 117 |     struct Item;
[INFO] [stdout]     |     ----------- method `mask_all` not found for this struct
[INFO] [stdout] ...
[INFO] [stdout] 122 |     #[derive(Deboog)]
[INFO] [stdout]     |              ^^^^^^ method not found in `Item`
[INFO] [stdout]     |
[INFO] [stdout]     = note: this error originates in the derive macro `Deboog` (in Nightly builds, run with -Z macro-backtrace for more info)
[INFO] [stdout] 
[INFO] [stdout] 
[INFO] [stdout] error[E0599]: no method named `mask_all` found for struct `String` in the current scope
[INFO] [stdout]    --> tests/mask.rs:134:14
[INFO] [stdout]     |
[INFO] [stdout] 134 |     #[derive(Deboog)]
[INFO] [stdout]     |              ^^^^^^ method not found in `String`
[INFO] [stdout]     |
[INFO] [stdout]     = note: this error originates in the derive macro `Deboog` (in Nightly builds, run with -Z macro-backtrace for more info)
[INFO] [stdout] 
[INFO] [stdout] 
[INFO] [stdout] error[E0599]: no method named `mask_hide` found for reference `&'static str` in the current scope
[INFO] [stdout]    --> tests/mask.rs:146:14
[INFO] [stdout]     |
[INFO] [stdout] 146 |     #[derive(Deboog)]
[INFO] [stdout]     |              ^^^^^^ method not found in `&str`
[INFO] [stdout]     |
[INFO] [stdout]     = note: this error originates in the derive macro `Deboog` (in Nightly builds, run with -Z macro-backtrace for more info)
[INFO] [stdout] 
[INFO] [stdout] 
[INFO] [stdout] error: aborting due to 9 previous errors
[INFO] [stdout] 
[INFO] [stdout] 
[INFO] [stdout] For more information about this error, try `rustc --explain E0599`.
[INFO] [stdout] 
[INFO] [stderr] error: could not compile `deboog` (test "mask") due to 10 previous errors
[INFO] [stderr] warning: build failed, waiting for other jobs to finish...
[INFO] running `Command { std: "docker" "inspect" "900a68695fe24b2372d32383266a32fe3bb49a2ce3c2d720cb241134f95975f1", kill_on_drop: false }`
[INFO] running `Command { std: "docker" "rm" "-f" "900a68695fe24b2372d32383266a32fe3bb49a2ce3c2d720cb241134f95975f1", kill_on_drop: false }`
[INFO] [stdout] 900a68695fe24b2372d32383266a32fe3bb49a2ce3c2d720cb241134f95975f1
