[INFO] fetching crate deadpool-fantoccini 0.3.0...
[INFO] testing deadpool-fantoccini-0.3.0 against 1.75.0 for beta-1.76-1
[INFO] extracting crate deadpool-fantoccini 0.3.0 into /workspace/builds/worker-1-tc1/source
[INFO] validating manifest of crates.io crate deadpool-fantoccini 0.3.0 on toolchain 1.75.0
[INFO] running `Command { std: CARGO_HOME="/workspace/cargo-home" RUSTUP_HOME="/workspace/rustup-home" "/workspace/cargo-home/bin/cargo" "+1.75.0" "metadata" "--manifest-path" "Cargo.toml" "--no-deps", kill_on_drop: false }`
[INFO] started tweaking crates.io crate deadpool-fantoccini 0.3.0
[INFO] finished tweaking crates.io crate deadpool-fantoccini 0.3.0
[INFO] tweaked toml for crates.io crate deadpool-fantoccini 0.3.0 written to /workspace/builds/worker-1-tc1/source/Cargo.toml
[INFO] running `Command { std: CARGO_HOME="/workspace/cargo-home" RUSTUP_HOME="/workspace/rustup-home" "/workspace/cargo-home/bin/cargo" "+1.75.0" "generate-lockfile" "--manifest-path" "Cargo.toml", kill_on_drop: false }`
[INFO] [stderr]     Updating crates.io index
[INFO] running `Command { std: CARGO_HOME="/workspace/cargo-home" RUSTUP_HOME="/workspace/rustup-home" "/workspace/cargo-home/bin/cargo" "+1.75.0" "fetch" "--manifest-path" "Cargo.toml", kill_on_drop: false }`
[INFO] [stderr]  Downloading crates ...
[INFO] [stderr]   Downloaded fantoccini v0.19.3
[INFO] [stderr]   Downloaded sys-info v0.8.0
[INFO] [stderr]   Downloaded webdriver v0.46.0
[INFO] [stderr]   Downloaded webdriver-install v0.3.2
[INFO] running `Command { std: "docker" "create" "-v" "/var/lib/crater-agent-workspace/builds/worker-1-tc1/target:/opt/rustwide/target:rw,Z" "-v" "/var/lib/crater-agent-workspace/builds/worker-1-tc1/source:/opt/rustwide/workdir:ro,Z" "-v" "/var/lib/crater-agent-workspace/cargo-home:/opt/rustwide/cargo-home:ro,Z" "-v" "/var/lib/crater-agent-workspace/rustup-home:/opt/rustwide/rustup-home:ro,Z" "-e" "SOURCE_DIR=/opt/rustwide/workdir" "-e" "CARGO_TARGET_DIR=/opt/rustwide/target" "-e" "CARGO_HOME=/opt/rustwide/cargo-home" "-e" "RUSTUP_HOME=/opt/rustwide/rustup-home" "-w" "/opt/rustwide/workdir" "-m" "1610612736" "--user" "0:0" "--network" "none" "ghcr.io/rust-lang/crates-build-env/linux@sha256:2788e3201cd34a07e3172128adcd8b3090168a8e3bcc40d7c032b9dda1df7d1c" "/opt/rustwide/cargo-home/bin/cargo" "+1.75.0" "metadata" "--no-deps" "--format-version=1", kill_on_drop: false }`
[INFO] [stdout] eeaa43a83e341b95c4942de1c859f21c5cda28a2b548f6009b7464b9145d735a
[INFO] running `Command { std: "docker" "start" "-a" "eeaa43a83e341b95c4942de1c859f21c5cda28a2b548f6009b7464b9145d735a", kill_on_drop: false }`
[INFO] running `Command { std: "docker" "inspect" "eeaa43a83e341b95c4942de1c859f21c5cda28a2b548f6009b7464b9145d735a", kill_on_drop: false }`
[INFO] running `Command { std: "docker" "rm" "-f" "eeaa43a83e341b95c4942de1c859f21c5cda28a2b548f6009b7464b9145d735a", kill_on_drop: false }`
[INFO] [stdout] eeaa43a83e341b95c4942de1c859f21c5cda28a2b548f6009b7464b9145d735a
[INFO] running `Command { std: "docker" "create" "-v" "/var/lib/crater-agent-workspace/builds/worker-1-tc1/target:/opt/rustwide/target:rw,Z" "-v" "/var/lib/crater-agent-workspace/builds/worker-1-tc1/source:/opt/rustwide/workdir:ro,Z" "-v" "/var/lib/crater-agent-workspace/cargo-home:/opt/rustwide/cargo-home:ro,Z" "-v" "/var/lib/crater-agent-workspace/rustup-home:/opt/rustwide/rustup-home:ro,Z" "-e" "SOURCE_DIR=/opt/rustwide/workdir" "-e" "CARGO_TARGET_DIR=/opt/rustwide/target" "-e" "CARGO_INCREMENTAL=0" "-e" "RUST_BACKTRACE=full" "-e" "RUSTFLAGS=--cap-lints=warn" "-e" "RUSTDOCFLAGS=--cap-lints=warn" "-e" "CARGO_HOME=/opt/rustwide/cargo-home" "-e" "RUSTUP_HOME=/opt/rustwide/rustup-home" "-w" "/opt/rustwide/workdir" "-m" "1610612736" "--user" "0:0" "--network" "none" "ghcr.io/rust-lang/crates-build-env/linux@sha256:2788e3201cd34a07e3172128adcd8b3090168a8e3bcc40d7c032b9dda1df7d1c" "/opt/rustwide/cargo-home/bin/cargo" "+1.75.0" "build" "--frozen" "--message-format=json", kill_on_drop: false }`
[INFO] [stdout] 38ba83a70444f40bcc38894d44023f7b4578a955fca7f77fac6fd4b3a24f727e
[INFO] running `Command { std: "docker" "start" "-a" "38ba83a70444f40bcc38894d44023f7b4578a955fca7f77fac6fd4b3a24f727e", kill_on_drop: false }`
[INFO] [stderr]    Compiling vcpkg v0.2.15
[INFO] [stderr]    Compiling foreign-types-shared v0.1.1
[INFO] [stderr]    Compiling openssl v0.10.62
[INFO] [stderr]    Compiling tinyvec_macros v0.1.1
[INFO] [stderr]    Compiling native-tls v0.2.11
[INFO] [stderr]    Compiling tinyvec v1.6.0
[INFO] [stderr]    Compiling foreign-types v0.3.2
[INFO] [stderr]    Compiling bitflags v2.4.1
[INFO] [stderr]    Compiling syn v2.0.48
[INFO] [stderr]    Compiling cookie v0.16.2
[INFO] [stderr]    Compiling tokio v1.35.1
[INFO] [stderr]    Compiling unicode-bidi v0.3.14
[INFO] [stderr]    Compiling tracing v0.1.40
[INFO] [stderr]    Compiling time v0.3.31
[INFO] [stderr]    Compiling form_urlencoded v1.2.1
[INFO] [stderr]    Compiling futures-channel v0.3.30
[INFO] [stderr]    Compiling http v1.0.0
[INFO] [stderr]    Compiling unicode-segmentation v1.10.1
[INFO] [stderr]    Compiling retain_mut v0.1.9
[INFO] [stderr]    Compiling deadpool-runtime v0.1.3
[INFO] [stderr]    Compiling mime v0.3.17
[INFO] [stderr]    Compiling openssl-sys v0.9.98
[INFO] [stderr]    Compiling unicode-normalization v0.1.22
[INFO] [stderr]    Compiling http-body v1.0.0
[INFO] [stderr]    Compiling idna v0.5.0
[INFO] [stderr]    Compiling url v2.5.0
[INFO] [stderr]    Compiling hyper v1.1.0
[INFO] [stderr]    Compiling openssl-macros v0.1.1
[INFO] [stderr]    Compiling futures-macro v0.3.30
[INFO] [stderr]    Compiling serde_derive v1.0.194
[INFO] [stderr]    Compiling async-trait v0.1.77
[INFO] [stderr]    Compiling deadpool v0.9.5
[INFO] [stderr]    Compiling futures-util v0.3.30
[INFO] [stderr]    Compiling serde v1.0.194
[INFO] [stderr]    Compiling hyper v0.14.28
[INFO] [stderr]    Compiling tokio-native-tls v0.3.1
[INFO] [stderr]    Compiling hyper-tls v0.5.0
[INFO] [stderr]    Compiling serde_json v1.0.111
[INFO] [stderr]    Compiling webdriver v0.46.0
[INFO] [stderr]    Compiling fantoccini v0.19.3
[INFO] [stderr]    Compiling deadpool-fantoccini v0.3.0 (/opt/rustwide/workdir)
[INFO] [stdout] error[E0433]: failed to resolve: could not find `client` in `hyper`
[INFO] [stdout]  --> src/native_tls.rs:4:12
[INFO] [stdout]   |
[INFO] [stdout] 4 | use hyper::client::connect::Connect;
[INFO] [stdout]   |            ^^^^^^ could not find `client` in `hyper`
[INFO] [stdout] 
[INFO] [stdout] 
[INFO] [stdout] error[E0433]: failed to resolve: could not find `client` in `hyper`
[INFO] [stdout]  --> src/native_tls.rs:7:55
[INFO] [stdout]   |
[INFO] [stdout] 7 | pub type Connector = hyper_tls::HttpsConnector<hyper::client::connect::HttpConnector>;
[INFO] [stdout]   |                                                       ^^^^^^ could not find `client` in `hyper`
[INFO] [stdout] 
[INFO] [stdout] 
[INFO] [stdout] error[E0433]: failed to resolve: could not find `client` in `hyper`
[INFO] [stdout]    --> src/lib.rs:136:25
[INFO] [stdout]     |
[INFO] [stdout] 136 |     C: 'static + hyper::client::connect::Connect + Send + Sync + Clone + Unpin,
[INFO] [stdout]     |                         ^^^^^^ could not find `client` in `hyper`
[INFO] [stdout] 
[INFO] [stdout] 
[INFO] [stdout] error[E0433]: failed to resolve: could not find `client` in `hyper`
[INFO] [stdout]    --> src/lib.rs:144:25
[INFO] [stdout]     |
[INFO] [stdout] 144 |     C: 'static + hyper::client::connect::Connect + Send + Sync + Clone + Unpin,
[INFO] [stdout]     |                         ^^^^^^ could not find `client` in `hyper`
[INFO] [stdout] 
[INFO] [stdout] 
[INFO] [stdout] error[E0433]: failed to resolve: could not find `client` in `hyper`
[INFO] [stdout]    --> src/lib.rs:171:25
[INFO] [stdout]     |
[INFO] [stdout] 171 |     C: 'static + hyper::client::connect::Connect + Send + Sync + Clone + Unpin,
[INFO] [stdout]     |                         ^^^^^^ could not find `client` in `hyper`
[INFO] [stdout] 
[INFO] [stdout] 
[INFO] [stdout] error[E0433]: failed to resolve: could not find `client` in `hyper`
[INFO] [stdout]    --> src/lib.rs:205:25
[INFO] [stdout]     |
[INFO] [stdout] 205 |     C: 'static + hyper::client::connect::Connect + Send + Sync + Clone + Unpin,
[INFO] [stdout]     |                         ^^^^^^ could not find `client` in `hyper`
[INFO] [stdout] 
[INFO] [stdout] 
[INFO] [stdout] error: aborting due to 6 previous errors
[INFO] [stdout] 
[INFO] [stdout] 
[INFO] [stdout] For more information about this error, try `rustc --explain E0433`.
[INFO] [stdout] 
[INFO] [stderr] error: could not compile `deadpool-fantoccini` (lib) due to 7 previous errors
[INFO] running `Command { std: "docker" "inspect" "38ba83a70444f40bcc38894d44023f7b4578a955fca7f77fac6fd4b3a24f727e", kill_on_drop: false }`
[INFO] running `Command { std: "docker" "rm" "-f" "38ba83a70444f40bcc38894d44023f7b4578a955fca7f77fac6fd4b3a24f727e", kill_on_drop: false }`
[INFO] [stdout] 38ba83a70444f40bcc38894d44023f7b4578a955fca7f77fac6fd4b3a24f727e
[INFO] testing deadpool-fantoccini-0.3.0 against beta-2023-12-22 for beta-1.76-1
[INFO] extracting crate deadpool-fantoccini 0.3.0 into /workspace/builds/worker-1-tc2/source
[INFO] validating manifest of crates.io crate deadpool-fantoccini 0.3.0 on toolchain beta-2023-12-22
[INFO] running `Command { std: CARGO_HOME="/workspace/cargo-home" RUSTUP_HOME="/workspace/rustup-home" "/workspace/cargo-home/bin/cargo" "+beta-2023-12-22" "metadata" "--manifest-path" "Cargo.toml" "--no-deps", kill_on_drop: false }`
[INFO] started tweaking crates.io crate deadpool-fantoccini 0.3.0
[INFO] finished tweaking crates.io crate deadpool-fantoccini 0.3.0
[INFO] tweaked toml for crates.io crate deadpool-fantoccini 0.3.0 written to /workspace/builds/worker-1-tc2/source/Cargo.toml
[INFO] running `Command { std: CARGO_HOME="/workspace/cargo-home" RUSTUP_HOME="/workspace/rustup-home" "/workspace/cargo-home/bin/cargo" "+beta-2023-12-22" "generate-lockfile" "--manifest-path" "Cargo.toml", kill_on_drop: false }`
[INFO] [stderr]     Updating crates.io index
[INFO] running `Command { std: CARGO_HOME="/workspace/cargo-home" RUSTUP_HOME="/workspace/rustup-home" "/workspace/cargo-home/bin/cargo" "+beta-2023-12-22" "fetch" "--manifest-path" "Cargo.toml", kill_on_drop: false }`
[INFO] running `Command { std: "docker" "create" "-v" "/var/lib/crater-agent-workspace/builds/worker-1-tc2/target:/opt/rustwide/target:rw,Z" "-v" "/var/lib/crater-agent-workspace/builds/worker-1-tc2/source:/opt/rustwide/workdir:ro,Z" "-v" "/var/lib/crater-agent-workspace/cargo-home:/opt/rustwide/cargo-home:ro,Z" "-v" "/var/lib/crater-agent-workspace/rustup-home:/opt/rustwide/rustup-home:ro,Z" "-e" "SOURCE_DIR=/opt/rustwide/workdir" "-e" "CARGO_TARGET_DIR=/opt/rustwide/target" "-e" "CARGO_HOME=/opt/rustwide/cargo-home" "-e" "RUSTUP_HOME=/opt/rustwide/rustup-home" "-w" "/opt/rustwide/workdir" "-m" "1610612736" "--user" "0:0" "--network" "none" "ghcr.io/rust-lang/crates-build-env/linux@sha256:2788e3201cd34a07e3172128adcd8b3090168a8e3bcc40d7c032b9dda1df7d1c" "/opt/rustwide/cargo-home/bin/cargo" "+beta-2023-12-22" "metadata" "--no-deps" "--format-version=1", kill_on_drop: false }`
[INFO] [stdout] 81459d4149f3c4c6de79b40a025a62ee2df6e72f71e686dc2f7484cd7aa57a06
[INFO] running `Command { std: "docker" "start" "-a" "81459d4149f3c4c6de79b40a025a62ee2df6e72f71e686dc2f7484cd7aa57a06", kill_on_drop: false }`
[INFO] running `Command { std: "docker" "inspect" "81459d4149f3c4c6de79b40a025a62ee2df6e72f71e686dc2f7484cd7aa57a06", kill_on_drop: false }`
[INFO] running `Command { std: "docker" "rm" "-f" "81459d4149f3c4c6de79b40a025a62ee2df6e72f71e686dc2f7484cd7aa57a06", kill_on_drop: false }`
[INFO] [stdout] 81459d4149f3c4c6de79b40a025a62ee2df6e72f71e686dc2f7484cd7aa57a06
[INFO] running `Command { std: "docker" "create" "-v" "/var/lib/crater-agent-workspace/builds/worker-1-tc2/target:/opt/rustwide/target:rw,Z" "-v" "/var/lib/crater-agent-workspace/builds/worker-1-tc2/source:/opt/rustwide/workdir:ro,Z" "-v" "/var/lib/crater-agent-workspace/cargo-home:/opt/rustwide/cargo-home:ro,Z" "-v" "/var/lib/crater-agent-workspace/rustup-home:/opt/rustwide/rustup-home:ro,Z" "-e" "SOURCE_DIR=/opt/rustwide/workdir" "-e" "CARGO_TARGET_DIR=/opt/rustwide/target" "-e" "CARGO_INCREMENTAL=0" "-e" "RUST_BACKTRACE=full" "-e" "RUSTFLAGS=--cap-lints=warn" "-e" "RUSTDOCFLAGS=--cap-lints=warn" "-e" "CARGO_HOME=/opt/rustwide/cargo-home" "-e" "RUSTUP_HOME=/opt/rustwide/rustup-home" "-w" "/opt/rustwide/workdir" "-m" "1610612736" "--user" "0:0" "--network" "none" "ghcr.io/rust-lang/crates-build-env/linux@sha256:2788e3201cd34a07e3172128adcd8b3090168a8e3bcc40d7c032b9dda1df7d1c" "/opt/rustwide/cargo-home/bin/cargo" "+beta-2023-12-22" "build" "--frozen" "--message-format=json", kill_on_drop: false }`
[INFO] [stdout] 7ee876b934ef93725eb6c14b6ae18a0a77547bc9e6f68f780eb5edae1b3767d6
[INFO] running `Command { std: "docker" "start" "-a" "7ee876b934ef93725eb6c14b6ae18a0a77547bc9e6f68f780eb5edae1b3767d6", kill_on_drop: false }`
[INFO] [stderr]    Compiling vcpkg v0.2.15
[INFO] [stderr]    Compiling tinyvec_macros v0.1.1
[INFO] [stderr]    Compiling foreign-types-shared v0.1.1
[INFO] [stderr]    Compiling openssl v0.10.62
[INFO] [stderr]    Compiling native-tls v0.2.11
[INFO] [stderr]    Compiling bitflags v2.4.1
[INFO] [stderr]    Compiling cookie v0.16.2
[INFO] [stderr]    Compiling syn v2.0.48
[INFO] [stderr]    Compiling tokio v1.35.1
[INFO] [stderr]    Compiling unicode-bidi v0.3.14
[INFO] [stderr]    Compiling time v0.3.31
[INFO] [stderr]    Compiling tracing v0.1.40
[INFO] [stderr]    Compiling futures-channel v0.3.30
[INFO] [stderr]    Compiling form_urlencoded v1.2.1
[INFO] [stderr]    Compiling http v1.0.0
[INFO] [stderr]    Compiling unicode-segmentation v1.10.1
[INFO] [stderr]    Compiling tinyvec v1.6.0
[INFO] [stderr]    Compiling foreign-types v0.3.2
[INFO] [stderr]    Compiling deadpool-runtime v0.1.3
[INFO] [stderr]    Compiling retain_mut v0.1.9
[INFO] [stderr]    Compiling mime v0.3.17
[INFO] [stderr]    Compiling openssl-sys v0.9.98
[INFO] [stderr]    Compiling unicode-normalization v0.1.22
[INFO] [stderr]    Compiling http-body v1.0.0
[INFO] [stderr]    Compiling idna v0.5.0
[INFO] [stderr]    Compiling url v2.5.0
[INFO] [stderr]    Compiling hyper v1.1.0
[INFO] [stderr]    Compiling openssl-macros v0.1.1
[INFO] [stderr]    Compiling futures-macro v0.3.30
[INFO] [stderr]    Compiling serde_derive v1.0.194
[INFO] [stderr]    Compiling async-trait v0.1.77
[INFO] [stderr]    Compiling futures-util v0.3.30
[INFO] [stderr]    Compiling deadpool v0.9.5
[INFO] [stderr]    Compiling serde v1.0.194
[INFO] [stderr]    Compiling hyper v0.14.28
[INFO] [stderr]    Compiling tokio-native-tls v0.3.1
[INFO] [stderr]    Compiling hyper-tls v0.5.0
[INFO] [stderr]    Compiling serde_json v1.0.111
[INFO] [stderr]    Compiling webdriver v0.46.0
[INFO] [stderr]    Compiling fantoccini v0.19.3
[INFO] [stderr]    Compiling deadpool-fantoccini v0.3.0 (/opt/rustwide/workdir)
[INFO] [stdout] error[E0433]: failed to resolve: could not find `client` in `hyper`
[INFO] [stdout]  --> src/native_tls.rs:4:12
[INFO] [stdout]   |
[INFO] [stdout] 4 | use hyper::client::connect::Connect;
[INFO] [stdout]   |            ^^^^^^ could not find `client` in `hyper`
[INFO] [stdout] 
[INFO] [stdout] 
[INFO] [stdout] error[E0433]: failed to resolve: could not find `client` in `hyper`
[INFO] [stdout]  --> src/native_tls.rs:7:55
[INFO] [stdout]   |
[INFO] [stdout] 7 | pub type Connector = hyper_tls::HttpsConnector<hyper::client::connect::HttpConnector>;
[INFO] [stdout]   |                                                       ^^^^^^ could not find `client` in `hyper`
[INFO] [stdout] 
[INFO] [stdout] 
[INFO] [stdout] error[E0433]: failed to resolve: could not find `client` in `hyper`
[INFO] [stdout]    --> src/lib.rs:136:25
[INFO] [stdout]     |
[INFO] [stdout] 136 |     C: 'static + hyper::client::connect::Connect + Send + Sync + Clone + Unpin,
[INFO] [stdout]     |                         ^^^^^^ could not find `client` in `hyper`
[INFO] [stdout] 
[INFO] [stdout] 
[INFO] [stdout] error[E0433]: failed to resolve: could not find `client` in `hyper`
[INFO] [stdout]    --> src/lib.rs:144:25
[INFO] [stdout]     |
[INFO] [stdout] 144 |     C: 'static + hyper::client::connect::Connect + Send + Sync + Clone + Unpin,
[INFO] [stdout]     |                         ^^^^^^ could not find `client` in `hyper`
[INFO] [stdout] 
[INFO] [stdout] 
[INFO] [stdout] error[E0433]: failed to resolve: could not find `client` in `hyper`
[INFO] [stdout]    --> src/lib.rs:171:25
[INFO] [stdout]     |
[INFO] [stdout] 171 |     C: 'static + hyper::client::connect::Connect + Send + Sync + Clone + Unpin,
[INFO] [stdout]     |                         ^^^^^^ could not find `client` in `hyper`
[INFO] [stdout] 
[INFO] [stdout] 
[INFO] [stdout] error[E0433]: failed to resolve: could not find `client` in `hyper`
[INFO] [stdout]    --> src/lib.rs:205:25
[INFO] [stdout]     |
[INFO] [stdout] 205 |     C: 'static + hyper::client::connect::Connect + Send + Sync + Clone + Unpin,
[INFO] [stdout]     |                         ^^^^^^ could not find `client` in `hyper`
[INFO] [stdout] 
[INFO] [stdout] 
[INFO] [stdout] error: aborting due to 6 previous errors
[INFO] [stdout] 
[INFO] [stdout] 
[INFO] [stdout] For more information about this error, try `rustc --explain E0433`.
[INFO] [stdout] 
[INFO] [stderr] error: could not compile `deadpool-fantoccini` (lib) due to 7 previous errors
[INFO] running `Command { std: "docker" "inspect" "7ee876b934ef93725eb6c14b6ae18a0a77547bc9e6f68f780eb5edae1b3767d6", kill_on_drop: false }`
[INFO] running `Command { std: "docker" "rm" "-f" "7ee876b934ef93725eb6c14b6ae18a0a77547bc9e6f68f780eb5edae1b3767d6", kill_on_drop: false }`
[INFO] [stdout] 7ee876b934ef93725eb6c14b6ae18a0a77547bc9e6f68f780eb5edae1b3767d6
