[INFO] fetching crate datafusion-common 33.0.0...
[INFO] testing datafusion-common-33.0.0 against 1.75.0 for beta-1.76-1
[INFO] extracting crate datafusion-common 33.0.0 into /workspace/builds/worker-4-tc1/source
[INFO] validating manifest of crates.io crate datafusion-common 33.0.0 on toolchain 1.75.0
[INFO] running `Command { std: CARGO_HOME="/workspace/cargo-home" RUSTUP_HOME="/workspace/rustup-home" "/workspace/cargo-home/bin/cargo" "+1.75.0" "metadata" "--manifest-path" "Cargo.toml" "--no-deps", kill_on_drop: false }`
[INFO] started tweaking crates.io crate datafusion-common 33.0.0
[INFO] finished tweaking crates.io crate datafusion-common 33.0.0
[INFO] tweaked toml for crates.io crate datafusion-common 33.0.0 written to /workspace/builds/worker-4-tc1/source/Cargo.toml
[INFO] running `Command { std: CARGO_HOME="/workspace/cargo-home" RUSTUP_HOME="/workspace/rustup-home" "/workspace/cargo-home/bin/cargo" "+1.75.0" "generate-lockfile" "--manifest-path" "Cargo.toml", kill_on_drop: false }`
[INFO] [stderr]     Updating crates.io index
[INFO] running `Command { std: CARGO_HOME="/workspace/cargo-home" RUSTUP_HOME="/workspace/rustup-home" "/workspace/cargo-home/bin/cargo" "+1.75.0" "fetch" "--manifest-path" "Cargo.toml", kill_on_drop: false }`
[INFO] [stderr]  Downloading crates ...
[INFO] [stderr]   Downloaded pyo3-macros-backend v0.20.2
[INFO] [stderr]   Downloaded arrow-string v48.0.1
[INFO] [stderr]   Downloaded quad-rand v0.2.1
[INFO] [stderr]   Downloaded libflate_lz77 v2.0.0
[INFO] [stderr]   Downloaded unindent v0.2.3
[INFO] [stderr]   Downloaded pyo3-macros v0.20.2
[INFO] [stderr]   Downloaded typed-builder v0.16.2
[INFO] [stderr]   Downloaded typed-builder-macro v0.16.2
[INFO] [stderr]   Downloaded dary_heap v0.3.6
[INFO] [stderr]   Downloaded arrow-schema v48.0.1
[INFO] [stderr]   Downloaded arrow-ord v48.0.1
[INFO] [stderr]   Downloaded arrow-json v48.0.1
[INFO] [stderr]   Downloaded arrow-ipc v48.0.1
[INFO] [stderr]   Downloaded apache-avro v0.16.0
[INFO] [stderr]   Downloaded chrono-tz v0.8.5
[INFO] [stderr]   Downloaded parquet v48.0.1
[INFO] [stderr]   Downloaded pyo3 v0.20.2
[INFO] [stderr]   Downloaded arrow-array v48.0.1
[INFO] [stderr]   Downloaded sqlparser v0.39.0
[INFO] [stderr]   Downloaded libflate v2.0.0
[INFO] [stderr]   Downloaded arrow-data v48.0.1
[INFO] [stderr]   Downloaded arrow-cast v48.0.1
[INFO] [stderr]   Downloaded lz4_flex v0.11.1
[INFO] [stderr]   Downloaded pyo3-ffi v0.20.2
[INFO] [stderr]   Downloaded arrow-buffer v48.0.1
[INFO] [stderr]   Downloaded snafu v0.7.5
[INFO] [stderr]   Downloaded comfy-table v7.1.0
[INFO] [stderr]   Downloaded object_store v0.7.1
[INFO] [stderr]   Downloaded arrow v48.0.1
[INFO] [stderr]   Downloaded snafu-derive v0.7.5
[INFO] [stderr]   Downloaded arrow-row v48.0.1
[INFO] [stderr]   Downloaded arrow-csv v48.0.1
[INFO] [stderr]   Downloaded arrow-arith v48.0.1
[INFO] [stderr]   Downloaded pyo3-build-config v0.20.2
[INFO] [stderr]   Downloaded arrow-select v48.0.1
[INFO] running `Command { std: "docker" "create" "-v" "/var/lib/crater-agent-workspace/builds/worker-4-tc1/target:/opt/rustwide/target:rw,Z" "-v" "/var/lib/crater-agent-workspace/builds/worker-4-tc1/source:/opt/rustwide/workdir:ro,Z" "-v" "/var/lib/crater-agent-workspace/cargo-home:/opt/rustwide/cargo-home:ro,Z" "-v" "/var/lib/crater-agent-workspace/rustup-home:/opt/rustwide/rustup-home:ro,Z" "-e" "SOURCE_DIR=/opt/rustwide/workdir" "-e" "CARGO_TARGET_DIR=/opt/rustwide/target" "-e" "CARGO_HOME=/opt/rustwide/cargo-home" "-e" "RUSTUP_HOME=/opt/rustwide/rustup-home" "-w" "/opt/rustwide/workdir" "-m" "1610612736" "--user" "0:0" "--network" "none" "ghcr.io/rust-lang/crates-build-env/linux@sha256:2788e3201cd34a07e3172128adcd8b3090168a8e3bcc40d7c032b9dda1df7d1c" "/opt/rustwide/cargo-home/bin/cargo" "+1.75.0" "metadata" "--no-deps" "--format-version=1", kill_on_drop: false }`
[INFO] [stdout] fad856255c4b7675b3cfa2db58151cf5f4fb224dcc2e580789c3f4f4f69171b8
[INFO] running `Command { std: "docker" "start" "-a" "fad856255c4b7675b3cfa2db58151cf5f4fb224dcc2e580789c3f4f4f69171b8", kill_on_drop: false }`
[INFO] running `Command { std: "docker" "inspect" "fad856255c4b7675b3cfa2db58151cf5f4fb224dcc2e580789c3f4f4f69171b8", kill_on_drop: false }`
[INFO] running `Command { std: "docker" "rm" "-f" "fad856255c4b7675b3cfa2db58151cf5f4fb224dcc2e580789c3f4f4f69171b8", kill_on_drop: false }`
[INFO] [stdout] fad856255c4b7675b3cfa2db58151cf5f4fb224dcc2e580789c3f4f4f69171b8
[INFO] running `Command { std: "docker" "create" "-v" "/var/lib/crater-agent-workspace/builds/worker-4-tc1/target:/opt/rustwide/target:rw,Z" "-v" "/var/lib/crater-agent-workspace/builds/worker-4-tc1/source:/opt/rustwide/workdir:ro,Z" "-v" "/var/lib/crater-agent-workspace/cargo-home:/opt/rustwide/cargo-home:ro,Z" "-v" "/var/lib/crater-agent-workspace/rustup-home:/opt/rustwide/rustup-home:ro,Z" "-e" "SOURCE_DIR=/opt/rustwide/workdir" "-e" "CARGO_TARGET_DIR=/opt/rustwide/target" "-e" "CARGO_INCREMENTAL=0" "-e" "RUST_BACKTRACE=full" "-e" "RUSTFLAGS=--cap-lints=warn" "-e" "RUSTDOCFLAGS=--cap-lints=warn" "-e" "CARGO_HOME=/opt/rustwide/cargo-home" "-e" "RUSTUP_HOME=/opt/rustwide/rustup-home" "-w" "/opt/rustwide/workdir" "-m" "1610612736" "--user" "0:0" "--network" "none" "ghcr.io/rust-lang/crates-build-env/linux@sha256:2788e3201cd34a07e3172128adcd8b3090168a8e3bcc40d7c032b9dda1df7d1c" "/opt/rustwide/cargo-home/bin/cargo" "+1.75.0" "build" "--frozen" "--message-format=json", kill_on_drop: false }`
[INFO] [stdout] ec03843c7bc960f1e5cf2c89d60b8520aa0b4dc4eb4218e552a83ad8b611935f
[INFO] running `Command { std: "docker" "start" "-a" "ec03843c7bc960f1e5cf2c89d60b8520aa0b4dc4eb4218e552a83ad8b611935f", kill_on_drop: false }`
[INFO] [stderr]    Compiling autocfg v1.1.0
[INFO] [stderr]    Compiling libm v0.2.8
[INFO] [stderr]    Compiling siphasher v0.3.11
[INFO] [stderr]    Compiling rand_core v0.6.4
[INFO] [stderr]    Compiling regex-syntax v0.8.2
[INFO] [stderr]    Compiling cfg-if v1.0.0
[INFO] [stderr]    Compiling libc v0.2.151
[INFO] [stderr]    Compiling proc-macro2 v1.0.75
[INFO] [stderr]    Compiling version_check v0.9.4
[INFO] [stderr]    Compiling unicode-ident v1.0.12
[INFO] [stderr]    Compiling iana-time-zone v0.1.59
[INFO] [stderr]    Compiling bytes v1.5.0
[INFO] [stderr]    Compiling hashbrown v0.14.3
[INFO] [stderr]    Compiling arrow-schema v48.0.1
[INFO] [stderr]    Compiling once_cell v1.19.0
[INFO] [stderr]    Compiling zerocopy v0.7.32
[INFO] [stderr]    Compiling static_assertions v1.1.0
[INFO] [stderr]    Compiling lexical-util v0.8.5
[INFO] [stderr]    Compiling rustversion v1.0.14
[INFO] [stderr]    Compiling rand v0.8.5
[INFO] [stderr]    Compiling phf_shared v0.11.2
[INFO] [stderr]    Compiling phf v0.11.2
[INFO] [stderr]    Compiling ahash v0.8.7
[INFO] [stderr]    Compiling semver v1.0.21
[INFO] [stderr]    Compiling num-traits v0.2.17
[INFO] [stderr]    Compiling num-integer v0.1.45
[INFO] [stderr]    Compiling num-bigint v0.4.4
[INFO] [stderr]    Compiling num-iter v0.1.43
[INFO] [stderr]    Compiling num-rational v0.4.1
[INFO] [stderr]    Compiling memchr v2.7.1
[INFO] [stderr]    Compiling lexical-parse-integer v0.8.6
[INFO] [stderr]    Compiling phf_generator v0.11.2
[INFO] [stderr]    Compiling lexical-write-integer v0.8.5
[INFO] [stderr]    Compiling serde v1.0.194
[INFO] [stderr]    Compiling heck v0.4.1
[INFO] [stderr]    Compiling phf_codegen v0.11.2
[INFO] [stderr]    Compiling strum v0.25.0
[INFO] [stderr]    Compiling lexical-parse-float v0.8.5
[INFO] [stderr]    Compiling unicode-width v0.1.11
[INFO] [stderr]    Compiling lexical-write-float v0.8.5
[INFO] [stderr]    Compiling ryu v1.0.16
[INFO] [stderr]    Compiling quote v1.0.35
[INFO] [stderr]    Compiling itoa v1.0.10
[INFO] [stderr]    Compiling rustc_version v0.4.0
[INFO] [stderr]    Compiling syn v1.0.109
[INFO] [stderr]    Compiling serde_json v1.0.111
[INFO] [stderr]    Compiling syn v2.0.48
[INFO] [stderr]    Compiling getrandom v0.2.11
[INFO] [stderr]    Compiling aho-corasick v1.1.2
[INFO] [stderr]    Compiling csv-core v0.1.11
[INFO] [stderr]    Compiling bitflags v1.3.2
[INFO] [stderr]    Compiling lexical-core v0.8.5
[INFO] [stderr]    Compiling flatbuffers v23.5.26
[INFO] [stderr]    Compiling regex-automata v0.4.3
[INFO] [stderr]    Compiling equivalent v1.0.1
[INFO] [stderr]    Compiling indexmap v2.1.0
[INFO] [stderr]    Compiling lazy_static v1.4.0
[INFO] [stderr]    Compiling log v0.4.20
[INFO] [stderr]    Compiling num_cpus v1.16.0
[INFO] [stderr]    Compiling num-complex v0.4.4
[INFO] [stderr]    Compiling half v2.3.1
[INFO] [stderr]    Compiling chrono v0.4.31
[INFO] [stderr]    Compiling regex v1.10.2
[INFO] [stderr]    Compiling parse-zoneinfo v0.3.0
[INFO] [stderr]    Compiling chrono-tz-build v0.2.1
[INFO] [stderr]    Compiling sqlparser_derive v0.1.1
[INFO] [stderr]    Compiling strum_macros v0.25.3
[INFO] [stderr]    Compiling num v0.4.1
[INFO] [stderr]    Compiling arrow-buffer v48.0.1
[INFO] [stderr]    Compiling csv v1.3.0
[INFO] [stderr]    Compiling chrono-tz v0.8.5
[INFO] [stderr]    Compiling sqlparser v0.39.0
[INFO] [stderr]    Compiling arrow-data v48.0.1
[INFO] [stderr]    Compiling comfy-table v7.1.0
[INFO] [stderr]    Compiling arrow-array v48.0.1
[INFO] [stderr]    Compiling arrow-select v48.0.1
[INFO] [stderr]    Compiling arrow-row v48.0.1
[INFO] [stderr]    Compiling arrow-arith v48.0.1
[INFO] [stderr]    Compiling arrow-cast v48.0.1
[INFO] [stderr]    Compiling arrow-string v48.0.1
[INFO] [stderr]    Compiling arrow-ord v48.0.1
[INFO] [stderr]    Compiling arrow-json v48.0.1
[INFO] [stderr]    Compiling arrow-csv v48.0.1
[INFO] [stderr]    Compiling arrow-ipc v48.0.1
[INFO] [stderr]    Compiling arrow v48.0.1
[INFO] [stderr]    Compiling datafusion-common v33.0.0 (/opt/rustwide/workdir)
[INFO] [stdout] warning: unused import: `exec_err as _exec_err`
[INFO] [stdout]    --> src/error.rs:530:9
[INFO] [stdout]     |
[INFO] [stdout] 530 | pub use exec_err as _exec_err;
[INFO] [stdout]     |         ^^^^^^^^^^^^^^^^^^^^^
[INFO] [stdout]     |
[INFO] [stdout]     = note: `#[warn(unused_imports)]` on by default
[INFO] [stdout] 
[INFO] [stdout] 
[INFO] [stdout] warning: 1 warning emitted
[INFO] [stdout] 
[INFO] [stdout] 
[INFO] [stderr]     Finished dev [unoptimized + debuginfo] target(s) in 21.35s
[INFO] running `Command { std: "docker" "inspect" "ec03843c7bc960f1e5cf2c89d60b8520aa0b4dc4eb4218e552a83ad8b611935f", kill_on_drop: false }`
[INFO] running `Command { std: "docker" "rm" "-f" "ec03843c7bc960f1e5cf2c89d60b8520aa0b4dc4eb4218e552a83ad8b611935f", kill_on_drop: false }`
[INFO] [stdout] ec03843c7bc960f1e5cf2c89d60b8520aa0b4dc4eb4218e552a83ad8b611935f
[INFO] running `Command { std: "docker" "create" "-v" "/var/lib/crater-agent-workspace/builds/worker-4-tc1/target:/opt/rustwide/target:rw,Z" "-v" "/var/lib/crater-agent-workspace/builds/worker-4-tc1/source:/opt/rustwide/workdir:ro,Z" "-v" "/var/lib/crater-agent-workspace/cargo-home:/opt/rustwide/cargo-home:ro,Z" "-v" "/var/lib/crater-agent-workspace/rustup-home:/opt/rustwide/rustup-home:ro,Z" "-e" "SOURCE_DIR=/opt/rustwide/workdir" "-e" "CARGO_TARGET_DIR=/opt/rustwide/target" "-e" "CARGO_INCREMENTAL=0" "-e" "RUST_BACKTRACE=full" "-e" "RUSTFLAGS=--cap-lints=warn" "-e" "RUSTDOCFLAGS=--cap-lints=warn" "-e" "CARGO_HOME=/opt/rustwide/cargo-home" "-e" "RUSTUP_HOME=/opt/rustwide/rustup-home" "-w" "/opt/rustwide/workdir" "-m" "1610612736" "--user" "0:0" "--network" "none" "ghcr.io/rust-lang/crates-build-env/linux@sha256:2788e3201cd34a07e3172128adcd8b3090168a8e3bcc40d7c032b9dda1df7d1c" "/opt/rustwide/cargo-home/bin/cargo" "+1.75.0" "test" "--frozen" "--no-run" "--message-format=json", kill_on_drop: false }`
[INFO] [stdout] 54e0d8bb39ea3bedb900f505b6e0b9ce92a4e9caf3613ba8a6c2bb7d65096308
[INFO] running `Command { std: "docker" "start" "-a" "54e0d8bb39ea3bedb900f505b6e0b9ce92a4e9caf3613ba8a6c2bb7d65096308", kill_on_drop: false }`
[INFO] [stderr]    Compiling getrandom v0.2.11
[INFO] [stderr]    Compiling ppv-lite86 v0.2.17
[INFO] [stderr]    Compiling ahash v0.8.7
[INFO] [stderr]    Compiling rand_core v0.6.4
[INFO] [stderr]    Compiling arrow-array v48.0.1
[INFO] [stderr]    Compiling rand_chacha v0.3.1
[INFO] [stderr]    Compiling rand v0.8.5
[INFO] [stderr]    Compiling arrow-select v48.0.1
[INFO] [stderr]    Compiling arrow-arith v48.0.1
[INFO] [stderr]    Compiling arrow-row v48.0.1
[INFO] [stderr]    Compiling arrow-cast v48.0.1
[INFO] [stderr]    Compiling arrow-ord v48.0.1
[INFO] [stderr]    Compiling arrow-string v48.0.1
[INFO] [stderr]    Compiling arrow-ipc v48.0.1
[INFO] [stderr]    Compiling arrow-json v48.0.1
[INFO] [stderr]    Compiling arrow-csv v48.0.1
[INFO] [stderr]    Compiling arrow v48.0.1
[INFO] [stderr]    Compiling datafusion-common v33.0.0 (/opt/rustwide/workdir)
[INFO] [stdout] warning: unused import: `exec_err as _exec_err`
[INFO] [stdout]    --> src/error.rs:530:9
[INFO] [stdout]     |
[INFO] [stdout] 530 | pub use exec_err as _exec_err;
[INFO] [stdout]     |         ^^^^^^^^^^^^^^^^^^^^^
[INFO] [stdout]     |
[INFO] [stdout]     = note: `#[warn(unused_imports)]` on by default
[INFO] [stdout] 
[INFO] [stdout] 
[INFO] [stdout] error[E0433]: failed to resolve: use of undeclared crate or module `parquet`
[INFO] [stdout]    --> src/file_options/mod.rs:302:9
[INFO] [stdout]     |
[INFO] [stdout] 302 |     use parquet::{
[INFO] [stdout]     |         ^^^^^^^ use of undeclared crate or module `parquet`
[INFO] [stdout] 
[INFO] [stdout] 
[INFO] [stdout] error[E0432]: unresolved import `super::parquet_writer`
[INFO] [stdout]    --> src/file_options/mod.rs:316:17
[INFO] [stdout]     |
[INFO] [stdout] 316 |     use super::{parquet_writer::ParquetWriterOptions, StatementOptions};
[INFO] [stdout]     |                 ^^^^^^^^^^^^^^ could not find `parquet_writer` in `super`
[INFO] [stdout] 
[INFO] [stdout] 
[INFO] [stdout] warning: unused import: `exec_err as _exec_err`
[INFO] [stdout]    --> src/error.rs:530:9
[INFO] [stdout]     |
[INFO] [stdout] 530 | pub use exec_err as _exec_err;
[INFO] [stdout]     |         ^^^^^^^^^^^^^^^^^^^^^
[INFO] [stdout]     |
[INFO] [stdout]     = note: `#[warn(unused_imports)]` on by default
[INFO] [stdout] 
[INFO] [stdout] 
[INFO] [stdout] error[E0599]: no variant or associated item named `PARQUET` found for enum `file_type::FileType` in the current scope
[INFO] [stdout]    --> src/file_options/file_type.rs:120:35
[INFO] [stdout]     |
[INFO] [stdout] 45  | pub enum FileType {
[INFO] [stdout]     | ----------------- variant or associated item `PARQUET` not found for this enum
[INFO] [stdout] ...
[INFO] [stdout] 120 |             ("parquet", FileType::PARQUET),
[INFO] [stdout]     |                                   ^^^^^^^ variant or associated item not found in `FileType`
[INFO] [stdout] 
[INFO] [stdout] 
[INFO] [stdout] error[E0599]: no variant or associated item named `PARQUET` found for enum `file_type::FileType` in the current scope
[INFO] [stdout]    --> src/file_options/file_type.rs:121:35
[INFO] [stdout]     |
[INFO] [stdout] 45  | pub enum FileType {
[INFO] [stdout]     | ----------------- variant or associated item `PARQUET` not found for this enum
[INFO] [stdout] ...
[INFO] [stdout] 121 |             ("PARQUET", FileType::PARQUET),
[INFO] [stdout]     |                                   ^^^^^^^ variant or associated item not found in `FileType`
[INFO] [stdout] 
[INFO] [stdout] 
[INFO] [stdout] error[E0425]: cannot find function `parquet_test_data` in this scope
[INFO] [stdout]    --> src/test_util.rs:292:19
[INFO] [stdout]     |
[INFO] [stdout] 161 | pub fn arrow_test_data() -> String {
[INFO] [stdout]     | ---------------------------------- similarly named function `arrow_test_data` defined here
[INFO] [stdout] ...
[INFO] [stdout] 292 |         let res = parquet_test_data();
[INFO] [stdout]     |                   ^^^^^^^^^^^^^^^^^ help: a function with a similar name exists: `arrow_test_data`
[INFO] [stdout] 
[INFO] [stdout] 
[INFO] [stdout] warning: 1 warning emitted
[INFO] [stdout] 
[INFO] [stdout] 
[INFO] [stdout] error: aborting due to 5 previous errors; 1 warning emitted
[INFO] [stdout] 
[INFO] [stdout] 
[INFO] [stdout] Some errors have detailed explanations: E0425, E0432, E0433, E0599.
[INFO] [stdout] 
[INFO] [stdout] For more information about an error, try `rustc --explain E0425`.
[INFO] [stdout] 
[INFO] [stderr] error: could not compile `datafusion-common` (lib test) due to 6 previous errors; 1 warning emitted
[INFO] [stderr] warning: build failed, waiting for other jobs to finish...
[INFO] running `Command { std: "docker" "inspect" "54e0d8bb39ea3bedb900f505b6e0b9ce92a4e9caf3613ba8a6c2bb7d65096308", kill_on_drop: false }`
[INFO] running `Command { std: "docker" "rm" "-f" "54e0d8bb39ea3bedb900f505b6e0b9ce92a4e9caf3613ba8a6c2bb7d65096308", kill_on_drop: false }`
[INFO] [stdout] 54e0d8bb39ea3bedb900f505b6e0b9ce92a4e9caf3613ba8a6c2bb7d65096308
[INFO] testing datafusion-common-33.0.0 against beta-2023-12-22 for beta-1.76-1
[INFO] extracting crate datafusion-common 33.0.0 into /workspace/builds/worker-4-tc2/source
[INFO] validating manifest of crates.io crate datafusion-common 33.0.0 on toolchain beta-2023-12-22
[INFO] running `Command { std: CARGO_HOME="/workspace/cargo-home" RUSTUP_HOME="/workspace/rustup-home" "/workspace/cargo-home/bin/cargo" "+beta-2023-12-22" "metadata" "--manifest-path" "Cargo.toml" "--no-deps", kill_on_drop: false }`
[INFO] started tweaking crates.io crate datafusion-common 33.0.0
[INFO] finished tweaking crates.io crate datafusion-common 33.0.0
[INFO] tweaked toml for crates.io crate datafusion-common 33.0.0 written to /workspace/builds/worker-4-tc2/source/Cargo.toml
[INFO] running `Command { std: CARGO_HOME="/workspace/cargo-home" RUSTUP_HOME="/workspace/rustup-home" "/workspace/cargo-home/bin/cargo" "+beta-2023-12-22" "generate-lockfile" "--manifest-path" "Cargo.toml", kill_on_drop: false }`
[INFO] [stderr]     Updating crates.io index
[INFO] running `Command { std: CARGO_HOME="/workspace/cargo-home" RUSTUP_HOME="/workspace/rustup-home" "/workspace/cargo-home/bin/cargo" "+beta-2023-12-22" "fetch" "--manifest-path" "Cargo.toml", kill_on_drop: false }`
[INFO] running `Command { std: "docker" "create" "-v" "/var/lib/crater-agent-workspace/builds/worker-4-tc2/target:/opt/rustwide/target:rw,Z" "-v" "/var/lib/crater-agent-workspace/builds/worker-4-tc2/source:/opt/rustwide/workdir:ro,Z" "-v" "/var/lib/crater-agent-workspace/cargo-home:/opt/rustwide/cargo-home:ro,Z" "-v" "/var/lib/crater-agent-workspace/rustup-home:/opt/rustwide/rustup-home:ro,Z" "-e" "SOURCE_DIR=/opt/rustwide/workdir" "-e" "CARGO_TARGET_DIR=/opt/rustwide/target" "-e" "CARGO_HOME=/opt/rustwide/cargo-home" "-e" "RUSTUP_HOME=/opt/rustwide/rustup-home" "-w" "/opt/rustwide/workdir" "-m" "1610612736" "--user" "0:0" "--network" "none" "ghcr.io/rust-lang/crates-build-env/linux@sha256:2788e3201cd34a07e3172128adcd8b3090168a8e3bcc40d7c032b9dda1df7d1c" "/opt/rustwide/cargo-home/bin/cargo" "+beta-2023-12-22" "metadata" "--no-deps" "--format-version=1", kill_on_drop: false }`
[INFO] [stdout] 0093f121da5ff0425dfa733c21302781f32ed0338d5089f50015173d4d6c1b7f
[INFO] running `Command { std: "docker" "start" "-a" "0093f121da5ff0425dfa733c21302781f32ed0338d5089f50015173d4d6c1b7f", kill_on_drop: false }`
[INFO] running `Command { std: "docker" "inspect" "0093f121da5ff0425dfa733c21302781f32ed0338d5089f50015173d4d6c1b7f", kill_on_drop: false }`
[INFO] running `Command { std: "docker" "rm" "-f" "0093f121da5ff0425dfa733c21302781f32ed0338d5089f50015173d4d6c1b7f", kill_on_drop: false }`
[INFO] [stdout] 0093f121da5ff0425dfa733c21302781f32ed0338d5089f50015173d4d6c1b7f
[INFO] running `Command { std: "docker" "create" "-v" "/var/lib/crater-agent-workspace/builds/worker-4-tc2/target:/opt/rustwide/target:rw,Z" "-v" "/var/lib/crater-agent-workspace/builds/worker-4-tc2/source:/opt/rustwide/workdir:ro,Z" "-v" "/var/lib/crater-agent-workspace/cargo-home:/opt/rustwide/cargo-home:ro,Z" "-v" "/var/lib/crater-agent-workspace/rustup-home:/opt/rustwide/rustup-home:ro,Z" "-e" "SOURCE_DIR=/opt/rustwide/workdir" "-e" "CARGO_TARGET_DIR=/opt/rustwide/target" "-e" "CARGO_INCREMENTAL=0" "-e" "RUST_BACKTRACE=full" "-e" "RUSTFLAGS=--cap-lints=warn" "-e" "RUSTDOCFLAGS=--cap-lints=warn" "-e" "CARGO_HOME=/opt/rustwide/cargo-home" "-e" "RUSTUP_HOME=/opt/rustwide/rustup-home" "-w" "/opt/rustwide/workdir" "-m" "1610612736" "--user" "0:0" "--network" "none" "ghcr.io/rust-lang/crates-build-env/linux@sha256:2788e3201cd34a07e3172128adcd8b3090168a8e3bcc40d7c032b9dda1df7d1c" "/opt/rustwide/cargo-home/bin/cargo" "+beta-2023-12-22" "build" "--frozen" "--message-format=json", kill_on_drop: false }`
[INFO] [stdout] a3908c048fbc30ba1ac5224db91d67c8a34135aa9b0b8e5528f63a62f6b0eb23
[INFO] running `Command { std: "docker" "start" "-a" "a3908c048fbc30ba1ac5224db91d67c8a34135aa9b0b8e5528f63a62f6b0eb23", kill_on_drop: false }`
[INFO] [stderr]    Compiling autocfg v1.1.0
[INFO] [stderr]    Compiling libm v0.2.8
[INFO] [stderr]    Compiling siphasher v0.3.11
[INFO] [stderr]    Compiling regex-syntax v0.8.2
[INFO] [stderr]    Compiling rand_core v0.6.4
[INFO] [stderr]    Compiling cfg-if v1.0.0
[INFO] [stderr]    Compiling libc v0.2.151
[INFO] [stderr]    Compiling version_check v0.9.4
[INFO] [stderr]    Compiling proc-macro2 v1.0.75
[INFO] [stderr]    Compiling bytes v1.5.0
[INFO] [stderr]    Compiling unicode-ident v1.0.12
[INFO] [stderr]    Compiling iana-time-zone v0.1.59
[INFO] [stderr]    Compiling hashbrown v0.14.3
[INFO] [stderr]    Compiling zerocopy v0.7.32
[INFO] [stderr]    Compiling arrow-schema v48.0.1
[INFO] [stderr]    Compiling once_cell v1.19.0
[INFO] [stderr]    Compiling static_assertions v1.1.0
[INFO] [stderr]    Compiling lexical-util v0.8.5
[INFO] [stderr]    Compiling rustversion v1.0.14
[INFO] [stderr]    Compiling semver v1.0.21
[INFO] [stderr]    Compiling phf_shared v0.11.2
[INFO] [stderr]    Compiling rand v0.8.5
[INFO] [stderr]    Compiling phf v0.11.2
[INFO] [stderr]    Compiling ahash v0.8.7
[INFO] [stderr]    Compiling memchr v2.7.1
[INFO] [stderr]    Compiling num-traits v0.2.17
[INFO] [stderr]    Compiling num-integer v0.1.45
[INFO] [stderr]    Compiling num-bigint v0.4.4
[INFO] [stderr]    Compiling num-rational v0.4.1
[INFO] [stderr]    Compiling num-iter v0.1.43
[INFO] [stderr]    Compiling phf_generator v0.11.2
[INFO] [stderr]    Compiling lexical-parse-integer v0.8.6
[INFO] [stderr]    Compiling lexical-write-integer v0.8.5
[INFO] [stderr]    Compiling heck v0.4.1
[INFO] [stderr]    Compiling phf_codegen v0.11.2
[INFO] [stderr]    Compiling serde v1.0.194
[INFO] [stderr]    Compiling strum v0.25.0
[INFO] [stderr]    Compiling unicode-width v0.1.11
[INFO] [stderr]    Compiling lexical-parse-float v0.8.5
[INFO] [stderr]    Compiling ryu v1.0.16
[INFO] [stderr]    Compiling itoa v1.0.10
[INFO] [stderr]    Compiling aho-corasick v1.1.2
[INFO] [stderr]    Compiling lexical-write-float v0.8.5
[INFO] [stderr]    Compiling quote v1.0.35
[INFO] [stderr]    Compiling rustc_version v0.4.0
[INFO] [stderr]    Compiling syn v1.0.109
[INFO] [stderr]    Compiling serde_json v1.0.111
[INFO] [stderr]    Compiling regex-automata v0.4.3
[INFO] [stderr]    Compiling getrandom v0.2.11
[INFO] [stderr]    Compiling syn v2.0.48
[INFO] [stderr]    Compiling lexical-core v0.8.5
[INFO] [stderr]    Compiling flatbuffers v23.5.26
[INFO] [stderr]    Compiling csv-core v0.1.11
[INFO] [stderr]    Compiling equivalent v1.0.1
[INFO] [stderr]    Compiling bitflags v1.3.2
[INFO] [stderr]    Compiling indexmap v2.1.0
[INFO] [stderr]    Compiling lazy_static v1.4.0
[INFO] [stderr]    Compiling log v0.4.20
[INFO] [stderr]    Compiling num_cpus v1.16.0
[INFO] [stderr]    Compiling num-complex v0.4.4
[INFO] [stderr]    Compiling half v2.3.1
[INFO] [stderr]    Compiling chrono v0.4.31
[INFO] [stderr]    Compiling regex v1.10.2
[INFO] [stderr]    Compiling parse-zoneinfo v0.3.0
[INFO] [stderr]    Compiling chrono-tz-build v0.2.1
[INFO] [stderr]    Compiling sqlparser_derive v0.1.1
[INFO] [stderr]    Compiling chrono-tz v0.8.5
[INFO] [stderr]    Compiling num v0.4.1
[INFO] [stderr]    Compiling arrow-buffer v48.0.1
[INFO] [stderr]    Compiling csv v1.3.0
[INFO] [stderr]    Compiling strum_macros v0.25.3
[INFO] [stderr]    Compiling sqlparser v0.39.0
[INFO] [stderr]    Compiling arrow-data v48.0.1
[INFO] [stderr]    Compiling comfy-table v7.1.0
[INFO] [stderr]    Compiling arrow-array v48.0.1
[INFO] [stderr]    Compiling arrow-select v48.0.1
[INFO] [stderr]    Compiling arrow-row v48.0.1
[INFO] [stderr]    Compiling arrow-arith v48.0.1
[INFO] [stderr]    Compiling arrow-cast v48.0.1
[INFO] [stderr]    Compiling arrow-string v48.0.1
[INFO] [stderr]    Compiling arrow-ord v48.0.1
[INFO] [stderr]    Compiling arrow-json v48.0.1
[INFO] [stderr]    Compiling arrow-ipc v48.0.1
[INFO] [stderr]    Compiling arrow-csv v48.0.1
[INFO] [stderr]    Compiling arrow v48.0.1
[INFO] [stderr]    Compiling datafusion-common v33.0.0 (/opt/rustwide/workdir)
[INFO] [stdout] warning: unused import: `exec_err as _exec_err`
[INFO] [stdout]    --> src/error.rs:530:9
[INFO] [stdout]     |
[INFO] [stdout] 530 | pub use exec_err as _exec_err;
[INFO] [stdout]     |         ^^^^^^^^^^^^^^^^^^^^^
[INFO] [stdout]     |
[INFO] [stdout]     = note: `#[warn(unused_imports)]` on by default
[INFO] [stdout] 
[INFO] [stdout] 
[INFO] [stdout] warning: 1 warning emitted
[INFO] [stdout] 
[INFO] [stdout] 
[INFO] [stderr]     Finished dev [unoptimized + debuginfo] target(s) in 21.59s
[INFO] running `Command { std: "docker" "inspect" "a3908c048fbc30ba1ac5224db91d67c8a34135aa9b0b8e5528f63a62f6b0eb23", kill_on_drop: false }`
[INFO] running `Command { std: "docker" "rm" "-f" "a3908c048fbc30ba1ac5224db91d67c8a34135aa9b0b8e5528f63a62f6b0eb23", kill_on_drop: false }`
[INFO] [stdout] a3908c048fbc30ba1ac5224db91d67c8a34135aa9b0b8e5528f63a62f6b0eb23
[INFO] running `Command { std: "docker" "create" "-v" "/var/lib/crater-agent-workspace/builds/worker-4-tc2/target:/opt/rustwide/target:rw,Z" "-v" "/var/lib/crater-agent-workspace/builds/worker-4-tc2/source:/opt/rustwide/workdir:ro,Z" "-v" "/var/lib/crater-agent-workspace/cargo-home:/opt/rustwide/cargo-home:ro,Z" "-v" "/var/lib/crater-agent-workspace/rustup-home:/opt/rustwide/rustup-home:ro,Z" "-e" "SOURCE_DIR=/opt/rustwide/workdir" "-e" "CARGO_TARGET_DIR=/opt/rustwide/target" "-e" "CARGO_INCREMENTAL=0" "-e" "RUST_BACKTRACE=full" "-e" "RUSTFLAGS=--cap-lints=warn" "-e" "RUSTDOCFLAGS=--cap-lints=warn" "-e" "CARGO_HOME=/opt/rustwide/cargo-home" "-e" "RUSTUP_HOME=/opt/rustwide/rustup-home" "-w" "/opt/rustwide/workdir" "-m" "1610612736" "--user" "0:0" "--network" "none" "ghcr.io/rust-lang/crates-build-env/linux@sha256:2788e3201cd34a07e3172128adcd8b3090168a8e3bcc40d7c032b9dda1df7d1c" "/opt/rustwide/cargo-home/bin/cargo" "+beta-2023-12-22" "test" "--frozen" "--no-run" "--message-format=json", kill_on_drop: false }`
[INFO] [stdout] fe9947a0cc1beefc10c50aa3b9adcab38235335f982343eb5d392a17fb153b2d
[INFO] running `Command { std: "docker" "start" "-a" "fe9947a0cc1beefc10c50aa3b9adcab38235335f982343eb5d392a17fb153b2d", kill_on_drop: false }`
[INFO] [stderr]    Compiling getrandom v0.2.11
[INFO] [stderr]    Compiling ppv-lite86 v0.2.17
[INFO] [stderr]    Compiling ahash v0.8.7
[INFO] [stderr]    Compiling rand_core v0.6.4
[INFO] [stderr]    Compiling arrow-array v48.0.1
[INFO] [stderr]    Compiling rand_chacha v0.3.1
[INFO] [stderr]    Compiling rand v0.8.5
[INFO] [stderr]    Compiling arrow-select v48.0.1
[INFO] [stderr]    Compiling arrow-arith v48.0.1
[INFO] [stderr]    Compiling arrow-row v48.0.1
[INFO] [stderr]    Compiling arrow-cast v48.0.1
[INFO] [stderr]    Compiling arrow-ord v48.0.1
[INFO] [stderr]    Compiling arrow-string v48.0.1
[INFO] [stderr]    Compiling arrow-csv v48.0.1
[INFO] [stderr]    Compiling arrow-json v48.0.1
[INFO] [stderr]    Compiling arrow-ipc v48.0.1
[INFO] [stderr]    Compiling arrow v48.0.1
[INFO] [stderr]    Compiling datafusion-common v33.0.0 (/opt/rustwide/workdir)
[INFO] [stdout] warning: unused import: `exec_err as _exec_err`
[INFO] [stdout]    --> src/error.rs:530:9
[INFO] [stdout]     |
[INFO] [stdout] 530 | pub use exec_err as _exec_err;
[INFO] [stdout]     |         ^^^^^^^^^^^^^^^^^^^^^
[INFO] [stdout]     |
[INFO] [stdout]     = note: `#[warn(unused_imports)]` on by default
[INFO] [stdout] 
[INFO] [stdout] 
[INFO] [stdout] error[E0433]: failed to resolve: use of undeclared crate or module `parquet`
[INFO] [stdout]    --> src/file_options/mod.rs:302:9
[INFO] [stdout]     |
[INFO] [stdout] 302 |     use parquet::{
[INFO] [stdout]     |         ^^^^^^^ use of undeclared crate or module `parquet`
[INFO] [stdout] 
[INFO] [stdout] 
[INFO] [stdout] error[E0432]: unresolved import `super::parquet_writer`
[INFO] [stdout]    --> src/file_options/mod.rs:316:17
[INFO] [stdout]     |
[INFO] [stdout] 316 |     use super::{parquet_writer::ParquetWriterOptions, StatementOptions};
[INFO] [stdout]     |                 ^^^^^^^^^^^^^^ could not find `parquet_writer` in `super`
[INFO] [stdout] 
[INFO] [stdout] 
[INFO] [stdout] warning: unused import: `exec_err as _exec_err`
[INFO] [stdout]    --> src/error.rs:530:9
[INFO] [stdout]     |
[INFO] [stdout] 530 | pub use exec_err as _exec_err;
[INFO] [stdout]     |         ^^^^^^^^^^^^^^^^^^^^^
[INFO] [stdout]     |
[INFO] [stdout]     = note: `#[warn(unused_imports)]` on by default
[INFO] [stdout] 
[INFO] [stdout] 
[INFO] [stdout] error[E0599]: no variant or associated item named `PARQUET` found for enum `file_type::FileType` in the current scope
[INFO] [stdout]    --> src/file_options/file_type.rs:120:35
[INFO] [stdout]     |
[INFO] [stdout] 45  | pub enum FileType {
[INFO] [stdout]     | ----------------- variant or associated item `PARQUET` not found for this enum
[INFO] [stdout] ...
[INFO] [stdout] 120 |             ("parquet", FileType::PARQUET),
[INFO] [stdout]     |                                   ^^^^^^^ variant or associated item not found in `FileType`
[INFO] [stdout] 
[INFO] [stdout] 
[INFO] [stdout] error[E0599]: no variant or associated item named `PARQUET` found for enum `file_type::FileType` in the current scope
[INFO] [stdout]    --> src/file_options/file_type.rs:121:35
[INFO] [stdout]     |
[INFO] [stdout] 45  | pub enum FileType {
[INFO] [stdout]     | ----------------- variant or associated item `PARQUET` not found for this enum
[INFO] [stdout] ...
[INFO] [stdout] 121 |             ("PARQUET", FileType::PARQUET),
[INFO] [stdout]     |                                   ^^^^^^^ variant or associated item not found in `FileType`
[INFO] [stdout] 
[INFO] [stdout] 
[INFO] [stdout] error[E0425]: cannot find function `parquet_test_data` in this scope
[INFO] [stdout]    --> src/test_util.rs:292:19
[INFO] [stdout]     |
[INFO] [stdout] 161 | pub fn arrow_test_data() -> String {
[INFO] [stdout]     | ---------------------------------- similarly named function `arrow_test_data` defined here
[INFO] [stdout] ...
[INFO] [stdout] 292 |         let res = parquet_test_data();
[INFO] [stdout]     |                   ^^^^^^^^^^^^^^^^^ help: a function with a similar name exists: `arrow_test_data`
[INFO] [stdout] 
[INFO] [stdout] 
[INFO] [stdout] warning: 1 warning emitted
[INFO] [stdout] 
[INFO] [stdout] 
[INFO] [stdout] error: aborting due to 5 previous errors; 1 warning emitted
[INFO] [stdout] 
[INFO] [stdout] 
[INFO] [stdout] Some errors have detailed explanations: E0425, E0432, E0433, E0599.
[INFO] [stdout] 
[INFO] [stdout] For more information about an error, try `rustc --explain E0425`.
[INFO] [stdout] 
[INFO] [stderr] error: could not compile `datafusion-common` (lib test) due to 6 previous errors; 1 warning emitted
[INFO] running `Command { std: "docker" "inspect" "fe9947a0cc1beefc10c50aa3b9adcab38235335f982343eb5d392a17fb153b2d", kill_on_drop: false }`
[INFO] running `Command { std: "docker" "rm" "-f" "fe9947a0cc1beefc10c50aa3b9adcab38235335f982343eb5d392a17fb153b2d", kill_on_drop: false }`
[INFO] [stdout] fe9947a0cc1beefc10c50aa3b9adcab38235335f982343eb5d392a17fb153b2d
