[INFO] fetching crate datafet 0.3.1...
[INFO] testing datafet-0.3.1 against 1.75.0 for beta-1.76-1
[INFO] extracting crate datafet 0.3.1 into /workspace/builds/worker-0-tc1/source
[INFO] validating manifest of crates.io crate datafet 0.3.1 on toolchain 1.75.0
[INFO] running `Command { std: CARGO_HOME="/workspace/cargo-home" RUSTUP_HOME="/workspace/rustup-home" "/workspace/cargo-home/bin/cargo" "+1.75.0" "metadata" "--manifest-path" "Cargo.toml" "--no-deps", kill_on_drop: false }`
[INFO] started tweaking crates.io crate datafet 0.3.1
[INFO] finished tweaking crates.io crate datafet 0.3.1
[INFO] tweaked toml for crates.io crate datafet 0.3.1 written to /workspace/builds/worker-0-tc1/source/Cargo.toml
[INFO] running `Command { std: CARGO_HOME="/workspace/cargo-home" RUSTUP_HOME="/workspace/rustup-home" "/workspace/cargo-home/bin/cargo" "+1.75.0" "generate-lockfile" "--manifest-path" "Cargo.toml", kill_on_drop: false }`
[INFO] [stderr]     Updating crates.io index
[INFO] running `Command { std: CARGO_HOME="/workspace/cargo-home" RUSTUP_HOME="/workspace/rustup-home" "/workspace/cargo-home/bin/cargo" "+1.75.0" "fetch" "--manifest-path" "Cargo.toml", kill_on_drop: false }`
[INFO] [stderr]  Downloading crates ...
[INFO] [stderr]   Downloaded base32 v0.4.0
[INFO] [stderr]   Downloaded hashers v1.0.1
[INFO] running `Command { std: "docker" "create" "-v" "/var/lib/crater-agent-workspace/builds/worker-0-tc1/target:/opt/rustwide/target:rw,Z" "-v" "/var/lib/crater-agent-workspace/builds/worker-0-tc1/source:/opt/rustwide/workdir:ro,Z" "-v" "/var/lib/crater-agent-workspace/cargo-home:/opt/rustwide/cargo-home:ro,Z" "-v" "/var/lib/crater-agent-workspace/rustup-home:/opt/rustwide/rustup-home:ro,Z" "-e" "SOURCE_DIR=/opt/rustwide/workdir" "-e" "CARGO_TARGET_DIR=/opt/rustwide/target" "-e" "CARGO_HOME=/opt/rustwide/cargo-home" "-e" "RUSTUP_HOME=/opt/rustwide/rustup-home" "-w" "/opt/rustwide/workdir" "-m" "1610612736" "--user" "0:0" "--network" "none" "ghcr.io/rust-lang/crates-build-env/linux@sha256:2788e3201cd34a07e3172128adcd8b3090168a8e3bcc40d7c032b9dda1df7d1c" "/opt/rustwide/cargo-home/bin/cargo" "+1.75.0" "metadata" "--no-deps" "--format-version=1", kill_on_drop: false }`
[INFO] [stdout] edd27225a768755247fda339684f797345895be9daa4afdaa4bc41591d11d0d5
[INFO] running `Command { std: "docker" "start" "-a" "edd27225a768755247fda339684f797345895be9daa4afdaa4bc41591d11d0d5", kill_on_drop: false }`
[INFO] running `Command { std: "docker" "inspect" "edd27225a768755247fda339684f797345895be9daa4afdaa4bc41591d11d0d5", kill_on_drop: false }`
[INFO] running `Command { std: "docker" "rm" "-f" "edd27225a768755247fda339684f797345895be9daa4afdaa4bc41591d11d0d5", kill_on_drop: false }`
[INFO] [stdout] edd27225a768755247fda339684f797345895be9daa4afdaa4bc41591d11d0d5
[INFO] running `Command { std: "docker" "create" "-v" "/var/lib/crater-agent-workspace/builds/worker-0-tc1/target:/opt/rustwide/target:rw,Z" "-v" "/var/lib/crater-agent-workspace/builds/worker-0-tc1/source:/opt/rustwide/workdir:ro,Z" "-v" "/var/lib/crater-agent-workspace/cargo-home:/opt/rustwide/cargo-home:ro,Z" "-v" "/var/lib/crater-agent-workspace/rustup-home:/opt/rustwide/rustup-home:ro,Z" "-e" "SOURCE_DIR=/opt/rustwide/workdir" "-e" "CARGO_TARGET_DIR=/opt/rustwide/target" "-e" "CARGO_INCREMENTAL=0" "-e" "RUST_BACKTRACE=full" "-e" "RUSTFLAGS=--cap-lints=warn" "-e" "RUSTDOCFLAGS=--cap-lints=warn" "-e" "CARGO_HOME=/opt/rustwide/cargo-home" "-e" "RUSTUP_HOME=/opt/rustwide/rustup-home" "-w" "/opt/rustwide/workdir" "-m" "1610612736" "--user" "0:0" "--network" "none" "ghcr.io/rust-lang/crates-build-env/linux@sha256:2788e3201cd34a07e3172128adcd8b3090168a8e3bcc40d7c032b9dda1df7d1c" "/opt/rustwide/cargo-home/bin/cargo" "+1.75.0" "build" "--frozen" "--message-format=json", kill_on_drop: false }`
[INFO] [stdout] c411c770f870a4eed99fd74d1bf22563da028797cc964e19587bcdf0de66dd9a
[INFO] running `Command { std: "docker" "start" "-a" "c411c770f870a4eed99fd74d1bf22563da028797cc964e19587bcdf0de66dd9a", kill_on_drop: false }`
[INFO] [stderr]    Compiling num-traits v0.2.17
[INFO] [stderr]    Compiling iana-time-zone v0.1.59
[INFO] [stderr]    Compiling siphasher v0.3.11
[INFO] [stderr]    Compiling base32 v0.4.0
[INFO] [stderr]    Compiling fxhash v0.2.1
[INFO] [stderr]    Compiling hashers v1.0.1
[INFO] [stderr]    Compiling chrono v0.4.31
[INFO] [stderr]    Compiling datafet v0.3.1 (/opt/rustwide/workdir)
[INFO] [stderr]     Finished dev [unoptimized + debuginfo] target(s) in 1.66s
[INFO] running `Command { std: "docker" "inspect" "c411c770f870a4eed99fd74d1bf22563da028797cc964e19587bcdf0de66dd9a", kill_on_drop: false }`
[INFO] running `Command { std: "docker" "rm" "-f" "c411c770f870a4eed99fd74d1bf22563da028797cc964e19587bcdf0de66dd9a", kill_on_drop: false }`
[INFO] [stdout] c411c770f870a4eed99fd74d1bf22563da028797cc964e19587bcdf0de66dd9a
[INFO] running `Command { std: "docker" "create" "-v" "/var/lib/crater-agent-workspace/builds/worker-0-tc1/target:/opt/rustwide/target:rw,Z" "-v" "/var/lib/crater-agent-workspace/builds/worker-0-tc1/source:/opt/rustwide/workdir:ro,Z" "-v" "/var/lib/crater-agent-workspace/cargo-home:/opt/rustwide/cargo-home:ro,Z" "-v" "/var/lib/crater-agent-workspace/rustup-home:/opt/rustwide/rustup-home:ro,Z" "-e" "SOURCE_DIR=/opt/rustwide/workdir" "-e" "CARGO_TARGET_DIR=/opt/rustwide/target" "-e" "CARGO_INCREMENTAL=0" "-e" "RUST_BACKTRACE=full" "-e" "RUSTFLAGS=--cap-lints=warn" "-e" "RUSTDOCFLAGS=--cap-lints=warn" "-e" "CARGO_HOME=/opt/rustwide/cargo-home" "-e" "RUSTUP_HOME=/opt/rustwide/rustup-home" "-w" "/opt/rustwide/workdir" "-m" "1610612736" "--user" "0:0" "--network" "none" "ghcr.io/rust-lang/crates-build-env/linux@sha256:2788e3201cd34a07e3172128adcd8b3090168a8e3bcc40d7c032b9dda1df7d1c" "/opt/rustwide/cargo-home/bin/cargo" "+1.75.0" "test" "--frozen" "--no-run" "--message-format=json", kill_on_drop: false }`
[INFO] [stdout] 0df20354ff116ecaa01afe14decdd3f0e7a7874d787541149976818096fdc736
[INFO] running `Command { std: "docker" "start" "-a" "0df20354ff116ecaa01afe14decdd3f0e7a7874d787541149976818096fdc736", kill_on_drop: false }`
[INFO] [stderr]    Compiling datafet v0.3.1 (/opt/rustwide/workdir)
[INFO] [stdout] warning: unused import: `super::*`
[INFO] [stdout]   --> src/lib.rs:11:9
[INFO] [stdout]    |
[INFO] [stdout] 11 |     use super::*;
[INFO] [stdout]    |         ^^^^^^^^
[INFO] [stdout]    |
[INFO] [stdout]    = note: `#[warn(unused_imports)]` on by default
[INFO] [stdout] 
[INFO] [stdout] 
[INFO] [stdout] error[E0433]: failed to resolve: use of undeclared crate or module `eid`
[INFO] [stdout]   --> src/lib.rs:15:22
[INFO] [stdout]    |
[INFO] [stdout] 15 |         let result = eid::get_db_eid("example");
[INFO] [stdout]    |                      ^^^ use of undeclared crate or module `eid`
[INFO] [stdout] 
[INFO] [stdout] 
[INFO] [stdout] error[E0433]: failed to resolve: use of undeclared crate or module `eid`
[INFO] [stdout]   --> src/lib.rs:20:22
[INFO] [stdout]    |
[INFO] [stdout] 20 |         let result = eid::get_table_eid("example");
[INFO] [stdout]    |                      ^^^ use of undeclared crate or module `eid`
[INFO] [stdout] 
[INFO] [stdout] 
[INFO] [stdout] error[E0433]: failed to resolve: use of undeclared crate or module `eid`
[INFO] [stdout]   --> src/lib.rs:25:22
[INFO] [stdout]    |
[INFO] [stdout] 25 |         let result = eid::get_job_eid("example");
[INFO] [stdout]    |                      ^^^ use of undeclared crate or module `eid`
[INFO] [stdout] 
[INFO] [stdout] 
[INFO] [stdout] error[E0433]: failed to resolve: use of undeclared crate or module `eid`
[INFO] [stdout]   --> src/lib.rs:30:22
[INFO] [stdout]    |
[INFO] [stdout] 30 |         let result = eid::get_query_eid("example");
[INFO] [stdout]    |                      ^^^ use of undeclared crate or module `eid`
[INFO] [stdout] 
[INFO] [stdout] 
[INFO] [stdout] error[E0433]: failed to resolve: use of undeclared crate or module `time`
[INFO] [stdout]   --> src/lib.rs:36:22
[INFO] [stdout]    |
[INFO] [stdout] 36 |         let result = time::utc_now();
[INFO] [stdout]    |                      ^^^^ use of undeclared crate or module `time`
[INFO] [stdout] 
[INFO] [stdout] 
[INFO] [stdout] error: aborting due to 5 previous errors; 1 warning emitted
[INFO] [stdout] 
[INFO] [stdout] 
[INFO] [stdout] For more information about this error, try `rustc --explain E0433`.
[INFO] [stdout] 
[INFO] [stderr] error: could not compile `datafet` (lib test) due to 6 previous errors; 1 warning emitted
[INFO] running `Command { std: "docker" "inspect" "0df20354ff116ecaa01afe14decdd3f0e7a7874d787541149976818096fdc736", kill_on_drop: false }`
[INFO] running `Command { std: "docker" "rm" "-f" "0df20354ff116ecaa01afe14decdd3f0e7a7874d787541149976818096fdc736", kill_on_drop: false }`
[INFO] [stdout] 0df20354ff116ecaa01afe14decdd3f0e7a7874d787541149976818096fdc736
[INFO] testing datafet-0.3.1 against beta-2023-12-22 for beta-1.76-1
[INFO] extracting crate datafet 0.3.1 into /workspace/builds/worker-0-tc2/source
[INFO] validating manifest of crates.io crate datafet 0.3.1 on toolchain beta-2023-12-22
[INFO] running `Command { std: CARGO_HOME="/workspace/cargo-home" RUSTUP_HOME="/workspace/rustup-home" "/workspace/cargo-home/bin/cargo" "+beta-2023-12-22" "metadata" "--manifest-path" "Cargo.toml" "--no-deps", kill_on_drop: false }`
[INFO] started tweaking crates.io crate datafet 0.3.1
[INFO] finished tweaking crates.io crate datafet 0.3.1
[INFO] tweaked toml for crates.io crate datafet 0.3.1 written to /workspace/builds/worker-0-tc2/source/Cargo.toml
[INFO] running `Command { std: CARGO_HOME="/workspace/cargo-home" RUSTUP_HOME="/workspace/rustup-home" "/workspace/cargo-home/bin/cargo" "+beta-2023-12-22" "generate-lockfile" "--manifest-path" "Cargo.toml", kill_on_drop: false }`
[INFO] [stderr]     Updating crates.io index
[INFO] running `Command { std: CARGO_HOME="/workspace/cargo-home" RUSTUP_HOME="/workspace/rustup-home" "/workspace/cargo-home/bin/cargo" "+beta-2023-12-22" "fetch" "--manifest-path" "Cargo.toml", kill_on_drop: false }`
[INFO] running `Command { std: "docker" "create" "-v" "/var/lib/crater-agent-workspace/builds/worker-0-tc2/target:/opt/rustwide/target:rw,Z" "-v" "/var/lib/crater-agent-workspace/builds/worker-0-tc2/source:/opt/rustwide/workdir:ro,Z" "-v" "/var/lib/crater-agent-workspace/cargo-home:/opt/rustwide/cargo-home:ro,Z" "-v" "/var/lib/crater-agent-workspace/rustup-home:/opt/rustwide/rustup-home:ro,Z" "-e" "SOURCE_DIR=/opt/rustwide/workdir" "-e" "CARGO_TARGET_DIR=/opt/rustwide/target" "-e" "CARGO_HOME=/opt/rustwide/cargo-home" "-e" "RUSTUP_HOME=/opt/rustwide/rustup-home" "-w" "/opt/rustwide/workdir" "-m" "1610612736" "--user" "0:0" "--network" "none" "ghcr.io/rust-lang/crates-build-env/linux@sha256:2788e3201cd34a07e3172128adcd8b3090168a8e3bcc40d7c032b9dda1df7d1c" "/opt/rustwide/cargo-home/bin/cargo" "+beta-2023-12-22" "metadata" "--no-deps" "--format-version=1", kill_on_drop: false }`
[INFO] [stdout] dacd3b692c232d6a6d58f67a73d75134cfccb4403e89ab67574918e49e825a5a
[INFO] running `Command { std: "docker" "start" "-a" "dacd3b692c232d6a6d58f67a73d75134cfccb4403e89ab67574918e49e825a5a", kill_on_drop: false }`
[INFO] running `Command { std: "docker" "inspect" "dacd3b692c232d6a6d58f67a73d75134cfccb4403e89ab67574918e49e825a5a", kill_on_drop: false }`
[INFO] running `Command { std: "docker" "rm" "-f" "dacd3b692c232d6a6d58f67a73d75134cfccb4403e89ab67574918e49e825a5a", kill_on_drop: false }`
[INFO] [stdout] dacd3b692c232d6a6d58f67a73d75134cfccb4403e89ab67574918e49e825a5a
[INFO] running `Command { std: "docker" "create" "-v" "/var/lib/crater-agent-workspace/builds/worker-0-tc2/target:/opt/rustwide/target:rw,Z" "-v" "/var/lib/crater-agent-workspace/builds/worker-0-tc2/source:/opt/rustwide/workdir:ro,Z" "-v" "/var/lib/crater-agent-workspace/cargo-home:/opt/rustwide/cargo-home:ro,Z" "-v" "/var/lib/crater-agent-workspace/rustup-home:/opt/rustwide/rustup-home:ro,Z" "-e" "SOURCE_DIR=/opt/rustwide/workdir" "-e" "CARGO_TARGET_DIR=/opt/rustwide/target" "-e" "CARGO_INCREMENTAL=0" "-e" "RUST_BACKTRACE=full" "-e" "RUSTFLAGS=--cap-lints=warn" "-e" "RUSTDOCFLAGS=--cap-lints=warn" "-e" "CARGO_HOME=/opt/rustwide/cargo-home" "-e" "RUSTUP_HOME=/opt/rustwide/rustup-home" "-w" "/opt/rustwide/workdir" "-m" "1610612736" "--user" "0:0" "--network" "none" "ghcr.io/rust-lang/crates-build-env/linux@sha256:2788e3201cd34a07e3172128adcd8b3090168a8e3bcc40d7c032b9dda1df7d1c" "/opt/rustwide/cargo-home/bin/cargo" "+beta-2023-12-22" "build" "--frozen" "--message-format=json", kill_on_drop: false }`
[INFO] [stdout] e65163f82a2aa4d41a93cd04f29e1705ae1106828b038da82d16b4c943d53016
[INFO] running `Command { std: "docker" "start" "-a" "e65163f82a2aa4d41a93cd04f29e1705ae1106828b038da82d16b4c943d53016", kill_on_drop: false }`
[INFO] [stderr]    Compiling num-traits v0.2.17
[INFO] [stderr]    Compiling iana-time-zone v0.1.59
[INFO] [stderr]    Compiling siphasher v0.3.11
[INFO] [stderr]    Compiling base32 v0.4.0
[INFO] [stderr]    Compiling fxhash v0.2.1
[INFO] [stderr]    Compiling hashers v1.0.1
[INFO] [stderr]    Compiling chrono v0.4.31
[INFO] [stderr]    Compiling datafet v0.3.1 (/opt/rustwide/workdir)
[INFO] [stderr]     Finished dev [unoptimized + debuginfo] target(s) in 1.99s
[INFO] running `Command { std: "docker" "inspect" "e65163f82a2aa4d41a93cd04f29e1705ae1106828b038da82d16b4c943d53016", kill_on_drop: false }`
[INFO] running `Command { std: "docker" "rm" "-f" "e65163f82a2aa4d41a93cd04f29e1705ae1106828b038da82d16b4c943d53016", kill_on_drop: false }`
[INFO] [stdout] e65163f82a2aa4d41a93cd04f29e1705ae1106828b038da82d16b4c943d53016
[INFO] running `Command { std: "docker" "create" "-v" "/var/lib/crater-agent-workspace/builds/worker-0-tc2/target:/opt/rustwide/target:rw,Z" "-v" "/var/lib/crater-agent-workspace/builds/worker-0-tc2/source:/opt/rustwide/workdir:ro,Z" "-v" "/var/lib/crater-agent-workspace/cargo-home:/opt/rustwide/cargo-home:ro,Z" "-v" "/var/lib/crater-agent-workspace/rustup-home:/opt/rustwide/rustup-home:ro,Z" "-e" "SOURCE_DIR=/opt/rustwide/workdir" "-e" "CARGO_TARGET_DIR=/opt/rustwide/target" "-e" "CARGO_INCREMENTAL=0" "-e" "RUST_BACKTRACE=full" "-e" "RUSTFLAGS=--cap-lints=warn" "-e" "RUSTDOCFLAGS=--cap-lints=warn" "-e" "CARGO_HOME=/opt/rustwide/cargo-home" "-e" "RUSTUP_HOME=/opt/rustwide/rustup-home" "-w" "/opt/rustwide/workdir" "-m" "1610612736" "--user" "0:0" "--network" "none" "ghcr.io/rust-lang/crates-build-env/linux@sha256:2788e3201cd34a07e3172128adcd8b3090168a8e3bcc40d7c032b9dda1df7d1c" "/opt/rustwide/cargo-home/bin/cargo" "+beta-2023-12-22" "test" "--frozen" "--no-run" "--message-format=json", kill_on_drop: false }`
[INFO] [stdout] 51ad3e5761498270c73fa9313f867fcefda1f9cc40089fb71fb32a68d4fc2fa0
[INFO] running `Command { std: "docker" "start" "-a" "51ad3e5761498270c73fa9313f867fcefda1f9cc40089fb71fb32a68d4fc2fa0", kill_on_drop: false }`
[INFO] [stderr]    Compiling datafet v0.3.1 (/opt/rustwide/workdir)
[INFO] [stdout] warning: unused import: `super::*`
[INFO] [stdout]   --> src/lib.rs:11:9
[INFO] [stdout]    |
[INFO] [stdout] 11 |     use super::*;
[INFO] [stdout]    |         ^^^^^^^^
[INFO] [stdout]    |
[INFO] [stdout]    = note: `#[warn(unused_imports)]` on by default
[INFO] [stdout] 
[INFO] [stdout] 
[INFO] [stdout] error[E0433]: failed to resolve: use of undeclared crate or module `eid`
[INFO] [stdout]   --> src/lib.rs:15:22
[INFO] [stdout]    |
[INFO] [stdout] 15 |         let result = eid::get_db_eid("example");
[INFO] [stdout]    |                      ^^^ use of undeclared crate or module `eid`
[INFO] [stdout] 
[INFO] [stdout] 
[INFO] [stdout] error[E0433]: failed to resolve: use of undeclared crate or module `eid`
[INFO] [stdout]   --> src/lib.rs:20:22
[INFO] [stdout]    |
[INFO] [stdout] 20 |         let result = eid::get_table_eid("example");
[INFO] [stdout]    |                      ^^^ use of undeclared crate or module `eid`
[INFO] [stdout] 
[INFO] [stdout] 
[INFO] [stdout] error[E0433]: failed to resolve: use of undeclared crate or module `eid`
[INFO] [stdout]   --> src/lib.rs:25:22
[INFO] [stdout]    |
[INFO] [stdout] 25 |         let result = eid::get_job_eid("example");
[INFO] [stdout]    |                      ^^^ use of undeclared crate or module `eid`
[INFO] [stdout] 
[INFO] [stdout] 
[INFO] [stdout] error[E0433]: failed to resolve: use of undeclared crate or module `eid`
[INFO] [stdout]   --> src/lib.rs:30:22
[INFO] [stdout]    |
[INFO] [stdout] 30 |         let result = eid::get_query_eid("example");
[INFO] [stdout]    |                      ^^^ use of undeclared crate or module `eid`
[INFO] [stdout] 
[INFO] [stdout] 
[INFO] [stdout] error[E0433]: failed to resolve: use of undeclared crate or module `time`
[INFO] [stdout]   --> src/lib.rs:36:22
[INFO] [stdout]    |
[INFO] [stdout] 36 |         let result = time::utc_now();
[INFO] [stdout]    |                      ^^^^ use of undeclared crate or module `time`
[INFO] [stdout] 
[INFO] [stdout] 
[INFO] [stdout] error: aborting due to 5 previous errors; 1 warning emitted
[INFO] [stdout] 
[INFO] [stdout] 
[INFO] [stdout] For more information about this error, try `rustc --explain E0433`.
[INFO] [stdout] 
[INFO] [stderr] error: could not compile `datafet` (lib test) due to 6 previous errors; 1 warning emitted
[INFO] running `Command { std: "docker" "inspect" "51ad3e5761498270c73fa9313f867fcefda1f9cc40089fb71fb32a68d4fc2fa0", kill_on_drop: false }`
[INFO] running `Command { std: "docker" "rm" "-f" "51ad3e5761498270c73fa9313f867fcefda1f9cc40089fb71fb32a68d4fc2fa0", kill_on_drop: false }`
[INFO] [stdout] 51ad3e5761498270c73fa9313f867fcefda1f9cc40089fb71fb32a68d4fc2fa0
