[INFO] fetching crate dataclod-query 0.0.2...
[INFO] testing dataclod-query-0.0.2 against 1.75.0 for beta-1.76-1
[INFO] extracting crate dataclod-query 0.0.2 into /workspace/builds/worker-0-tc1/source
[INFO] validating manifest of crates.io crate dataclod-query 0.0.2 on toolchain 1.75.0
[INFO] running `Command { std: CARGO_HOME="/workspace/cargo-home" RUSTUP_HOME="/workspace/rustup-home" "/workspace/cargo-home/bin/cargo" "+1.75.0" "metadata" "--manifest-path" "Cargo.toml" "--no-deps", kill_on_drop: false }`
[INFO] started tweaking crates.io crate dataclod-query 0.0.2
[INFO] finished tweaking crates.io crate dataclod-query 0.0.2
[INFO] tweaked toml for crates.io crate dataclod-query 0.0.2 written to /workspace/builds/worker-0-tc1/source/Cargo.toml
[INFO] running `Command { std: CARGO_HOME="/workspace/cargo-home" RUSTUP_HOME="/workspace/rustup-home" "/workspace/cargo-home/bin/cargo" "+1.75.0" "generate-lockfile" "--manifest-path" "Cargo.toml", kill_on_drop: false }`
[INFO] [stderr]     Updating crates.io index
[INFO] running `Command { std: CARGO_HOME="/workspace/cargo-home" RUSTUP_HOME="/workspace/rustup-home" "/workspace/cargo-home/bin/cargo" "+1.75.0" "fetch" "--manifest-path" "Cargo.toml", kill_on_drop: false }`
[INFO] [stderr]     Blocking waiting for file lock on package cache
[INFO] [stderr]  Downloading crates ...
[INFO] [stderr]   Downloaded arrow-csv v48.0.1
[INFO] [stderr]   Downloaded datafusion-execution v33.0.0
[INFO] [stderr]   Downloaded arrow-arith v48.0.1
[INFO] [stderr]   Downloaded sqlparser_derive v0.1.1
[INFO] [stderr]   Downloaded flatbuffers v23.5.26
[INFO] [stderr]   Downloaded arrow-string v48.0.1
[INFO] [stderr]   Downloaded arrow-row v48.0.1
[INFO] [stderr]   Downloaded seq-macro v0.3.5
[INFO] [stderr]   Downloaded chrono-tz-build v0.2.1
[INFO] [stderr]   Downloaded arrow-ord v48.0.1
[INFO] [stderr]   Downloaded thrift v0.17.0
[INFO] [stderr]   Downloaded sqlparser v0.39.0
[INFO] [stderr]   Downloaded arrow v48.0.1
[INFO] [stderr]   Downloaded arrow-ipc v48.0.1
[INFO] [stderr]   Downloaded async-compression v0.4.5
[INFO] [stderr]   Downloaded datafusion-physical-expr v33.0.0
[INFO] [stderr]   Downloaded datafusion-common v33.0.0
[INFO] [stderr]   Downloaded datafusion-sql v33.0.0
[INFO] [stderr]   Downloaded chrono-tz v0.8.5
[INFO] [stderr]   Downloaded packed_simd v0.3.9
[INFO] [stderr]   Downloaded arrow-array v48.0.1
[INFO] [stderr]   Downloaded arrow-buffer v48.0.1
[INFO] [stderr]   Downloaded datafusion-optimizer v33.0.0
[INFO] [stderr]   Downloaded datafusion-expr v33.0.0
[INFO] [stderr]   Downloaded parquet v48.0.1
[INFO] [stderr]   Downloaded object_store v0.7.1
[INFO] [stderr]   Downloaded datafusion-physical-plan v33.0.0
[INFO] [stderr]   Downloaded datafusion v33.0.0
[INFO] [stderr]   Downloaded arrow-json v48.0.1
[INFO] [stderr]   Downloaded arrow-cast v48.0.1
[INFO] [stderr]   Downloaded arrow-data v48.0.1
[INFO] [stderr]   Downloaded arrow-select v48.0.1
[INFO] [stderr]   Downloaded snafu v0.7.5
[INFO] [stderr]   Downloaded lz4_flex v0.11.1
[INFO] [stderr]   Downloaded snafu-derive v0.7.5
[INFO] [stderr]   Downloaded arrow-schema v48.0.1
[INFO] running `Command { std: "docker" "create" "-v" "/var/lib/crater-agent-workspace/builds/worker-0-tc1/target:/opt/rustwide/target:rw,Z" "-v" "/var/lib/crater-agent-workspace/builds/worker-0-tc1/source:/opt/rustwide/workdir:ro,Z" "-v" "/var/lib/crater-agent-workspace/cargo-home:/opt/rustwide/cargo-home:ro,Z" "-v" "/var/lib/crater-agent-workspace/rustup-home:/opt/rustwide/rustup-home:ro,Z" "-e" "SOURCE_DIR=/opt/rustwide/workdir" "-e" "CARGO_TARGET_DIR=/opt/rustwide/target" "-e" "CARGO_HOME=/opt/rustwide/cargo-home" "-e" "RUSTUP_HOME=/opt/rustwide/rustup-home" "-w" "/opt/rustwide/workdir" "-m" "1610612736" "--user" "0:0" "--network" "none" "ghcr.io/rust-lang/crates-build-env/linux@sha256:2788e3201cd34a07e3172128adcd8b3090168a8e3bcc40d7c032b9dda1df7d1c" "/opt/rustwide/cargo-home/bin/cargo" "+1.75.0" "metadata" "--no-deps" "--format-version=1", kill_on_drop: false }`
[INFO] [stdout] 22824ca3724da336eadad15c8a48fb70805d57c7b20f22a3421815ac82b9d9f9
[INFO] running `Command { std: "docker" "start" "-a" "22824ca3724da336eadad15c8a48fb70805d57c7b20f22a3421815ac82b9d9f9", kill_on_drop: false }`
[INFO] running `Command { std: "docker" "inspect" "22824ca3724da336eadad15c8a48fb70805d57c7b20f22a3421815ac82b9d9f9", kill_on_drop: false }`
[INFO] running `Command { std: "docker" "rm" "-f" "22824ca3724da336eadad15c8a48fb70805d57c7b20f22a3421815ac82b9d9f9", kill_on_drop: false }`
[INFO] [stdout] 22824ca3724da336eadad15c8a48fb70805d57c7b20f22a3421815ac82b9d9f9
[INFO] running `Command { std: "docker" "create" "-v" "/var/lib/crater-agent-workspace/builds/worker-0-tc1/target:/opt/rustwide/target:rw,Z" "-v" "/var/lib/crater-agent-workspace/builds/worker-0-tc1/source:/opt/rustwide/workdir:ro,Z" "-v" "/var/lib/crater-agent-workspace/cargo-home:/opt/rustwide/cargo-home:ro,Z" "-v" "/var/lib/crater-agent-workspace/rustup-home:/opt/rustwide/rustup-home:ro,Z" "-e" "SOURCE_DIR=/opt/rustwide/workdir" "-e" "CARGO_TARGET_DIR=/opt/rustwide/target" "-e" "CARGO_INCREMENTAL=0" "-e" "RUST_BACKTRACE=full" "-e" "RUSTFLAGS=--cap-lints=warn" "-e" "RUSTDOCFLAGS=--cap-lints=warn" "-e" "CARGO_HOME=/opt/rustwide/cargo-home" "-e" "RUSTUP_HOME=/opt/rustwide/rustup-home" "-w" "/opt/rustwide/workdir" "-m" "1610612736" "--user" "0:0" "--network" "none" "ghcr.io/rust-lang/crates-build-env/linux@sha256:2788e3201cd34a07e3172128adcd8b3090168a8e3bcc40d7c032b9dda1df7d1c" "/opt/rustwide/cargo-home/bin/cargo" "+1.75.0" "build" "--frozen" "--message-format=json", kill_on_drop: false }`
[INFO] [stdout] 7f9010037da3931b1b58cb608cd9ac2249bdf6742626755e17cea8cd8e82b27d
[INFO] running `Command { std: "docker" "start" "-a" "7f9010037da3931b1b58cb608cd9ac2249bdf6742626755e17cea8cd8e82b27d", kill_on_drop: false }`
[INFO] [stderr]    Compiling libm v0.2.8
[INFO] [stderr]    Compiling num-traits v0.2.17
[INFO] [stderr]    Compiling version_check v0.9.4
[INFO] [stderr]    Compiling siphasher v0.3.11
[INFO] [stderr]    Compiling num-integer v0.1.45
[INFO] [stderr]    Compiling rand_core v0.6.4
[INFO] [stderr]    Compiling syn v2.0.48
[INFO] [stderr]    Compiling jobserver v0.1.27
[INFO] [stderr]    Compiling cc v1.0.83
[INFO] [stderr]    Compiling phf_shared v0.11.2
[INFO] [stderr]    Compiling regex-syntax v0.8.2
[INFO] [stderr]    Compiling rand v0.8.5
[INFO] [stderr]    Compiling num-bigint v0.4.4
[INFO] [stderr]    Compiling ahash v0.8.7
[INFO] [stderr]    Compiling num-iter v0.1.43
[INFO] [stderr]    Compiling num-rational v0.4.1
[INFO] [stderr]    Compiling zerocopy v0.7.32
[INFO] [stderr]    Compiling phf v0.11.2
[INFO] [stderr]    Compiling phf_generator v0.11.2
[INFO] [stderr]    Compiling phf_codegen v0.11.2
[INFO] [stderr]    Compiling allocator-api2 v0.2.16
[INFO] [stderr]    Compiling iana-time-zone v0.1.59
[INFO] [stderr]    Compiling static_assertions v1.1.0
[INFO] [stderr]    Compiling packed_simd v0.3.9
[INFO] [stderr]    Compiling arrow-schema v48.0.1
[INFO] [stderr]    Compiling hashbrown v0.14.3
[INFO] [stderr]    Compiling num-complex v0.4.4
[INFO] [stderr]    Compiling chrono v0.4.31
[INFO] [stderr]    Compiling half v2.3.1
[INFO] [stderr]    Compiling regex-automata v0.4.3
[INFO] [stderr]    Compiling lexical-util v0.8.5
[INFO] [stderr]    Compiling rustversion v1.0.14
[INFO] [stderr]    Compiling semver v1.0.21
[INFO] [stderr]    Compiling lexical-write-integer v0.8.5
[INFO] [stderr]    Compiling lexical-parse-integer v0.8.6
[INFO] [stderr]    Compiling syn v1.0.109
[INFO] [stderr]    Compiling lexical-parse-float v0.8.5
[INFO] [stdout] error[E0554]: `#![feature]` may not be used on the stable release channel
[INFO] [stdout]    --> /opt/rustwide/cargo-home/registry/src/index.crates.io-6f17d22bba15001f/packed_simd-0.3.9/src/lib.rs:214:1
[INFO] [stdout]     |
[INFO] [stdout] 214 | / #![feature(
[INFO] [stdout] 215 | |     adt_const_params,
[INFO] [stdout] 216 | |     repr_simd,
[INFO] [stdout] 217 | |     rustc_attrs,
[INFO] [stdout] ...   |
[INFO] [stdout] 224 | |     custom_inner_attributes,
[INFO] [stdout] 225 | | )]
[INFO] [stdout]     | |__^
[INFO] [stdout] 
[INFO] [stdout] 
[INFO] [stderr]    Compiling regex v1.10.2
[INFO] [stderr]    Compiling lexical-write-float v0.8.5
[INFO] [stderr]    Compiling num v0.4.1
[INFO] [stderr]    Compiling parse-zoneinfo v0.3.0
[INFO] [stderr]    Compiling arrow-buffer v48.0.1
[INFO] [stderr]    Compiling zstd-sys v2.0.9+zstd.1.5.5
[INFO] [stderr]    Compiling serde v1.0.194
[INFO] [stdout] error[E0554]: `#![feature]` may not be used on the stable release channel
[INFO] [stdout]    --> /opt/rustwide/cargo-home/registry/src/index.crates.io-6f17d22bba15001f/packed_simd-0.3.9/src/lib.rs:219:5
[INFO] [stdout]     |
[INFO] [stdout] 219 |     stdsimd,
[INFO] [stdout]     |     ^^^^^^^
[INFO] [stdout] 
[INFO] [stdout] 
[INFO] [stdout] error[E0554]: `#![feature]` may not be used on the stable release channel
[INFO] [stdout]    --> /opt/rustwide/cargo-home/registry/src/index.crates.io-6f17d22bba15001f/packed_simd-0.3.9/src/lib.rs:222:5
[INFO] [stdout]     |
[INFO] [stdout] 222 |     core_intrinsics,
[INFO] [stdout]     |     ^^^^^^^^^^^^^^^
[INFO] [stdout] 
[INFO] [stdout] 
[INFO] [stderr]    Compiling chrono-tz-build v0.2.1
[INFO] [stderr]    Compiling lexical-core v0.8.5
[INFO] [stderr]    Compiling rustc_version v0.4.0
[INFO] [stderr]    Compiling arrow-data v48.0.1
[INFO] [stderr]    Compiling flatbuffers v23.5.26
[INFO] [stderr]    Compiling chrono-tz v0.8.5
[INFO] [stderr]    Compiling typenum v1.17.0
[INFO] [stderr]    Compiling itoa v1.0.10
[INFO] [stderr]    Compiling doc-comment v0.3.3
[INFO] [stderr]    Compiling ryu v1.0.16
[INFO] [stderr]    Compiling zstd-safe v7.0.0
[INFO] [stderr]    Compiling generic-array v0.14.7
[INFO] [stderr]    Compiling serde_json v1.0.111
[INFO] [stderr]    Compiling unicode-bidi v0.3.14
[INFO] [stderr]    Compiling alloc-no-stdlib v2.0.4
[INFO] [stderr]    Compiling strum_macros v0.25.3
[INFO] [stderr]    Compiling tokio-macros v2.2.0
[INFO] [stderr]    Compiling futures-macro v0.3.30
[INFO] [stderr]    Compiling equivalent v1.0.1
[INFO] [stderr]    Compiling indexmap v2.1.0
[INFO] [stderr]    Compiling tokio v1.35.1
[INFO] [stderr]    Compiling idna v0.5.0
[INFO] [stderr]    Compiling alloc-stdlib v0.2.2
[INFO] [stderr]    Compiling tracing-attributes v0.1.27
[INFO] [stdout] error: aborting due to 3 previous errors
[INFO] [stdout] 
[INFO] [stdout] 
[INFO] [stdout] For more information about this error, try `rustc --explain E0554`.
[INFO] [stdout] 
[INFO] [stderr] error: could not compile `packed_simd` (lib) due to 4 previous errors
[INFO] [stderr] warning: build failed, waiting for other jobs to finish...
[INFO] running `Command { std: "docker" "inspect" "7f9010037da3931b1b58cb608cd9ac2249bdf6742626755e17cea8cd8e82b27d", kill_on_drop: false }`
[INFO] running `Command { std: "docker" "rm" "-f" "7f9010037da3931b1b58cb608cd9ac2249bdf6742626755e17cea8cd8e82b27d", kill_on_drop: false }`
[INFO] [stdout] 7f9010037da3931b1b58cb608cd9ac2249bdf6742626755e17cea8cd8e82b27d
