[INFO] fetching crate datacake-eventual-consistency 0.5.1...
[INFO] testing datacake-eventual-consistency-0.5.1 against 1.75.0 for beta-1.76-1
[INFO] extracting crate datacake-eventual-consistency 0.5.1 into /workspace/builds/worker-2-tc1/source
[INFO] validating manifest of crates.io crate datacake-eventual-consistency 0.5.1 on toolchain 1.75.0
[INFO] running `Command { std: CARGO_HOME="/workspace/cargo-home" RUSTUP_HOME="/workspace/rustup-home" "/workspace/cargo-home/bin/cargo" "+1.75.0" "metadata" "--manifest-path" "Cargo.toml" "--no-deps", kill_on_drop: false }`
[INFO] started tweaking crates.io crate datacake-eventual-consistency 0.5.1
[INFO] finished tweaking crates.io crate datacake-eventual-consistency 0.5.1
[INFO] tweaked toml for crates.io crate datacake-eventual-consistency 0.5.1 written to /workspace/builds/worker-2-tc1/source/Cargo.toml
[INFO] running `Command { std: CARGO_HOME="/workspace/cargo-home" RUSTUP_HOME="/workspace/rustup-home" "/workspace/cargo-home/bin/cargo" "+1.75.0" "generate-lockfile" "--manifest-path" "Cargo.toml", kill_on_drop: false }`
[INFO] [stderr]     Updating crates.io index
[INFO] running `Command { std: CARGO_HOME="/workspace/cargo-home" RUSTUP_HOME="/workspace/rustup-home" "/workspace/cargo-home/bin/cargo" "+1.75.0" "fetch" "--manifest-path" "Cargo.toml", kill_on_drop: false }`
[INFO] [stderr]  Downloading crates ...
[INFO] [stderr]   Downloaded datacake-chitchat-fork v0.5.1
[INFO] [stderr]   Downloaded datacake-rpc v0.5.1
[INFO] [stderr]   Downloaded datacake-node v0.4.1
[INFO] [stderr]   Downloaded datacake-crdt v0.4.1
[INFO] [stderr]   Downloaded puppet-derive v0.3.0
[INFO] [stderr]   Downloaded puppet v0.4.0
[INFO] running `Command { std: "docker" "create" "-v" "/var/lib/crater-agent-workspace/builds/worker-2-tc1/target:/opt/rustwide/target:rw,Z" "-v" "/var/lib/crater-agent-workspace/builds/worker-2-tc1/source:/opt/rustwide/workdir:ro,Z" "-v" "/var/lib/crater-agent-workspace/cargo-home:/opt/rustwide/cargo-home:ro,Z" "-v" "/var/lib/crater-agent-workspace/rustup-home:/opt/rustwide/rustup-home:ro,Z" "-e" "SOURCE_DIR=/opt/rustwide/workdir" "-e" "CARGO_TARGET_DIR=/opt/rustwide/target" "-e" "CARGO_HOME=/opt/rustwide/cargo-home" "-e" "RUSTUP_HOME=/opt/rustwide/rustup-home" "-w" "/opt/rustwide/workdir" "-m" "1610612736" "--user" "0:0" "--network" "none" "ghcr.io/rust-lang/crates-build-env/linux@sha256:2788e3201cd34a07e3172128adcd8b3090168a8e3bcc40d7c032b9dda1df7d1c" "/opt/rustwide/cargo-home/bin/cargo" "+1.75.0" "metadata" "--no-deps" "--format-version=1", kill_on_drop: false }`
[INFO] [stdout] 529951887e57066c9ad6ccb794bc243763ead590ab8ee36b19e2c1e1f70ed11a
[INFO] running `Command { std: "docker" "start" "-a" "529951887e57066c9ad6ccb794bc243763ead590ab8ee36b19e2c1e1f70ed11a", kill_on_drop: false }`
[INFO] running `Command { std: "docker" "inspect" "529951887e57066c9ad6ccb794bc243763ead590ab8ee36b19e2c1e1f70ed11a", kill_on_drop: false }`
[INFO] running `Command { std: "docker" "rm" "-f" "529951887e57066c9ad6ccb794bc243763ead590ab8ee36b19e2c1e1f70ed11a", kill_on_drop: false }`
[INFO] [stdout] 529951887e57066c9ad6ccb794bc243763ead590ab8ee36b19e2c1e1f70ed11a
[INFO] running `Command { std: "docker" "create" "-v" "/var/lib/crater-agent-workspace/builds/worker-2-tc1/target:/opt/rustwide/target:rw,Z" "-v" "/var/lib/crater-agent-workspace/builds/worker-2-tc1/source:/opt/rustwide/workdir:ro,Z" "-v" "/var/lib/crater-agent-workspace/cargo-home:/opt/rustwide/cargo-home:ro,Z" "-v" "/var/lib/crater-agent-workspace/rustup-home:/opt/rustwide/rustup-home:ro,Z" "-e" "SOURCE_DIR=/opt/rustwide/workdir" "-e" "CARGO_TARGET_DIR=/opt/rustwide/target" "-e" "CARGO_INCREMENTAL=0" "-e" "RUST_BACKTRACE=full" "-e" "RUSTFLAGS=--cap-lints=warn" "-e" "RUSTDOCFLAGS=--cap-lints=warn" "-e" "CARGO_HOME=/opt/rustwide/cargo-home" "-e" "RUSTUP_HOME=/opt/rustwide/rustup-home" "-w" "/opt/rustwide/workdir" "-m" "1610612736" "--user" "0:0" "--network" "none" "ghcr.io/rust-lang/crates-build-env/linux@sha256:2788e3201cd34a07e3172128adcd8b3090168a8e3bcc40d7c032b9dda1df7d1c" "/opt/rustwide/cargo-home/bin/cargo" "+1.75.0" "build" "--frozen" "--message-format=json", kill_on_drop: false }`
[INFO] [stdout] f5385943c584717fd4535e7fef979a46d48a55efaa0fbafd13851e060c657336
[INFO] running `Command { std: "docker" "start" "-a" "f5385943c584717fd4535e7fef979a46d48a55efaa0fbafd13851e060c657336", kill_on_drop: false }`
[INFO] [stderr]    Compiling proc-macro2 v1.0.75
[INFO] [stderr]    Compiling syn v1.0.109
[INFO] [stderr]    Compiling futures-core v0.3.30
[INFO] [stderr]    Compiling libc v0.2.151
[INFO] [stderr]    Compiling fnv v1.0.7
[INFO] [stderr]    Compiling tracing-core v0.1.32
[INFO] [stderr]    Compiling futures-task v0.3.30
[INFO] [stderr]    Compiling futures-io v0.3.30
[INFO] [stderr]    Compiling bytecheck v0.6.11
[INFO] [stderr]    Compiling futures-channel v0.3.30
[INFO] [stderr]    Compiling simdutf8 v0.1.4
[INFO] [stderr]    Compiling rend v0.4.1
[INFO] [stderr]    Compiling smallvec v1.11.2
[INFO] [stderr]    Compiling http v0.2.11
[INFO] [stderr]    Compiling rkyv v0.7.43
[INFO] [stderr]    Compiling ident_case v1.0.1
[INFO] [stderr]    Compiling hashbrown v0.14.3
[INFO] [stderr]    Compiling crossbeam-utils v0.8.18
[INFO] [stderr]    Compiling async-trait v0.1.77
[INFO] [stderr]    Compiling getrandom v0.2.11
[INFO] [stderr]    Compiling socket2 v0.5.5
[INFO] [stderr]    Compiling mio v0.8.10
[INFO] [stderr]    Compiling num_cpus v1.16.0
[INFO] [stderr]    Compiling quote v1.0.35
[INFO] [stderr]    Compiling ahash v0.7.7
[INFO] [stderr]    Compiling syn v2.0.48
[INFO] [stderr]    Compiling strsim v0.10.0
[INFO] [stderr]    Compiling httparse v1.8.0
[INFO] [stderr]    Compiling indexmap v2.1.0
[INFO] [stderr]    Compiling hashbrown v0.12.3
[INFO] [stderr]    Compiling rand_core v0.6.4
[INFO] [stderr]    Compiling seahash v4.1.0
[INFO] [stderr]    Compiling try-lock v0.2.5
[INFO] [stderr]    Compiling want v0.3.1
[INFO] [stderr]    Compiling rand_chacha v0.3.1
[INFO] [stderr]    Compiling serde v1.0.194
[INFO] [stderr]    Compiling parking_lot_core v0.9.9
[INFO] [stderr]    Compiling http-body v0.4.6
[INFO] [stderr]    Compiling nanorand v0.7.0
[INFO] [stderr]    Compiling spin v0.9.8
[INFO] [stderr]    Compiling tower-service v0.3.2
[INFO] [stderr]    Compiling httpdate v1.0.3
[INFO] [stderr]    Compiling crossbeam-queue v0.3.10
[INFO] [stderr]    Compiling parking_lot v0.12.1
[INFO] [stderr]    Compiling rand v0.8.5
[INFO] [stderr]    Compiling either v1.9.0
[INFO] [stderr]    Compiling crossbeam-channel v0.5.10
[INFO] [stderr]    Compiling itertools v0.10.5
[INFO] [stderr]    Compiling darling_core v0.14.4
[INFO] [stderr]    Compiling ptr_meta_derive v0.1.4
[INFO] [stderr]    Compiling bytecheck_derive v0.6.11
[INFO] [stderr]    Compiling rkyv_derive v0.7.43
[INFO] [stderr]    Compiling ptr_meta v0.1.4
[INFO] [stderr]    Compiling tokio-macros v2.2.0
[INFO] [stderr]    Compiling futures-macro v0.3.30
[INFO] [stderr]    Compiling tracing-attributes v0.1.27
[INFO] [stderr]    Compiling thiserror-impl v1.0.56
[INFO] [stderr]    Compiling pin-project-internal v1.1.3
[INFO] [stderr]    Compiling darling_macro v0.14.4
[INFO] [stderr]    Compiling serde_derive v1.0.194
[INFO] [stderr]    Compiling tokio v1.35.1
[INFO] [stderr]    Compiling futures-util v0.3.30
[INFO] [stderr]    Compiling pin-project v1.1.3
[INFO] [stderr]    Compiling thiserror v1.0.56
[INFO] [stderr]    Compiling flume v0.10.14
[INFO] [stderr]    Compiling tracing v0.1.40
[INFO] [stderr]    Compiling darling v0.14.4
[INFO] [stderr]    Compiling puppet-derive v0.3.0
[INFO] [stderr]    Compiling futures-executor v0.3.30
[INFO] [stderr]    Compiling futures v0.3.30
[INFO] [stderr]    Compiling tokio-util v0.7.10
[INFO] [stderr]    Compiling puppet v0.4.0
[INFO] [stderr]    Compiling h2 v0.3.22
[INFO] [stderr]    Compiling tokio-stream v0.1.14
[INFO] [stderr]    Compiling datacake-crdt v0.4.1
[INFO] [stderr]    Compiling datacake-chitchat-fork v0.5.1
[INFO] [stderr]    Compiling hyper v0.14.28
[INFO] [stderr]    Compiling datacake-rpc v0.5.1
[INFO] [stderr]    Compiling datacake-node v0.4.1
[INFO] [stderr]    Compiling datacake-eventual-consistency v0.5.1 (/opt/rustwide/workdir)
[INFO] [stdout] warning: unused imports: `CorruptedState`, `SymDiff`
[INFO] [stdout]   --> src/keyspace/mod.rs:8:5
[INFO] [stdout]    |
[INFO] [stdout] 8  |     CorruptedState,
[INFO] [stdout]    |     ^^^^^^^^^^^^^^
[INFO] [stdout] ...
[INFO] [stdout] 16 |     SymDiff,
[INFO] [stdout]    |     ^^^^^^^
[INFO] [stdout]    |
[INFO] [stdout]    = note: `#[warn(unused_imports)]` on by default
[INFO] [stdout] 
[INFO] [stdout] 
[INFO] [stdout] warning: 1 warning emitted
[INFO] [stdout] 
[INFO] [stdout] 
[INFO] [stderr]     Finished dev [unoptimized + debuginfo] target(s) in 38.88s
[INFO] running `Command { std: "docker" "inspect" "f5385943c584717fd4535e7fef979a46d48a55efaa0fbafd13851e060c657336", kill_on_drop: false }`
[INFO] running `Command { std: "docker" "rm" "-f" "f5385943c584717fd4535e7fef979a46d48a55efaa0fbafd13851e060c657336", kill_on_drop: false }`
[INFO] [stdout] f5385943c584717fd4535e7fef979a46d48a55efaa0fbafd13851e060c657336
[INFO] running `Command { std: "docker" "create" "-v" "/var/lib/crater-agent-workspace/builds/worker-2-tc1/target:/opt/rustwide/target:rw,Z" "-v" "/var/lib/crater-agent-workspace/builds/worker-2-tc1/source:/opt/rustwide/workdir:ro,Z" "-v" "/var/lib/crater-agent-workspace/cargo-home:/opt/rustwide/cargo-home:ro,Z" "-v" "/var/lib/crater-agent-workspace/rustup-home:/opt/rustwide/rustup-home:ro,Z" "-e" "SOURCE_DIR=/opt/rustwide/workdir" "-e" "CARGO_TARGET_DIR=/opt/rustwide/target" "-e" "CARGO_INCREMENTAL=0" "-e" "RUST_BACKTRACE=full" "-e" "RUSTFLAGS=--cap-lints=warn" "-e" "RUSTDOCFLAGS=--cap-lints=warn" "-e" "CARGO_HOME=/opt/rustwide/cargo-home" "-e" "RUSTUP_HOME=/opt/rustwide/rustup-home" "-w" "/opt/rustwide/workdir" "-m" "1610612736" "--user" "0:0" "--network" "none" "ghcr.io/rust-lang/crates-build-env/linux@sha256:2788e3201cd34a07e3172128adcd8b3090168a8e3bcc40d7c032b9dda1df7d1c" "/opt/rustwide/cargo-home/bin/cargo" "+1.75.0" "test" "--frozen" "--no-run" "--message-format=json", kill_on_drop: false }`
[INFO] [stdout] 758228a7f8ef347f57aee8f7c92303200583978ff14ae291501888903c748c67
[INFO] running `Command { std: "docker" "start" "-a" "758228a7f8ef347f57aee8f7c92303200583978ff14ae291501888903c748c67", kill_on_drop: false }`
[INFO] [stderr]    Compiling tracing v0.1.40
[INFO] [stderr]    Compiling overload v0.1.1
[INFO] [stderr]    Compiling tracing-log v0.2.0
[INFO] [stderr]    Compiling nu-ansi-term v0.46.0
[INFO] [stderr]    Compiling tokio-util v0.7.10
[INFO] [stderr]    Compiling tracing-subscriber v0.3.18
[INFO] [stderr]    Compiling h2 v0.3.22
[INFO] [stderr]    Compiling tokio-stream v0.1.14
[INFO] [stderr]    Compiling datacake-chitchat-fork v0.5.1
[INFO] [stderr]    Compiling hyper v0.14.28
[INFO] [stderr]    Compiling datacake-rpc v0.5.1
[INFO] [stderr]    Compiling datacake-node v0.4.1
[INFO] [stderr]    Compiling datacake-eventual-consistency v0.5.1 (/opt/rustwide/workdir)
[INFO] [stdout] warning: unused imports: `CorruptedState`, `SymDiff`
[INFO] [stdout]   --> src/keyspace/mod.rs:8:5
[INFO] [stdout]    |
[INFO] [stdout] 8  |     CorruptedState,
[INFO] [stdout]    |     ^^^^^^^^^^^^^^
[INFO] [stdout] ...
[INFO] [stdout] 16 |     SymDiff,
[INFO] [stdout]    |     ^^^^^^^
[INFO] [stdout]    |
[INFO] [stdout]    = note: `#[warn(unused_imports)]` on by default
[INFO] [stdout] 
[INFO] [stdout] 
[INFO] [stdout] warning: 1 warning emitted
[INFO] [stdout] 
[INFO] [stdout] 
[INFO] [stdout] warning: unused imports: `CorruptedState`, `SymDiff`
[INFO] [stdout]   --> src/keyspace/mod.rs:8:5
[INFO] [stdout]    |
[INFO] [stdout] 8  |     CorruptedState,
[INFO] [stdout]    |     ^^^^^^^^^^^^^^
[INFO] [stdout] ...
[INFO] [stdout] 16 |     SymDiff,
[INFO] [stdout]    |     ^^^^^^^
[INFO] [stdout]    |
[INFO] [stdout]    = note: `#[warn(unused_imports)]` on by default
[INFO] [stdout] 
[INFO] [stdout] 
[INFO] [stdout] error[E0432]: unresolved import `datacake_eventual_consistency::test_utils`
[INFO] [stdout]  --> tests/multi_node_cluster.rs:3:36
[INFO] [stdout]   |
[INFO] [stdout] 3 | use datacake_eventual_consistency::test_utils::MemStore;
[INFO] [stdout]   |                                    ^^^^^^^^^^ could not find `test_utils` in `datacake_eventual_consistency`
[INFO] [stdout] 
[INFO] [stdout] 
[INFO] [stdout] error[E0432]: unresolved import `datacake_eventual_consistency::test_utils`
[INFO] [stdout]  --> tests/multiple_keyspace.rs:3:36
[INFO] [stdout]   |
[INFO] [stdout] 3 | use datacake_eventual_consistency::test_utils::MemStore;
[INFO] [stdout]   |                                    ^^^^^^^^^^ could not find `test_utils` in `datacake_eventual_consistency`
[INFO] [stdout] 
[INFO] [stdout] 
[INFO] [stdout] error[E0432]: unresolved import `datacake_eventual_consistency::test_utils`
[INFO] [stdout]  --> tests/basic_connect.rs:3:36
[INFO] [stdout]   |
[INFO] [stdout] 3 | use datacake_eventual_consistency::test_utils::MemStore;
[INFO] [stdout]   |                                    ^^^^^^^^^^ could not find `test_utils` in `datacake_eventual_consistency`
[INFO] [stdout] 
[INFO] [stdout] 
[INFO] [stdout] error[E0432]: unresolved import `datacake_eventual_consistency::test_utils`
[INFO] [stdout]  --> tests/dynamic_membership.rs:3:36
[INFO] [stdout]   |
[INFO] [stdout] 3 | use datacake_eventual_consistency::test_utils::MemStore;
[INFO] [stdout]   |                                    ^^^^^^^^^^ could not find `test_utils` in `datacake_eventual_consistency`
[INFO] [stdout] 
[INFO] [stdout] 
[INFO] [stdout] error[E0432]: unresolved import `datacake_eventual_consistency::test_utils`
[INFO] [stdout]  --> tests/single_node_cluster.rs:1:36
[INFO] [stdout]   |
[INFO] [stdout] 1 | use datacake_eventual_consistency::test_utils::MemStore;
[INFO] [stdout]   |                                    ^^^^^^^^^^ could not find `test_utils` in `datacake_eventual_consistency`
[INFO] [stdout] 
[INFO] [stdout] 
[INFO] [stdout] error[E0433]: failed to resolve: use of undeclared crate or module `test_helper`
[INFO] [stdout]    --> tests/multi_node_cluster.rs:340:23
[INFO] [stdout]     |
[INFO] [stdout] 340 |     let node_1_addr = test_helper::get_unused_addr();
[INFO] [stdout]     |                       ^^^^^^^^^^^ use of undeclared crate or module `test_helper`
[INFO] [stdout] 
[INFO] [stdout] 
[INFO] [stdout] error[E0433]: failed to resolve: use of undeclared crate or module `test_helper`
[INFO] [stdout]   --> tests/basic_connect.rs:11:16
[INFO] [stdout]    |
[INFO] [stdout] 11 |     let addr = test_helper::get_unused_addr();
[INFO] [stdout]    |                ^^^^^^^^^^^ use of undeclared crate or module `test_helper`
[INFO] [stdout] 
[INFO] [stdout] 
[INFO] [stdout] error[E0433]: failed to resolve: use of undeclared crate or module `test_helper`
[INFO] [stdout]    --> tests/multi_node_cluster.rs:341:23
[INFO] [stdout]     |
[INFO] [stdout] 341 |     let node_2_addr = test_helper::get_unused_addr();
[INFO] [stdout]     |                       ^^^^^^^^^^^ use of undeclared crate or module `test_helper`
[INFO] [stdout] 
[INFO] [stdout] 
[INFO] [stdout] error[E0433]: failed to resolve: use of undeclared crate or module `test_helper`
[INFO] [stdout]    --> tests/multi_node_cluster.rs:342:23
[INFO] [stdout]     |
[INFO] [stdout] 342 |     let node_3_addr = test_helper::get_unused_addr();
[INFO] [stdout]     |                       ^^^^^^^^^^^ use of undeclared crate or module `test_helper`
[INFO] [stdout] 
[INFO] [stdout] 
[INFO] [stdout] error[E0433]: failed to resolve: use of undeclared crate or module `test_helper`
[INFO] [stdout]   --> tests/dynamic_membership.rs:16:23
[INFO] [stdout]    |
[INFO] [stdout] 16 |     let node_1_addr = test_helper::get_unused_addr();
[INFO] [stdout]    |                       ^^^^^^^^^^^ use of undeclared crate or module `test_helper`
[INFO] [stdout] 
[INFO] [stdout] 
[INFO] [stdout] error[E0433]: failed to resolve: use of undeclared crate or module `test_helper`
[INFO] [stdout]   --> tests/multiple_keyspace.rs:20:21
[INFO] [stdout]    |
[INFO] [stdout] 20 |     let node_addr = test_helper::get_unused_addr();
[INFO] [stdout]    |                     ^^^^^^^^^^^ use of undeclared crate or module `test_helper`
[INFO] [stdout] 
[INFO] [stdout] 
[INFO] [stdout] error[E0433]: failed to resolve: use of undeclared crate or module `test_helper`
[INFO] [stdout]   --> tests/multiple_keyspace.rs:72:23
[INFO] [stdout]    |
[INFO] [stdout] 72 |     let node_1_addr = test_helper::get_unused_addr();
[INFO] [stdout]    |                       ^^^^^^^^^^^ use of undeclared crate or module `test_helper`
[INFO] [stdout] 
[INFO] [stdout] 
[INFO] [stdout] error[E0433]: failed to resolve: use of undeclared crate or module `test_helper`
[INFO] [stdout]   --> tests/dynamic_membership.rs:17:23
[INFO] [stdout]    |
[INFO] [stdout] 17 |     let node_2_addr = test_helper::get_unused_addr();
[INFO] [stdout]    |                       ^^^^^^^^^^^ use of undeclared crate or module `test_helper`
[INFO] [stdout] 
[INFO] [stdout] 
[INFO] [stdout] error[E0433]: failed to resolve: use of undeclared crate or module `test_helper`
[INFO] [stdout]   --> tests/dynamic_membership.rs:18:23
[INFO] [stdout]    |
[INFO] [stdout] 18 |     let node_3_addr = test_helper::get_unused_addr();
[INFO] [stdout]    |                       ^^^^^^^^^^^ use of undeclared crate or module `test_helper`
[INFO] [stdout] 
[INFO] [stdout] 
[INFO] [stdout] error: aborting due to 2 previous errors
[INFO] [stdout] 
[INFO] [stdout] 
[INFO] [stdout] Some errors have detailed explanations: E0432, E0433.
[INFO] [stdout] 
[INFO] [stdout] For more information about an error, try `rustc --explain E0432`.
[INFO] [stdout] 
[INFO] [stdout] error[E0433]: failed to resolve: use of undeclared crate or module `test_helper`
[INFO] [stdout]    --> tests/single_node_cluster.rs:197:16
[INFO] [stdout]     |
[INFO] [stdout] 197 |     let addr = test_helper::get_unused_addr();
[INFO] [stdout]     |                ^^^^^^^^^^^ use of undeclared crate or module `test_helper`
[INFO] [stdout] 
[INFO] [stdout] 
[INFO] [stdout] error[E0433]: failed to resolve: use of undeclared crate or module `test_helper`
[INFO] [stdout]   --> tests/multiple_keyspace.rs:73:23
[INFO] [stdout]    |
[INFO] [stdout] 73 |     let node_2_addr = test_helper::get_unused_addr();
[INFO] [stdout]    |                       ^^^^^^^^^^^ use of undeclared crate or module `test_helper`
[INFO] [stdout] 
[INFO] [stdout] 
[INFO] [stdout] error[E0433]: failed to resolve: use of undeclared crate or module `test_helper`
[INFO] [stdout]   --> tests/multiple_keyspace.rs:74:23
[INFO] [stdout]    |
[INFO] [stdout] 74 |     let node_3_addr = test_helper::get_unused_addr();
[INFO] [stdout]    |                       ^^^^^^^^^^^ use of undeclared crate or module `test_helper`
[INFO] [stdout] 
[INFO] [stdout] 
[INFO] [stderr] error: could not compile `datacake-eventual-consistency` (test "basic_connect") due to 3 previous errors
[INFO] [stderr] warning: build failed, waiting for other jobs to finish...
[INFO] [stdout] error: aborting due to 5 previous errors
[INFO] [stdout] 
[INFO] [stdout] 
[INFO] [stdout] Some errors have detailed explanations: E0432, E0433.
[INFO] [stdout] 
[INFO] [stdout] For more information about an error, try `rustc --explain E0432`.
[INFO] [stdout] 
[INFO] [stderr] error: could not compile `datacake-eventual-consistency` (test "multiple_keyspace") due to 6 previous errors
[INFO] [stdout] error: aborting due to 4 previous errors
[INFO] [stdout] 
[INFO] [stdout] 
[INFO] [stdout] Some errors have detailed explanations: E0432, E0433.
[INFO] [stdout] 
[INFO] [stdout] For more information about an error, try `rustc --explain E0432`.
[INFO] [stdout] 
[INFO] [stdout] error: aborting due to 2 previous errors
[INFO] [stdout] 
[INFO] [stdout] 
[INFO] [stdout] Some errors have detailed explanations: E0432, E0433.
[INFO] [stdout] 
[INFO] [stderr] error: could not compile `datacake-eventual-consistency` (test "dynamic_membership") due to 5 previous errors
[INFO] [stdout] For more information about an error, try `rustc --explain E0432`.
[INFO] [stdout] 
[INFO] [stdout] error: aborting due to 4 previous errors
[INFO] [stdout] 
[INFO] [stdout] 
[INFO] [stdout] Some errors have detailed explanations: E0432, E0433.
[INFO] [stdout] 
[INFO] [stdout] For more information about an error, try `rustc --explain E0432`.
[INFO] [stdout] 
[INFO] [stderr] error: could not compile `datacake-eventual-consistency` (test "single_node_cluster") due to 3 previous errors
[INFO] [stderr] error: could not compile `datacake-eventual-consistency` (test "multi_node_cluster") due to 5 previous errors
[INFO] [stdout] warning: 1 warning emitted
[INFO] [stdout] 
[INFO] [stdout] 
[INFO] running `Command { std: "docker" "inspect" "758228a7f8ef347f57aee8f7c92303200583978ff14ae291501888903c748c67", kill_on_drop: false }`
[INFO] running `Command { std: "docker" "rm" "-f" "758228a7f8ef347f57aee8f7c92303200583978ff14ae291501888903c748c67", kill_on_drop: false }`
[INFO] [stdout] 758228a7f8ef347f57aee8f7c92303200583978ff14ae291501888903c748c67
