[INFO] fetching crate dao-dao-macros 2.3.0...
[INFO] testing dao-dao-macros-2.3.0 against 1.75.0 for beta-1.76-1
[INFO] extracting crate dao-dao-macros 2.3.0 into /workspace/builds/worker-7-tc1/source
[INFO] validating manifest of crates.io crate dao-dao-macros 2.3.0 on toolchain 1.75.0
[INFO] running `Command { std: CARGO_HOME="/workspace/cargo-home" RUSTUP_HOME="/workspace/rustup-home" "/workspace/cargo-home/bin/cargo" "+1.75.0" "metadata" "--manifest-path" "Cargo.toml" "--no-deps", kill_on_drop: false }`
[INFO] removed /workspace/builds/worker-7-tc1/source/.cargo/config
[INFO] started tweaking crates.io crate dao-dao-macros 2.3.0
[INFO] finished tweaking crates.io crate dao-dao-macros 2.3.0
[INFO] tweaked toml for crates.io crate dao-dao-macros 2.3.0 written to /workspace/builds/worker-7-tc1/source/Cargo.toml
[INFO] running `Command { std: CARGO_HOME="/workspace/cargo-home" RUSTUP_HOME="/workspace/rustup-home" "/workspace/cargo-home/bin/cargo" "+1.75.0" "generate-lockfile" "--manifest-path" "Cargo.toml", kill_on_drop: false }`
[INFO] [stderr]     Updating crates.io index
[INFO] running `Command { std: CARGO_HOME="/workspace/cargo-home" RUSTUP_HOME="/workspace/rustup-home" "/workspace/cargo-home/bin/cargo" "+1.75.0" "fetch" "--manifest-path" "Cargo.toml", kill_on_drop: false }`
[INFO] running `Command { std: "docker" "create" "-v" "/var/lib/crater-agent-workspace/builds/worker-7-tc1/target:/opt/rustwide/target:rw,Z" "-v" "/var/lib/crater-agent-workspace/builds/worker-7-tc1/source:/opt/rustwide/workdir:ro,Z" "-v" "/var/lib/crater-agent-workspace/cargo-home:/opt/rustwide/cargo-home:ro,Z" "-v" "/var/lib/crater-agent-workspace/rustup-home:/opt/rustwide/rustup-home:ro,Z" "-e" "SOURCE_DIR=/opt/rustwide/workdir" "-e" "CARGO_TARGET_DIR=/opt/rustwide/target" "-e" "CARGO_HOME=/opt/rustwide/cargo-home" "-e" "RUSTUP_HOME=/opt/rustwide/rustup-home" "-w" "/opt/rustwide/workdir" "-m" "1610612736" "--user" "0:0" "--network" "none" "ghcr.io/rust-lang/crates-build-env/linux@sha256:2788e3201cd34a07e3172128adcd8b3090168a8e3bcc40d7c032b9dda1df7d1c" "/opt/rustwide/cargo-home/bin/cargo" "+1.75.0" "metadata" "--no-deps" "--format-version=1", kill_on_drop: false }`
[INFO] [stdout] 5d8f0401c7bf04405c816e5f28281e90e3d23391c11ab58e7547b3417b11a98f
[INFO] running `Command { std: "docker" "start" "-a" "5d8f0401c7bf04405c816e5f28281e90e3d23391c11ab58e7547b3417b11a98f", kill_on_drop: false }`
[INFO] running `Command { std: "docker" "inspect" "5d8f0401c7bf04405c816e5f28281e90e3d23391c11ab58e7547b3417b11a98f", kill_on_drop: false }`
[INFO] running `Command { std: "docker" "rm" "-f" "5d8f0401c7bf04405c816e5f28281e90e3d23391c11ab58e7547b3417b11a98f", kill_on_drop: false }`
[INFO] [stdout] 5d8f0401c7bf04405c816e5f28281e90e3d23391c11ab58e7547b3417b11a98f
[INFO] running `Command { std: "docker" "create" "-v" "/var/lib/crater-agent-workspace/builds/worker-7-tc1/target:/opt/rustwide/target:rw,Z" "-v" "/var/lib/crater-agent-workspace/builds/worker-7-tc1/source:/opt/rustwide/workdir:ro,Z" "-v" "/var/lib/crater-agent-workspace/cargo-home:/opt/rustwide/cargo-home:ro,Z" "-v" "/var/lib/crater-agent-workspace/rustup-home:/opt/rustwide/rustup-home:ro,Z" "-e" "SOURCE_DIR=/opt/rustwide/workdir" "-e" "CARGO_TARGET_DIR=/opt/rustwide/target" "-e" "CARGO_INCREMENTAL=0" "-e" "RUST_BACKTRACE=full" "-e" "RUSTFLAGS=--cap-lints=warn" "-e" "RUSTDOCFLAGS=--cap-lints=warn" "-e" "CARGO_HOME=/opt/rustwide/cargo-home" "-e" "RUSTUP_HOME=/opt/rustwide/rustup-home" "-w" "/opt/rustwide/workdir" "-m" "1610612736" "--user" "0:0" "--network" "none" "ghcr.io/rust-lang/crates-build-env/linux@sha256:2788e3201cd34a07e3172128adcd8b3090168a8e3bcc40d7c032b9dda1df7d1c" "/opt/rustwide/cargo-home/bin/cargo" "+1.75.0" "build" "--frozen" "--message-format=json", kill_on_drop: false }`
[INFO] [stdout] 12c7e1e653166ca39297e9d5d2fcaa0cf1816e8e2106d1e0cc8c7159dd13b3db
[INFO] running `Command { std: "docker" "start" "-a" "12c7e1e653166ca39297e9d5d2fcaa0cf1816e8e2106d1e0cc8c7159dd13b3db", kill_on_drop: false }`
[INFO] [stderr]    Compiling syn v1.0.109
[INFO] [stderr]    Compiling serde v1.0.194
[INFO] [stderr]    Compiling itoa v1.0.10
[INFO] [stderr]    Compiling serde_json v1.0.111
[INFO] [stderr]    Compiling ryu v1.0.16
[INFO] [stderr]    Compiling schemars v0.8.16
[INFO] [stderr]    Compiling dyn-clone v1.0.16
[INFO] [stderr]    Compiling thiserror v1.0.56
[INFO] [stderr]    Compiling syn v2.0.48
[INFO] [stderr]    Compiling serde_derive v1.0.194
[INFO] [stderr]    Compiling thiserror-impl v1.0.56
[INFO] [stderr]    Compiling serde_derive_internals v0.26.0
[INFO] [stderr]    Compiling schemars_derive v0.8.16
[INFO] [stderr]    Compiling cosmwasm-schema-derive v1.5.0
[INFO] [stderr]    Compiling cosmwasm-schema v1.5.0
[INFO] [stderr]    Compiling dao-dao-macros v2.3.0 (/opt/rustwide/workdir)
[INFO] [stderr]     Finished dev [unoptimized + debuginfo] target(s) in 7.78s
[INFO] running `Command { std: "docker" "inspect" "12c7e1e653166ca39297e9d5d2fcaa0cf1816e8e2106d1e0cc8c7159dd13b3db", kill_on_drop: false }`
[INFO] running `Command { std: "docker" "rm" "-f" "12c7e1e653166ca39297e9d5d2fcaa0cf1816e8e2106d1e0cc8c7159dd13b3db", kill_on_drop: false }`
[INFO] [stdout] 12c7e1e653166ca39297e9d5d2fcaa0cf1816e8e2106d1e0cc8c7159dd13b3db
[INFO] running `Command { std: "docker" "create" "-v" "/var/lib/crater-agent-workspace/builds/worker-7-tc1/target:/opt/rustwide/target:rw,Z" "-v" "/var/lib/crater-agent-workspace/builds/worker-7-tc1/source:/opt/rustwide/workdir:ro,Z" "-v" "/var/lib/crater-agent-workspace/cargo-home:/opt/rustwide/cargo-home:ro,Z" "-v" "/var/lib/crater-agent-workspace/rustup-home:/opt/rustwide/rustup-home:ro,Z" "-e" "SOURCE_DIR=/opt/rustwide/workdir" "-e" "CARGO_TARGET_DIR=/opt/rustwide/target" "-e" "CARGO_INCREMENTAL=0" "-e" "RUST_BACKTRACE=full" "-e" "RUSTFLAGS=--cap-lints=warn" "-e" "RUSTDOCFLAGS=--cap-lints=warn" "-e" "CARGO_HOME=/opt/rustwide/cargo-home" "-e" "RUSTUP_HOME=/opt/rustwide/rustup-home" "-w" "/opt/rustwide/workdir" "-m" "1610612736" "--user" "0:0" "--network" "none" "ghcr.io/rust-lang/crates-build-env/linux@sha256:2788e3201cd34a07e3172128adcd8b3090168a8e3bcc40d7c032b9dda1df7d1c" "/opt/rustwide/cargo-home/bin/cargo" "+1.75.0" "test" "--frozen" "--no-run" "--message-format=json", kill_on_drop: false }`
[INFO] [stdout] 806fef1ad8d033b3bd1f414fd9cb192f556075b62a271deadc6b93fc259f94df
[INFO] running `Command { std: "docker" "start" "-a" "806fef1ad8d033b3bd1f414fd9cb192f556075b62a271deadc6b93fc259f94df", kill_on_drop: false }`
[INFO] [stderr]    Compiling proc-macro2 v1.0.75
[INFO] [stderr]    Compiling unicode-ident v1.0.12
[INFO] [stderr]    Compiling syn v1.0.109
[INFO] [stderr]    Compiling serde v1.0.194
[INFO] [stderr]    Compiling quote v1.0.35
[INFO] [stderr]    Compiling syn v2.0.48
[INFO] [stderr]    Compiling serde_derive v1.0.194
[INFO] [stderr]    Compiling thiserror-impl v1.0.56
[INFO] [stderr]    Compiling serde_derive_internals v0.26.0
[INFO] [stderr]    Compiling thiserror v1.0.56
[INFO] [stderr]    Compiling schemars_derive v0.8.16
[INFO] [stderr]    Compiling cosmwasm-schema-derive v1.5.0
[INFO] [stderr]    Compiling serde_json v1.0.111
[INFO] [stderr]    Compiling schemars v0.8.16
[INFO] [stderr]    Compiling cosmwasm-schema v1.5.0
[INFO] [stderr]    Compiling dao-dao-macros v2.3.0 (/opt/rustwide/workdir)
[INFO] [stdout] error[E0433]: failed to resolve: could not find `dao_interface` in the list of imported crates
[INFO] [stdout]  --> tests/voting.rs:8:1
[INFO] [stdout]   |
[INFO] [stdout] 8 | #[voting_module_query]
[INFO] [stdout]   | ^^^^^^^^^^^^^^^^^^^^^^ could not find `dao_interface` in the list of imported crates
[INFO] [stdout]   |
[INFO] [stdout]   = note: this error originates in the attribute macro `voting_module_query` (in Nightly builds, run with -Z macro-backtrace for more info)
[INFO] [stdout] 
[INFO] [stdout] 
[INFO] [stdout] error[E0433]: failed to resolve: could not find `cosmwasm_std` in the list of imported crates
[INFO] [stdout]  --> tests/govmod.rs:5:1
[INFO] [stdout]   |
[INFO] [stdout] 5 | #[proposal_module_query]
[INFO] [stdout]   | ^^^^^^^^^^^^^^^^^^^^^^^^ could not find `cosmwasm_std` in the list of imported crates
[INFO] [stdout]   |
[INFO] [stdout]   = note: this error originates in the attribute macro `proposal_module_query` (in Nightly builds, run with -Z macro-backtrace for more info)
[INFO] [stdout] 
[INFO] [stdout] 
[INFO] [stdout] error[E0433]: failed to resolve: could not find `dao_interface` in the list of imported crates
[INFO] [stdout]  --> tests/govmod.rs:5:1
[INFO] [stdout]   |
[INFO] [stdout] 5 | #[proposal_module_query]
[INFO] [stdout]   | ^^^^^^^^^^^^^^^^^^^^^^^^ could not find `dao_interface` in the list of imported crates
[INFO] [stdout]   |
[INFO] [stdout]   = note: this error originates in the attribute macro `proposal_module_query` (in Nightly builds, run with -Z macro-backtrace for more info)
[INFO] [stdout] 
[INFO] [stdout] 
[INFO] [stdout] error: aborting due to 2 previous errors
[INFO] [stdout] 
[INFO] [stdout] 
[INFO] [stdout] For more information about this error, try `rustc --explain E0433`.
[INFO] [stdout] 
[INFO] [stderr] error: could not compile `dao-dao-macros` (test "govmod") due to 3 previous errors
[INFO] [stderr] warning: build failed, waiting for other jobs to finish...
[INFO] [stdout] error[E0433]: failed to resolve: use of undeclared crate or module `cosmwasm_std`
[INFO] [stdout]  --> tests/voting.rs:8:1
[INFO] [stdout]   |
[INFO] [stdout] 8 | #[voting_module_query]
[INFO] [stdout]   | ^^^^^^^^^^^^^^^^^^^^^^ use of undeclared crate or module `cosmwasm_std`
[INFO] [stdout]   |
[INFO] [stdout]   = note: this error originates in the attribute macro `voting_module_query` (in Nightly builds, run with -Z macro-backtrace for more info)
[INFO] [stdout] 
[INFO] [stdout] 
[INFO] [stdout] error: aborting due to 2 previous errors
[INFO] [stdout] 
[INFO] [stdout] 
[INFO] [stdout] For more information about this error, try `rustc --explain E0433`.
[INFO] [stdout] 
[INFO] [stderr] error: could not compile `dao-dao-macros` (test "voting") due to 3 previous errors
[INFO] running `Command { std: "docker" "inspect" "806fef1ad8d033b3bd1f414fd9cb192f556075b62a271deadc6b93fc259f94df", kill_on_drop: false }`
[INFO] running `Command { std: "docker" "rm" "-f" "806fef1ad8d033b3bd1f414fd9cb192f556075b62a271deadc6b93fc259f94df", kill_on_drop: false }`
[INFO] [stdout] 806fef1ad8d033b3bd1f414fd9cb192f556075b62a271deadc6b93fc259f94df
[INFO] testing dao-dao-macros-2.3.0 against beta-2023-12-22 for beta-1.76-1
[INFO] extracting crate dao-dao-macros 2.3.0 into /workspace/builds/worker-7-tc2/source
[INFO] validating manifest of crates.io crate dao-dao-macros 2.3.0 on toolchain beta-2023-12-22
[INFO] running `Command { std: CARGO_HOME="/workspace/cargo-home" RUSTUP_HOME="/workspace/rustup-home" "/workspace/cargo-home/bin/cargo" "+beta-2023-12-22" "metadata" "--manifest-path" "Cargo.toml" "--no-deps", kill_on_drop: false }`
[INFO] removed /workspace/builds/worker-7-tc2/source/.cargo/config
[INFO] started tweaking crates.io crate dao-dao-macros 2.3.0
[INFO] finished tweaking crates.io crate dao-dao-macros 2.3.0
[INFO] tweaked toml for crates.io crate dao-dao-macros 2.3.0 written to /workspace/builds/worker-7-tc2/source/Cargo.toml
[INFO] running `Command { std: CARGO_HOME="/workspace/cargo-home" RUSTUP_HOME="/workspace/rustup-home" "/workspace/cargo-home/bin/cargo" "+beta-2023-12-22" "generate-lockfile" "--manifest-path" "Cargo.toml", kill_on_drop: false }`
[INFO] [stderr]     Updating crates.io index
[INFO] running `Command { std: CARGO_HOME="/workspace/cargo-home" RUSTUP_HOME="/workspace/rustup-home" "/workspace/cargo-home/bin/cargo" "+beta-2023-12-22" "fetch" "--manifest-path" "Cargo.toml", kill_on_drop: false }`
[INFO] running `Command { std: "docker" "create" "-v" "/var/lib/crater-agent-workspace/builds/worker-7-tc2/target:/opt/rustwide/target:rw,Z" "-v" "/var/lib/crater-agent-workspace/builds/worker-7-tc2/source:/opt/rustwide/workdir:ro,Z" "-v" "/var/lib/crater-agent-workspace/cargo-home:/opt/rustwide/cargo-home:ro,Z" "-v" "/var/lib/crater-agent-workspace/rustup-home:/opt/rustwide/rustup-home:ro,Z" "-e" "SOURCE_DIR=/opt/rustwide/workdir" "-e" "CARGO_TARGET_DIR=/opt/rustwide/target" "-e" "CARGO_HOME=/opt/rustwide/cargo-home" "-e" "RUSTUP_HOME=/opt/rustwide/rustup-home" "-w" "/opt/rustwide/workdir" "-m" "1610612736" "--user" "0:0" "--network" "none" "ghcr.io/rust-lang/crates-build-env/linux@sha256:2788e3201cd34a07e3172128adcd8b3090168a8e3bcc40d7c032b9dda1df7d1c" "/opt/rustwide/cargo-home/bin/cargo" "+beta-2023-12-22" "metadata" "--no-deps" "--format-version=1", kill_on_drop: false }`
[INFO] [stdout] 81bf237e818d7f7bc5a48ac011bef2cfb452c3628750e6079db5c8d62befaff5
[INFO] running `Command { std: "docker" "start" "-a" "81bf237e818d7f7bc5a48ac011bef2cfb452c3628750e6079db5c8d62befaff5", kill_on_drop: false }`
[INFO] running `Command { std: "docker" "inspect" "81bf237e818d7f7bc5a48ac011bef2cfb452c3628750e6079db5c8d62befaff5", kill_on_drop: false }`
[INFO] running `Command { std: "docker" "rm" "-f" "81bf237e818d7f7bc5a48ac011bef2cfb452c3628750e6079db5c8d62befaff5", kill_on_drop: false }`
[INFO] [stdout] 81bf237e818d7f7bc5a48ac011bef2cfb452c3628750e6079db5c8d62befaff5
[INFO] running `Command { std: "docker" "create" "-v" "/var/lib/crater-agent-workspace/builds/worker-7-tc2/target:/opt/rustwide/target:rw,Z" "-v" "/var/lib/crater-agent-workspace/builds/worker-7-tc2/source:/opt/rustwide/workdir:ro,Z" "-v" "/var/lib/crater-agent-workspace/cargo-home:/opt/rustwide/cargo-home:ro,Z" "-v" "/var/lib/crater-agent-workspace/rustup-home:/opt/rustwide/rustup-home:ro,Z" "-e" "SOURCE_DIR=/opt/rustwide/workdir" "-e" "CARGO_TARGET_DIR=/opt/rustwide/target" "-e" "CARGO_INCREMENTAL=0" "-e" "RUST_BACKTRACE=full" "-e" "RUSTFLAGS=--cap-lints=warn" "-e" "RUSTDOCFLAGS=--cap-lints=warn" "-e" "CARGO_HOME=/opt/rustwide/cargo-home" "-e" "RUSTUP_HOME=/opt/rustwide/rustup-home" "-w" "/opt/rustwide/workdir" "-m" "1610612736" "--user" "0:0" "--network" "none" "ghcr.io/rust-lang/crates-build-env/linux@sha256:2788e3201cd34a07e3172128adcd8b3090168a8e3bcc40d7c032b9dda1df7d1c" "/opt/rustwide/cargo-home/bin/cargo" "+beta-2023-12-22" "build" "--frozen" "--message-format=json", kill_on_drop: false }`
[INFO] [stdout] 689c14342213dae4e71e57d18f5f60217c556f72d3001c615facc9f4e0ca7a31
[INFO] running `Command { std: "docker" "start" "-a" "689c14342213dae4e71e57d18f5f60217c556f72d3001c615facc9f4e0ca7a31", kill_on_drop: false }`
[INFO] [stderr]    Compiling syn v1.0.109
[INFO] [stderr]    Compiling serde v1.0.194
[INFO] [stderr]    Compiling ryu v1.0.16
[INFO] [stderr]    Compiling itoa v1.0.10
[INFO] [stderr]    Compiling dyn-clone v1.0.16
[INFO] [stderr]    Compiling serde_json v1.0.111
[INFO] [stderr]    Compiling thiserror v1.0.56
[INFO] [stderr]    Compiling schemars v0.8.16
[INFO] [stderr]    Compiling syn v2.0.48
[INFO] [stderr]    Compiling serde_derive v1.0.194
[INFO] [stderr]    Compiling thiserror-impl v1.0.56
[INFO] [stderr]    Compiling serde_derive_internals v0.26.0
[INFO] [stderr]    Compiling schemars_derive v0.8.16
[INFO] [stderr]    Compiling cosmwasm-schema-derive v1.5.0
[INFO] [stderr]    Compiling cosmwasm-schema v1.5.0
[INFO] [stderr]    Compiling dao-dao-macros v2.3.0 (/opt/rustwide/workdir)
[INFO] [stderr]     Finished dev [unoptimized + debuginfo] target(s) in 7.56s
[INFO] running `Command { std: "docker" "inspect" "689c14342213dae4e71e57d18f5f60217c556f72d3001c615facc9f4e0ca7a31", kill_on_drop: false }`
[INFO] running `Command { std: "docker" "rm" "-f" "689c14342213dae4e71e57d18f5f60217c556f72d3001c615facc9f4e0ca7a31", kill_on_drop: false }`
[INFO] [stdout] 689c14342213dae4e71e57d18f5f60217c556f72d3001c615facc9f4e0ca7a31
[INFO] running `Command { std: "docker" "create" "-v" "/var/lib/crater-agent-workspace/builds/worker-7-tc2/target:/opt/rustwide/target:rw,Z" "-v" "/var/lib/crater-agent-workspace/builds/worker-7-tc2/source:/opt/rustwide/workdir:ro,Z" "-v" "/var/lib/crater-agent-workspace/cargo-home:/opt/rustwide/cargo-home:ro,Z" "-v" "/var/lib/crater-agent-workspace/rustup-home:/opt/rustwide/rustup-home:ro,Z" "-e" "SOURCE_DIR=/opt/rustwide/workdir" "-e" "CARGO_TARGET_DIR=/opt/rustwide/target" "-e" "CARGO_INCREMENTAL=0" "-e" "RUST_BACKTRACE=full" "-e" "RUSTFLAGS=--cap-lints=warn" "-e" "RUSTDOCFLAGS=--cap-lints=warn" "-e" "CARGO_HOME=/opt/rustwide/cargo-home" "-e" "RUSTUP_HOME=/opt/rustwide/rustup-home" "-w" "/opt/rustwide/workdir" "-m" "1610612736" "--user" "0:0" "--network" "none" "ghcr.io/rust-lang/crates-build-env/linux@sha256:2788e3201cd34a07e3172128adcd8b3090168a8e3bcc40d7c032b9dda1df7d1c" "/opt/rustwide/cargo-home/bin/cargo" "+beta-2023-12-22" "test" "--frozen" "--no-run" "--message-format=json", kill_on_drop: false }`
[INFO] [stdout] 6edf651f0eefe7a39d4c12a2027b956a3c2bb354269f24840377e479ac57fde3
[INFO] running `Command { std: "docker" "start" "-a" "6edf651f0eefe7a39d4c12a2027b956a3c2bb354269f24840377e479ac57fde3", kill_on_drop: false }`
[INFO] [stderr]    Compiling proc-macro2 v1.0.75
[INFO] [stderr]    Compiling unicode-ident v1.0.12
[INFO] [stderr]    Compiling syn v1.0.109
[INFO] [stderr]    Compiling serde v1.0.194
[INFO] [stderr]    Compiling quote v1.0.35
[INFO] [stderr]    Compiling syn v2.0.48
[INFO] [stderr]    Compiling serde_derive v1.0.194
[INFO] [stderr]    Compiling thiserror-impl v1.0.56
[INFO] [stderr]    Compiling serde_derive_internals v0.26.0
[INFO] [stderr]    Compiling thiserror v1.0.56
[INFO] [stderr]    Compiling schemars_derive v0.8.16
[INFO] [stderr]    Compiling cosmwasm-schema-derive v1.5.0
[INFO] [stderr]    Compiling serde_json v1.0.111
[INFO] [stderr]    Compiling schemars v0.8.16
[INFO] [stderr]    Compiling cosmwasm-schema v1.5.0
[INFO] [stderr]    Compiling dao-dao-macros v2.3.0 (/opt/rustwide/workdir)
[INFO] [stdout] error[E0433]: failed to resolve: could not find `cosmwasm_std` in the list of imported crates
[INFO] [stdout]  --> tests/govmod.rs:5:1
[INFO] [stdout]   |
[INFO] [stdout] 5 | #[proposal_module_query]
[INFO] [stdout]   | ^^^^^^^^^^^^^^^^^^^^^^^^ could not find `cosmwasm_std` in the list of imported crates
[INFO] [stdout]   |
[INFO] [stdout]   = note: this error originates in the attribute macro `proposal_module_query` (in Nightly builds, run with -Z macro-backtrace for more info)
[INFO] [stdout] 
[INFO] [stdout] 
[INFO] [stdout] error[E0433]: failed to resolve: could not find `dao_interface` in the list of imported crates
[INFO] [stdout]  --> tests/govmod.rs:5:1
[INFO] [stdout]   |
[INFO] [stdout] 5 | #[proposal_module_query]
[INFO] [stdout]   | ^^^^^^^^^^^^^^^^^^^^^^^^ could not find `dao_interface` in the list of imported crates
[INFO] [stdout]   |
[INFO] [stdout]   = note: this error originates in the attribute macro `proposal_module_query` (in Nightly builds, run with -Z macro-backtrace for more info)
[INFO] [stdout] 
[INFO] [stdout] 
[INFO] [stdout] error[E0433]: failed to resolve: could not find `dao_interface` in the list of imported crates
[INFO] [stdout]  --> tests/voting.rs:8:1
[INFO] [stdout]   |
[INFO] [stdout] 8 | #[voting_module_query]
[INFO] [stdout]   | ^^^^^^^^^^^^^^^^^^^^^^ could not find `dao_interface` in the list of imported crates
[INFO] [stdout]   |
[INFO] [stdout]   = note: this error originates in the attribute macro `voting_module_query` (in Nightly builds, run with -Z macro-backtrace for more info)
[INFO] [stdout] 
[INFO] [stdout] 
[INFO] [stdout] error: aborting due to 2 previous errors
[INFO] [stdout] 
[INFO] [stdout] 
[INFO] [stdout] For more information about this error, try `rustc --explain E0433`.
[INFO] [stdout] 
[INFO] [stderr] error: could not compile `dao-dao-macros` (test "govmod") due to 3 previous errors
[INFO] [stderr] warning: build failed, waiting for other jobs to finish...
[INFO] [stdout] error[E0433]: failed to resolve: use of undeclared crate or module `cosmwasm_std`
[INFO] [stdout]  --> tests/voting.rs:8:1
[INFO] [stdout]   |
[INFO] [stdout] 8 | #[voting_module_query]
[INFO] [stdout]   | ^^^^^^^^^^^^^^^^^^^^^^ use of undeclared crate or module `cosmwasm_std`
[INFO] [stdout]   |
[INFO] [stdout]   = note: this error originates in the attribute macro `voting_module_query` (in Nightly builds, run with -Z macro-backtrace for more info)
[INFO] [stdout] 
[INFO] [stdout] 
[INFO] [stdout] error: aborting due to 2 previous errors
[INFO] [stdout] 
[INFO] [stdout] 
[INFO] [stdout] For more information about this error, try `rustc --explain E0433`.
[INFO] [stdout] 
[INFO] [stderr] error: could not compile `dao-dao-macros` (test "voting") due to 3 previous errors
[INFO] running `Command { std: "docker" "inspect" "6edf651f0eefe7a39d4c12a2027b956a3c2bb354269f24840377e479ac57fde3", kill_on_drop: false }`
[INFO] running `Command { std: "docker" "rm" "-f" "6edf651f0eefe7a39d4c12a2027b956a3c2bb354269f24840377e479ac57fde3", kill_on_drop: false }`
[INFO] [stdout] 6edf651f0eefe7a39d4c12a2027b956a3c2bb354269f24840377e479ac57fde3
