[INFO] fetching crate daisy 0.8.0...
[INFO] testing daisy-0.8.0 against 1.75.0 for beta-1.76-1
[INFO] extracting crate daisy 0.8.0 into /workspace/builds/worker-6-tc1/source
[INFO] validating manifest of crates.io crate daisy 0.8.0 on toolchain 1.75.0
[INFO] running `Command { std: CARGO_HOME="/workspace/cargo-home" RUSTUP_HOME="/workspace/rustup-home" "/workspace/cargo-home/bin/cargo" "+1.75.0" "metadata" "--manifest-path" "Cargo.toml" "--no-deps", kill_on_drop: false }`
[INFO] removed /workspace/builds/worker-6-tc1/source/.cargo/config.toml
[INFO] started tweaking crates.io crate daisy 0.8.0
[INFO] removed 0 missing examples
[INFO] finished tweaking crates.io crate daisy 0.8.0
[INFO] tweaked toml for crates.io crate daisy 0.8.0 written to /workspace/builds/worker-6-tc1/source/Cargo.toml
[INFO] crate crates.io crate daisy 0.8.0 already has a lockfile, it will not be regenerated
[INFO] running `Command { std: CARGO_HOME="/workspace/cargo-home" RUSTUP_HOME="/workspace/rustup-home" "/workspace/cargo-home/bin/cargo" "+1.75.0" "fetch" "--manifest-path" "Cargo.toml", kill_on_drop: false }`
[INFO] [stderr]     Updating crates.io index
[INFO] [stderr]  Downloading crates ...
[INFO] [stderr]   Downloaded display-interface-spi v0.4.1
[INFO] [stderr]   Downloaded embedded-storage v0.3.0
[INFO] [stderr]   Downloaded bare-metal v1.0.0
[INFO] [stderr]   Downloaded synopsys-usb-otg v0.3.2
[INFO] [stderr]   Downloaded panic-semihosting v0.6.0
[INFO] [stderr]   Downloaded rtic-monotonic v1.0.0
[INFO] [stderr]   Downloaded gcd v2.3.0
[INFO] [stderr]   Downloaded rtic-syntax v1.0.3
[INFO] [stderr]   Downloaded stm32h7xx-hal v0.14.0
[INFO] [stderr]   Downloaded embedded-graphics v0.8.1
[INFO] [stderr]   Downloaded sdio-host v0.9.0
[INFO] [stderr]   Downloaded cortex-m-rtic v1.1.4
[INFO] [stderr]   Downloaded stm32h7 v0.15.1
[INFO] [stderr]   Downloaded ssd1306 v0.8.1
[INFO] [stderr]   Downloaded stm32-fmc v0.3.0
[INFO] [stderr]   Downloaded heapless v0.7.16
[INFO] [stderr]   Downloaded micromath v2.0.0
[INFO] [stderr]   Downloaded critical-section v1.1.1
[INFO] [stderr]   Downloaded embedded-dma v0.2.0
[INFO] [stderr]   Downloaded semver v1.0.19
[INFO] [stderr]   Downloaded usb-device v0.2.9
[INFO] [stderr]   Downloaded az v1.2.1
[INFO] [stderr]   Downloaded embedded-graphics-core v0.4.0
[INFO] [stderr]   Downloaded cortex-m-rtic-macros v1.1.6
[INFO] [stderr]   Downloaded fugit v0.3.6
[INFO] [stderr]   Downloaded atomic-polyfill v0.1.11
[INFO] [stderr]   Downloaded cortex-m-semihosting v0.5.0
[INFO] [stderr]   Downloaded rtic-core v1.0.0
[INFO] [stderr]   Downloaded systick-monotonic v1.0.1
[INFO] [stderr]   Downloaded display-interface-i2c v0.4.0
[INFO] [stderr]   Downloaded byte-slice-cast v0.3.5
[INFO] [stderr]   Downloaded display-interface v0.4.1
[INFO] [stderr]   Downloaded volatile-register v0.2.1
[INFO] running `Command { std: "docker" "create" "-v" "/var/lib/crater-agent-workspace/builds/worker-6-tc1/target:/opt/rustwide/target:rw,Z" "-v" "/var/lib/crater-agent-workspace/builds/worker-6-tc1/source:/opt/rustwide/workdir:ro,Z" "-v" "/var/lib/crater-agent-workspace/cargo-home:/opt/rustwide/cargo-home:ro,Z" "-v" "/var/lib/crater-agent-workspace/rustup-home:/opt/rustwide/rustup-home:ro,Z" "-e" "SOURCE_DIR=/opt/rustwide/workdir" "-e" "CARGO_TARGET_DIR=/opt/rustwide/target" "-e" "CARGO_HOME=/opt/rustwide/cargo-home" "-e" "RUSTUP_HOME=/opt/rustwide/rustup-home" "-w" "/opt/rustwide/workdir" "-m" "1610612736" "--user" "0:0" "--network" "none" "ghcr.io/rust-lang/crates-build-env/linux@sha256:2788e3201cd34a07e3172128adcd8b3090168a8e3bcc40d7c032b9dda1df7d1c" "/opt/rustwide/cargo-home/bin/cargo" "+1.75.0" "metadata" "--no-deps" "--format-version=1", kill_on_drop: false }`
[INFO] [stdout] d63264ebd4ea0a8788911088225018e2ce51333cc766ddecde4cdd5ba7ebde6d
[INFO] running `Command { std: "docker" "start" "-a" "d63264ebd4ea0a8788911088225018e2ce51333cc766ddecde4cdd5ba7ebde6d", kill_on_drop: false }`
[INFO] running `Command { std: "docker" "inspect" "d63264ebd4ea0a8788911088225018e2ce51333cc766ddecde4cdd5ba7ebde6d", kill_on_drop: false }`
[INFO] running `Command { std: "docker" "rm" "-f" "d63264ebd4ea0a8788911088225018e2ce51333cc766ddecde4cdd5ba7ebde6d", kill_on_drop: false }`
[INFO] [stdout] d63264ebd4ea0a8788911088225018e2ce51333cc766ddecde4cdd5ba7ebde6d
[INFO] running `Command { std: "docker" "create" "-v" "/var/lib/crater-agent-workspace/builds/worker-6-tc1/target:/opt/rustwide/target:rw,Z" "-v" "/var/lib/crater-agent-workspace/builds/worker-6-tc1/source:/opt/rustwide/workdir:ro,Z" "-v" "/var/lib/crater-agent-workspace/cargo-home:/opt/rustwide/cargo-home:ro,Z" "-v" "/var/lib/crater-agent-workspace/rustup-home:/opt/rustwide/rustup-home:ro,Z" "-e" "SOURCE_DIR=/opt/rustwide/workdir" "-e" "CARGO_TARGET_DIR=/opt/rustwide/target" "-e" "CARGO_INCREMENTAL=0" "-e" "RUST_BACKTRACE=full" "-e" "RUSTFLAGS=--cap-lints=warn" "-e" "RUSTDOCFLAGS=--cap-lints=warn" "-e" "CARGO_HOME=/opt/rustwide/cargo-home" "-e" "RUSTUP_HOME=/opt/rustwide/rustup-home" "-w" "/opt/rustwide/workdir" "-m" "1610612736" "--user" "0:0" "--network" "none" "ghcr.io/rust-lang/crates-build-env/linux@sha256:2788e3201cd34a07e3172128adcd8b3090168a8e3bcc40d7c032b9dda1df7d1c" "/opt/rustwide/cargo-home/bin/cargo" "+1.75.0" "build" "--frozen" "--message-format=json", kill_on_drop: false }`
[INFO] [stdout] ae734b403702f47d187d51e38c7acb4bb3aa1552183324d8f97b3525cb98f6d5
[INFO] running `Command { std: "docker" "start" "-a" "ae734b403702f47d187d51e38c7acb4bb3aa1552183324d8f97b3525cb98f6d5", kill_on_drop: false }`
[INFO] [stderr]    Compiling cortex-m v0.7.7
[INFO] [stderr]    Compiling proc-macro2 v1.0.56
[INFO] [stderr]    Compiling nb v1.1.0
[INFO] [stderr]    Compiling quote v1.0.26
[INFO] [stderr]    Compiling unicode-ident v1.0.8
[INFO] [stderr]    Compiling cortex-m-rt v0.7.3
[INFO] [stderr]    Compiling syn v1.0.109
[INFO] [stderr]    Compiling bare-metal v0.2.5
[INFO] [stderr]    Compiling nb v0.1.3
[INFO] [stderr]    Compiling void v1.0.2
[INFO] [stderr]    Compiling vcell v0.1.3
[INFO] [stderr]    Compiling embedded-hal v0.2.7
[INFO] [stderr]    Compiling volatile-register v0.2.1
[INFO] [stderr]    Compiling critical-section v1.1.1
[INFO] [stderr]    Compiling bitfield v0.13.2
[INFO] [stderr]    Compiling paste v1.0.12
[INFO] [stderr]    Compiling synopsys-usb-otg v0.3.2
[INFO] [stderr]    Compiling stm32h7 v0.15.1
[INFO] [stderr]    Compiling bare-metal v1.0.0
[INFO] [stderr]    Compiling gcd v2.3.0
[INFO] [stderr]    Compiling stable_deref_trait v1.2.0
[INFO] [stderr]    Compiling usb-device v0.2.9
[INFO] [stderr]    Compiling fugit v0.3.6
[INFO] [stderr]    Compiling embedded-dma v0.2.0
[INFO] [stderr]    Compiling stm32-fmc v0.3.0
[INFO] [stderr]    Compiling daisy v0.8.0 (/opt/rustwide/workdir)
[INFO] [stderr]    Compiling embedded-storage v0.3.0
[INFO] [stderr]    Compiling bitflags v2.4.0
[INFO] [stderr]    Compiling sdio-host v0.9.0
[INFO] [stderr]    Compiling cast v0.3.0
[INFO] [stderr]    Compiling cortex-m-rt-macros v0.7.0
[INFO] [stderr]    Compiling stm32h7xx-hal v0.14.0
[INFO] [stdout] error: target board must be selected using a feature: "seed_1_1" | "seed" | "patch_sm"
[INFO] [stdout]   --> src/lib.rs:54:1
[INFO] [stdout]    |
[INFO] [stdout] 54 | / compile_error!(
[INFO] [stdout] 55 | |     "target board must be selected using a feature: \"seed_1_1\" | \"seed\" | \"patch_sm\""
[INFO] [stdout] 56 | | );
[INFO] [stdout]    | |_^
[INFO] [stdout] 
[INFO] [stdout] 
[INFO] [stdout] error[E0432]: unresolved imports `super::codec::Codec`, `super::codec::Pins`
[INFO] [stdout]   --> src/audio/interface.rs:3:20
[INFO] [stdout]    |
[INFO] [stdout] 3  | use super::codec::{Codec, Pins as CodecPins};
[INFO] [stdout]    |                    ^^^^^  ^^^^^^^^^^^^^^^^^ no `Pins` in `audio::codec`
[INFO] [stdout]    |                    |
[INFO] [stdout]    |                    no `Codec` in `audio::codec`
[INFO] [stdout]    |
[INFO] [stdout] note: found an item that was configured out
[INFO] [stdout]   --> src/audio/codec/mod.rs:4:18
[INFO] [stdout]    |
[INFO] [stdout] 4  | pub use ak4556::{Codec, Pins};
[INFO] [stdout]    |                  ^^^^^
[INFO] [stdout]    = note: the item is gated behind the `seed` feature
[INFO] [stdout] note: found an item that was configured out
[INFO] [stdout]   --> src/audio/codec/mod.rs:9:18
[INFO] [stdout]    |
[INFO] [stdout] 9  | pub use wm8731::{Codec, Pins};
[INFO] [stdout]    |                  ^^^^^
[INFO] [stdout]    = note: the item is gated behind the `seed_1_1` feature
[INFO] [stdout] note: found an item that was configured out
[INFO] [stdout]   --> src/audio/codec/mod.rs:14:19
[INFO] [stdout]    |
[INFO] [stdout] 14 | pub use pcm3060::{Codec, Pins};
[INFO] [stdout]    |                   ^^^^^
[INFO] [stdout]    = note: the item is gated behind the `patch_sm` feature
[INFO] [stdout]    = help: consider importing one of these items instead:
[INFO] [stdout]            crate::hal::dac::Pins
[INFO] [stdout]            crate::hal::i2c::Pins
[INFO] [stdout]            crate::hal::pwm::Pins
[INFO] [stdout]            crate::hal::qei::Pins
[INFO] [stdout]            crate::hal::sdmmc::Pins
[INFO] [stdout]            crate::hal::serial::Pins
[INFO] [stdout]            crate::hal::spi::Pins
[INFO] [stdout]            crate::pins::Pins
[INFO] [stdout]            stm32h7xx_hal::dac::Pins
[INFO] [stdout]            stm32h7xx_hal::i2c::Pins
[INFO] [stdout]            stm32h7xx_hal::pwm::Pins
[INFO] [stdout]            stm32h7xx_hal::qei::Pins
[INFO] [stdout]            stm32h7xx_hal::sdmmc::Pins
[INFO] [stdout]            stm32h7xx_hal::serial::Pins
[INFO] [stdout]            stm32h7xx_hal::spi::Pins
[INFO] [stdout] note: found an item that was configured out
[INFO] [stdout]   --> src/audio/codec/mod.rs:4:25
[INFO] [stdout]    |
[INFO] [stdout] 4  | pub use ak4556::{Codec, Pins};
[INFO] [stdout]    |                         ^^^^
[INFO] [stdout]    = note: the item is gated behind the `seed` feature
[INFO] [stdout] note: found an item that was configured out
[INFO] [stdout]   --> src/audio/codec/mod.rs:9:25
[INFO] [stdout]    |
[INFO] [stdout] 9  | pub use wm8731::{Codec, Pins};
[INFO] [stdout]    |                         ^^^^
[INFO] [stdout]    = note: the item is gated behind the `seed_1_1` feature
[INFO] [stdout] note: found an item that was configured out
[INFO] [stdout]   --> src/audio/codec/mod.rs:14:26
[INFO] [stdout]    |
[INFO] [stdout] 14 | pub use pcm3060::{Codec, Pins};
[INFO] [stdout]    |                          ^^^^
[INFO] [stdout]    = note: the item is gated behind the `patch_sm` feature
[INFO] [stdout] 
[INFO] [stdout] 
[INFO] [stdout] error[E0425]: cannot find value `transfer_config` in this scope
[INFO] [stdout]   --> src/audio/interface.rs:67:13
[INFO] [stdout]    |
[INFO] [stdout] 67 |             transfer_config,
[INFO] [stdout]    |             ^^^^^^^^^^^^^^^ not found in this scope
[INFO] [stdout] 
[INFO] [stdout] 
[INFO] [stdout] error[E0425]: cannot find value `codec` in this scope
[INFO] [stdout]   --> src/audio/interface.rs:77:13
[INFO] [stdout]    |
[INFO] [stdout] 26 |     codec: Codec,
[INFO] [stdout]    |     ------------ a field by that name exists in `Self`
[INFO] [stdout] ...
[INFO] [stdout] 77 |             codec,
[INFO] [stdout]    |             ^^^^^
[INFO] [stdout] 
[INFO] [stdout] 
[INFO] [stdout] error[E0412]: cannot find type `Gpio` in this scope
[INFO] [stdout]    --> src/pins.rs:195:15
[INFO] [stdout]     |
[INFO] [stdout] 195 |     pub GPIO: Gpio,
[INFO] [stdout]     |               ^^^^ not found in this scope
[INFO] [stdout] 
[INFO] [stdout] 
[INFO] [stdout] error[E0412]: cannot find type `CodecPins` in this scope
[INFO] [stdout]    --> src/pins.rs:199:16
[INFO] [stdout]     |
[INFO] [stdout] 199 |     pub CODEC: CodecPins,
[INFO] [stdout]     |                ^^^^^^^^^ not found in this scope
[INFO] [stdout] 
[INFO] [stdout] 
[INFO] [stdout] warning: unused imports: `Channel`, `Config as TransferConfig`, `Sync`
[INFO] [stdout]  --> src/audio/interface.rs:4:23
[INFO] [stdout]   |
[INFO] [stdout] 4 | use super::transfer::{Channel, Config as TransferConfig, Sai1Pins, State, Sync, Transfer};
[INFO] [stdout]   |                       ^^^^^^^  ^^^^^^^^^^^^^^^^^^^^^^^^                   ^^^^
[INFO] [stdout]   |
[INFO] [stdout]   = note: `#[warn(unused_imports)]` on by default
[INFO] [stdout] 
[INFO] [stdout] 
[INFO] [stdout] error[E0063]: missing fields `CODEC` and `GPIO` in initializer of `pins::Pins`
[INFO] [stdout]   --> src/board.rs:61:9
[INFO] [stdout]    |
[INFO] [stdout] 61 |         Pins {
[INFO] [stdout]    |         ^^^^ missing `CODEC` and `GPIO`
[INFO] [stdout] 
[INFO] [stdout] 
[INFO] [stdout] error: aborting due to 7 previous errors; 1 warning emitted
[INFO] [stdout] 
[INFO] [stdout] 
[INFO] [stdout] Some errors have detailed explanations: E0063, E0412, E0425, E0432.
[INFO] [stdout] 
[INFO] [stdout] For more information about an error, try `rustc --explain E0063`.
[INFO] [stdout] 
[INFO] [stderr] error: could not compile `daisy` (lib) due to 8 previous errors; 1 warning emitted
[INFO] [stderr] warning: build failed, waiting for other jobs to finish...
[INFO] running `Command { std: "docker" "inspect" "ae734b403702f47d187d51e38c7acb4bb3aa1552183324d8f97b3525cb98f6d5", kill_on_drop: false }`
[INFO] running `Command { std: "docker" "rm" "-f" "ae734b403702f47d187d51e38c7acb4bb3aa1552183324d8f97b3525cb98f6d5", kill_on_drop: false }`
[INFO] [stdout] ae734b403702f47d187d51e38c7acb4bb3aa1552183324d8f97b3525cb98f6d5
