[INFO] fetching crate d3_geo_voronoi_rs 0.9.0...
[INFO] testing d3_geo_voronoi_rs-0.9.0 against 1.75.0 for beta-1.76-1
[INFO] extracting crate d3_geo_voronoi_rs 0.9.0 into /workspace/builds/worker-1-tc1/source
[INFO] validating manifest of crates.io crate d3_geo_voronoi_rs 0.9.0 on toolchain 1.75.0
[INFO] running `Command { std: CARGO_HOME="/workspace/cargo-home" RUSTUP_HOME="/workspace/rustup-home" "/workspace/cargo-home/bin/cargo" "+1.75.0" "metadata" "--manifest-path" "Cargo.toml" "--no-deps", kill_on_drop: false }`
[INFO] started tweaking crates.io crate d3_geo_voronoi_rs 0.9.0
[INFO] finished tweaking crates.io crate d3_geo_voronoi_rs 0.9.0
[INFO] tweaked toml for crates.io crate d3_geo_voronoi_rs 0.9.0 written to /workspace/builds/worker-1-tc1/source/Cargo.toml
[INFO] running `Command { std: CARGO_HOME="/workspace/cargo-home" RUSTUP_HOME="/workspace/rustup-home" "/workspace/cargo-home/bin/cargo" "+1.75.0" "generate-lockfile" "--manifest-path" "Cargo.toml", kill_on_drop: false }`
[INFO] [stderr]     Updating crates.io index
[INFO] running `Command { std: CARGO_HOME="/workspace/cargo-home" RUSTUP_HOME="/workspace/rustup-home" "/workspace/cargo-home/bin/cargo" "+1.75.0" "fetch" "--manifest-path" "Cargo.toml", kill_on_drop: false }`
[INFO] [stderr]  Downloading crates ...
[INFO] [stderr]   Downloaded rstar v0.11.0
[INFO] [stderr]   Downloaded geo-types v0.7.12
[INFO] [stderr]   Downloaded perf-event-open-sys v3.0.0
[INFO] [stderr]   Downloaded memmap2 v0.2.3
[INFO] [stderr]   Downloaded d3_delaunay_rs v0.9.0
[INFO] [stderr]   Downloaded geographiclib-rs v0.2.3
[INFO] [stderr]   Downloaded robust v0.2.3
[INFO] [stderr]   Downloaded measureme v10.1.2
[INFO] [stderr]   Downloaded delaunator v1.0.2
[INFO] [stderr]   Downloaded geo v0.27.0
[INFO] [stderr]   Downloaded spade v2.5.1
[INFO] [stderr]   Downloaded d3_geo_rs v2.0.8
[INFO] [stderr]   Downloaded robust v1.1.0
[INFO] [stderr]   Downloaded earcutr v0.4.3
[INFO] running `Command { std: "docker" "create" "-v" "/var/lib/crater-agent-workspace/builds/worker-1-tc1/target:/opt/rustwide/target:rw,Z" "-v" "/var/lib/crater-agent-workspace/builds/worker-1-tc1/source:/opt/rustwide/workdir:ro,Z" "-v" "/var/lib/crater-agent-workspace/cargo-home:/opt/rustwide/cargo-home:ro,Z" "-v" "/var/lib/crater-agent-workspace/rustup-home:/opt/rustwide/rustup-home:ro,Z" "-e" "SOURCE_DIR=/opt/rustwide/workdir" "-e" "CARGO_TARGET_DIR=/opt/rustwide/target" "-e" "CARGO_HOME=/opt/rustwide/cargo-home" "-e" "RUSTUP_HOME=/opt/rustwide/rustup-home" "-w" "/opt/rustwide/workdir" "-m" "1610612736" "--user" "0:0" "--network" "none" "ghcr.io/rust-lang/crates-build-env/linux@sha256:2788e3201cd34a07e3172128adcd8b3090168a8e3bcc40d7c032b9dda1df7d1c" "/opt/rustwide/cargo-home/bin/cargo" "+1.75.0" "metadata" "--no-deps" "--format-version=1", kill_on_drop: false }`
[INFO] [stdout] cfebcb03f6cee706552439d2e48dc8204bfad8dc409e594f1dce4962e4de7bba
[INFO] running `Command { std: "docker" "start" "-a" "cfebcb03f6cee706552439d2e48dc8204bfad8dc409e594f1dce4962e4de7bba", kill_on_drop: false }`
[INFO] running `Command { std: "docker" "inspect" "cfebcb03f6cee706552439d2e48dc8204bfad8dc409e594f1dce4962e4de7bba", kill_on_drop: false }`
[INFO] running `Command { std: "docker" "rm" "-f" "cfebcb03f6cee706552439d2e48dc8204bfad8dc409e594f1dce4962e4de7bba", kill_on_drop: false }`
[INFO] [stdout] cfebcb03f6cee706552439d2e48dc8204bfad8dc409e594f1dce4962e4de7bba
[INFO] running `Command { std: "docker" "create" "-v" "/var/lib/crater-agent-workspace/builds/worker-1-tc1/target:/opt/rustwide/target:rw,Z" "-v" "/var/lib/crater-agent-workspace/builds/worker-1-tc1/source:/opt/rustwide/workdir:ro,Z" "-v" "/var/lib/crater-agent-workspace/cargo-home:/opt/rustwide/cargo-home:ro,Z" "-v" "/var/lib/crater-agent-workspace/rustup-home:/opt/rustwide/rustup-home:ro,Z" "-e" "SOURCE_DIR=/opt/rustwide/workdir" "-e" "CARGO_TARGET_DIR=/opt/rustwide/target" "-e" "CARGO_INCREMENTAL=0" "-e" "RUST_BACKTRACE=full" "-e" "RUSTFLAGS=--cap-lints=warn" "-e" "RUSTDOCFLAGS=--cap-lints=warn" "-e" "CARGO_HOME=/opt/rustwide/cargo-home" "-e" "RUSTUP_HOME=/opt/rustwide/rustup-home" "-w" "/opt/rustwide/workdir" "-m" "1610612736" "--user" "0:0" "--network" "none" "ghcr.io/rust-lang/crates-build-env/linux@sha256:2788e3201cd34a07e3172128adcd8b3090168a8e3bcc40d7c032b9dda1df7d1c" "/opt/rustwide/cargo-home/bin/cargo" "+1.75.0" "build" "--frozen" "--message-format=json", kill_on_drop: false }`
[INFO] [stdout] 023d090489c7452b26bb11469aceeea3b013f9cf1dfbc098b450fd71e2ad8996
[INFO] running `Command { std: "docker" "start" "-a" "023d090489c7452b26bb11469aceeea3b013f9cf1dfbc098b450fd71e2ad8996", kill_on_drop: false }`
[INFO] [stderr]    Compiling autocfg v1.1.0
[INFO] [stderr]    Compiling semver v1.0.21
[INFO] [stderr]    Compiling libm v0.2.8
[INFO] [stderr]    Compiling wasm-bindgen-shared v0.2.89
[INFO] [stderr]    Compiling log v0.4.20
[INFO] [stderr]    Compiling bumpalo v3.14.0
[INFO] [stderr]    Compiling scopeguard v1.2.0
[INFO] [stderr]    Compiling syn v2.0.48
[INFO] [stderr]    Compiling ahash v0.8.7
[INFO] [stderr]    Compiling wasm-bindgen v0.2.89
[INFO] [stderr]    Compiling byteorder v1.5.0
[INFO] [stderr]    Compiling num-traits v0.2.17
[INFO] [stderr]    Compiling lock_api v0.4.11
[INFO] [stderr]    Compiling hash32 v0.2.1
[INFO] [stderr]    Compiling once_cell v1.19.0
[INFO] [stderr]    Compiling rustc_version v0.4.0
[INFO] [stderr]    Compiling smallvec v1.11.2
[INFO] [stderr]    Compiling stable_deref_trait v1.2.0
[INFO] [stderr]    Compiling zerocopy v0.7.32
[INFO] [stderr]    Compiling either v1.9.0
[INFO] [stderr]    Compiling allocator-api2 v0.2.16
[INFO] [stderr]    Compiling itertools v0.11.0
[INFO] [stderr]    Compiling heapless v0.7.17
[INFO] [stderr]    Compiling spin v0.9.8
[INFO] [stderr]    Compiling robust v1.1.0
[INFO] [stderr]    Compiling lazy_static v1.4.0
[INFO] [stderr]    Compiling geographiclib-rs v0.2.3
[INFO] [stderr]    Compiling hashbrown v0.14.3
[INFO] [stderr]    Compiling float_next_after v1.0.0
[INFO] [stderr]    Compiling robust v0.2.3
[INFO] [stderr]    Compiling delaunator v1.0.2
[INFO] [stderr]    Compiling approx v0.5.1
[INFO] [stderr]    Compiling rstar v0.11.0
[INFO] [stderr]    Compiling spade v2.5.1
[INFO] [stderr]    Compiling geo-types v0.7.12
[INFO] [stderr]    Compiling earcutr v0.4.3
[INFO] [stderr]    Compiling wasm-bindgen-backend v0.2.89
[INFO] [stderr]    Compiling geo v0.27.0
[INFO] [stderr]    Compiling wasm-bindgen-macro-support v0.2.89
[INFO] [stderr]    Compiling wasm-bindgen-macro v0.2.89
[INFO] [stderr]    Compiling js-sys v0.3.66
[INFO] [stderr]    Compiling console_error_panic_hook v0.1.7
[INFO] [stderr]    Compiling web-sys v0.3.66
[INFO] [stderr]    Compiling d3_geo_rs v2.0.8
[INFO] [stderr]    Compiling d3_delaunay_rs v0.9.0
[INFO] [stderr]    Compiling d3_geo_voronoi_rs v0.9.0 (/opt/rustwide/workdir)
[INFO] [stderr]     Finished dev [unoptimized + debuginfo] target(s) in 28.47s
[INFO] running `Command { std: "docker" "inspect" "023d090489c7452b26bb11469aceeea3b013f9cf1dfbc098b450fd71e2ad8996", kill_on_drop: false }`
[INFO] running `Command { std: "docker" "rm" "-f" "023d090489c7452b26bb11469aceeea3b013f9cf1dfbc098b450fd71e2ad8996", kill_on_drop: false }`
[INFO] [stdout] 023d090489c7452b26bb11469aceeea3b013f9cf1dfbc098b450fd71e2ad8996
[INFO] running `Command { std: "docker" "create" "-v" "/var/lib/crater-agent-workspace/builds/worker-1-tc1/target:/opt/rustwide/target:rw,Z" "-v" "/var/lib/crater-agent-workspace/builds/worker-1-tc1/source:/opt/rustwide/workdir:ro,Z" "-v" "/var/lib/crater-agent-workspace/cargo-home:/opt/rustwide/cargo-home:ro,Z" "-v" "/var/lib/crater-agent-workspace/rustup-home:/opt/rustwide/rustup-home:ro,Z" "-e" "SOURCE_DIR=/opt/rustwide/workdir" "-e" "CARGO_TARGET_DIR=/opt/rustwide/target" "-e" "CARGO_INCREMENTAL=0" "-e" "RUST_BACKTRACE=full" "-e" "RUSTFLAGS=--cap-lints=warn" "-e" "RUSTDOCFLAGS=--cap-lints=warn" "-e" "CARGO_HOME=/opt/rustwide/cargo-home" "-e" "RUSTUP_HOME=/opt/rustwide/rustup-home" "-w" "/opt/rustwide/workdir" "-m" "1610612736" "--user" "0:0" "--network" "none" "ghcr.io/rust-lang/crates-build-env/linux@sha256:2788e3201cd34a07e3172128adcd8b3090168a8e3bcc40d7c032b9dda1df7d1c" "/opt/rustwide/cargo-home/bin/cargo" "+1.75.0" "test" "--frozen" "--no-run" "--message-format=json", kill_on_drop: false }`
[INFO] [stdout] eb6cf639abd439fd39923ab90be6485127062df0739ec886b35bc5a18c7f881e
[INFO] running `Command { std: "docker" "start" "-a" "eb6cf639abd439fd39923ab90be6485127062df0739ec886b35bc5a18c7f881e", kill_on_drop: false }`
[INFO] [stderr]    Compiling parking_lot_core v0.9.9
[INFO] [stderr]    Compiling perf-event-open-sys v3.0.0
[INFO] [stderr]    Compiling memmap2 v0.2.3
[INFO] [stderr]    Compiling wasm-bindgen-test-macro v0.3.39
[INFO] [stderr]    Compiling rustc-hash v1.1.0
[INFO] [stderr]    Compiling wasm-bindgen-futures v0.4.39
[INFO] [stderr]    Compiling diff v0.1.13
[INFO] [stderr]    Compiling scoped-tls v1.0.1
[INFO] [stderr]    Compiling yansi v0.5.1
[INFO] [stderr]    Compiling pretty_assertions v1.4.0
[INFO] [stderr]    Compiling parking_lot v0.12.1
[INFO] [stderr]    Compiling measureme v10.1.2
[INFO] [stderr]    Compiling wasm-bindgen-test v0.3.39
[INFO] [stderr]    Compiling d3_geo_voronoi_rs v0.9.0 (/opt/rustwide/workdir)
[INFO] [stdout] error[E0432]: unresolved import `geo::algorithm::cyclic_match`
[INFO] [stdout]  --> tests/voronoi.rs:7:25
[INFO] [stdout]   |
[INFO] [stdout] 7 |     use geo::algorithm::cyclic_match::CyclicMatch;
[INFO] [stdout]   |                         ^^^^^^^^^^^^ could not find `cyclic_match` in `algorithm`
[INFO] [stdout] 
[INFO] [stdout] 
[INFO] [stdout] error[E0599]: no method named `is_cyclic_match` found for reference `&geo::LineString` in the current scope
[INFO] [stdout]    --> tests/voronoi.rs:216:35
[INFO] [stdout]     |
[INFO] [stdout] 216 |                 assert!(actual_ls.is_cyclic_match(expected_ls));
[INFO] [stdout]     |                                   ^^^^^^^^^^^^^^^ method not found in `&LineString`
[INFO] [stdout] 
[INFO] [stdout] 
[INFO] [stdout] error: aborting due to 2 previous errors
[INFO] [stdout] 
[INFO] [stdout] 
[INFO] [stdout] Some errors have detailed explanations: E0432, E0599.
[INFO] [stdout] 
[INFO] [stdout] For more information about an error, try `rustc --explain E0432`.
[INFO] [stdout] 
[INFO] [stderr] error: could not compile `d3_geo_voronoi_rs` (test "voronoi") due to 3 previous errors
[INFO] [stderr] warning: build failed, waiting for other jobs to finish...
[INFO] running `Command { std: "docker" "inspect" "eb6cf639abd439fd39923ab90be6485127062df0739ec886b35bc5a18c7f881e", kill_on_drop: false }`
[INFO] running `Command { std: "docker" "rm" "-f" "eb6cf639abd439fd39923ab90be6485127062df0739ec886b35bc5a18c7f881e", kill_on_drop: false }`
[INFO] [stdout] eb6cf639abd439fd39923ab90be6485127062df0739ec886b35bc5a18c7f881e
[INFO] testing d3_geo_voronoi_rs-0.9.0 against beta-2023-12-22 for beta-1.76-1
[INFO] extracting crate d3_geo_voronoi_rs 0.9.0 into /workspace/builds/worker-1-tc2/source
[INFO] validating manifest of crates.io crate d3_geo_voronoi_rs 0.9.0 on toolchain beta-2023-12-22
[INFO] running `Command { std: CARGO_HOME="/workspace/cargo-home" RUSTUP_HOME="/workspace/rustup-home" "/workspace/cargo-home/bin/cargo" "+beta-2023-12-22" "metadata" "--manifest-path" "Cargo.toml" "--no-deps", kill_on_drop: false }`
[INFO] started tweaking crates.io crate d3_geo_voronoi_rs 0.9.0
[INFO] finished tweaking crates.io crate d3_geo_voronoi_rs 0.9.0
[INFO] tweaked toml for crates.io crate d3_geo_voronoi_rs 0.9.0 written to /workspace/builds/worker-1-tc2/source/Cargo.toml
[INFO] running `Command { std: CARGO_HOME="/workspace/cargo-home" RUSTUP_HOME="/workspace/rustup-home" "/workspace/cargo-home/bin/cargo" "+beta-2023-12-22" "generate-lockfile" "--manifest-path" "Cargo.toml", kill_on_drop: false }`
[INFO] [stderr]     Updating crates.io index
[INFO] running `Command { std: CARGO_HOME="/workspace/cargo-home" RUSTUP_HOME="/workspace/rustup-home" "/workspace/cargo-home/bin/cargo" "+beta-2023-12-22" "fetch" "--manifest-path" "Cargo.toml", kill_on_drop: false }`
[INFO] running `Command { std: "docker" "create" "-v" "/var/lib/crater-agent-workspace/builds/worker-1-tc2/target:/opt/rustwide/target:rw,Z" "-v" "/var/lib/crater-agent-workspace/builds/worker-1-tc2/source:/opt/rustwide/workdir:ro,Z" "-v" "/var/lib/crater-agent-workspace/cargo-home:/opt/rustwide/cargo-home:ro,Z" "-v" "/var/lib/crater-agent-workspace/rustup-home:/opt/rustwide/rustup-home:ro,Z" "-e" "SOURCE_DIR=/opt/rustwide/workdir" "-e" "CARGO_TARGET_DIR=/opt/rustwide/target" "-e" "CARGO_HOME=/opt/rustwide/cargo-home" "-e" "RUSTUP_HOME=/opt/rustwide/rustup-home" "-w" "/opt/rustwide/workdir" "-m" "1610612736" "--user" "0:0" "--network" "none" "ghcr.io/rust-lang/crates-build-env/linux@sha256:2788e3201cd34a07e3172128adcd8b3090168a8e3bcc40d7c032b9dda1df7d1c" "/opt/rustwide/cargo-home/bin/cargo" "+beta-2023-12-22" "metadata" "--no-deps" "--format-version=1", kill_on_drop: false }`
[INFO] [stdout] 801553ce3667c3ff003f4b86a6a44371a1f5e14e11b6a9edd4b12e4ee6066e17
[INFO] running `Command { std: "docker" "start" "-a" "801553ce3667c3ff003f4b86a6a44371a1f5e14e11b6a9edd4b12e4ee6066e17", kill_on_drop: false }`
[INFO] running `Command { std: "docker" "inspect" "801553ce3667c3ff003f4b86a6a44371a1f5e14e11b6a9edd4b12e4ee6066e17", kill_on_drop: false }`
[INFO] running `Command { std: "docker" "rm" "-f" "801553ce3667c3ff003f4b86a6a44371a1f5e14e11b6a9edd4b12e4ee6066e17", kill_on_drop: false }`
[INFO] [stdout] 801553ce3667c3ff003f4b86a6a44371a1f5e14e11b6a9edd4b12e4ee6066e17
[INFO] running `Command { std: "docker" "create" "-v" "/var/lib/crater-agent-workspace/builds/worker-1-tc2/target:/opt/rustwide/target:rw,Z" "-v" "/var/lib/crater-agent-workspace/builds/worker-1-tc2/source:/opt/rustwide/workdir:ro,Z" "-v" "/var/lib/crater-agent-workspace/cargo-home:/opt/rustwide/cargo-home:ro,Z" "-v" "/var/lib/crater-agent-workspace/rustup-home:/opt/rustwide/rustup-home:ro,Z" "-e" "SOURCE_DIR=/opt/rustwide/workdir" "-e" "CARGO_TARGET_DIR=/opt/rustwide/target" "-e" "CARGO_INCREMENTAL=0" "-e" "RUST_BACKTRACE=full" "-e" "RUSTFLAGS=--cap-lints=warn" "-e" "RUSTDOCFLAGS=--cap-lints=warn" "-e" "CARGO_HOME=/opt/rustwide/cargo-home" "-e" "RUSTUP_HOME=/opt/rustwide/rustup-home" "-w" "/opt/rustwide/workdir" "-m" "1610612736" "--user" "0:0" "--network" "none" "ghcr.io/rust-lang/crates-build-env/linux@sha256:2788e3201cd34a07e3172128adcd8b3090168a8e3bcc40d7c032b9dda1df7d1c" "/opt/rustwide/cargo-home/bin/cargo" "+beta-2023-12-22" "build" "--frozen" "--message-format=json", kill_on_drop: false }`
[INFO] [stdout] 3a983ecc46c04723230bbed34e8f2f87420ea3d06b4e9f54acfd402fad3d9754
[INFO] running `Command { std: "docker" "start" "-a" "3a983ecc46c04723230bbed34e8f2f87420ea3d06b4e9f54acfd402fad3d9754", kill_on_drop: false }`
[INFO] [stderr]    Compiling autocfg v1.1.0
[INFO] [stderr]    Compiling wasm-bindgen-shared v0.2.89
[INFO] [stderr]    Compiling libm v0.2.8
[INFO] [stderr]    Compiling semver v1.0.21
[INFO] [stderr]    Compiling log v0.4.20
[INFO] [stderr]    Compiling bumpalo v3.14.0
[INFO] [stderr]    Compiling scopeguard v1.2.0
[INFO] [stderr]    Compiling syn v2.0.48
[INFO] [stderr]    Compiling ahash v0.8.7
[INFO] [stderr]    Compiling byteorder v1.5.0
[INFO] [stderr]    Compiling wasm-bindgen v0.2.89
[INFO] [stderr]    Compiling once_cell v1.19.0
[INFO] [stderr]    Compiling num-traits v0.2.17
[INFO] [stderr]    Compiling lock_api v0.4.11
[INFO] [stderr]    Compiling zerocopy v0.7.32
[INFO] [stderr]    Compiling hash32 v0.2.1
[INFO] [stderr]    Compiling smallvec v1.11.2
[INFO] [stderr]    Compiling rustc_version v0.4.0
[INFO] [stderr]    Compiling stable_deref_trait v1.2.0
[INFO] [stderr]    Compiling either v1.9.0
[INFO] [stderr]    Compiling allocator-api2 v0.2.16
[INFO] [stderr]    Compiling itertools v0.11.0
[INFO] [stderr]    Compiling heapless v0.7.17
[INFO] [stderr]    Compiling spin v0.9.8
[INFO] [stderr]    Compiling robust v1.1.0
[INFO] [stderr]    Compiling lazy_static v1.4.0
[INFO] [stderr]    Compiling hashbrown v0.14.3
[INFO] [stderr]    Compiling geographiclib-rs v0.2.3
[INFO] [stderr]    Compiling float_next_after v1.0.0
[INFO] [stderr]    Compiling robust v0.2.3
[INFO] [stderr]    Compiling delaunator v1.0.2
[INFO] [stderr]    Compiling approx v0.5.1
[INFO] [stderr]    Compiling spade v2.5.1
[INFO] [stderr]    Compiling rstar v0.11.0
[INFO] [stderr]    Compiling geo-types v0.7.12
[INFO] [stderr]    Compiling earcutr v0.4.3
[INFO] [stderr]    Compiling geo v0.27.0
[INFO] [stderr]    Compiling wasm-bindgen-backend v0.2.89
[INFO] [stderr]    Compiling wasm-bindgen-macro-support v0.2.89
[INFO] [stderr]    Compiling wasm-bindgen-macro v0.2.89
[INFO] [stderr]    Compiling js-sys v0.3.66
[INFO] [stderr]    Compiling console_error_panic_hook v0.1.7
[INFO] [stderr]    Compiling web-sys v0.3.66
[INFO] [stderr]    Compiling d3_geo_rs v2.0.8
[INFO] [stderr]    Compiling d3_delaunay_rs v0.9.0
[INFO] [stderr]    Compiling d3_geo_voronoi_rs v0.9.0 (/opt/rustwide/workdir)
[INFO] [stderr]     Finished dev [unoptimized + debuginfo] target(s) in 32.23s
[INFO] running `Command { std: "docker" "inspect" "3a983ecc46c04723230bbed34e8f2f87420ea3d06b4e9f54acfd402fad3d9754", kill_on_drop: false }`
[INFO] running `Command { std: "docker" "rm" "-f" "3a983ecc46c04723230bbed34e8f2f87420ea3d06b4e9f54acfd402fad3d9754", kill_on_drop: false }`
[INFO] [stdout] 3a983ecc46c04723230bbed34e8f2f87420ea3d06b4e9f54acfd402fad3d9754
[INFO] running `Command { std: "docker" "create" "-v" "/var/lib/crater-agent-workspace/builds/worker-1-tc2/target:/opt/rustwide/target:rw,Z" "-v" "/var/lib/crater-agent-workspace/builds/worker-1-tc2/source:/opt/rustwide/workdir:ro,Z" "-v" "/var/lib/crater-agent-workspace/cargo-home:/opt/rustwide/cargo-home:ro,Z" "-v" "/var/lib/crater-agent-workspace/rustup-home:/opt/rustwide/rustup-home:ro,Z" "-e" "SOURCE_DIR=/opt/rustwide/workdir" "-e" "CARGO_TARGET_DIR=/opt/rustwide/target" "-e" "CARGO_INCREMENTAL=0" "-e" "RUST_BACKTRACE=full" "-e" "RUSTFLAGS=--cap-lints=warn" "-e" "RUSTDOCFLAGS=--cap-lints=warn" "-e" "CARGO_HOME=/opt/rustwide/cargo-home" "-e" "RUSTUP_HOME=/opt/rustwide/rustup-home" "-w" "/opt/rustwide/workdir" "-m" "1610612736" "--user" "0:0" "--network" "none" "ghcr.io/rust-lang/crates-build-env/linux@sha256:2788e3201cd34a07e3172128adcd8b3090168a8e3bcc40d7c032b9dda1df7d1c" "/opt/rustwide/cargo-home/bin/cargo" "+beta-2023-12-22" "test" "--frozen" "--no-run" "--message-format=json", kill_on_drop: false }`
[INFO] [stdout] 271269afb8eaedcc7b9e63ecc63e38c13f78e39950304c6f2381c634f79b628b
[INFO] running `Command { std: "docker" "start" "-a" "271269afb8eaedcc7b9e63ecc63e38c13f78e39950304c6f2381c634f79b628b", kill_on_drop: false }`
[INFO] [stderr]    Compiling parking_lot_core v0.9.9
[INFO] [stderr]    Compiling memmap2 v0.2.3
[INFO] [stderr]    Compiling perf-event-open-sys v3.0.0
[INFO] [stderr]    Compiling wasm-bindgen-test-macro v0.3.39
[INFO] [stderr]    Compiling rustc-hash v1.1.0
[INFO] [stderr]    Compiling wasm-bindgen-futures v0.4.39
[INFO] [stderr]    Compiling scoped-tls v1.0.1
[INFO] [stderr]    Compiling diff v0.1.13
[INFO] [stderr]    Compiling yansi v0.5.1
[INFO] [stderr]    Compiling pretty_assertions v1.4.0
[INFO] [stderr]    Compiling parking_lot v0.12.1
[INFO] [stderr]    Compiling wasm-bindgen-test v0.3.39
[INFO] [stderr]    Compiling measureme v10.1.2
[INFO] [stderr]    Compiling d3_geo_voronoi_rs v0.9.0 (/opt/rustwide/workdir)
[INFO] [stdout] error[E0432]: unresolved import `geo::algorithm::cyclic_match`
[INFO] [stdout]  --> tests/voronoi.rs:7:25
[INFO] [stdout]   |
[INFO] [stdout] 7 |     use geo::algorithm::cyclic_match::CyclicMatch;
[INFO] [stdout]   |                         ^^^^^^^^^^^^ could not find `cyclic_match` in `algorithm`
[INFO] [stdout] 
[INFO] [stdout] 
[INFO] [stdout] error[E0599]: no method named `is_cyclic_match` found for reference `&geo::LineString` in the current scope
[INFO] [stdout]    --> tests/voronoi.rs:216:35
[INFO] [stdout]     |
[INFO] [stdout] 216 |                 assert!(actual_ls.is_cyclic_match(expected_ls));
[INFO] [stdout]     |                                   ^^^^^^^^^^^^^^^ method not found in `&LineString`
[INFO] [stdout] 
[INFO] [stdout] 
[INFO] [stdout] error: aborting due to 2 previous errors
[INFO] [stdout] 
[INFO] [stdout] 
[INFO] [stdout] Some errors have detailed explanations: E0432, E0599.
[INFO] [stdout] 
[INFO] [stdout] For more information about an error, try `rustc --explain E0432`.
[INFO] [stdout] 
[INFO] [stderr] error: could not compile `d3_geo_voronoi_rs` (test "voronoi") due to 3 previous errors
[INFO] [stderr] warning: build failed, waiting for other jobs to finish...
[INFO] running `Command { std: "docker" "inspect" "271269afb8eaedcc7b9e63ecc63e38c13f78e39950304c6f2381c634f79b628b", kill_on_drop: false }`
[INFO] running `Command { std: "docker" "rm" "-f" "271269afb8eaedcc7b9e63ecc63e38c13f78e39950304c6f2381c634f79b628b", kill_on_drop: false }`
[INFO] [stdout] 271269afb8eaedcc7b9e63ecc63e38c13f78e39950304c6f2381c634f79b628b
