[INFO] fetching crate cw4-registry 0.2.5...
[INFO] testing cw4-registry-0.2.5 against 1.75.0 for beta-1.76-1
[INFO] extracting crate cw4-registry 0.2.5 into /workspace/builds/worker-1-tc1/source
[INFO] validating manifest of crates.io crate cw4-registry 0.2.5 on toolchain 1.75.0
[INFO] running `Command { std: CARGO_HOME="/workspace/cargo-home" RUSTUP_HOME="/workspace/rustup-home" "/workspace/cargo-home/bin/cargo" "+1.75.0" "metadata" "--manifest-path" "Cargo.toml" "--no-deps", kill_on_drop: false }`
[INFO] removed /workspace/builds/worker-1-tc1/source/.cargo/config
[INFO] started tweaking crates.io crate cw4-registry 0.2.5
[INFO] finished tweaking crates.io crate cw4-registry 0.2.5
[INFO] tweaked toml for crates.io crate cw4-registry 0.2.5 written to /workspace/builds/worker-1-tc1/source/Cargo.toml
[INFO] crate crates.io crate cw4-registry 0.2.5 already has a lockfile, it will not be regenerated
[INFO] running `Command { std: CARGO_HOME="/workspace/cargo-home" RUSTUP_HOME="/workspace/rustup-home" "/workspace/cargo-home/bin/cargo" "+1.75.0" "fetch" "--manifest-path" "Cargo.toml", kill_on_drop: false }`
[INFO] [stderr]     Updating crates.io index
[INFO] [stderr]  Downloading crates ...
[INFO] [stderr]   Downloaded spki v0.4.0
[INFO] [stderr]   Downloaded cw-utils v0.11.1
[INFO] [stderr]   Downloaded cw2 v0.11.1
[INFO] [stderr]   Downloaded sha2 v0.9.5
[INFO] [stderr]   Downloaded ff v0.10.0
[INFO] [stderr]   Downloaded cpufeatures v0.1.5
[INFO] [stderr]   Downloaded typenum v1.13.0
[INFO] [stderr]   Downloaded signature v1.3.1
[INFO] [stderr]   Downloaded schemars v0.8.3
[INFO] [stderr]   Downloaded cw-storage-plus v0.11.1
[INFO] [stderr]   Downloaded libc v0.2.99
[INFO] [stderr]   Downloaded serde_derive v1.0.127
[INFO] [stderr]   Downloaded elliptic-curve v0.10.5
[INFO] [stderr]   Downloaded schemars_derive v0.8.3
[INFO] [stderr]   Downloaded cosmwasm-derive v1.0.0-beta6
[INFO] [stderr]   Downloaded zeroize v1.4.1
[INFO] [stderr]   Downloaded cw4-group v0.11.1
[INFO] [stderr]   Downloaded cw-controllers v0.11.1
[INFO] [stderr]   Downloaded ecdsa v0.12.3
[INFO] [stderr]   Downloaded cosmwasm-schema v1.0.0-beta
[INFO] [stderr]   Downloaded cw4 v0.11.1
[INFO] [stderr]   Downloaded const-oid v0.6.0
[INFO] [stderr]   Downloaded cosmwasm-storage v1.0.0-beta6
[INFO] [stderr]   Downloaded der v0.4.1
[INFO] [stderr]   Downloaded crypto-bigint v0.2.2
[INFO] [stderr]   Downloaded pkcs8 v0.7.5
[INFO] [stderr]   Downloaded cosmwasm-crypto v1.0.0-beta6
[INFO] [stderr]   Downloaded cw-multi-test v0.11.1
[INFO] [stderr]   Downloaded cosmwasm-std v1.0.0-beta6
[INFO] running `Command { std: "docker" "create" "-v" "/var/lib/crater-agent-workspace/builds/worker-1-tc1/target:/opt/rustwide/target:rw,Z" "-v" "/var/lib/crater-agent-workspace/builds/worker-1-tc1/source:/opt/rustwide/workdir:ro,Z" "-v" "/var/lib/crater-agent-workspace/cargo-home:/opt/rustwide/cargo-home:ro,Z" "-v" "/var/lib/crater-agent-workspace/rustup-home:/opt/rustwide/rustup-home:ro,Z" "-e" "SOURCE_DIR=/opt/rustwide/workdir" "-e" "CARGO_TARGET_DIR=/opt/rustwide/target" "-e" "CARGO_HOME=/opt/rustwide/cargo-home" "-e" "RUSTUP_HOME=/opt/rustwide/rustup-home" "-w" "/opt/rustwide/workdir" "-m" "1610612736" "--user" "0:0" "--network" "none" "ghcr.io/rust-lang/crates-build-env/linux@sha256:2788e3201cd34a07e3172128adcd8b3090168a8e3bcc40d7c032b9dda1df7d1c" "/opt/rustwide/cargo-home/bin/cargo" "+1.75.0" "metadata" "--no-deps" "--format-version=1", kill_on_drop: false }`
[INFO] [stdout] e6002b57e967d459ef43a602566bad302e01b5bc1dd4ff1b487ae34373fb3a8b
[INFO] running `Command { std: "docker" "start" "-a" "e6002b57e967d459ef43a602566bad302e01b5bc1dd4ff1b487ae34373fb3a8b", kill_on_drop: false }`
[INFO] running `Command { std: "docker" "inspect" "e6002b57e967d459ef43a602566bad302e01b5bc1dd4ff1b487ae34373fb3a8b", kill_on_drop: false }`
[INFO] running `Command { std: "docker" "rm" "-f" "e6002b57e967d459ef43a602566bad302e01b5bc1dd4ff1b487ae34373fb3a8b", kill_on_drop: false }`
[INFO] [stdout] e6002b57e967d459ef43a602566bad302e01b5bc1dd4ff1b487ae34373fb3a8b
[INFO] running `Command { std: "docker" "create" "-v" "/var/lib/crater-agent-workspace/builds/worker-1-tc1/target:/opt/rustwide/target:rw,Z" "-v" "/var/lib/crater-agent-workspace/builds/worker-1-tc1/source:/opt/rustwide/workdir:ro,Z" "-v" "/var/lib/crater-agent-workspace/cargo-home:/opt/rustwide/cargo-home:ro,Z" "-v" "/var/lib/crater-agent-workspace/rustup-home:/opt/rustwide/rustup-home:ro,Z" "-e" "SOURCE_DIR=/opt/rustwide/workdir" "-e" "CARGO_TARGET_DIR=/opt/rustwide/target" "-e" "CARGO_INCREMENTAL=0" "-e" "RUST_BACKTRACE=full" "-e" "RUSTFLAGS=--cap-lints=warn" "-e" "RUSTDOCFLAGS=--cap-lints=warn" "-e" "CARGO_HOME=/opt/rustwide/cargo-home" "-e" "RUSTUP_HOME=/opt/rustwide/rustup-home" "-w" "/opt/rustwide/workdir" "-m" "1610612736" "--user" "0:0" "--network" "none" "ghcr.io/rust-lang/crates-build-env/linux@sha256:2788e3201cd34a07e3172128adcd8b3090168a8e3bcc40d7c032b9dda1df7d1c" "/opt/rustwide/cargo-home/bin/cargo" "+1.75.0" "build" "--frozen" "--message-format=json", kill_on_drop: false }`
[INFO] [stdout] 01827be08bd0b25fe684d2959ea5ee17b2b5bc9cc0623c3e0855eefc7e4f0f02
[INFO] running `Command { std: "docker" "start" "-a" "01827be08bd0b25fe684d2959ea5ee17b2b5bc9cc0623c3e0855eefc7e4f0f02", kill_on_drop: false }`
[INFO] [stderr]    Compiling proc-macro2 v1.0.28
[INFO] [stderr]    Compiling typenum v1.13.0
[INFO] [stderr]    Compiling libc v0.2.99
[INFO] [stderr]    Compiling version_check v0.9.3
[INFO] [stderr]    Compiling unicode-xid v0.2.2
[INFO] [stderr]    Compiling syn v1.0.74
[INFO] [stderr]    Compiling subtle v2.4.1
[INFO] [stderr]    Compiling serde_derive v1.0.127
[INFO] [stderr]    Compiling zeroize v1.4.1
[INFO] [stderr]    Compiling const-oid v0.6.0
[INFO] [stderr]    Compiling serde v1.0.127
[INFO] [stderr]    Compiling getrandom v0.1.16
[INFO] [stderr]    Compiling ryu v1.0.5
[INFO] [stderr]    Compiling cpufeatures v0.1.5
[INFO] [stderr]    Compiling opaque-debug v0.3.0
[INFO] [stderr]    Compiling byteorder v1.4.3
[INFO] [stderr]    Compiling serde_json v1.0.66
[INFO] [stderr]    Compiling hex v0.4.3
[INFO] [stderr]    Compiling crunchy v0.2.2
[INFO] [stderr]    Compiling der v0.4.1
[INFO] [stderr]    Compiling schemars v0.8.3
[INFO] [stderr]    Compiling itoa v0.4.7
[INFO] [stderr]    Compiling dyn-clone v1.0.4
[INFO] [stderr]    Compiling static_assertions v1.1.0
[INFO] [stderr]    Compiling forward_ref v1.0.0
[INFO] [stderr]    Compiling base64 v0.13.0
[INFO] [stderr]    Compiling generic-array v0.14.4
[INFO] [stderr]    Compiling uint v0.9.1
[INFO] [stderr]    Compiling spki v0.4.0
[INFO] [stderr]    Compiling pkcs8 v0.7.5
[INFO] [stderr]    Compiling quote v1.0.9
[INFO] [stderr]    Compiling getrandom v0.2.3
[INFO] [stderr]    Compiling rand_core v0.6.3
[INFO] [stderr]    Compiling rand_core v0.5.1
[INFO] [stderr]    Compiling ff v0.10.0
[INFO] [stderr]    Compiling group v0.10.0
[INFO] [stderr]    Compiling digest v0.9.0
[INFO] [stderr]    Compiling crypto-bigint v0.2.2
[INFO] [stderr]    Compiling block-buffer v0.9.0
[INFO] [stderr]    Compiling crypto-mac v0.11.1
[INFO] [stderr]    Compiling signature v1.3.1
[INFO] [stderr]    Compiling sha2 v0.9.5
[INFO] [stderr]    Compiling hmac v0.11.0
[INFO] [stderr]    Compiling curve25519-dalek v3.2.0
[INFO] [stderr]    Compiling elliptic-curve v0.10.5
[INFO] [stderr]    Compiling ecdsa v0.12.3
[INFO] [stderr]    Compiling k256 v0.9.6
[INFO] [stderr]    Compiling serde_derive_internals v0.25.0
[INFO] [stderr]    Compiling thiserror-impl v1.0.26
[INFO] [stderr]    Compiling schemars_derive v0.8.3
[INFO] [stderr]    Compiling cosmwasm-derive v1.0.0-beta6
[INFO] [stderr]    Compiling thiserror v1.0.26
[INFO] [stderr]    Compiling ed25519-zebra v2.2.0
[INFO] [stderr]    Compiling serde-json-wasm v0.3.2
[INFO] [stderr]    Compiling cosmwasm-crypto v1.0.0-beta6
[INFO] [stderr]    Compiling cosmwasm-std v1.0.0-beta6
[INFO] [stderr]    Compiling cw-storage-plus v0.11.1
[INFO] [stderr]    Compiling cw-utils v0.11.1
[INFO] [stderr]    Compiling cosmwasm-storage v1.0.0-beta6
[INFO] [stderr]    Compiling cw-controllers v0.11.1
[INFO] [stderr]    Compiling cw4 v0.11.1
[INFO] [stderr]    Compiling cw2 v0.11.1
[INFO] [stderr]    Compiling cw4-group v0.11.1
[INFO] [stderr]    Compiling cw4-registry v0.2.5 (/opt/rustwide/workdir)
[INFO] [stderr]     Finished dev [unoptimized + debuginfo] target(s) in 14.00s
[INFO] running `Command { std: "docker" "inspect" "01827be08bd0b25fe684d2959ea5ee17b2b5bc9cc0623c3e0855eefc7e4f0f02", kill_on_drop: false }`
[INFO] running `Command { std: "docker" "rm" "-f" "01827be08bd0b25fe684d2959ea5ee17b2b5bc9cc0623c3e0855eefc7e4f0f02", kill_on_drop: false }`
[INFO] [stdout] 01827be08bd0b25fe684d2959ea5ee17b2b5bc9cc0623c3e0855eefc7e4f0f02
[INFO] running `Command { std: "docker" "create" "-v" "/var/lib/crater-agent-workspace/builds/worker-1-tc1/target:/opt/rustwide/target:rw,Z" "-v" "/var/lib/crater-agent-workspace/builds/worker-1-tc1/source:/opt/rustwide/workdir:ro,Z" "-v" "/var/lib/crater-agent-workspace/cargo-home:/opt/rustwide/cargo-home:ro,Z" "-v" "/var/lib/crater-agent-workspace/rustup-home:/opt/rustwide/rustup-home:ro,Z" "-e" "SOURCE_DIR=/opt/rustwide/workdir" "-e" "CARGO_TARGET_DIR=/opt/rustwide/target" "-e" "CARGO_INCREMENTAL=0" "-e" "RUST_BACKTRACE=full" "-e" "RUSTFLAGS=--cap-lints=warn" "-e" "RUSTDOCFLAGS=--cap-lints=warn" "-e" "CARGO_HOME=/opt/rustwide/cargo-home" "-e" "RUSTUP_HOME=/opt/rustwide/rustup-home" "-w" "/opt/rustwide/workdir" "-m" "1610612736" "--user" "0:0" "--network" "none" "ghcr.io/rust-lang/crates-build-env/linux@sha256:2788e3201cd34a07e3172128adcd8b3090168a8e3bcc40d7c032b9dda1df7d1c" "/opt/rustwide/cargo-home/bin/cargo" "+1.75.0" "test" "--frozen" "--no-run" "--message-format=json", kill_on_drop: false }`
[INFO] [stdout] 6274282b6abe2445d8fa562ded850d081a3542e8d38938e435b76368befb02c9
[INFO] running `Command { std: "docker" "start" "-a" "6274282b6abe2445d8fa562ded850d081a3542e8d38938e435b76368befb02c9", kill_on_drop: false }`
[INFO] [stderr]    Compiling anyhow v1.0.56
[INFO] [stderr]    Compiling either v1.6.1
[INFO] [stderr]    Compiling bytes v1.1.0
[INFO] [stderr]    Compiling assert_matches v1.5.0
[INFO] [stderr]    Compiling derivative v2.2.0
[INFO] [stderr]    Compiling cosmwasm-schema v1.0.0-beta
[INFO] [stderr]    Compiling itertools v0.10.3
[INFO] [stderr]    Compiling prost-derive v0.9.0
[INFO] [stderr]    Compiling prost v0.9.0
[INFO] [stderr]    Compiling cw-multi-test v0.11.1
[INFO] [stdout] error[E0308]: mismatched types
[INFO] [stdout]    --> /opt/rustwide/cargo-home/registry/src/index.crates.io-6f17d22bba15001f/cw-multi-test-0.11.1/src/wasm.rs:454:29
[INFO] [stdout]     |
[INFO] [stdout] 454 |                       result: ContractResult::Ok(SubMsgExecutionResponse {
[INFO] [stdout]     |  _____________________________^
[INFO] [stdout] 455 | |                         events: r.events.clone(),
[INFO] [stdout] 456 | |                         data: r.data,
[INFO] [stdout] 457 | |                     }),
[INFO] [stdout]     | |______________________^ expected `SubMsgResult`, found `ContractResult<SubMsgExecutionResponse>`
[INFO] [stdout]     |
[INFO] [stdout]     = note: expected enum `SubMsgResult`
[INFO] [stdout]                found enum `ContractResult<SubMsgExecutionResponse>`
[INFO] [stdout] 
[INFO] [stdout] 
[INFO] [stdout] error[E0308]: mismatched types
[INFO] [stdout]    --> /opt/rustwide/cargo-home/registry/src/index.crates.io-6f17d22bba15001f/cw-multi-test-0.11.1/src/wasm.rs:475:29
[INFO] [stdout]     |
[INFO] [stdout] 475 |                     result: ContractResult::Err(e.to_string()),
[INFO] [stdout]     |                             ^^^^^^^^^^^^^^^^^^^^^^^^^^^^^^^^^^ expected `SubMsgResult`, found `ContractResult<_>`
[INFO] [stdout]     |
[INFO] [stdout]     = note: expected enum `SubMsgResult`
[INFO] [stdout]                found enum `ContractResult<_>`
[INFO] [stdout] 
[INFO] [stdout] 
[INFO] [stdout] error: aborting due to 2 previous errors
[INFO] [stdout] 
[INFO] [stdout] 
[INFO] [stdout] For more information about this error, try `rustc --explain E0308`.
[INFO] [stdout] 
[INFO] [stderr] error: could not compile `cw-multi-test` (lib) due to 3 previous errors
[INFO] running `Command { std: "docker" "inspect" "6274282b6abe2445d8fa562ded850d081a3542e8d38938e435b76368befb02c9", kill_on_drop: false }`
[INFO] running `Command { std: "docker" "rm" "-f" "6274282b6abe2445d8fa562ded850d081a3542e8d38938e435b76368befb02c9", kill_on_drop: false }`
[INFO] [stdout] 6274282b6abe2445d8fa562ded850d081a3542e8d38938e435b76368befb02c9
[INFO] testing cw4-registry-0.2.5 against beta-2023-12-22 for beta-1.76-1
[INFO] extracting crate cw4-registry 0.2.5 into /workspace/builds/worker-1-tc2/source
[INFO] validating manifest of crates.io crate cw4-registry 0.2.5 on toolchain beta-2023-12-22
[INFO] running `Command { std: CARGO_HOME="/workspace/cargo-home" RUSTUP_HOME="/workspace/rustup-home" "/workspace/cargo-home/bin/cargo" "+beta-2023-12-22" "metadata" "--manifest-path" "Cargo.toml" "--no-deps", kill_on_drop: false }`
[INFO] removed /workspace/builds/worker-1-tc2/source/.cargo/config
[INFO] started tweaking crates.io crate cw4-registry 0.2.5
[INFO] finished tweaking crates.io crate cw4-registry 0.2.5
[INFO] tweaked toml for crates.io crate cw4-registry 0.2.5 written to /workspace/builds/worker-1-tc2/source/Cargo.toml
[INFO] crate crates.io crate cw4-registry 0.2.5 already has a lockfile, it will not be regenerated
[INFO] running `Command { std: CARGO_HOME="/workspace/cargo-home" RUSTUP_HOME="/workspace/rustup-home" "/workspace/cargo-home/bin/cargo" "+beta-2023-12-22" "fetch" "--manifest-path" "Cargo.toml", kill_on_drop: false }`
[INFO] running `Command { std: "docker" "create" "-v" "/var/lib/crater-agent-workspace/builds/worker-1-tc2/target:/opt/rustwide/target:rw,Z" "-v" "/var/lib/crater-agent-workspace/builds/worker-1-tc2/source:/opt/rustwide/workdir:ro,Z" "-v" "/var/lib/crater-agent-workspace/cargo-home:/opt/rustwide/cargo-home:ro,Z" "-v" "/var/lib/crater-agent-workspace/rustup-home:/opt/rustwide/rustup-home:ro,Z" "-e" "SOURCE_DIR=/opt/rustwide/workdir" "-e" "CARGO_TARGET_DIR=/opt/rustwide/target" "-e" "CARGO_HOME=/opt/rustwide/cargo-home" "-e" "RUSTUP_HOME=/opt/rustwide/rustup-home" "-w" "/opt/rustwide/workdir" "-m" "1610612736" "--user" "0:0" "--network" "none" "ghcr.io/rust-lang/crates-build-env/linux@sha256:2788e3201cd34a07e3172128adcd8b3090168a8e3bcc40d7c032b9dda1df7d1c" "/opt/rustwide/cargo-home/bin/cargo" "+beta-2023-12-22" "metadata" "--no-deps" "--format-version=1", kill_on_drop: false }`
[INFO] [stdout] 9a901aafd5962d33ffff5f87e6c81a596b04061fab1b3c027ac1f887211b8eb3
[INFO] running `Command { std: "docker" "start" "-a" "9a901aafd5962d33ffff5f87e6c81a596b04061fab1b3c027ac1f887211b8eb3", kill_on_drop: false }`
[INFO] running `Command { std: "docker" "inspect" "9a901aafd5962d33ffff5f87e6c81a596b04061fab1b3c027ac1f887211b8eb3", kill_on_drop: false }`
[INFO] running `Command { std: "docker" "rm" "-f" "9a901aafd5962d33ffff5f87e6c81a596b04061fab1b3c027ac1f887211b8eb3", kill_on_drop: false }`
[INFO] [stdout] 9a901aafd5962d33ffff5f87e6c81a596b04061fab1b3c027ac1f887211b8eb3
[INFO] running `Command { std: "docker" "create" "-v" "/var/lib/crater-agent-workspace/builds/worker-1-tc2/target:/opt/rustwide/target:rw,Z" "-v" "/var/lib/crater-agent-workspace/builds/worker-1-tc2/source:/opt/rustwide/workdir:ro,Z" "-v" "/var/lib/crater-agent-workspace/cargo-home:/opt/rustwide/cargo-home:ro,Z" "-v" "/var/lib/crater-agent-workspace/rustup-home:/opt/rustwide/rustup-home:ro,Z" "-e" "SOURCE_DIR=/opt/rustwide/workdir" "-e" "CARGO_TARGET_DIR=/opt/rustwide/target" "-e" "CARGO_INCREMENTAL=0" "-e" "RUST_BACKTRACE=full" "-e" "RUSTFLAGS=--cap-lints=warn" "-e" "RUSTDOCFLAGS=--cap-lints=warn" "-e" "CARGO_HOME=/opt/rustwide/cargo-home" "-e" "RUSTUP_HOME=/opt/rustwide/rustup-home" "-w" "/opt/rustwide/workdir" "-m" "1610612736" "--user" "0:0" "--network" "none" "ghcr.io/rust-lang/crates-build-env/linux@sha256:2788e3201cd34a07e3172128adcd8b3090168a8e3bcc40d7c032b9dda1df7d1c" "/opt/rustwide/cargo-home/bin/cargo" "+beta-2023-12-22" "build" "--frozen" "--message-format=json", kill_on_drop: false }`
[INFO] [stdout] 49fb0bd951feb0b98170bf68a2cbf80f18704465ef02cc21e602889ef143c0f6
[INFO] running `Command { std: "docker" "start" "-a" "49fb0bd951feb0b98170bf68a2cbf80f18704465ef02cc21e602889ef143c0f6", kill_on_drop: false }`
[INFO] [stderr]    Compiling version_check v0.9.3
[INFO] [stderr]    Compiling typenum v1.13.0
[INFO] [stderr]    Compiling proc-macro2 v1.0.28
[INFO] [stderr]    Compiling libc v0.2.99
[INFO] [stderr]    Compiling unicode-xid v0.2.2
[INFO] [stderr]    Compiling syn v1.0.74
[INFO] [stderr]    Compiling subtle v2.4.1
[INFO] [stderr]    Compiling serde_derive v1.0.127
[INFO] [stderr]    Compiling serde v1.0.127
[INFO] [stderr]    Compiling zeroize v1.4.1
[INFO] [stderr]    Compiling const-oid v0.6.0
[INFO] [stderr]    Compiling getrandom v0.1.16
[INFO] [stderr]    Compiling byteorder v1.4.3
[INFO] [stderr]    Compiling opaque-debug v0.3.0
[INFO] [stderr]    Compiling ryu v1.0.5
[INFO] [stderr]    Compiling cpufeatures v0.1.5
[INFO] [stderr]    Compiling serde_json v1.0.66
[INFO] [stderr]    Compiling hex v0.4.3
[INFO] [stderr]    Compiling crunchy v0.2.2
[INFO] [stderr]    Compiling der v0.4.1
[INFO] [stderr]    Compiling itoa v0.4.7
[INFO] [stderr]    Compiling schemars v0.8.3
[INFO] [stderr]    Compiling static_assertions v1.1.0
[INFO] [stderr]    Compiling dyn-clone v1.0.4
[INFO] [stderr]    Compiling base64 v0.13.0
[INFO] [stderr]    Compiling generic-array v0.14.4
[INFO] [stderr]    Compiling forward_ref v1.0.0
[INFO] [stderr]    Compiling uint v0.9.1
[INFO] [stderr]    Compiling spki v0.4.0
[INFO] [stderr]    Compiling pkcs8 v0.7.5
[INFO] [stderr]    Compiling quote v1.0.9
[INFO] [stderr]    Compiling getrandom v0.2.3
[INFO] [stderr]    Compiling rand_core v0.5.1
[INFO] [stderr]    Compiling rand_core v0.6.3
[INFO] [stderr]    Compiling ff v0.10.0
[INFO] [stderr]    Compiling group v0.10.0
[INFO] [stderr]    Compiling digest v0.9.0
[INFO] [stderr]    Compiling crypto-mac v0.11.1
[INFO] [stderr]    Compiling crypto-bigint v0.2.2
[INFO] [stderr]    Compiling block-buffer v0.9.0
[INFO] [stderr]    Compiling signature v1.3.1
[INFO] [stderr]    Compiling curve25519-dalek v3.2.0
[INFO] [stderr]    Compiling hmac v0.11.0
[INFO] [stderr]    Compiling sha2 v0.9.5
[INFO] [stderr]    Compiling elliptic-curve v0.10.5
[INFO] [stderr]    Compiling ecdsa v0.12.3
[INFO] [stderr]    Compiling k256 v0.9.6
[INFO] [stderr]    Compiling serde_derive_internals v0.25.0
[INFO] [stderr]    Compiling thiserror-impl v1.0.26
[INFO] [stderr]    Compiling schemars_derive v0.8.3
[INFO] [stderr]    Compiling cosmwasm-derive v1.0.0-beta6
[INFO] [stderr]    Compiling thiserror v1.0.26
[INFO] [stderr]    Compiling ed25519-zebra v2.2.0
[INFO] [stderr]    Compiling serde-json-wasm v0.3.2
[INFO] [stderr]    Compiling cosmwasm-crypto v1.0.0-beta6
[INFO] [stderr]    Compiling cosmwasm-std v1.0.0-beta6
[INFO] [stderr]    Compiling cw-storage-plus v0.11.1
[INFO] [stderr]    Compiling cw-utils v0.11.1
[INFO] [stderr]    Compiling cosmwasm-storage v1.0.0-beta6
[INFO] [stderr]    Compiling cw4 v0.11.1
[INFO] [stderr]    Compiling cw2 v0.11.1
[INFO] [stderr]    Compiling cw-controllers v0.11.1
[INFO] [stderr]    Compiling cw4-group v0.11.1
[INFO] [stderr]    Compiling cw4-registry v0.2.5 (/opt/rustwide/workdir)
[INFO] [stderr]     Finished dev [unoptimized + debuginfo] target(s) in 14.01s
[INFO] running `Command { std: "docker" "inspect" "49fb0bd951feb0b98170bf68a2cbf80f18704465ef02cc21e602889ef143c0f6", kill_on_drop: false }`
[INFO] running `Command { std: "docker" "rm" "-f" "49fb0bd951feb0b98170bf68a2cbf80f18704465ef02cc21e602889ef143c0f6", kill_on_drop: false }`
[INFO] [stdout] 49fb0bd951feb0b98170bf68a2cbf80f18704465ef02cc21e602889ef143c0f6
[INFO] running `Command { std: "docker" "create" "-v" "/var/lib/crater-agent-workspace/builds/worker-1-tc2/target:/opt/rustwide/target:rw,Z" "-v" "/var/lib/crater-agent-workspace/builds/worker-1-tc2/source:/opt/rustwide/workdir:ro,Z" "-v" "/var/lib/crater-agent-workspace/cargo-home:/opt/rustwide/cargo-home:ro,Z" "-v" "/var/lib/crater-agent-workspace/rustup-home:/opt/rustwide/rustup-home:ro,Z" "-e" "SOURCE_DIR=/opt/rustwide/workdir" "-e" "CARGO_TARGET_DIR=/opt/rustwide/target" "-e" "CARGO_INCREMENTAL=0" "-e" "RUST_BACKTRACE=full" "-e" "RUSTFLAGS=--cap-lints=warn" "-e" "RUSTDOCFLAGS=--cap-lints=warn" "-e" "CARGO_HOME=/opt/rustwide/cargo-home" "-e" "RUSTUP_HOME=/opt/rustwide/rustup-home" "-w" "/opt/rustwide/workdir" "-m" "1610612736" "--user" "0:0" "--network" "none" "ghcr.io/rust-lang/crates-build-env/linux@sha256:2788e3201cd34a07e3172128adcd8b3090168a8e3bcc40d7c032b9dda1df7d1c" "/opt/rustwide/cargo-home/bin/cargo" "+beta-2023-12-22" "test" "--frozen" "--no-run" "--message-format=json", kill_on_drop: false }`
[INFO] [stdout] f8eea580b088475df797549845ac8ef1cd111597465936d63524d60ab83744aa
[INFO] running `Command { std: "docker" "start" "-a" "f8eea580b088475df797549845ac8ef1cd111597465936d63524d60ab83744aa", kill_on_drop: false }`
[INFO] [stderr]    Compiling anyhow v1.0.56
[INFO] [stderr]    Compiling either v1.6.1
[INFO] [stderr]    Compiling bytes v1.1.0
[INFO] [stderr]    Compiling assert_matches v1.5.0
[INFO] [stderr]    Compiling derivative v2.2.0
[INFO] [stderr]    Compiling cosmwasm-schema v1.0.0-beta
[INFO] [stderr]    Compiling itertools v0.10.3
[INFO] [stderr]    Compiling prost-derive v0.9.0
[INFO] [stderr]    Compiling prost v0.9.0
[INFO] [stderr]    Compiling cw-multi-test v0.11.1
[INFO] [stdout] error[E0308]: mismatched types
[INFO] [stdout]    --> /opt/rustwide/cargo-home/registry/src/index.crates.io-6f17d22bba15001f/cw-multi-test-0.11.1/src/wasm.rs:454:29
[INFO] [stdout]     |
[INFO] [stdout] 454 |                       result: ContractResult::Ok(SubMsgExecutionResponse {
[INFO] [stdout]     |  _____________________________^
[INFO] [stdout] 455 | |                         events: r.events.clone(),
[INFO] [stdout] 456 | |                         data: r.data,
[INFO] [stdout] 457 | |                     }),
[INFO] [stdout]     | |______________________^ expected `SubMsgResult`, found `ContractResult<SubMsgExecutionResponse>`
[INFO] [stdout]     |
[INFO] [stdout]     = note: expected enum `SubMsgResult`
[INFO] [stdout]                found enum `ContractResult<SubMsgExecutionResponse>`
[INFO] [stdout] 
[INFO] [stdout] 
[INFO] [stdout] error[E0308]: mismatched types
[INFO] [stdout]    --> /opt/rustwide/cargo-home/registry/src/index.crates.io-6f17d22bba15001f/cw-multi-test-0.11.1/src/wasm.rs:475:29
[INFO] [stdout]     |
[INFO] [stdout] 475 |                     result: ContractResult::Err(e.to_string()),
[INFO] [stdout]     |                             ^^^^^^^^^^^^^^^^^^^^^^^^^^^^^^^^^^ expected `SubMsgResult`, found `ContractResult<_>`
[INFO] [stdout]     |
[INFO] [stdout]     = note: expected enum `SubMsgResult`
[INFO] [stdout]                found enum `ContractResult<_>`
[INFO] [stdout] 
[INFO] [stdout] 
[INFO] [stdout] error: aborting due to 2 previous errors
[INFO] [stdout] 
[INFO] [stdout] 
[INFO] [stdout] For more information about this error, try `rustc --explain E0308`.
[INFO] [stdout] 
[INFO] [stderr] error: could not compile `cw-multi-test` (lib) due to 3 previous errors
[INFO] running `Command { std: "docker" "inspect" "f8eea580b088475df797549845ac8ef1cd111597465936d63524d60ab83744aa", kill_on_drop: false }`
[INFO] running `Command { std: "docker" "rm" "-f" "f8eea580b088475df797549845ac8ef1cd111597465936d63524d60ab83744aa", kill_on_drop: false }`
[INFO] [stdout] f8eea580b088475df797549845ac8ef1cd111597465936d63524d60ab83744aa
