[INFO] fetching crate cw0 0.10.3...
[INFO] testing cw0-0.10.3 against 1.75.0 for beta-1.76-1
[INFO] extracting crate cw0 0.10.3 into /workspace/builds/worker-3-tc1/source
[INFO] validating manifest of crates.io crate cw0 0.10.3 on toolchain 1.75.0
[INFO] running `Command { std: CARGO_HOME="/workspace/cargo-home" RUSTUP_HOME="/workspace/rustup-home" "/workspace/cargo-home/bin/cargo" "+1.75.0" "metadata" "--manifest-path" "Cargo.toml" "--no-deps", kill_on_drop: false }`
[INFO] started tweaking crates.io crate cw0 0.10.3
[INFO] finished tweaking crates.io crate cw0 0.10.3
[INFO] tweaked toml for crates.io crate cw0 0.10.3 written to /workspace/builds/worker-3-tc1/source/Cargo.toml
[INFO] running `Command { std: CARGO_HOME="/workspace/cargo-home" RUSTUP_HOME="/workspace/rustup-home" "/workspace/cargo-home/bin/cargo" "+1.75.0" "generate-lockfile" "--manifest-path" "Cargo.toml", kill_on_drop: false }`
[INFO] [stderr]     Updating crates.io index
[INFO] running `Command { std: CARGO_HOME="/workspace/cargo-home" RUSTUP_HOME="/workspace/rustup-home" "/workspace/cargo-home/bin/cargo" "+1.75.0" "fetch" "--manifest-path" "Cargo.toml", kill_on_drop: false }`
[INFO] [stderr]  Downloading crates ...
[INFO] [stderr]   Downloaded prost v0.9.0
[INFO] [stderr]   Downloaded cw-storage-plus v0.10.3
[INFO] [stderr]   Downloaded prost-derive v0.9.0
[INFO] running `Command { std: "docker" "create" "-v" "/var/lib/crater-agent-workspace/builds/worker-3-tc1/target:/opt/rustwide/target:rw,Z" "-v" "/var/lib/crater-agent-workspace/builds/worker-3-tc1/source:/opt/rustwide/workdir:ro,Z" "-v" "/var/lib/crater-agent-workspace/cargo-home:/opt/rustwide/cargo-home:ro,Z" "-v" "/var/lib/crater-agent-workspace/rustup-home:/opt/rustwide/rustup-home:ro,Z" "-e" "SOURCE_DIR=/opt/rustwide/workdir" "-e" "CARGO_TARGET_DIR=/opt/rustwide/target" "-e" "CARGO_HOME=/opt/rustwide/cargo-home" "-e" "RUSTUP_HOME=/opt/rustwide/rustup-home" "-w" "/opt/rustwide/workdir" "-m" "1610612736" "--user" "0:0" "--network" "none" "ghcr.io/rust-lang/crates-build-env/linux@sha256:2788e3201cd34a07e3172128adcd8b3090168a8e3bcc40d7c032b9dda1df7d1c" "/opt/rustwide/cargo-home/bin/cargo" "+1.75.0" "metadata" "--no-deps" "--format-version=1", kill_on_drop: false }`
[INFO] [stdout] 690fa9168cf9f8792188c2c1ea5152442b56c0d060d66a621e44813b5a5630d6
[INFO] running `Command { std: "docker" "start" "-a" "690fa9168cf9f8792188c2c1ea5152442b56c0d060d66a621e44813b5a5630d6", kill_on_drop: false }`
[INFO] running `Command { std: "docker" "inspect" "690fa9168cf9f8792188c2c1ea5152442b56c0d060d66a621e44813b5a5630d6", kill_on_drop: false }`
[INFO] running `Command { std: "docker" "rm" "-f" "690fa9168cf9f8792188c2c1ea5152442b56c0d060d66a621e44813b5a5630d6", kill_on_drop: false }`
[INFO] [stdout] 690fa9168cf9f8792188c2c1ea5152442b56c0d060d66a621e44813b5a5630d6
[INFO] running `Command { std: "docker" "create" "-v" "/var/lib/crater-agent-workspace/builds/worker-3-tc1/target:/opt/rustwide/target:rw,Z" "-v" "/var/lib/crater-agent-workspace/builds/worker-3-tc1/source:/opt/rustwide/workdir:ro,Z" "-v" "/var/lib/crater-agent-workspace/cargo-home:/opt/rustwide/cargo-home:ro,Z" "-v" "/var/lib/crater-agent-workspace/rustup-home:/opt/rustwide/rustup-home:ro,Z" "-e" "SOURCE_DIR=/opt/rustwide/workdir" "-e" "CARGO_TARGET_DIR=/opt/rustwide/target" "-e" "CARGO_INCREMENTAL=0" "-e" "RUST_BACKTRACE=full" "-e" "RUSTFLAGS=--cap-lints=warn" "-e" "RUSTDOCFLAGS=--cap-lints=warn" "-e" "CARGO_HOME=/opt/rustwide/cargo-home" "-e" "RUSTUP_HOME=/opt/rustwide/rustup-home" "-w" "/opt/rustwide/workdir" "-m" "1610612736" "--user" "0:0" "--network" "none" "ghcr.io/rust-lang/crates-build-env/linux@sha256:2788e3201cd34a07e3172128adcd8b3090168a8e3bcc40d7c032b9dda1df7d1c" "/opt/rustwide/cargo-home/bin/cargo" "+1.75.0" "build" "--frozen" "--message-format=json", kill_on_drop: false }`
[INFO] [stdout] 3a5a8285b5a1addf8fc071a197fb1060971cf2dfe265914e795f73c713bfa340
[INFO] running `Command { std: "docker" "start" "-a" "3a5a8285b5a1addf8fc071a197fb1060971cf2dfe265914e795f73c713bfa340", kill_on_drop: false }`
[INFO] [stderr]    Compiling zeroize v1.7.0
[INFO] [stderr]    Compiling generic-array v0.14.7
[INFO] [stderr]    Compiling subtle v2.5.0
[INFO] [stderr]    Compiling const-oid v0.9.6
[INFO] [stderr]    Compiling syn v1.0.109
[INFO] [stderr]    Compiling base16ct v0.2.0
[INFO] [stderr]    Compiling rand_core v0.5.1
[INFO] [stderr]    Compiling byteorder v1.5.0
[INFO] [stderr]    Compiling schemars v0.8.16
[INFO] [stderr]    Compiling dyn-clone v1.0.16
[INFO] [stderr]    Compiling base64 v0.21.5
[INFO] [stderr]    Compiling forward_ref v1.0.0
[INFO] [stderr]    Compiling bnum v0.8.1
[INFO] [stderr]    Compiling syn v2.0.48
[INFO] [stderr]    Compiling ahash v0.7.7
[INFO] [stderr]    Compiling bech32 v0.9.1
[INFO] [stderr]    Compiling der v0.7.8
[INFO] [stderr]    Compiling ff v0.13.0
[INFO] [stderr]    Compiling hashbrown v0.12.3
[INFO] [stderr]    Compiling group v0.13.0
[INFO] [stderr]    Compiling block-buffer v0.10.4
[INFO] [stderr]    Compiling crypto-common v0.1.6
[INFO] [stderr]    Compiling crypto-bigint v0.5.5
[INFO] [stderr]    Compiling digest v0.9.0
[INFO] [stderr]    Compiling block-buffer v0.9.0
[INFO] [stderr]    Compiling digest v0.10.7
[INFO] [stderr]    Compiling curve25519-dalek v3.2.0
[INFO] [stderr]    Compiling sha2 v0.9.9
[INFO] [stderr]    Compiling hmac v0.12.1
[INFO] [stderr]    Compiling signature v2.2.0
[INFO] [stderr]    Compiling sha2 v0.10.8
[INFO] [stderr]    Compiling rfc6979 v0.4.0
[INFO] [stderr]    Compiling spki v0.7.3
[INFO] [stderr]    Compiling sec1 v0.7.3
[INFO] [stderr]    Compiling pkcs8 v0.10.2
[INFO] [stderr]    Compiling serde_derive v1.0.194
[INFO] [stderr]    Compiling thiserror-impl v1.0.56
[INFO] [stderr]    Compiling elliptic-curve v0.13.8
[INFO] [stderr]    Compiling ecdsa v0.16.9
[INFO] [stderr]    Compiling thiserror v1.0.56
[INFO] [stderr]    Compiling k256 v0.13.2
[INFO] [stderr]    Compiling serde_derive_internals v0.26.0
[INFO] [stderr]    Compiling schemars_derive v0.8.16
[INFO] [stderr]    Compiling derivative v2.2.0
[INFO] [stderr]    Compiling cosmwasm-derive v1.5.0
[INFO] [stderr]    Compiling serde v1.0.194
[INFO] [stderr]    Compiling ed25519-zebra v3.1.0
[INFO] [stderr]    Compiling serde_json v1.0.111
[INFO] [stderr]    Compiling serde-json-wasm v0.5.1
[INFO] [stderr]    Compiling cosmwasm-crypto v1.5.0
[INFO] [stderr]    Compiling cosmwasm-std v1.5.0
[INFO] [stderr]    Compiling cw0 v0.10.3 (/opt/rustwide/workdir)
[INFO] [stderr]     Finished dev [unoptimized + debuginfo] target(s) in 12.49s
[INFO] running `Command { std: "docker" "inspect" "3a5a8285b5a1addf8fc071a197fb1060971cf2dfe265914e795f73c713bfa340", kill_on_drop: false }`
[INFO] running `Command { std: "docker" "rm" "-f" "3a5a8285b5a1addf8fc071a197fb1060971cf2dfe265914e795f73c713bfa340", kill_on_drop: false }`
[INFO] [stdout] 3a5a8285b5a1addf8fc071a197fb1060971cf2dfe265914e795f73c713bfa340
[INFO] running `Command { std: "docker" "create" "-v" "/var/lib/crater-agent-workspace/builds/worker-3-tc1/target:/opt/rustwide/target:rw,Z" "-v" "/var/lib/crater-agent-workspace/builds/worker-3-tc1/source:/opt/rustwide/workdir:ro,Z" "-v" "/var/lib/crater-agent-workspace/cargo-home:/opt/rustwide/cargo-home:ro,Z" "-v" "/var/lib/crater-agent-workspace/rustup-home:/opt/rustwide/rustup-home:ro,Z" "-e" "SOURCE_DIR=/opt/rustwide/workdir" "-e" "CARGO_TARGET_DIR=/opt/rustwide/target" "-e" "CARGO_INCREMENTAL=0" "-e" "RUST_BACKTRACE=full" "-e" "RUSTFLAGS=--cap-lints=warn" "-e" "RUSTDOCFLAGS=--cap-lints=warn" "-e" "CARGO_HOME=/opt/rustwide/cargo-home" "-e" "RUSTUP_HOME=/opt/rustwide/rustup-home" "-w" "/opt/rustwide/workdir" "-m" "1610612736" "--user" "0:0" "--network" "none" "ghcr.io/rust-lang/crates-build-env/linux@sha256:2788e3201cd34a07e3172128adcd8b3090168a8e3bcc40d7c032b9dda1df7d1c" "/opt/rustwide/cargo-home/bin/cargo" "+1.75.0" "test" "--frozen" "--no-run" "--message-format=json", kill_on_drop: false }`
[INFO] [stdout] 52e886724b6c7cbc4aa51a0537bb888461f60b707c7fb8eb2d2dbbebb03ddcad
[INFO] running `Command { std: "docker" "start" "-a" "52e886724b6c7cbc4aa51a0537bb888461f60b707c7fb8eb2d2dbbebb03ddcad", kill_on_drop: false }`
[INFO] [stderr]    Compiling anyhow v1.0.79
[INFO] [stderr]    Compiling either v1.9.0
[INFO] [stderr]    Compiling bytes v1.5.0
[INFO] [stderr]    Compiling cw-storage-plus v0.10.3
[INFO] [stderr]    Compiling itertools v0.10.5
[INFO] [stderr]    Compiling prost-derive v0.9.0
[INFO] [stderr]    Compiling prost v0.9.0
[INFO] [stderr]    Compiling cw0 v0.10.3 (/opt/rustwide/workdir)
[INFO] [stdout] warning: use of deprecated type alias `cosmwasm_std::SubMsgExecutionResponse`: Renamed to SubMsgResponse
[INFO] [stdout]    --> src/parse_reply.rs:171:40
[INFO] [stdout]     |
[INFO] [stdout] 171 |     use cosmwasm_std::{ContractResult, SubMsgExecutionResponse};
[INFO] [stdout]     |                                        ^^^^^^^^^^^^^^^^^^^^^^^
[INFO] [stdout]     |
[INFO] [stdout]     = note: `#[warn(deprecated)]` on by default
[INFO] [stdout] 
[INFO] [stdout] 
[INFO] [stdout] warning: use of deprecated type alias `cosmwasm_std::SubMsgExecutionResponse`: Renamed to SubMsgResponse
[INFO] [stdout]    --> src/parse_reply.rs:469:44
[INFO] [stdout]     |
[INFO] [stdout] 469 |                 result: ContractResult::Ok(SubMsgExecutionResponse {
[INFO] [stdout]     |                                            ^^^^^^^^^^^^^^^^^^^^^^^
[INFO] [stdout] 
[INFO] [stdout] 
[INFO] [stdout] warning: use of deprecated type alias `cosmwasm_std::SubMsgExecutionResponse`: Renamed to SubMsgResponse
[INFO] [stdout]    --> src/parse_reply.rs:517:44
[INFO] [stdout]     |
[INFO] [stdout] 517 |                 result: ContractResult::Ok(SubMsgExecutionResponse {
[INFO] [stdout]     |                                            ^^^^^^^^^^^^^^^^^^^^^^^
[INFO] [stdout] 
[INFO] [stdout] 
[INFO] [stdout] error[E0308]: mismatched types
[INFO] [stdout]    --> src/parse_reply.rs:469:25
[INFO] [stdout]     |
[INFO] [stdout] 469 |                   result: ContractResult::Ok(SubMsgExecutionResponse {
[INFO] [stdout]     |  _________________________^
[INFO] [stdout] 470 | |                     events: vec![],
[INFO] [stdout] 471 | |                     data: Some(encoded_instantiate_reply.into()),
[INFO] [stdout] 472 | |                 }),
[INFO] [stdout]     | |__________________^ expected `SubMsgResult`, found `ContractResult<SubMsgResponse>`
[INFO] [stdout]     |
[INFO] [stdout]     = note: expected enum `SubMsgResult`
[INFO] [stdout]                found enum `ContractResult<SubMsgResponse>`
[INFO] [stdout] 
[INFO] [stdout] 
[INFO] [stdout] error[E0308]: mismatched types
[INFO] [stdout]    --> src/parse_reply.rs:517:25
[INFO] [stdout]     |
[INFO] [stdout] 517 |                   result: ContractResult::Ok(SubMsgExecutionResponse {
[INFO] [stdout]     |  _________________________^
[INFO] [stdout] 518 | |                     events: vec![],
[INFO] [stdout] 519 | |                     data: Some(encoded_execute_reply.into()),
[INFO] [stdout] 520 | |                 }),
[INFO] [stdout]     | |__________________^ expected `SubMsgResult`, found `ContractResult<SubMsgResponse>`
[INFO] [stdout]     |
[INFO] [stdout]     = note: expected enum `SubMsgResult`
[INFO] [stdout]                found enum `ContractResult<SubMsgResponse>`
[INFO] [stdout] 
[INFO] [stdout] 
[INFO] [stdout] error: aborting due to 2 previous errors; 3 warnings emitted
[INFO] [stdout] 
[INFO] [stdout] 
[INFO] [stdout] For more information about this error, try `rustc --explain E0308`.
[INFO] [stdout] 
[INFO] [stderr] error: could not compile `cw0` (lib test) due to 3 previous errors; 3 warnings emitted
[INFO] running `Command { std: "docker" "inspect" "52e886724b6c7cbc4aa51a0537bb888461f60b707c7fb8eb2d2dbbebb03ddcad", kill_on_drop: false }`
[INFO] running `Command { std: "docker" "rm" "-f" "52e886724b6c7cbc4aa51a0537bb888461f60b707c7fb8eb2d2dbbebb03ddcad", kill_on_drop: false }`
[INFO] [stdout] 52e886724b6c7cbc4aa51a0537bb888461f60b707c7fb8eb2d2dbbebb03ddcad
[INFO] testing cw0-0.10.3 against beta-2023-12-22 for beta-1.76-1
[INFO] extracting crate cw0 0.10.3 into /workspace/builds/worker-3-tc2/source
[INFO] validating manifest of crates.io crate cw0 0.10.3 on toolchain beta-2023-12-22
[INFO] running `Command { std: CARGO_HOME="/workspace/cargo-home" RUSTUP_HOME="/workspace/rustup-home" "/workspace/cargo-home/bin/cargo" "+beta-2023-12-22" "metadata" "--manifest-path" "Cargo.toml" "--no-deps", kill_on_drop: false }`
[INFO] started tweaking crates.io crate cw0 0.10.3
[INFO] finished tweaking crates.io crate cw0 0.10.3
[INFO] tweaked toml for crates.io crate cw0 0.10.3 written to /workspace/builds/worker-3-tc2/source/Cargo.toml
[INFO] running `Command { std: CARGO_HOME="/workspace/cargo-home" RUSTUP_HOME="/workspace/rustup-home" "/workspace/cargo-home/bin/cargo" "+beta-2023-12-22" "generate-lockfile" "--manifest-path" "Cargo.toml", kill_on_drop: false }`
[INFO] [stderr]     Updating crates.io index
[INFO] running `Command { std: CARGO_HOME="/workspace/cargo-home" RUSTUP_HOME="/workspace/rustup-home" "/workspace/cargo-home/bin/cargo" "+beta-2023-12-22" "fetch" "--manifest-path" "Cargo.toml", kill_on_drop: false }`
[INFO] running `Command { std: "docker" "create" "-v" "/var/lib/crater-agent-workspace/builds/worker-3-tc2/target:/opt/rustwide/target:rw,Z" "-v" "/var/lib/crater-agent-workspace/builds/worker-3-tc2/source:/opt/rustwide/workdir:ro,Z" "-v" "/var/lib/crater-agent-workspace/cargo-home:/opt/rustwide/cargo-home:ro,Z" "-v" "/var/lib/crater-agent-workspace/rustup-home:/opt/rustwide/rustup-home:ro,Z" "-e" "SOURCE_DIR=/opt/rustwide/workdir" "-e" "CARGO_TARGET_DIR=/opt/rustwide/target" "-e" "CARGO_HOME=/opt/rustwide/cargo-home" "-e" "RUSTUP_HOME=/opt/rustwide/rustup-home" "-w" "/opt/rustwide/workdir" "-m" "1610612736" "--user" "0:0" "--network" "none" "ghcr.io/rust-lang/crates-build-env/linux@sha256:2788e3201cd34a07e3172128adcd8b3090168a8e3bcc40d7c032b9dda1df7d1c" "/opt/rustwide/cargo-home/bin/cargo" "+beta-2023-12-22" "metadata" "--no-deps" "--format-version=1", kill_on_drop: false }`
[INFO] [stdout] db68487a167921c764530a57431823d5e8017c111b0d14b51aede0c1cfd65faf
[INFO] running `Command { std: "docker" "start" "-a" "db68487a167921c764530a57431823d5e8017c111b0d14b51aede0c1cfd65faf", kill_on_drop: false }`
[INFO] running `Command { std: "docker" "inspect" "db68487a167921c764530a57431823d5e8017c111b0d14b51aede0c1cfd65faf", kill_on_drop: false }`
[INFO] running `Command { std: "docker" "rm" "-f" "db68487a167921c764530a57431823d5e8017c111b0d14b51aede0c1cfd65faf", kill_on_drop: false }`
[INFO] [stdout] db68487a167921c764530a57431823d5e8017c111b0d14b51aede0c1cfd65faf
[INFO] running `Command { std: "docker" "create" "-v" "/var/lib/crater-agent-workspace/builds/worker-3-tc2/target:/opt/rustwide/target:rw,Z" "-v" "/var/lib/crater-agent-workspace/builds/worker-3-tc2/source:/opt/rustwide/workdir:ro,Z" "-v" "/var/lib/crater-agent-workspace/cargo-home:/opt/rustwide/cargo-home:ro,Z" "-v" "/var/lib/crater-agent-workspace/rustup-home:/opt/rustwide/rustup-home:ro,Z" "-e" "SOURCE_DIR=/opt/rustwide/workdir" "-e" "CARGO_TARGET_DIR=/opt/rustwide/target" "-e" "CARGO_INCREMENTAL=0" "-e" "RUST_BACKTRACE=full" "-e" "RUSTFLAGS=--cap-lints=warn" "-e" "RUSTDOCFLAGS=--cap-lints=warn" "-e" "CARGO_HOME=/opt/rustwide/cargo-home" "-e" "RUSTUP_HOME=/opt/rustwide/rustup-home" "-w" "/opt/rustwide/workdir" "-m" "1610612736" "--user" "0:0" "--network" "none" "ghcr.io/rust-lang/crates-build-env/linux@sha256:2788e3201cd34a07e3172128adcd8b3090168a8e3bcc40d7c032b9dda1df7d1c" "/opt/rustwide/cargo-home/bin/cargo" "+beta-2023-12-22" "build" "--frozen" "--message-format=json", kill_on_drop: false }`
[INFO] [stdout] fd358f4005cbc764a25bb0f05528c176bcdd3fc6b00f8c17a83dc0d2e8fa5c2b
[INFO] running `Command { std: "docker" "start" "-a" "fd358f4005cbc764a25bb0f05528c176bcdd3fc6b00f8c17a83dc0d2e8fa5c2b", kill_on_drop: false }`
[INFO] [stderr]    Compiling zeroize v1.7.0
[INFO] [stderr]    Compiling generic-array v0.14.7
[INFO] [stderr]    Compiling subtle v2.5.0
[INFO] [stderr]    Compiling const-oid v0.9.6
[INFO] [stderr]    Compiling syn v1.0.109
[INFO] [stderr]    Compiling base16ct v0.2.0
[INFO] [stderr]    Compiling byteorder v1.5.0
[INFO] [stderr]    Compiling rand_core v0.5.1
[INFO] [stderr]    Compiling schemars v0.8.16
[INFO] [stderr]    Compiling dyn-clone v1.0.16
[INFO] [stderr]    Compiling bnum v0.8.1
[INFO] [stderr]    Compiling bech32 v0.9.1
[INFO] [stderr]    Compiling forward_ref v1.0.0
[INFO] [stderr]    Compiling syn v2.0.48
[INFO] [stderr]    Compiling ahash v0.7.7
[INFO] [stderr]    Compiling base64 v0.21.5
[INFO] [stderr]    Compiling der v0.7.8
[INFO] [stderr]    Compiling ff v0.13.0
[INFO] [stderr]    Compiling group v0.13.0
[INFO] [stderr]    Compiling hashbrown v0.12.3
[INFO] [stderr]    Compiling crypto-common v0.1.6
[INFO] [stderr]    Compiling block-buffer v0.10.4
[INFO] [stderr]    Compiling digest v0.9.0
[INFO] [stderr]    Compiling crypto-bigint v0.5.5
[INFO] [stderr]    Compiling block-buffer v0.9.0
[INFO] [stderr]    Compiling curve25519-dalek v3.2.0
[INFO] [stderr]    Compiling sha2 v0.9.9
[INFO] [stderr]    Compiling digest v0.10.7
[INFO] [stderr]    Compiling hmac v0.12.1
[INFO] [stderr]    Compiling signature v2.2.0
[INFO] [stderr]    Compiling sha2 v0.10.8
[INFO] [stderr]    Compiling spki v0.7.3
[INFO] [stderr]    Compiling sec1 v0.7.3
[INFO] [stderr]    Compiling rfc6979 v0.4.0
[INFO] [stderr]    Compiling pkcs8 v0.10.2
[INFO] [stderr]    Compiling serde_derive v1.0.194
[INFO] [stderr]    Compiling thiserror-impl v1.0.56
[INFO] [stderr]    Compiling elliptic-curve v0.13.8
[INFO] [stderr]    Compiling ecdsa v0.16.9
[INFO] [stderr]    Compiling k256 v0.13.2
[INFO] [stderr]    Compiling thiserror v1.0.56
[INFO] [stderr]    Compiling serde_derive_internals v0.26.0
[INFO] [stderr]    Compiling schemars_derive v0.8.16
[INFO] [stderr]    Compiling cosmwasm-derive v1.5.0
[INFO] [stderr]    Compiling derivative v2.2.0
[INFO] [stderr]    Compiling serde v1.0.194
[INFO] [stderr]    Compiling serde_json v1.0.111
[INFO] [stderr]    Compiling ed25519-zebra v3.1.0
[INFO] [stderr]    Compiling serde-json-wasm v0.5.1
[INFO] [stderr]    Compiling cosmwasm-crypto v1.5.0
[INFO] [stderr]    Compiling cosmwasm-std v1.5.0
[INFO] [stderr]    Compiling cw0 v0.10.3 (/opt/rustwide/workdir)
[INFO] [stderr]     Finished dev [unoptimized + debuginfo] target(s) in 12.92s
[INFO] running `Command { std: "docker" "inspect" "fd358f4005cbc764a25bb0f05528c176bcdd3fc6b00f8c17a83dc0d2e8fa5c2b", kill_on_drop: false }`
[INFO] running `Command { std: "docker" "rm" "-f" "fd358f4005cbc764a25bb0f05528c176bcdd3fc6b00f8c17a83dc0d2e8fa5c2b", kill_on_drop: false }`
[INFO] [stdout] fd358f4005cbc764a25bb0f05528c176bcdd3fc6b00f8c17a83dc0d2e8fa5c2b
[INFO] running `Command { std: "docker" "create" "-v" "/var/lib/crater-agent-workspace/builds/worker-3-tc2/target:/opt/rustwide/target:rw,Z" "-v" "/var/lib/crater-agent-workspace/builds/worker-3-tc2/source:/opt/rustwide/workdir:ro,Z" "-v" "/var/lib/crater-agent-workspace/cargo-home:/opt/rustwide/cargo-home:ro,Z" "-v" "/var/lib/crater-agent-workspace/rustup-home:/opt/rustwide/rustup-home:ro,Z" "-e" "SOURCE_DIR=/opt/rustwide/workdir" "-e" "CARGO_TARGET_DIR=/opt/rustwide/target" "-e" "CARGO_INCREMENTAL=0" "-e" "RUST_BACKTRACE=full" "-e" "RUSTFLAGS=--cap-lints=warn" "-e" "RUSTDOCFLAGS=--cap-lints=warn" "-e" "CARGO_HOME=/opt/rustwide/cargo-home" "-e" "RUSTUP_HOME=/opt/rustwide/rustup-home" "-w" "/opt/rustwide/workdir" "-m" "1610612736" "--user" "0:0" "--network" "none" "ghcr.io/rust-lang/crates-build-env/linux@sha256:2788e3201cd34a07e3172128adcd8b3090168a8e3bcc40d7c032b9dda1df7d1c" "/opt/rustwide/cargo-home/bin/cargo" "+beta-2023-12-22" "test" "--frozen" "--no-run" "--message-format=json", kill_on_drop: false }`
[INFO] [stdout] 8cfafce2b3f8f6b2ca783498e1dcf42869a03a2e580808f2f4d71cf0e0ed53db
[INFO] running `Command { std: "docker" "start" "-a" "8cfafce2b3f8f6b2ca783498e1dcf42869a03a2e580808f2f4d71cf0e0ed53db", kill_on_drop: false }`
[INFO] [stderr]    Compiling anyhow v1.0.79
[INFO] [stderr]    Compiling either v1.9.0
[INFO] [stderr]    Compiling bytes v1.5.0
[INFO] [stderr]    Compiling cw-storage-plus v0.10.3
[INFO] [stderr]    Compiling itertools v0.10.5
[INFO] [stderr]    Compiling prost-derive v0.9.0
[INFO] [stderr]    Compiling prost v0.9.0
[INFO] [stderr]    Compiling cw0 v0.10.3 (/opt/rustwide/workdir)
[INFO] [stdout] warning: use of deprecated type alias `cosmwasm_std::SubMsgExecutionResponse`: Renamed to SubMsgResponse
[INFO] [stdout]    --> src/parse_reply.rs:171:40
[INFO] [stdout]     |
[INFO] [stdout] 171 |     use cosmwasm_std::{ContractResult, SubMsgExecutionResponse};
[INFO] [stdout]     |                                        ^^^^^^^^^^^^^^^^^^^^^^^
[INFO] [stdout]     |
[INFO] [stdout]     = note: `#[warn(deprecated)]` on by default
[INFO] [stdout] 
[INFO] [stdout] 
[INFO] [stdout] warning: use of deprecated type alias `cosmwasm_std::SubMsgExecutionResponse`: Renamed to SubMsgResponse
[INFO] [stdout]    --> src/parse_reply.rs:469:44
[INFO] [stdout]     |
[INFO] [stdout] 469 |                 result: ContractResult::Ok(SubMsgExecutionResponse {
[INFO] [stdout]     |                                            ^^^^^^^^^^^^^^^^^^^^^^^
[INFO] [stdout] 
[INFO] [stdout] 
[INFO] [stdout] warning: use of deprecated type alias `cosmwasm_std::SubMsgExecutionResponse`: Renamed to SubMsgResponse
[INFO] [stdout]    --> src/parse_reply.rs:517:44
[INFO] [stdout]     |
[INFO] [stdout] 517 |                 result: ContractResult::Ok(SubMsgExecutionResponse {
[INFO] [stdout]     |                                            ^^^^^^^^^^^^^^^^^^^^^^^
[INFO] [stdout] 
[INFO] [stdout] 
[INFO] [stdout] error[E0308]: mismatched types
[INFO] [stdout]    --> src/parse_reply.rs:469:25
[INFO] [stdout]     |
[INFO] [stdout] 469 |                   result: ContractResult::Ok(SubMsgExecutionResponse {
[INFO] [stdout]     |  _________________________^
[INFO] [stdout] 470 | |                     events: vec![],
[INFO] [stdout] 471 | |                     data: Some(encoded_instantiate_reply.into()),
[INFO] [stdout] 472 | |                 }),
[INFO] [stdout]     | |__________________^ expected `SubMsgResult`, found `ContractResult<SubMsgResponse>`
[INFO] [stdout]     |
[INFO] [stdout]     = note: expected enum `SubMsgResult`
[INFO] [stdout]                found enum `ContractResult<SubMsgResponse>`
[INFO] [stdout] 
[INFO] [stdout] 
[INFO] [stdout] error[E0308]: mismatched types
[INFO] [stdout]    --> src/parse_reply.rs:517:25
[INFO] [stdout]     |
[INFO] [stdout] 517 |                   result: ContractResult::Ok(SubMsgExecutionResponse {
[INFO] [stdout]     |  _________________________^
[INFO] [stdout] 518 | |                     events: vec![],
[INFO] [stdout] 519 | |                     data: Some(encoded_execute_reply.into()),
[INFO] [stdout] 520 | |                 }),
[INFO] [stdout]     | |__________________^ expected `SubMsgResult`, found `ContractResult<SubMsgResponse>`
[INFO] [stdout]     |
[INFO] [stdout]     = note: expected enum `SubMsgResult`
[INFO] [stdout]                found enum `ContractResult<SubMsgResponse>`
[INFO] [stdout] 
[INFO] [stdout] 
[INFO] [stdout] error: aborting due to 2 previous errors; 3 warnings emitted
[INFO] [stdout] 
[INFO] [stdout] 
[INFO] [stdout] For more information about this error, try `rustc --explain E0308`.
[INFO] [stdout] 
[INFO] [stderr] error: could not compile `cw0` (lib test) due to 3 previous errors; 3 warnings emitted
[INFO] running `Command { std: "docker" "inspect" "8cfafce2b3f8f6b2ca783498e1dcf42869a03a2e580808f2f4d71cf0e0ed53db", kill_on_drop: false }`
[INFO] running `Command { std: "docker" "rm" "-f" "8cfafce2b3f8f6b2ca783498e1dcf42869a03a2e580808f2f4d71cf0e0ed53db", kill_on_drop: false }`
[INFO] [stdout] 8cfafce2b3f8f6b2ca783498e1dcf42869a03a2e580808f2f4d71cf0e0ed53db
