[INFO] fetching crate cw-payroll-factory 2.3.0...
[INFO] testing cw-payroll-factory-2.3.0 against 1.75.0 for beta-1.76-1
[INFO] extracting crate cw-payroll-factory 2.3.0 into /workspace/builds/worker-6-tc1/source
[INFO] validating manifest of crates.io crate cw-payroll-factory 2.3.0 on toolchain 1.75.0
[INFO] running `Command { std: CARGO_HOME="/workspace/cargo-home" RUSTUP_HOME="/workspace/rustup-home" "/workspace/cargo-home/bin/cargo" "+1.75.0" "metadata" "--manifest-path" "Cargo.toml" "--no-deps", kill_on_drop: false }`
[INFO] removed /workspace/builds/worker-6-tc1/source/.cargo/config
[INFO] started tweaking crates.io crate cw-payroll-factory 2.3.0
[INFO] finished tweaking crates.io crate cw-payroll-factory 2.3.0
[INFO] tweaked toml for crates.io crate cw-payroll-factory 2.3.0 written to /workspace/builds/worker-6-tc1/source/Cargo.toml
[INFO] crate crates.io crate cw-payroll-factory 2.3.0 already has a lockfile, it will not be regenerated
[INFO] running `Command { std: CARGO_HOME="/workspace/cargo-home" RUSTUP_HOME="/workspace/rustup-home" "/workspace/cargo-home/bin/cargo" "+1.75.0" "fetch" "--manifest-path" "Cargo.toml", kill_on_drop: false }`
[INFO] [stderr]     Updating crates.io index
[INFO] [stderr]  Downloading crates ...
[INFO] [stderr]   Downloaded crypto-bigint v0.5.3
[INFO] [stderr]   Downloaded cw20 v1.1.0
[INFO] [stderr]   Downloaded dyn-clone v1.0.13
[INFO] [stderr]   Downloaded cw-address-like v1.0.4
[INFO] [stderr]   Downloaded cw-ownable-derive v0.5.1
[INFO] [stderr]   Downloaded wynd-utils v0.4.1
[INFO] [stderr]   Downloaded cosmwasm-schema v1.4.0
[INFO] [stderr]   Downloaded cw-utils v1.0.1
[INFO] [stderr]   Downloaded schemars_derive v0.8.13
[INFO] [stderr]   Downloaded cw-denom v2.3.0
[INFO] [stderr]   Downloaded cosmwasm-crypto v1.4.0
[INFO] [stderr]   Downloaded ecdsa v0.16.8
[INFO] [stderr]   Downloaded k256 v0.13.1
[INFO] [stderr]   Downloaded cw-storage-plus v1.1.0
[INFO] [stderr]   Downloaded cosmwasm-std v1.4.0
[INFO] [stderr]   Downloaded syn v2.0.34
[INFO] [stderr]   Downloaded const-oid v0.9.5
[INFO] [stderr]   Downloaded schemars v0.8.13
[INFO] [stderr]   Downloaded cw-ownable v0.5.1
[INFO] [stderr]   Downloaded cosmwasm-storage v1.4.0
[INFO] [stderr]   Downloaded bnum v0.8.0
[INFO] [stderr]   Downloaded cw2 v1.1.0
[INFO] [stderr]   Downloaded cosmwasm-schema-derive v1.4.0
[INFO] [stderr]   Downloaded cw-paginate-storage v2.3.0
[INFO] [stderr]   Downloaded cosmwasm-derive v1.4.0
[INFO] [stderr]   Downloaded cw-wormhole v2.3.0
[INFO] [stderr]   Downloaded cw-stake-tracker v2.3.0
[INFO] [stderr]   Downloaded cw-vesting v2.3.0
[INFO] running `Command { std: "docker" "create" "-v" "/var/lib/crater-agent-workspace/builds/worker-6-tc1/target:/opt/rustwide/target:rw,Z" "-v" "/var/lib/crater-agent-workspace/builds/worker-6-tc1/source:/opt/rustwide/workdir:ro,Z" "-v" "/var/lib/crater-agent-workspace/cargo-home:/opt/rustwide/cargo-home:ro,Z" "-v" "/var/lib/crater-agent-workspace/rustup-home:/opt/rustwide/rustup-home:ro,Z" "-e" "SOURCE_DIR=/opt/rustwide/workdir" "-e" "CARGO_TARGET_DIR=/opt/rustwide/target" "-e" "CARGO_HOME=/opt/rustwide/cargo-home" "-e" "RUSTUP_HOME=/opt/rustwide/rustup-home" "-w" "/opt/rustwide/workdir" "-m" "1610612736" "--user" "0:0" "--network" "none" "ghcr.io/rust-lang/crates-build-env/linux@sha256:2788e3201cd34a07e3172128adcd8b3090168a8e3bcc40d7c032b9dda1df7d1c" "/opt/rustwide/cargo-home/bin/cargo" "+1.75.0" "metadata" "--no-deps" "--format-version=1", kill_on_drop: false }`
[INFO] [stdout] 775837f1f4be42687e6f5ca2fba5823a7c4fb39bb35a40e83fc7a5e38ab9537b
[INFO] running `Command { std: "docker" "start" "-a" "775837f1f4be42687e6f5ca2fba5823a7c4fb39bb35a40e83fc7a5e38ab9537b", kill_on_drop: false }`
[INFO] running `Command { std: "docker" "inspect" "775837f1f4be42687e6f5ca2fba5823a7c4fb39bb35a40e83fc7a5e38ab9537b", kill_on_drop: false }`
[INFO] running `Command { std: "docker" "rm" "-f" "775837f1f4be42687e6f5ca2fba5823a7c4fb39bb35a40e83fc7a5e38ab9537b", kill_on_drop: false }`
[INFO] [stdout] 775837f1f4be42687e6f5ca2fba5823a7c4fb39bb35a40e83fc7a5e38ab9537b
[INFO] running `Command { std: "docker" "create" "-v" "/var/lib/crater-agent-workspace/builds/worker-6-tc1/target:/opt/rustwide/target:rw,Z" "-v" "/var/lib/crater-agent-workspace/builds/worker-6-tc1/source:/opt/rustwide/workdir:ro,Z" "-v" "/var/lib/crater-agent-workspace/cargo-home:/opt/rustwide/cargo-home:ro,Z" "-v" "/var/lib/crater-agent-workspace/rustup-home:/opt/rustwide/rustup-home:ro,Z" "-e" "SOURCE_DIR=/opt/rustwide/workdir" "-e" "CARGO_TARGET_DIR=/opt/rustwide/target" "-e" "CARGO_INCREMENTAL=0" "-e" "RUST_BACKTRACE=full" "-e" "RUSTFLAGS=--cap-lints=warn" "-e" "RUSTDOCFLAGS=--cap-lints=warn" "-e" "CARGO_HOME=/opt/rustwide/cargo-home" "-e" "RUSTUP_HOME=/opt/rustwide/rustup-home" "-w" "/opt/rustwide/workdir" "-m" "1610612736" "--user" "0:0" "--network" "none" "ghcr.io/rust-lang/crates-build-env/linux@sha256:2788e3201cd34a07e3172128adcd8b3090168a8e3bcc40d7c032b9dda1df7d1c" "/opt/rustwide/cargo-home/bin/cargo" "+1.75.0" "build" "--frozen" "--message-format=json", kill_on_drop: false }`
[INFO] [stdout] 9d9ca50869cd92c878152bda01c9f4da807c24acca57da6e5eacedf9371939d4
[INFO] running `Command { std: "docker" "start" "-a" "9d9ca50869cd92c878152bda01c9f4da807c24acca57da6e5eacedf9371939d4", kill_on_drop: false }`
[INFO] [stderr]    Compiling zeroize v1.6.0
[INFO] [stderr]    Compiling proc-macro2 v1.0.67
[INFO] [stderr]    Compiling typenum v1.17.0
[INFO] [stderr]    Compiling generic-array v0.14.7
[INFO] [stderr]    Compiling subtle v2.5.0
[INFO] [stderr]    Compiling libc v0.2.148
[INFO] [stderr]    Compiling const-oid v0.9.5
[INFO] [stderr]    Compiling syn v1.0.109
[INFO] [stderr]    Compiling serde v1.0.188
[INFO] [stderr]    Compiling ahash v0.7.6
[INFO] [stderr]    Compiling cpufeatures v0.2.9
[INFO] [stderr]    Compiling base16ct v0.2.0
[INFO] [stderr]    Compiling once_cell v1.18.0
[INFO] [stderr]    Compiling serde_json v1.0.107
[INFO] [stderr]    Compiling thiserror v1.0.48
[INFO] [stderr]    Compiling schemars v0.8.13
[INFO] [stderr]    Compiling byteorder v1.4.3
[INFO] [stderr]    Compiling der v0.7.8
[INFO] [stderr]    Compiling itoa v1.0.9
[INFO] [stderr]    Compiling rand_core v0.5.1
[INFO] [stderr]    Compiling opaque-debug v0.3.0
[INFO] [stderr]    Compiling ryu v1.0.15
[INFO] [stderr]    Compiling dyn-clone v1.0.13
[INFO] [stderr]    Compiling hex v0.4.3
[INFO] [stderr]    Compiling bnum v0.8.0
[INFO] [stderr]    Compiling forward_ref v1.0.0
[INFO] [stderr]    Compiling base64 v0.21.4
[INFO] [stderr]    Compiling semver v1.0.18
[INFO] [stderr]    Compiling quote v1.0.33
[INFO] [stderr]    Compiling syn v2.0.34
[INFO] [stderr]    Compiling getrandom v0.2.10
[INFO] [stderr]    Compiling spki v0.7.2
[INFO] [stderr]    Compiling rand_core v0.6.4
[INFO] [stderr]    Compiling pkcs8 v0.10.2
[INFO] [stderr]    Compiling hashbrown v0.12.3
[INFO] [stderr]    Compiling ff v0.13.0
[INFO] [stderr]    Compiling group v0.13.0
[INFO] [stderr]    Compiling block-buffer v0.10.4
[INFO] [stderr]    Compiling crypto-common v0.1.6
[INFO] [stderr]    Compiling digest v0.9.0
[INFO] [stderr]    Compiling sec1 v0.7.3
[INFO] [stderr]    Compiling crypto-bigint v0.5.3
[INFO] [stderr]    Compiling block-buffer v0.9.0
[INFO] [stderr]    Compiling curve25519-dalek v3.2.0
[INFO] [stderr]    Compiling sha2 v0.9.9
[INFO] [stderr]    Compiling digest v0.10.7
[INFO] [stderr]    Compiling hmac v0.12.1
[INFO] [stderr]    Compiling signature v2.1.0
[INFO] [stderr]    Compiling sha2 v0.10.7
[INFO] [stderr]    Compiling rfc6979 v0.4.0
[INFO] [stderr]    Compiling serde_derive v1.0.188
[INFO] [stderr]    Compiling thiserror-impl v1.0.48
[INFO] [stderr]    Compiling elliptic-curve v0.13.5
[INFO] [stderr]    Compiling ecdsa v0.16.8
[INFO] [stderr]    Compiling k256 v0.13.1
[INFO] [stderr]    Compiling serde_derive_internals v0.26.0
[INFO] [stderr]    Compiling schemars_derive v0.8.13
[INFO] [stderr]    Compiling derivative v2.2.0
[INFO] [stderr]    Compiling cosmwasm-derive v1.4.0
[INFO] [stderr]    Compiling cosmwasm-schema-derive v1.4.0
[INFO] [stderr]    Compiling cw-ownable-derive v0.5.1
[INFO] [stderr]    Compiling ed25519-zebra v3.1.0
[INFO] [stderr]    Compiling serde-json-wasm v0.5.1
[INFO] [stderr]    Compiling cosmwasm-crypto v1.4.0
[INFO] [stderr]    Compiling cosmwasm-std v1.4.0
[INFO] [stderr]    Compiling cosmwasm-schema v1.4.0
[INFO] [stderr]    Compiling cw-storage-plus v1.1.0
[INFO] [stderr]    Compiling cosmwasm-storage v1.4.0
[INFO] [stderr]    Compiling cw-address-like v1.0.4
[INFO] [stderr]    Compiling wynd-utils v0.4.1
[INFO] [stderr]    Compiling cw2 v1.1.0
[INFO] [stderr]    Compiling cw-wormhole v2.3.0
[INFO] [stderr]    Compiling cw-paginate-storage v2.3.0
[INFO] [stderr]    Compiling cw-stake-tracker v2.3.0
[INFO] [stderr]    Compiling cw-utils v1.0.1
[INFO] [stderr]    Compiling cw20 v1.1.0
[INFO] [stderr]    Compiling cw-ownable v0.5.1
[INFO] [stderr]    Compiling cw-denom v2.3.0
[INFO] [stderr]    Compiling cw-vesting v2.3.0
[INFO] [stderr]    Compiling cw-payroll-factory v2.3.0 (/opt/rustwide/workdir)
[INFO] [stderr]     Finished dev [unoptimized + debuginfo] target(s) in 15.66s
[INFO] running `Command { std: "docker" "inspect" "9d9ca50869cd92c878152bda01c9f4da807c24acca57da6e5eacedf9371939d4", kill_on_drop: false }`
[INFO] running `Command { std: "docker" "rm" "-f" "9d9ca50869cd92c878152bda01c9f4da807c24acca57da6e5eacedf9371939d4", kill_on_drop: false }`
[INFO] [stdout] 9d9ca50869cd92c878152bda01c9f4da807c24acca57da6e5eacedf9371939d4
[INFO] running `Command { std: "docker" "create" "-v" "/var/lib/crater-agent-workspace/builds/worker-6-tc1/target:/opt/rustwide/target:rw,Z" "-v" "/var/lib/crater-agent-workspace/builds/worker-6-tc1/source:/opt/rustwide/workdir:ro,Z" "-v" "/var/lib/crater-agent-workspace/cargo-home:/opt/rustwide/cargo-home:ro,Z" "-v" "/var/lib/crater-agent-workspace/rustup-home:/opt/rustwide/rustup-home:ro,Z" "-e" "SOURCE_DIR=/opt/rustwide/workdir" "-e" "CARGO_TARGET_DIR=/opt/rustwide/target" "-e" "CARGO_INCREMENTAL=0" "-e" "RUST_BACKTRACE=full" "-e" "RUSTFLAGS=--cap-lints=warn" "-e" "RUSTDOCFLAGS=--cap-lints=warn" "-e" "CARGO_HOME=/opt/rustwide/cargo-home" "-e" "RUSTUP_HOME=/opt/rustwide/rustup-home" "-w" "/opt/rustwide/workdir" "-m" "1610612736" "--user" "0:0" "--network" "none" "ghcr.io/rust-lang/crates-build-env/linux@sha256:2788e3201cd34a07e3172128adcd8b3090168a8e3bcc40d7c032b9dda1df7d1c" "/opt/rustwide/cargo-home/bin/cargo" "+1.75.0" "test" "--frozen" "--no-run" "--message-format=json", kill_on_drop: false }`
[INFO] [stdout] a87804a7fa8469c46ddb216078c290087b29e1f2b063c890c4674cfa4d990125
[INFO] running `Command { std: "docker" "start" "-a" "a87804a7fa8469c46ddb216078c290087b29e1f2b063c890c4674cfa4d990125", kill_on_drop: false }`
[INFO] [stderr]    Compiling cw-payroll-factory v2.3.0 (/opt/rustwide/workdir)
[INFO] [stdout] error[E0432]: unresolved import `cw_multi_test`
[INFO] [stdout]  --> src/tests.rs:4:5
[INFO] [stdout]   |
[INFO] [stdout] 4 | use cw_multi_test::{App, BankSudo, Contract, ContractWrapper, Executor, SudoMsg};
[INFO] [stdout]   |     ^^^^^^^^^^^^^ use of undeclared crate or module `cw_multi_test`
[INFO] [stdout] 
[INFO] [stdout] 
[INFO] [stdout] error[E0433]: failed to resolve: use of undeclared crate or module `cw20_base`
[INFO] [stdout]   --> src/tests.rs:34:9
[INFO] [stdout]    |
[INFO] [stdout] 34 |         cw20_base::contract::execute,
[INFO] [stdout]    |         ^^^^^^^^^ use of undeclared crate or module `cw20_base`
[INFO] [stdout]    |
[INFO] [stdout] help: consider importing one of these items
[INFO] [stdout]    |
[INFO] [stdout] 1  + use crate::contract;
[INFO] [stdout]    |
[INFO] [stdout] 1  + use cw_vesting::contract;
[INFO] [stdout]    |
[INFO] [stdout] help: if you import `contract`, refer to it directly
[INFO] [stdout]    |
[INFO] [stdout] 34 -         cw20_base::contract::execute,
[INFO] [stdout] 34 +         contract::execute,
[INFO] [stdout]    |
[INFO] [stdout] 
[INFO] [stdout] 
[INFO] [stdout] error[E0433]: failed to resolve: use of undeclared crate or module `cw20_base`
[INFO] [stdout]   --> src/tests.rs:35:9
[INFO] [stdout]    |
[INFO] [stdout] 35 |         cw20_base::contract::instantiate,
[INFO] [stdout]    |         ^^^^^^^^^ use of undeclared crate or module `cw20_base`
[INFO] [stdout]    |
[INFO] [stdout] help: consider importing one of these items
[INFO] [stdout]    |
[INFO] [stdout] 1  + use crate::contract;
[INFO] [stdout]    |
[INFO] [stdout] 1  + use cw_vesting::contract;
[INFO] [stdout]    |
[INFO] [stdout] help: if you import `contract`, refer to it directly
[INFO] [stdout]    |
[INFO] [stdout] 35 -         cw20_base::contract::instantiate,
[INFO] [stdout] 35 +         contract::instantiate,
[INFO] [stdout]    |
[INFO] [stdout] 
[INFO] [stdout] 
[INFO] [stdout] error[E0433]: failed to resolve: use of undeclared crate or module `cw20_base`
[INFO] [stdout]   --> src/tests.rs:36:9
[INFO] [stdout]    |
[INFO] [stdout] 36 |         cw20_base::contract::query,
[INFO] [stdout]    |         ^^^^^^^^^ use of undeclared crate or module `cw20_base`
[INFO] [stdout]    |
[INFO] [stdout] help: consider importing one of these items
[INFO] [stdout]    |
[INFO] [stdout] 1  + use crate::contract;
[INFO] [stdout]    |
[INFO] [stdout] 1  + use cw_vesting::contract;
[INFO] [stdout]    |
[INFO] [stdout] help: if you import `contract`, refer to it directly
[INFO] [stdout]    |
[INFO] [stdout] 36 -         cw20_base::contract::query,
[INFO] [stdout] 36 +         contract::query,
[INFO] [stdout]    |
[INFO] [stdout] 
[INFO] [stdout] 
[INFO] [stdout] error[E0433]: failed to resolve: use of undeclared crate or module `cw20_base`
[INFO] [stdout]    --> src/tests.rs:223:14
[INFO] [stdout]     |
[INFO] [stdout] 223 |             &cw20_base::msg::InstantiateMsg {
[INFO] [stdout]     |              ^^^^^^^^^ use of undeclared crate or module `cw20_base`
[INFO] [stdout]     |
[INFO] [stdout] help: consider importing one of these items
[INFO] [stdout]     |
[INFO] [stdout] 1   + use crate::msg;
[INFO] [stdout]     |
[INFO] [stdout] 1   + use cw_vesting::msg;
[INFO] [stdout]     |
[INFO] [stdout] help: if you import `msg`, refer to it directly
[INFO] [stdout]     |
[INFO] [stdout] 223 -             &cw20_base::msg::InstantiateMsg {
[INFO] [stdout] 223 +             &msg::InstantiateMsg {
[INFO] [stdout]     |
[INFO] [stdout] 
[INFO] [stdout] 
[INFO] [stdout] error[E0433]: failed to resolve: use of undeclared crate or module `cw20_base`
[INFO] [stdout]    --> src/tests.rs:458:14
[INFO] [stdout]     |
[INFO] [stdout] 458 |             &cw20_base::msg::InstantiateMsg {
[INFO] [stdout]     |              ^^^^^^^^^ use of undeclared crate or module `cw20_base`
[INFO] [stdout]     |
[INFO] [stdout] help: consider importing one of these items
[INFO] [stdout]     |
[INFO] [stdout] 1   + use crate::msg;
[INFO] [stdout]     |
[INFO] [stdout] 1   + use cw_vesting::msg;
[INFO] [stdout]     |
[INFO] [stdout] help: if you import `msg`, refer to it directly
[INFO] [stdout]     |
[INFO] [stdout] 458 -             &cw20_base::msg::InstantiateMsg {
[INFO] [stdout] 458 +             &msg::InstantiateMsg {
[INFO] [stdout]     |
[INFO] [stdout] 
[INFO] [stdout] 
[INFO] [stdout] error[E0433]: failed to resolve: use of undeclared crate or module `cw20_base`
[INFO] [stdout]    --> src/tests.rs:643:14
[INFO] [stdout]     |
[INFO] [stdout] 643 |             &cw20_base::msg::InstantiateMsg {
[INFO] [stdout]     |              ^^^^^^^^^ use of undeclared crate or module `cw20_base`
[INFO] [stdout]     |
[INFO] [stdout] help: consider importing one of these items
[INFO] [stdout]     |
[INFO] [stdout] 1   + use crate::msg;
[INFO] [stdout]     |
[INFO] [stdout] 1   + use cw_vesting::msg;
[INFO] [stdout]     |
[INFO] [stdout] help: if you import `msg`, refer to it directly
[INFO] [stdout]     |
[INFO] [stdout] 643 -             &cw20_base::msg::InstantiateMsg {
[INFO] [stdout] 643 +             &msg::InstantiateMsg {
[INFO] [stdout]     |
[INFO] [stdout] 
[INFO] [stdout] 
[INFO] [stdout] error: aborting due to 7 previous errors
[INFO] [stdout] 
[INFO] [stdout] 
[INFO] [stdout] Some errors have detailed explanations: E0432, E0433.
[INFO] [stdout] 
[INFO] [stdout] For more information about an error, try `rustc --explain E0432`.
[INFO] [stdout] 
[INFO] [stderr] error: could not compile `cw-payroll-factory` (lib test) due to 8 previous errors
[INFO] [stderr] warning: build failed, waiting for other jobs to finish...
[INFO] running `Command { std: "docker" "inspect" "a87804a7fa8469c46ddb216078c290087b29e1f2b063c890c4674cfa4d990125", kill_on_drop: false }`
[INFO] running `Command { std: "docker" "rm" "-f" "a87804a7fa8469c46ddb216078c290087b29e1f2b063c890c4674cfa4d990125", kill_on_drop: false }`
[INFO] [stdout] a87804a7fa8469c46ddb216078c290087b29e1f2b063c890c4674cfa4d990125
[INFO] testing cw-payroll-factory-2.3.0 against beta-2023-12-22 for beta-1.76-1
[INFO] extracting crate cw-payroll-factory 2.3.0 into /workspace/builds/worker-6-tc2/source
[INFO] validating manifest of crates.io crate cw-payroll-factory 2.3.0 on toolchain beta-2023-12-22
[INFO] running `Command { std: CARGO_HOME="/workspace/cargo-home" RUSTUP_HOME="/workspace/rustup-home" "/workspace/cargo-home/bin/cargo" "+beta-2023-12-22" "metadata" "--manifest-path" "Cargo.toml" "--no-deps", kill_on_drop: false }`
[INFO] removed /workspace/builds/worker-6-tc2/source/.cargo/config
[INFO] started tweaking crates.io crate cw-payroll-factory 2.3.0
[INFO] finished tweaking crates.io crate cw-payroll-factory 2.3.0
[INFO] tweaked toml for crates.io crate cw-payroll-factory 2.3.0 written to /workspace/builds/worker-6-tc2/source/Cargo.toml
[INFO] crate crates.io crate cw-payroll-factory 2.3.0 already has a lockfile, it will not be regenerated
[INFO] running `Command { std: CARGO_HOME="/workspace/cargo-home" RUSTUP_HOME="/workspace/rustup-home" "/workspace/cargo-home/bin/cargo" "+beta-2023-12-22" "fetch" "--manifest-path" "Cargo.toml", kill_on_drop: false }`
[INFO] running `Command { std: "docker" "create" "-v" "/var/lib/crater-agent-workspace/builds/worker-6-tc2/target:/opt/rustwide/target:rw,Z" "-v" "/var/lib/crater-agent-workspace/builds/worker-6-tc2/source:/opt/rustwide/workdir:ro,Z" "-v" "/var/lib/crater-agent-workspace/cargo-home:/opt/rustwide/cargo-home:ro,Z" "-v" "/var/lib/crater-agent-workspace/rustup-home:/opt/rustwide/rustup-home:ro,Z" "-e" "SOURCE_DIR=/opt/rustwide/workdir" "-e" "CARGO_TARGET_DIR=/opt/rustwide/target" "-e" "CARGO_HOME=/opt/rustwide/cargo-home" "-e" "RUSTUP_HOME=/opt/rustwide/rustup-home" "-w" "/opt/rustwide/workdir" "-m" "1610612736" "--user" "0:0" "--network" "none" "ghcr.io/rust-lang/crates-build-env/linux@sha256:2788e3201cd34a07e3172128adcd8b3090168a8e3bcc40d7c032b9dda1df7d1c" "/opt/rustwide/cargo-home/bin/cargo" "+beta-2023-12-22" "metadata" "--no-deps" "--format-version=1", kill_on_drop: false }`
[INFO] [stdout] f56617410f09744f7e4bb505c7fb5c206a09dd675d815fc367f59100c606edfd
[INFO] running `Command { std: "docker" "start" "-a" "f56617410f09744f7e4bb505c7fb5c206a09dd675d815fc367f59100c606edfd", kill_on_drop: false }`
[INFO] running `Command { std: "docker" "inspect" "f56617410f09744f7e4bb505c7fb5c206a09dd675d815fc367f59100c606edfd", kill_on_drop: false }`
[INFO] running `Command { std: "docker" "rm" "-f" "f56617410f09744f7e4bb505c7fb5c206a09dd675d815fc367f59100c606edfd", kill_on_drop: false }`
[INFO] [stdout] f56617410f09744f7e4bb505c7fb5c206a09dd675d815fc367f59100c606edfd
[INFO] running `Command { std: "docker" "create" "-v" "/var/lib/crater-agent-workspace/builds/worker-6-tc2/target:/opt/rustwide/target:rw,Z" "-v" "/var/lib/crater-agent-workspace/builds/worker-6-tc2/source:/opt/rustwide/workdir:ro,Z" "-v" "/var/lib/crater-agent-workspace/cargo-home:/opt/rustwide/cargo-home:ro,Z" "-v" "/var/lib/crater-agent-workspace/rustup-home:/opt/rustwide/rustup-home:ro,Z" "-e" "SOURCE_DIR=/opt/rustwide/workdir" "-e" "CARGO_TARGET_DIR=/opt/rustwide/target" "-e" "CARGO_INCREMENTAL=0" "-e" "RUST_BACKTRACE=full" "-e" "RUSTFLAGS=--cap-lints=warn" "-e" "RUSTDOCFLAGS=--cap-lints=warn" "-e" "CARGO_HOME=/opt/rustwide/cargo-home" "-e" "RUSTUP_HOME=/opt/rustwide/rustup-home" "-w" "/opt/rustwide/workdir" "-m" "1610612736" "--user" "0:0" "--network" "none" "ghcr.io/rust-lang/crates-build-env/linux@sha256:2788e3201cd34a07e3172128adcd8b3090168a8e3bcc40d7c032b9dda1df7d1c" "/opt/rustwide/cargo-home/bin/cargo" "+beta-2023-12-22" "build" "--frozen" "--message-format=json", kill_on_drop: false }`
[INFO] [stdout] 62b5666e409d6e1b72c0f9ffd65090e65f659b6b9b9c0befad553706fc217b49
[INFO] running `Command { std: "docker" "start" "-a" "62b5666e409d6e1b72c0f9ffd65090e65f659b6b9b9c0befad553706fc217b49", kill_on_drop: false }`
[INFO] [stderr]    Compiling zeroize v1.6.0
[INFO] [stderr]    Compiling proc-macro2 v1.0.67
[INFO] [stderr]    Compiling typenum v1.17.0
[INFO] [stderr]    Compiling generic-array v0.14.7
[INFO] [stderr]    Compiling subtle v2.5.0
[INFO] [stderr]    Compiling libc v0.2.148
[INFO] [stderr]    Compiling const-oid v0.9.5
[INFO] [stderr]    Compiling syn v1.0.109
[INFO] [stderr]    Compiling serde v1.0.188
[INFO] [stderr]    Compiling ahash v0.7.6
[INFO] [stderr]    Compiling base16ct v0.2.0
[INFO] [stderr]    Compiling once_cell v1.18.0
[INFO] [stderr]    Compiling cpufeatures v0.2.9
[INFO] [stderr]    Compiling thiserror v1.0.48
[INFO] [stderr]    Compiling serde_json v1.0.107
[INFO] [stderr]    Compiling schemars v0.8.13
[INFO] [stderr]    Compiling ryu v1.0.15
[INFO] [stderr]    Compiling der v0.7.8
[INFO] [stderr]    Compiling byteorder v1.4.3
[INFO] [stderr]    Compiling itoa v1.0.9
[INFO] [stderr]    Compiling opaque-debug v0.3.0
[INFO] [stderr]    Compiling rand_core v0.5.1
[INFO] [stderr]    Compiling hex v0.4.3
[INFO] [stderr]    Compiling dyn-clone v1.0.13
[INFO] [stderr]    Compiling bnum v0.8.0
[INFO] [stderr]    Compiling forward_ref v1.0.0
[INFO] [stderr]    Compiling base64 v0.21.4
[INFO] [stderr]    Compiling semver v1.0.18
[INFO] [stderr]    Compiling quote v1.0.33
[INFO] [stderr]    Compiling syn v2.0.34
[INFO] [stderr]    Compiling getrandom v0.2.10
[INFO] [stderr]    Compiling rand_core v0.6.4
[INFO] [stderr]    Compiling spki v0.7.2
[INFO] [stderr]    Compiling ff v0.13.0
[INFO] [stderr]    Compiling hashbrown v0.12.3
[INFO] [stderr]    Compiling pkcs8 v0.10.2
[INFO] [stderr]    Compiling group v0.13.0
[INFO] [stderr]    Compiling block-buffer v0.10.4
[INFO] [stderr]    Compiling crypto-common v0.1.6
[INFO] [stderr]    Compiling crypto-bigint v0.5.3
[INFO] [stderr]    Compiling sec1 v0.7.3
[INFO] [stderr]    Compiling digest v0.9.0
[INFO] [stderr]    Compiling block-buffer v0.9.0
[INFO] [stderr]    Compiling curve25519-dalek v3.2.0
[INFO] [stderr]    Compiling sha2 v0.9.9
[INFO] [stderr]    Compiling digest v0.10.7
[INFO] [stderr]    Compiling hmac v0.12.1
[INFO] [stderr]    Compiling signature v2.1.0
[INFO] [stderr]    Compiling sha2 v0.10.7
[INFO] [stderr]    Compiling rfc6979 v0.4.0
[INFO] [stderr]    Compiling serde_derive v1.0.188
[INFO] [stderr]    Compiling thiserror-impl v1.0.48
[INFO] [stderr]    Compiling elliptic-curve v0.13.5
[INFO] [stderr]    Compiling ecdsa v0.16.8
[INFO] [stderr]    Compiling k256 v0.13.1
[INFO] [stderr]    Compiling serde_derive_internals v0.26.0
[INFO] [stderr]    Compiling schemars_derive v0.8.13
[INFO] [stderr]    Compiling cosmwasm-derive v1.4.0
[INFO] [stderr]    Compiling derivative v2.2.0
[INFO] [stderr]    Compiling cosmwasm-schema-derive v1.4.0
[INFO] [stderr]    Compiling cw-ownable-derive v0.5.1
[INFO] [stderr]    Compiling ed25519-zebra v3.1.0
[INFO] [stderr]    Compiling serde-json-wasm v0.5.1
[INFO] [stderr]    Compiling cosmwasm-crypto v1.4.0
[INFO] [stderr]    Compiling cosmwasm-std v1.4.0
[INFO] [stderr]    Compiling cosmwasm-schema v1.4.0
[INFO] [stderr]    Compiling cw-storage-plus v1.1.0
[INFO] [stderr]    Compiling cw-address-like v1.0.4
[INFO] [stderr]    Compiling cosmwasm-storage v1.4.0
[INFO] [stderr]    Compiling wynd-utils v0.4.1
[INFO] [stderr]    Compiling cw2 v1.1.0
[INFO] [stderr]    Compiling cw-wormhole v2.3.0
[INFO] [stderr]    Compiling cw-paginate-storage v2.3.0
[INFO] [stderr]    Compiling cw-stake-tracker v2.3.0
[INFO] [stderr]    Compiling cw-utils v1.0.1
[INFO] [stderr]    Compiling cw20 v1.1.0
[INFO] [stderr]    Compiling cw-ownable v0.5.1
[INFO] [stderr]    Compiling cw-denom v2.3.0
[INFO] [stderr]    Compiling cw-vesting v2.3.0
[INFO] [stderr]    Compiling cw-payroll-factory v2.3.0 (/opt/rustwide/workdir)
[INFO] [stderr]     Finished dev [unoptimized + debuginfo] target(s) in 15.86s
[INFO] running `Command { std: "docker" "inspect" "62b5666e409d6e1b72c0f9ffd65090e65f659b6b9b9c0befad553706fc217b49", kill_on_drop: false }`
[INFO] running `Command { std: "docker" "rm" "-f" "62b5666e409d6e1b72c0f9ffd65090e65f659b6b9b9c0befad553706fc217b49", kill_on_drop: false }`
[INFO] [stdout] 62b5666e409d6e1b72c0f9ffd65090e65f659b6b9b9c0befad553706fc217b49
[INFO] running `Command { std: "docker" "create" "-v" "/var/lib/crater-agent-workspace/builds/worker-6-tc2/target:/opt/rustwide/target:rw,Z" "-v" "/var/lib/crater-agent-workspace/builds/worker-6-tc2/source:/opt/rustwide/workdir:ro,Z" "-v" "/var/lib/crater-agent-workspace/cargo-home:/opt/rustwide/cargo-home:ro,Z" "-v" "/var/lib/crater-agent-workspace/rustup-home:/opt/rustwide/rustup-home:ro,Z" "-e" "SOURCE_DIR=/opt/rustwide/workdir" "-e" "CARGO_TARGET_DIR=/opt/rustwide/target" "-e" "CARGO_INCREMENTAL=0" "-e" "RUST_BACKTRACE=full" "-e" "RUSTFLAGS=--cap-lints=warn" "-e" "RUSTDOCFLAGS=--cap-lints=warn" "-e" "CARGO_HOME=/opt/rustwide/cargo-home" "-e" "RUSTUP_HOME=/opt/rustwide/rustup-home" "-w" "/opt/rustwide/workdir" "-m" "1610612736" "--user" "0:0" "--network" "none" "ghcr.io/rust-lang/crates-build-env/linux@sha256:2788e3201cd34a07e3172128adcd8b3090168a8e3bcc40d7c032b9dda1df7d1c" "/opt/rustwide/cargo-home/bin/cargo" "+beta-2023-12-22" "test" "--frozen" "--no-run" "--message-format=json", kill_on_drop: false }`
[INFO] [stdout] 1b27fd6e4f946a9112ac41880b82ea8c0b9517645633e1eb4b92ef2bdce9f093
[INFO] running `Command { std: "docker" "start" "-a" "1b27fd6e4f946a9112ac41880b82ea8c0b9517645633e1eb4b92ef2bdce9f093", kill_on_drop: false }`
[INFO] [stderr]    Compiling cw-payroll-factory v2.3.0 (/opt/rustwide/workdir)
[INFO] [stdout] error[E0432]: unresolved import `cw_multi_test`
[INFO] [stdout]  --> src/tests.rs:4:5
[INFO] [stdout]   |
[INFO] [stdout] 4 | use cw_multi_test::{App, BankSudo, Contract, ContractWrapper, Executor, SudoMsg};
[INFO] [stdout]   |     ^^^^^^^^^^^^^ use of undeclared crate or module `cw_multi_test`
[INFO] [stdout] 
[INFO] [stdout] 
[INFO] [stdout] error[E0433]: failed to resolve: use of undeclared crate or module `cw20_base`
[INFO] [stdout]   --> src/tests.rs:34:9
[INFO] [stdout]    |
[INFO] [stdout] 34 |         cw20_base::contract::execute,
[INFO] [stdout]    |         ^^^^^^^^^ use of undeclared crate or module `cw20_base`
[INFO] [stdout]    |
[INFO] [stdout] help: consider importing one of these items
[INFO] [stdout]    |
[INFO] [stdout] 1  + use crate::contract;
[INFO] [stdout]    |
[INFO] [stdout] 1  + use cw_vesting::contract;
[INFO] [stdout]    |
[INFO] [stdout] help: if you import `contract`, refer to it directly
[INFO] [stdout]    |
[INFO] [stdout] 34 -         cw20_base::contract::execute,
[INFO] [stdout] 34 +         contract::execute,
[INFO] [stdout]    |
[INFO] [stdout] 
[INFO] [stdout] 
[INFO] [stdout] error[E0433]: failed to resolve: use of undeclared crate or module `cw20_base`
[INFO] [stdout]   --> src/tests.rs:35:9
[INFO] [stdout]    |
[INFO] [stdout] 35 |         cw20_base::contract::instantiate,
[INFO] [stdout]    |         ^^^^^^^^^ use of undeclared crate or module `cw20_base`
[INFO] [stdout]    |
[INFO] [stdout] help: consider importing one of these items
[INFO] [stdout]    |
[INFO] [stdout] 1  + use crate::contract;
[INFO] [stdout]    |
[INFO] [stdout] 1  + use cw_vesting::contract;
[INFO] [stdout]    |
[INFO] [stdout] help: if you import `contract`, refer to it directly
[INFO] [stdout]    |
[INFO] [stdout] 35 -         cw20_base::contract::instantiate,
[INFO] [stdout] 35 +         contract::instantiate,
[INFO] [stdout]    |
[INFO] [stdout] 
[INFO] [stdout] 
[INFO] [stdout] error[E0433]: failed to resolve: use of undeclared crate or module `cw20_base`
[INFO] [stdout]   --> src/tests.rs:36:9
[INFO] [stdout]    |
[INFO] [stdout] 36 |         cw20_base::contract::query,
[INFO] [stdout]    |         ^^^^^^^^^ use of undeclared crate or module `cw20_base`
[INFO] [stdout]    |
[INFO] [stdout] help: consider importing one of these items
[INFO] [stdout]    |
[INFO] [stdout] 1  + use crate::contract;
[INFO] [stdout]    |
[INFO] [stdout] 1  + use cw_vesting::contract;
[INFO] [stdout]    |
[INFO] [stdout] help: if you import `contract`, refer to it directly
[INFO] [stdout]    |
[INFO] [stdout] 36 -         cw20_base::contract::query,
[INFO] [stdout] 36 +         contract::query,
[INFO] [stdout]    |
[INFO] [stdout] 
[INFO] [stdout] 
[INFO] [stdout] error[E0433]: failed to resolve: use of undeclared crate or module `cw20_base`
[INFO] [stdout]    --> src/tests.rs:223:14
[INFO] [stdout]     |
[INFO] [stdout] 223 |             &cw20_base::msg::InstantiateMsg {
[INFO] [stdout]     |              ^^^^^^^^^ use of undeclared crate or module `cw20_base`
[INFO] [stdout]     |
[INFO] [stdout] help: consider importing one of these items
[INFO] [stdout]     |
[INFO] [stdout] 1   + use crate::msg;
[INFO] [stdout]     |
[INFO] [stdout] 1   + use cw_vesting::msg;
[INFO] [stdout]     |
[INFO] [stdout] help: if you import `msg`, refer to it directly
[INFO] [stdout]     |
[INFO] [stdout] 223 -             &cw20_base::msg::InstantiateMsg {
[INFO] [stdout] 223 +             &msg::InstantiateMsg {
[INFO] [stdout]     |
[INFO] [stdout] 
[INFO] [stdout] 
[INFO] [stdout] error[E0433]: failed to resolve: use of undeclared crate or module `cw20_base`
[INFO] [stdout]    --> src/tests.rs:458:14
[INFO] [stdout]     |
[INFO] [stdout] 458 |             &cw20_base::msg::InstantiateMsg {
[INFO] [stdout]     |              ^^^^^^^^^ use of undeclared crate or module `cw20_base`
[INFO] [stdout]     |
[INFO] [stdout] help: consider importing one of these items
[INFO] [stdout]     |
[INFO] [stdout] 1   + use crate::msg;
[INFO] [stdout]     |
[INFO] [stdout] 1   + use cw_vesting::msg;
[INFO] [stdout]     |
[INFO] [stdout] help: if you import `msg`, refer to it directly
[INFO] [stdout]     |
[INFO] [stdout] 458 -             &cw20_base::msg::InstantiateMsg {
[INFO] [stdout] 458 +             &msg::InstantiateMsg {
[INFO] [stdout]     |
[INFO] [stdout] 
[INFO] [stdout] 
[INFO] [stdout] error[E0433]: failed to resolve: use of undeclared crate or module `cw20_base`
[INFO] [stdout]    --> src/tests.rs:643:14
[INFO] [stdout]     |
[INFO] [stdout] 643 |             &cw20_base::msg::InstantiateMsg {
[INFO] [stdout]     |              ^^^^^^^^^ use of undeclared crate or module `cw20_base`
[INFO] [stdout]     |
[INFO] [stdout] help: consider importing one of these items
[INFO] [stdout]     |
[INFO] [stdout] 1   + use crate::msg;
[INFO] [stdout]     |
[INFO] [stdout] 1   + use cw_vesting::msg;
[INFO] [stdout]     |
[INFO] [stdout] help: if you import `msg`, refer to it directly
[INFO] [stdout]     |
[INFO] [stdout] 643 -             &cw20_base::msg::InstantiateMsg {
[INFO] [stdout] 643 +             &msg::InstantiateMsg {
[INFO] [stdout]     |
[INFO] [stdout] 
[INFO] [stdout] 
[INFO] [stdout] error: aborting due to 7 previous errors
[INFO] [stdout] 
[INFO] [stdout] 
[INFO] [stdout] Some errors have detailed explanations: E0432, E0433.
[INFO] [stdout] 
[INFO] [stdout] For more information about an error, try `rustc --explain E0432`.
[INFO] [stdout] 
[INFO] [stderr] error: could not compile `cw-payroll-factory` (lib test) due to 8 previous errors
[INFO] [stderr] warning: build failed, waiting for other jobs to finish...
[INFO] running `Command { std: "docker" "inspect" "1b27fd6e4f946a9112ac41880b82ea8c0b9517645633e1eb4b92ef2bdce9f093", kill_on_drop: false }`
[INFO] running `Command { std: "docker" "rm" "-f" "1b27fd6e4f946a9112ac41880b82ea8c0b9517645633e1eb4b92ef2bdce9f093", kill_on_drop: false }`
[INFO] [stdout] 1b27fd6e4f946a9112ac41880b82ea8c0b9517645633e1eb4b92ef2bdce9f093
