[INFO] fetching crate cumulus-pallet-xcmp-queue 0.5.0...
[INFO] testing cumulus-pallet-xcmp-queue-0.5.0 against 1.75.0 for beta-1.76-1
[INFO] extracting crate cumulus-pallet-xcmp-queue 0.5.0 into /workspace/builds/worker-6-tc1/source
[INFO] validating manifest of crates.io crate cumulus-pallet-xcmp-queue 0.5.0 on toolchain 1.75.0
[INFO] running `Command { std: CARGO_HOME="/workspace/cargo-home" RUSTUP_HOME="/workspace/rustup-home" "/workspace/cargo-home/bin/cargo" "+1.75.0" "metadata" "--manifest-path" "Cargo.toml" "--no-deps", kill_on_drop: false }`
[INFO] started tweaking crates.io crate cumulus-pallet-xcmp-queue 0.5.0
[INFO] finished tweaking crates.io crate cumulus-pallet-xcmp-queue 0.5.0
[INFO] tweaked toml for crates.io crate cumulus-pallet-xcmp-queue 0.5.0 written to /workspace/builds/worker-6-tc1/source/Cargo.toml
[INFO] running `Command { std: CARGO_HOME="/workspace/cargo-home" RUSTUP_HOME="/workspace/rustup-home" "/workspace/cargo-home/bin/cargo" "+1.75.0" "generate-lockfile" "--manifest-path" "Cargo.toml", kill_on_drop: false }`
[INFO] [stderr]     Updating crates.io index
[INFO] running `Command { std: CARGO_HOME="/workspace/cargo-home" RUSTUP_HOME="/workspace/rustup-home" "/workspace/cargo-home/bin/cargo" "+1.75.0" "fetch" "--manifest-path" "Cargo.toml", kill_on_drop: false }`
[INFO] running `Command { std: "docker" "create" "-v" "/var/lib/crater-agent-workspace/builds/worker-6-tc1/target:/opt/rustwide/target:rw,Z" "-v" "/var/lib/crater-agent-workspace/builds/worker-6-tc1/source:/opt/rustwide/workdir:ro,Z" "-v" "/var/lib/crater-agent-workspace/cargo-home:/opt/rustwide/cargo-home:ro,Z" "-v" "/var/lib/crater-agent-workspace/rustup-home:/opt/rustwide/rustup-home:ro,Z" "-e" "SOURCE_DIR=/opt/rustwide/workdir" "-e" "CARGO_TARGET_DIR=/opt/rustwide/target" "-e" "CARGO_HOME=/opt/rustwide/cargo-home" "-e" "RUSTUP_HOME=/opt/rustwide/rustup-home" "-w" "/opt/rustwide/workdir" "-m" "1610612736" "--user" "0:0" "--network" "none" "ghcr.io/rust-lang/crates-build-env/linux@sha256:2788e3201cd34a07e3172128adcd8b3090168a8e3bcc40d7c032b9dda1df7d1c" "/opt/rustwide/cargo-home/bin/cargo" "+1.75.0" "metadata" "--no-deps" "--format-version=1", kill_on_drop: false }`
[INFO] [stdout] 0a7243abd16a766383ff2b61947d423a52ecbecb262784edfd6f9c83405c8fd8
[INFO] running `Command { std: "docker" "start" "-a" "0a7243abd16a766383ff2b61947d423a52ecbecb262784edfd6f9c83405c8fd8", kill_on_drop: false }`
[INFO] running `Command { std: "docker" "inspect" "0a7243abd16a766383ff2b61947d423a52ecbecb262784edfd6f9c83405c8fd8", kill_on_drop: false }`
[INFO] running `Command { std: "docker" "rm" "-f" "0a7243abd16a766383ff2b61947d423a52ecbecb262784edfd6f9c83405c8fd8", kill_on_drop: false }`
[INFO] [stdout] 0a7243abd16a766383ff2b61947d423a52ecbecb262784edfd6f9c83405c8fd8
[INFO] running `Command { std: "docker" "create" "-v" "/var/lib/crater-agent-workspace/builds/worker-6-tc1/target:/opt/rustwide/target:rw,Z" "-v" "/var/lib/crater-agent-workspace/builds/worker-6-tc1/source:/opt/rustwide/workdir:ro,Z" "-v" "/var/lib/crater-agent-workspace/cargo-home:/opt/rustwide/cargo-home:ro,Z" "-v" "/var/lib/crater-agent-workspace/rustup-home:/opt/rustwide/rustup-home:ro,Z" "-e" "SOURCE_DIR=/opt/rustwide/workdir" "-e" "CARGO_TARGET_DIR=/opt/rustwide/target" "-e" "CARGO_INCREMENTAL=0" "-e" "RUST_BACKTRACE=full" "-e" "RUSTFLAGS=--cap-lints=warn" "-e" "RUSTDOCFLAGS=--cap-lints=warn" "-e" "CARGO_HOME=/opt/rustwide/cargo-home" "-e" "RUSTUP_HOME=/opt/rustwide/rustup-home" "-w" "/opt/rustwide/workdir" "-m" "1610612736" "--user" "0:0" "--network" "none" "ghcr.io/rust-lang/crates-build-env/linux@sha256:2788e3201cd34a07e3172128adcd8b3090168a8e3bcc40d7c032b9dda1df7d1c" "/opt/rustwide/cargo-home/bin/cargo" "+1.75.0" "build" "--frozen" "--message-format=json", kill_on_drop: false }`
[INFO] [stdout] b8bbceddf09131f618f7b39cf6316cf9bf79314e920c3b7bea1129cebfcd8d4a
[INFO] running `Command { std: "docker" "start" "-a" "b8bbceddf09131f618f7b39cf6316cf9bf79314e920c3b7bea1129cebfcd8d4a", kill_on_drop: false }`
[INFO] [stderr]    Compiling libc v0.2.151
[INFO] [stderr]    Compiling syn v1.0.109
[INFO] [stderr]    Compiling serde v1.0.194
[INFO] [stderr]    Compiling generic-array v0.14.7
[INFO] [stderr]    Compiling syn v2.0.48
[INFO] [stderr]    Compiling subtle v2.4.1
[INFO] [stderr]    Compiling hashbrown v0.14.3
[INFO] [stderr]    Compiling equivalent v1.0.1
[INFO] [stderr]    Compiling winnow v0.5.32
[INFO] [stderr]    Compiling memchr v2.7.1
[INFO] [stderr]    Compiling arrayvec v0.7.4
[INFO] [stderr]    Compiling const-oid v0.9.6
[INFO] [stderr]    Compiling indexmap v2.1.0
[INFO] [stderr]    Compiling radium v0.7.0
[INFO] [stderr]    Compiling aho-corasick v1.1.2
[INFO] [stderr]    Compiling ahash v0.7.7
[INFO] [stderr]    Compiling num-traits v0.2.17
[INFO] [stderr]    Compiling byte-slice-cast v1.2.2
[INFO] [stderr]    Compiling crunchy v0.2.2
[INFO] [stderr]    Compiling tap v1.0.1
[INFO] [stderr]    Compiling wyz v0.5.1
[INFO] [stderr]    Compiling funty v2.0.0
[INFO] [stderr]    Compiling getrandom v0.2.11
[INFO] [stderr]    Compiling rand_core v0.6.4
[INFO] [stderr]    Compiling regex-automata v0.4.3
[INFO] [stderr]    Compiling bytes v1.5.0
[INFO] [stderr]    Compiling hashbrown v0.12.3
[INFO] [stderr]    Compiling indexmap v1.9.3
[INFO] [stderr]    Compiling byteorder v1.5.0
[INFO] [stderr]    Compiling rand_chacha v0.3.1
[INFO] [stderr]    Compiling ahash v0.8.7
[INFO] [stderr]    Compiling log v0.4.20
[INFO] [stderr]    Compiling unicode-normalization v0.1.22
[INFO] [stderr]    Compiling rand v0.8.5
[INFO] [stderr]    Compiling zerocopy v0.7.32
[INFO] [stderr]    Compiling paste v1.0.14
[INFO] [stderr]    Compiling idna v0.5.0
[INFO] [stderr]    Compiling getrandom v0.1.16
[INFO] [stderr]    Compiling hashbrown v0.13.2
[INFO] [stderr]    Compiling arrayref v0.3.7
[INFO] [stderr]    Compiling convert_case v0.4.0
[INFO] [stderr]    Compiling regex v1.10.2
[INFO] [stderr]    Compiling keccak v0.1.4
[INFO] [stderr]    Compiling crc32fast v1.3.2
[INFO] [stderr]    Compiling Inflector v0.11.4
[INFO] [stderr]    Compiling url v2.5.0
[INFO] [stderr]    Compiling rand_core v0.5.1
[INFO] [stderr]    Compiling stable_deref_trait v1.2.0
[INFO] [stderr]    Compiling fallible-iterator v0.2.0
[INFO] [stderr]    Compiling sp-std v12.0.0
[INFO] [stderr]    Compiling target-lexicon v0.12.13
[INFO] [stderr]    Compiling memoffset v0.8.0
[INFO] [stderr]    Compiling rustix v0.36.17
[INFO] [stderr]    Compiling io-lifetimes v1.0.11
[INFO] [stderr]    Compiling digest v0.9.0
[INFO] [stderr]    Compiling wasmtime-runtime v8.0.1
[INFO] [stderr]    Compiling generic-array v0.12.4
[INFO] [stderr]    Compiling tracing-core v0.1.32
[INFO] [stderr]    Compiling rustc-demangle v0.1.23
[INFO] [stderr]    Compiling smallvec v1.11.2
[INFO] [stderr]    Compiling constant_time_eq v0.3.0
[INFO] [stderr]    Compiling cpp_demangle v0.3.5
[INFO] [stderr]    Compiling libsecp256k1-core v0.3.0
[INFO] [stderr]    Compiling memfd v0.6.4
[INFO] [stderr]    Compiling psm v0.1.21
[INFO] [stderr]    Compiling wasmtime-jit-debug v8.0.1
[INFO] [stderr]    Compiling serde_derive v1.0.194
[INFO] [stderr]    Compiling zeroize_derive v1.4.2
[INFO] [stderr]    Compiling thiserror-impl v1.0.56
[INFO] [stderr]    Compiling wasmtime-asm-macros v8.0.1
[INFO] [stderr]    Compiling regex-syntax v0.6.29
[INFO] [stderr]    Compiling impl-trait-for-tuples v0.2.2
[INFO] [stderr]    Compiling derive_more v0.99.17
[INFO] [stderr]    Compiling serde_json v1.0.111
[INFO] [stderr]    Compiling zeroize v1.7.0
[INFO] [stderr]    Compiling byte-tools v0.3.1
[INFO] [stderr]    Compiling ref-cast v1.0.22
[INFO] [stderr]    Compiling block-padding v0.1.5
[INFO] [stderr]    Compiling tracing-attributes v0.1.27
[INFO] [stderr]    Compiling ref-cast-impl v1.0.22
[INFO] [stderr]    Compiling thiserror v1.0.56
[INFO] [stderr]    Compiling block-buffer v0.10.4
[INFO] [stderr]    Compiling crypto-common v0.1.6
[INFO] [stderr]    Compiling digest v0.10.7
[INFO] [stderr]    Compiling block-buffer v0.9.0
[INFO] [stderr]    Compiling regex-automata v0.1.10
[INFO] [stderr]    Compiling digest v0.8.1
[INFO] [stderr]    Compiling wasmtime-jit-icache-coherence v8.0.1
[INFO] [stderr]    Compiling futures-core v0.3.30
[INFO] [stderr]    Compiling hex v0.4.3
[INFO] [stderr]    Compiling iana-time-zone v0.1.59
[INFO] [stderr]    Compiling wasmtime v8.0.1
[INFO] [stderr]    Compiling rustc-hex v2.1.0
[INFO] [stderr]    Compiling tracing v0.1.40
[INFO] [stderr]    Compiling chrono v0.4.31
[INFO] [stderr]    Compiling sha2 v0.9.9
[INFO] [stderr]    Compiling futures-channel v0.3.30
[INFO] [stderr]    Compiling matchers v0.0.1
[INFO] [stderr]    Compiling sha2 v0.10.8
[INFO] [stderr]    Compiling crypto-mac v0.8.0
[INFO] [stderr]    Compiling crypto-mac v0.11.1
[INFO] [stderr]    Compiling block-buffer v0.7.3
[INFO] [stderr]    Compiling libsecp256k1-gen-ecmult v0.3.0
[INFO] [stderr]    Compiling libsecp256k1-gen-genmult v0.3.0
[INFO] [stderr]    Compiling futures-macro v0.3.30
[INFO] [stderr]    Compiling sp-debug-derive v12.0.0
[INFO] [stderr]    Compiling tracing-log v0.1.4
[INFO] [stderr]    Compiling rand_chacha v0.2.2
[INFO] [stderr]    Compiling sharded-slab v0.1.7
[INFO] [stderr]    Compiling secp256k1-sys v0.6.1
[INFO] [stderr]    Compiling thread_local v1.1.7
[INFO] [stderr]    Compiling hash-db v0.16.0
[INFO] [stderr]    Compiling futures-io v0.3.30
[INFO] [stderr]    Compiling opaque-debug v0.2.3
[INFO] [stderr]    Compiling unicode-xid v0.2.4
[INFO] [stderr]    Compiling fake-simd v0.1.2
[INFO] [stderr]    Compiling sha2 v0.8.2
[INFO] [stderr]    Compiling rand v0.7.3
[INFO] [stderr]    Compiling libsecp256k1 v0.7.1
[INFO] [stderr]    Compiling hmac v0.8.1
[INFO] [stderr]    Compiling fixed-hash v0.8.0
[INFO] [stderr]    Compiling futures-util v0.3.30
[INFO] [stderr]    Compiling uint v0.9.5
[INFO] [stderr]    Compiling curve25519-dalek v2.1.3
[INFO] [stderr]    Compiling merlin v2.0.1
[INFO] [stderr]    Compiling num_cpus v1.16.0
[INFO] [stderr]    Compiling environmental v1.1.4
[INFO] [stderr]    Compiling arrayvec v0.5.2
[INFO] [stderr]    Compiling schnorrkel v0.9.1
[INFO] [stderr]    Compiling hmac-drbg v0.3.0
[INFO] [stderr]    Compiling parking_lot_core v0.9.9
[INFO] [stderr]    Compiling toml_datetime v0.6.3
[INFO] [stderr]    Compiling serde_spanned v0.6.5
[INFO] [stderr]    Compiling toml_edit v0.20.2
[INFO] [stderr]    Compiling toml_edit v0.19.15
[INFO] [stderr]    Compiling bitvec v1.0.1
[INFO] [stderr]    Compiling wasmparser v0.102.0
[INFO] [stderr]    Compiling gimli v0.27.3
[INFO] [stderr]    Compiling proc-macro-crate v2.0.1
[INFO] [stderr]    Compiling proc-macro-crate v1.3.1
[INFO] [stderr]    Compiling cranelift-entity v0.95.1
[INFO] [stderr]    Compiling object v0.30.4
[INFO] [stderr]    Compiling bincode v1.3.3
[INFO] [stderr]    Compiling impl-serde v0.4.0
[INFO] [stderr]    Compiling tracing-serde v0.1.3
[INFO] [stderr]    Compiling futures-executor v0.3.30
[INFO] [stderr]    Compiling parity-scale-codec-derive v3.6.9
[INFO] [stderr]    Compiling scale-info-derive v2.10.0
[INFO] [stderr]    Compiling wasmtime-types v8.0.1
[INFO] [stderr]    Compiling ss58-registry v1.44.0
[INFO] [stderr]    Compiling tracing-subscriber v0.2.25
[INFO] [stderr]    Compiling wasmtime-environ v8.0.1
[INFO] [stderr]    Compiling addr2line v0.19.0
[INFO] [stderr]    Compiling sp-runtime-interface-proc-macro v15.0.0
[INFO] [stderr]    Compiling hmac v0.11.0
[INFO] [stderr]    Compiling pbkdf2 v0.8.0
[INFO] [stderr]    Compiling sha3 v0.10.8
[INFO] [stderr]    Compiling twox-hash v1.6.3
[INFO] [stderr]    Compiling curve25519-dalek v3.2.0
[INFO] [stderr]    Compiling parity-scale-codec v3.6.9
[INFO] [stderr]    Compiling scale-info v2.10.0
[INFO] [stderr]    Compiling impl-codec v0.6.0
[INFO] [stderr]    Compiling wasmtime-jit v8.0.1
[INFO] [stderr]    Compiling sp-storage v17.0.0
[INFO] [stderr]    Compiling sp-tracing v14.0.0
[INFO] [stderr]    Compiling sp-externalities v0.23.0
[INFO] [stderr]    Compiling primitive-types v0.12.2
[INFO] [stderr]    Compiling dyn-clonable-impl v0.9.0
[INFO] [stderr]    Compiling blake2b_simd v1.0.2
[INFO] [stderr]    Compiling num-format v0.4.4
[INFO] [stderr]    Compiling base64 v0.13.1
[INFO] [stderr]    Compiling bitcoin_hashes v0.11.0
[INFO] [stderr]    Compiling dyn-clone v1.0.16
[INFO] [stderr]    Compiling semver v1.0.21
[INFO] [stderr]    Compiling dyn-clonable v0.9.0
[INFO] [stderr]    Compiling sp-core-hashing v13.0.0
[INFO] [stderr]    Compiling sp-wasm-interface v18.0.0
[INFO] [stderr]    Compiling bounded-collections v0.1.9
[INFO] [stderr]    Compiling ed25519-zebra v3.1.0
[INFO] [stderr]    Compiling substrate-bip39 v0.4.5
[INFO] [stderr]    Compiling bip39 v2.0.0
[INFO] [stderr]    Compiling futures v0.3.30
[INFO] [stderr]    Compiling secp256k1 v0.24.3
[INFO] [stderr]    Compiling parking_lot v0.12.1
[INFO] [stderr]    Compiling sp-runtime-interface v22.0.0
[INFO] [stderr]    Compiling blake2 v0.10.6
[INFO] [stderr]    Compiling secrecy v0.8.0
[INFO] [stderr]    Compiling hash256-std-hasher v0.15.2
[INFO] [stderr]    Compiling rustversion v1.0.14
[INFO] [stderr]    Compiling bs58 v0.5.0
[INFO] [stderr]    Compiling array-bytes v6.2.2
[INFO] [stderr]    Compiling signature v2.2.0
[INFO] [stderr]    Compiling rustc_version v0.4.0
[INFO] [stderr]    Compiling backtrace v0.3.69
[INFO] [stderr]    Compiling adler v1.0.2
[INFO] [stderr]    Compiling platforms v3.3.0
[INFO] [stderr]    Compiling gimli v0.28.1
[INFO] [stderr]    Compiling miniz_oxide v0.7.1
[INFO] [stderr]    Compiling object v0.32.2
[INFO] [stderr]    Compiling curve25519-dalek v4.1.1
[INFO] [stderr]    Compiling memory-db v0.32.0
[INFO] [stderr]    Compiling trie-root v0.18.0
[INFO] [stderr]    Compiling trie-db v0.28.0
[INFO] [stderr]    Compiling curve25519-dalek-derive v0.1.1
[INFO] [stderr]    Compiling schnellru v0.2.1
[INFO] [stderr]    Compiling integer-sqrt v0.1.5
[INFO] [stderr]    Compiling nohash-hasher v0.2.0
[INFO] [stderr]    Compiling sp-arithmetic v21.0.0
[INFO] [stderr]    Compiling sp-io v28.0.0
[INFO] [stderr]    Compiling ed25519 v2.2.3
[INFO] [stderr]    Compiling fs-err v2.11.0
[INFO] [stderr]    Compiling ed25519-dalek v2.1.0
[INFO] [stderr]    Compiling sp-core v26.0.0
[INFO] [stderr]    Compiling addr2line v0.21.0
[INFO] [stderr]    Compiling expander v2.0.0
[INFO] [stderr]    Compiling sp-panic-handler v12.0.0
[INFO] [stderr]    Compiling frame-metadata v16.0.0
[INFO] [stderr]    Compiling tiny-keccak v2.0.2
[INFO] [stderr]    Compiling parity-wasm v0.45.0
[INFO] [stderr]    Compiling async-trait v0.1.77
[INFO] [stderr]    Compiling sp-version-proc-macro v12.0.0
[INFO] [stderr]    Compiling sp-api-proc-macro v13.0.0
[INFO] [stderr]    Compiling sp-core-hashing-proc-macro v13.0.0
[INFO] [stderr]    Compiling sp-trie v27.0.0
[INFO] [stderr]    Compiling sp-keystore v0.32.0
[INFO] [stderr]    Compiling sp-weights v25.0.0
[INFO] [stderr]    Compiling sp-metadata-ir v0.4.0
[INFO] [stderr]    Compiling derive-syn-parse v0.1.5
[INFO] [stderr]    Compiling der v0.7.8
[INFO] [stderr]    Compiling macro_magic_core_macros v0.5.0
[INFO] [stderr]    Compiling const-random-macro v0.1.16
[INFO] [stderr]    Compiling sp-state-machine v0.33.0
[INFO] [stderr]    Compiling ff v0.13.0
[INFO] [stderr]    Compiling base16ct v0.2.0
[INFO] [stderr]    Compiling group v0.13.0
[INFO] [stderr]    Compiling hmac v0.12.1
[INFO] [stderr]    Compiling const-random v0.1.17
[INFO] [stderr]    Compiling crypto-bigint v0.5.5
[INFO] [stderr]    Compiling same-file v1.0.6
[INFO] [stderr]    Compiling walkdir v2.4.0
[INFO] [stderr]    Compiling rfc6979 v0.4.0
[INFO] [stderr]    Compiling proc-macro-error-attr v1.0.4
[INFO] [stderr]    Compiling toml v0.8.2
[INFO] [stderr]    Compiling sec1 v0.7.3
[INFO] [stderr]    Compiling spki v0.7.3
[INFO] [stderr]    Compiling macro_magic_core v0.5.0
[INFO] [stderr]    Compiling frame-support-procedural-tools-derive v10.0.0
[INFO] [stderr]    Compiling include_dir_macros v0.7.3
[INFO] [stderr]    Compiling common-path v1.0.0
[INFO] [stderr]    Compiling macro_magic_macros v0.5.0
[INFO] [stderr]    Compiling termcolor v1.4.0
[INFO] [stderr]    Compiling include_dir v0.7.3
[INFO] [stderr]    Compiling cfg-expr v0.15.6
[INFO] [stderr]    Compiling frame-support-procedural-tools v9.0.0
[INFO] [stderr]    Compiling docify_macros v0.2.7
[INFO] [stderr]    Compiling elliptic-curve v0.13.8
[INFO] [stderr]    Compiling ecdsa v0.16.9
[INFO] [stderr]    Compiling proc-macro-error v1.0.4
[INFO] [stderr]    Compiling macro_magic v0.5.0
[INFO] [stderr]    Compiling proc-macro-warning v1.0.2
[INFO] [stderr]    Compiling tt-call v1.0.9
[INFO] [stderr]    Compiling num-integer v0.1.45
[INFO] [stderr]    Compiling aquamarine v0.3.3
[INFO] [stderr]    Compiling frame-support-procedural v21.0.0
[INFO] [stderr]    Compiling k256 v0.13.2
[INFO] [stderr]    Compiling bytemuck v1.14.0
[INFO] [stderr]    Compiling safe_arch v0.7.1
[INFO] [stderr]    Compiling matrixmultiply v0.3.8
[INFO] [stderr]    Compiling num-rational v0.4.1
[INFO] [stderr]    Compiling wide v0.7.13
[INFO] [stderr]    Compiling approx v0.5.1
[INFO] [stderr]    Compiling sp-application-crypto v28.0.0
[INFO] [stderr]    Compiling num-complex v0.4.4
[INFO] [stderr]    Compiling docify v0.2.7
[INFO] [stderr]    Compiling rawpointer v0.2.1
[INFO] [stderr]    Compiling sp-runtime v29.0.0
[INFO] [stderr]    Compiling nalgebra-macros v0.2.1
[INFO] [stderr]    Compiling simba v0.8.1
[INFO] [stderr]    Compiling xcm-procedural v5.0.0
[INFO] [stderr]    Compiling derivative v2.2.0
[INFO] [stderr]    Compiling frame-election-provider-solution-type v12.0.0
[INFO] [stderr]    Compiling hex-literal v0.4.1
[INFO] [stderr]    Compiling strum_macros v0.24.3
[INFO] [stderr]    Compiling enumflags2_derive v0.7.8
[INFO] [stderr]    Compiling enumn v0.1.13
[INFO] [stderr]    Compiling pallet-staking-reward-fn v17.0.0
[INFO] [stderr]    Compiling staging-xcm v5.0.0
[INFO] [stderr]    Compiling enumflags2 v0.7.8
[INFO] [stderr]    Compiling sp-version v27.0.0
[INFO] [stderr]    Compiling sp-inherents v24.0.0
[INFO] [stderr]    Compiling sp-staking v24.0.0
[INFO] [stderr]    Compiling polkadot-core-primitives v5.0.0
[INFO] [stderr]    Compiling sp-api v24.0.0
[INFO] [stderr]    Compiling polkadot-parachain-primitives v4.0.0
[INFO] [stderr]    Compiling sp-genesis-builder v0.5.0
[INFO] [stderr]    Compiling sp-session v25.0.0
[INFO] [stderr]    Compiling sp-authority-discovery v24.0.0
[INFO] [stderr]    Compiling sp-npos-elections v24.0.0
[INFO] [stderr]    Compiling strum v0.24.1
[INFO] [stderr]    Compiling slot-range-helper v5.0.0
[INFO] [stderr]    Compiling sp-timestamp v24.0.0
[INFO] [stderr]    Compiling nalgebra v0.32.3
[INFO] [stderr]    Compiling sp-consensus-slots v0.30.0
[INFO] [stderr]    Compiling polkadot-primitives v5.0.0
[INFO] [stderr]    Compiling sp-consensus-babe v0.30.0
[INFO] [stderr]    Compiling frame-support v26.0.0
[INFO] [stderr]    Compiling polkadot-runtime-metrics v5.0.0
[INFO] [stderr]    Compiling cumulus-primitives-core v0.5.0
[INFO] [stderr]    Compiling linregress v0.5.3
[INFO] [stderr]    Compiling frame-system v26.0.0
[INFO] [stderr]    Compiling pallet-timestamp v25.0.0
[INFO] [stderr]    Compiling frame-benchmarking v26.0.0
[INFO] [stderr]    Compiling frame-election-provider-support v26.0.0
[INFO] [stderr]    Compiling pallet-authorship v26.0.0
[INFO] [stderr]    Compiling pallet-transaction-payment v26.0.0
[INFO] [stderr]    Compiling pallet-balances v26.0.0
[INFO] [stderr]    Compiling pallet-message-queue v29.0.0
[INFO] [stderr]    Compiling pallet-vesting v26.0.0
[INFO] [stderr]    Compiling pallet-session v26.0.0
[INFO] [stderr]    Compiling pallet-election-provider-multi-phase v25.0.0
[INFO] [stderr]    Compiling pallet-identity v26.0.0
[INFO] [stderr]    Compiling staging-xcm-executor v5.0.0
[INFO] [stderr]    Compiling pallet-fast-unstake v25.0.0
[INFO] [stderr]    Compiling pallet-treasury v25.0.0
[INFO] [stderr]    Compiling pallet-babe v26.0.0
[INFO] [stderr]    Compiling pallet-authority-discovery v26.0.0
[INFO] [stderr]    Compiling pallet-staking v26.0.1
[INFO] [stderr]    Compiling staging-xcm-builder v5.0.0
[INFO] [stderr]    Compiling pallet-xcm-benchmarks v5.0.0
[INFO] [stderr]    Compiling polkadot-runtime-parachains v5.0.0
[INFO] [stderr]    Compiling polkadot-runtime-common v5.0.0
[INFO] [stderr]    Compiling cumulus-pallet-xcmp-queue v0.5.0 (/opt/rustwide/workdir)
[INFO] [stderr]     Finished dev [unoptimized + debuginfo] target(s) in 1m 52s
[INFO] running `Command { std: "docker" "inspect" "b8bbceddf09131f618f7b39cf6316cf9bf79314e920c3b7bea1129cebfcd8d4a", kill_on_drop: false }`
[INFO] running `Command { std: "docker" "rm" "-f" "b8bbceddf09131f618f7b39cf6316cf9bf79314e920c3b7bea1129cebfcd8d4a", kill_on_drop: false }`
[INFO] [stdout] b8bbceddf09131f618f7b39cf6316cf9bf79314e920c3b7bea1129cebfcd8d4a
[INFO] running `Command { std: "docker" "create" "-v" "/var/lib/crater-agent-workspace/builds/worker-6-tc1/target:/opt/rustwide/target:rw,Z" "-v" "/var/lib/crater-agent-workspace/builds/worker-6-tc1/source:/opt/rustwide/workdir:ro,Z" "-v" "/var/lib/crater-agent-workspace/cargo-home:/opt/rustwide/cargo-home:ro,Z" "-v" "/var/lib/crater-agent-workspace/rustup-home:/opt/rustwide/rustup-home:ro,Z" "-e" "SOURCE_DIR=/opt/rustwide/workdir" "-e" "CARGO_TARGET_DIR=/opt/rustwide/target" "-e" "CARGO_INCREMENTAL=0" "-e" "RUST_BACKTRACE=full" "-e" "RUSTFLAGS=--cap-lints=warn" "-e" "RUSTDOCFLAGS=--cap-lints=warn" "-e" "CARGO_HOME=/opt/rustwide/cargo-home" "-e" "RUSTUP_HOME=/opt/rustwide/rustup-home" "-w" "/opt/rustwide/workdir" "-m" "1610612736" "--user" "0:0" "--network" "none" "ghcr.io/rust-lang/crates-build-env/linux@sha256:2788e3201cd34a07e3172128adcd8b3090168a8e3bcc40d7c032b9dda1df7d1c" "/opt/rustwide/cargo-home/bin/cargo" "+1.75.0" "test" "--frozen" "--no-run" "--message-format=json", kill_on_drop: false }`
[INFO] [stdout] 5c500922f5522b77932f84980a646f8fe650394ae01879616d112e1bf4ace657
[INFO] running `Command { std: "docker" "start" "-a" "5c500922f5522b77932f84980a646f8fe650394ae01879616d112e1bf4ace657", kill_on_drop: false }`
[INFO] [stderr]    Compiling cumulus-pallet-xcmp-queue v0.5.0 (/opt/rustwide/workdir)
[INFO] [stdout] error[E0432]: unresolved import `frame_support::hypothetically`
[INFO] [stdout]    --> src/tests.rs:25:59
[INFO] [stdout]     |
[INFO] [stdout] 25  |     assert_err, assert_noop, assert_ok, assert_storage_noop, hypothetically,
[INFO] [stdout]     |                                                              ^^^^^^^^^^^^^^ no `hypothetically` in the root
[INFO] [stdout]     |
[INFO] [stdout] note: found an item that was configured out
[INFO] [stdout]    --> /opt/rustwide/cargo-home/registry/src/index.crates.io-6f17d22bba15001f/frame-support-26.0.0/src/lib.rs:791:14
[INFO] [stdout]     |
[INFO] [stdout] 791 | macro_rules! hypothetically {
[INFO] [stdout]     |              ^^^^^^^^^^^^^^
[INFO] [stdout]     = note: the item is gated behind the `experimental` feature
[INFO] [stdout] 
[INFO] [stdout] 
[INFO] [stdout] error[E0432]: unresolved import `crate::mock::Test`
[INFO] [stdout]    --> src/migration.rs:218:34
[INFO] [stdout]     |
[INFO] [stdout] 218 |     use crate::mock::{new_test_ext, Test};
[INFO] [stdout]     |                                     ^^^^ no `Test` in `mock`
[INFO] [stdout] 
[INFO] [stdout] 
[INFO] [stdout] error[E0432]: unresolved import `cumulus_pallet_parachain_system`
[INFO] [stdout]   --> src/mock.rs:19:5
[INFO] [stdout]    |
[INFO] [stdout] 19 | use cumulus_pallet_parachain_system::AnyRelayNumber;
[INFO] [stdout]    |     ^^^^^^^^^^^^^^^^^^^^^^^^^^^^^^^ use of undeclared crate or module `cumulus_pallet_parachain_system`
[INFO] [stdout] 
[INFO] [stdout] 
[INFO] [stdout] error[E0432]: unresolved import `xcm_builder`
[INFO] [stdout]   --> src/mock.rs:33:5
[INFO] [stdout]    |
[INFO] [stdout] 33 | use xcm_builder::{CurrencyAdapter, FixedWeightBounds, IsConcrete, NativeAsset, ParentIsPreset};
[INFO] [stdout]    |     ^^^^^^^^^^^ use of undeclared crate or module `xcm_builder`
[INFO] [stdout] 
[INFO] [stdout] 
[INFO] [stdout] error[E0432]: unresolved imports `mock::ParachainSystem`, `mock::RuntimeOrigin`, `mock::Test`, `mock::XcmpQueue`
[INFO] [stdout]   --> src/tests.rs:29:26
[INFO] [stdout]    |
[INFO] [stdout] 29 | use mock::{new_test_ext, ParachainSystem, RuntimeOrigin as Origin, Test, XcmpQueue};
[INFO] [stdout]    |                          ^^^^^^^^^^^^^^^  ^^^^^^^^^^^^^^^^^^^^^^^  ^^^^  ^^^^^^^^^
[INFO] [stdout]    |                          |                |                        |     |
[INFO] [stdout]    |                          |                |                        |     no `XcmpQueue` in `mock`
[INFO] [stdout]    |                          |                |                        |     help: a similar name exists in the module: `xcmp_queue`
[INFO] [stdout]    |                          |                |                        no `Test` in `mock`
[INFO] [stdout]    |                          |                no `RuntimeOrigin` in `mock`
[INFO] [stdout]    |                          no `ParachainSystem` in `mock`
[INFO] [stdout] 
[INFO] [stdout] 
[INFO] [stdout] error[E0433]: failed to resolve: use of undeclared crate or module `cumulus_pallet_parachain_system`
[INFO] [stdout]   --> src/mock.rs:44:20
[INFO] [stdout]    |
[INFO] [stdout] 44 |         ParachainSystem: cumulus_pallet_parachain_system::{
[INFO] [stdout]    |                          ^^^^^^^^^^^^^^^^^^^^^^^^^^^^^^^ use of undeclared crate or module `cumulus_pallet_parachain_system`
[INFO] [stdout] 
[INFO] [stdout] 
[INFO] [stdout] error: cannot determine resolution for the macro `hypothetically`
[INFO] [stdout]    --> src/tests.rs:693:3
[INFO] [stdout]     |
[INFO] [stdout] 693 |         hypothetically!({
[INFO] [stdout]     |         ^^^^^^^^^^^^^^
[INFO] [stdout]     |
[INFO] [stdout]     = note: import resolution is stuck, try simplifying macro imports
[INFO] [stdout] 
[INFO] [stdout] 
[INFO] [stdout] error: cannot determine resolution for the macro `hypothetically`
[INFO] [stdout]    --> src/tests.rs:524:3
[INFO] [stdout]     |
[INFO] [stdout] 524 |         hypothetically!({
[INFO] [stdout]     |         ^^^^^^^^^^^^^^
[INFO] [stdout]     |
[INFO] [stdout]     = note: import resolution is stuck, try simplifying macro imports
[INFO] [stdout] 
[INFO] [stdout] 
[INFO] [stdout] error[E0433]: failed to resolve: use of undeclared crate or module `cumulus_pallet_parachain_system`
[INFO] [stdout]    --> src/mock.rs:120:23
[INFO] [stdout]     |
[INFO] [stdout] 120 |     type ConsensusHook = cumulus_pallet_parachain_system::consensus_hook::ExpectParentIncluded;
[INFO] [stdout]     |                          ^^^^^^^^^^^^^^^^^^^^^^^^^^^^^^^ use of undeclared crate or module `cumulus_pallet_parachain_system`
[INFO] [stdout] 
[INFO] [stdout] 
[INFO] [stdout] error[E0412]: cannot find type `Test` in this scope
[INFO] [stdout]   --> src/mock.rs:36:47
[INFO] [stdout]    |
[INFO] [stdout] 36 | type Block = frame_system::mocking::MockBlock<Test>;
[INFO] [stdout]    |                                               ^^^^ not found in this scope
[INFO] [stdout]    |
[INFO] [stdout] help: you might be missing a type parameter
[INFO] [stdout]    |
[INFO] [stdout] 36 | type Block<Test> = frame_system::mocking::MockBlock<Test>;
[INFO] [stdout]    |           ++++++
[INFO] [stdout] 
[INFO] [stdout] 
[INFO] [stdout] error[E0412]: cannot find type `Test` in this scope
[INFO] [stdout]   --> src/mock.rs:58:31
[INFO] [stdout]    |
[INFO] [stdout] 58 | impl frame_system::Config for Test {
[INFO] [stdout]    |                               ^^^^ not found in this scope
[INFO] [stdout] 
[INFO] [stdout] 
[INFO] [stdout] error[E0412]: cannot find type `RuntimeOrigin` in this scope
[INFO] [stdout]   --> src/mock.rs:63:23
[INFO] [stdout]    |
[INFO] [stdout] 63 |     type RuntimeOrigin = RuntimeOrigin;
[INFO] [stdout]    |                          ^^^^^^^^^^^^^
[INFO] [stdout]    |
[INFO] [stdout] help: you might have meant to use the associated type
[INFO] [stdout]    |
[INFO] [stdout] 63 |     type RuntimeOrigin = Self::RuntimeOrigin;
[INFO] [stdout]    |                          ++++++
[INFO] [stdout] 
[INFO] [stdout] 
[INFO] [stdout] error[E0412]: cannot find type `RuntimeCall` in this scope
[INFO] [stdout]   --> src/mock.rs:64:21
[INFO] [stdout]    |
[INFO] [stdout] 64 |     type RuntimeCall = RuntimeCall;
[INFO] [stdout]    |                        ^^^^^^^^^^^
[INFO] [stdout]    |
[INFO] [stdout] help: you might have meant to use the associated type
[INFO] [stdout]    |
[INFO] [stdout] 64 |     type RuntimeCall = Self::RuntimeCall;
[INFO] [stdout]    |                        ++++++
[INFO] [stdout] 
[INFO] [stdout] 
[INFO] [stdout] error[E0412]: cannot find type `RuntimeEvent` in this scope
[INFO] [stdout]   --> src/mock.rs:71:22
[INFO] [stdout]    |
[INFO] [stdout] 71 |     type RuntimeEvent = RuntimeEvent;
[INFO] [stdout]    |                         ^^^^^^^^^^^^
[INFO] [stdout]    |
[INFO] [stdout] help: you might have meant to use the associated type
[INFO] [stdout]    |
[INFO] [stdout] 71 |     type RuntimeEvent = Self::RuntimeEvent;
[INFO] [stdout]    |                         ++++++
[INFO] [stdout] 
[INFO] [stdout] 
[INFO] [stdout] error[E0412]: cannot find type `Test` in this scope
[INFO] [stdout]   --> src/mock.rs:80:69
[INFO] [stdout]    |
[INFO] [stdout] 80 |     type OnSetCode = cumulus_pallet_parachain_system::ParachainSetCode<Test>;
[INFO] [stdout]    |                                                                        ^^^^ not found in this scope
[INFO] [stdout]    |
[INFO] [stdout] help: you might be missing a type parameter
[INFO] [stdout]    |
[INFO] [stdout] 58 | impl<Test> frame_system::Config for Test {
[INFO] [stdout]    |     ++++++
[INFO] [stdout] 
[INFO] [stdout] 
[INFO] [stdout] error[E0412]: cannot find type `Test` in this scope
[INFO] [stdout]   --> src/mock.rs:91:34
[INFO] [stdout]    |
[INFO] [stdout] 91 | impl pallet_balances::Config for Test {
[INFO] [stdout]    |                                  ^^^^ not found in this scope
[INFO] [stdout] 
[INFO] [stdout] 
[INFO] [stdout] error[E0412]: cannot find type `RuntimeEvent` in this scope
[INFO] [stdout]   --> src/mock.rs:93:22
[INFO] [stdout]    |
[INFO] [stdout] 93 |     type RuntimeEvent = RuntimeEvent;
[INFO] [stdout]    |                         ^^^^^^^^^^^^ not found in this scope
[INFO] [stdout] 
[INFO] [stdout] 
[INFO] [stdout] error[E0412]: cannot find type `System` in this scope
[INFO] [stdout]    --> src/mock.rs:96:22
[INFO] [stdout]     |
[INFO] [stdout] 96  |     type AccountStore = System;
[INFO] [stdout]     |                         ^^^^^^
[INFO] [stdout]     |
[INFO] [stdout]    ::: /opt/rustwide/cargo-home/registry/src/index.crates.io-6f17d22bba15001f/polkadot-parachain-primitives-4.0.0/src/primitives.rs:217:1
[INFO] [stdout]     |
[INFO] [stdout] 217 | pub trait IsSystem {
[INFO] [stdout]     | ------------------ similarly named trait `IsSystem` defined here
[INFO] [stdout]     |
[INFO] [stdout] help: a trait with a similar name exists
[INFO] [stdout]     |
[INFO] [stdout] 96  |     type AccountStore = IsSystem;
[INFO] [stdout]     |                         ~~~~~~~~
[INFO] [stdout] help: consider importing one of these items
[INFO] [stdout]     |
[INFO] [stdout] 16  + use codec::alloc::alloc::System;
[INFO] [stdout]     |
[INFO] [stdout] 16  + use sp_std::alloc::System;
[INFO] [stdout]     |
[INFO] [stdout] 16  + use std::alloc::System;
[INFO] [stdout]     |
[INFO] [stdout] 
[INFO] [stdout] 
[INFO] [stdout] error[E0412]: cannot find type `RuntimeHoldReason` in this scope
[INFO] [stdout]    --> src/mock.rs:101:27
[INFO] [stdout]     |
[INFO] [stdout] 101 |     type RuntimeHoldReason = RuntimeHoldReason;
[INFO] [stdout]     |                              ^^^^^^^^^^^^^^^^^ not found in this scope
[INFO] [stdout] 
[INFO] [stdout] 
[INFO] [stdout] error[E0412]: cannot find type `RuntimeFreezeReason` in this scope
[INFO] [stdout]    --> src/mock.rs:102:29
[INFO] [stdout]     |
[INFO] [stdout] 102 |     type RuntimeFreezeReason = RuntimeFreezeReason;
[INFO] [stdout]     |                                ^^^^^^^^^^^^^^^^^^^ not found in this scope
[INFO] [stdout] 
[INFO] [stdout] 
[INFO] [stdout] error[E0412]: cannot find type `Test` in this scope
[INFO] [stdout]    --> src/mock.rs:108:50
[INFO] [stdout]     |
[INFO] [stdout] 108 | impl cumulus_pallet_parachain_system::Config for Test {
[INFO] [stdout]     |                                                  ^^^^ not found in this scope
[INFO] [stdout] 
[INFO] [stdout] 
[INFO] [stdout] error[E0412]: cannot find type `RuntimeEvent` in this scope
[INFO] [stdout]    --> src/mock.rs:110:22
[INFO] [stdout]     |
[INFO] [stdout] 110 |     type RuntimeEvent = RuntimeEvent;
[INFO] [stdout]     |                         ^^^^^^^^^^^^ not found in this scope
[INFO] [stdout] 
[INFO] [stdout] 
[INFO] [stdout] error[E0412]: cannot find type `XcmpQueue` in this scope
[INFO] [stdout]    --> src/mock.rs:113:35
[INFO] [stdout]     |
[INFO] [stdout] 113 |     type OutboundXcmpMessageSource = XcmpQueue;
[INFO] [stdout]     |                                      ^^^^^^^^^ not found in this scope
[INFO] [stdout] 
[INFO] [stdout] 
[INFO] [stdout] error[E0412]: cannot find type `XcmpQueue` in this scope
[INFO] [stdout]    --> src/mock.rs:117:28
[INFO] [stdout]     |
[INFO] [stdout] 117 |     type XcmpMessageHandler = XcmpQueue;
[INFO] [stdout]     |                               ^^^^^^^^^ not found in this scope
[INFO] [stdout] 
[INFO] [stdout] 
[INFO] [stdout] error[E0412]: cannot find type `Balances` in this scope
[INFO] [stdout]    --> src/mock.rs:134:2
[INFO] [stdout]     |
[INFO] [stdout] 89  | pub type Balance = u64;
[INFO] [stdout]     | ----------------------- similarly named type alias `Balance` defined here
[INFO] [stdout] ...
[INFO] [stdout] 134 |     Balances,
[INFO] [stdout]     |     ^^^^^^^^
[INFO] [stdout]     |
[INFO] [stdout] help: a type alias with a similar name exists
[INFO] [stdout]     |
[INFO] [stdout] 134 |     Balance,
[INFO] [stdout]     |     ~~~~~~~
[INFO] [stdout] help: you might be missing a type parameter
[INFO] [stdout]     |
[INFO] [stdout] 132 | pub type LocalAssetTransactor<Balances> = CurrencyAdapter<
[INFO] [stdout]     |                              ++++++++++
[INFO] [stdout] 
[INFO] [stdout] 
[INFO] [stdout] error[E0412]: cannot find type `RuntimeCall` in this scope
[INFO] [stdout]    --> src/mock.rs:149:21
[INFO] [stdout]     |
[INFO] [stdout] 149 |     type RuntimeCall = RuntimeCall;
[INFO] [stdout]     |                        ^^^^^^^^^^^
[INFO] [stdout]     |
[INFO] [stdout] help: you might have meant to use the associated type
[INFO] [stdout]     |
[INFO] [stdout] 149 |     type RuntimeCall = Self::RuntimeCall;
[INFO] [stdout]     |                        ++++++
[INFO] [stdout] 
[INFO] [stdout] 
[INFO] [stdout] error[E0412]: cannot find type `RuntimeCall` in this scope
[INFO] [stdout]    --> src/mock.rs:158:51
[INFO] [stdout]     |
[INFO] [stdout] 158 |     type Weigher = FixedWeightBounds<UnitWeightCost, RuntimeCall, MaxInstructions>;
[INFO] [stdout]     |                                                      ^^^^^^^^^^^
[INFO] [stdout]     |
[INFO] [stdout] help: you might have meant to use the associated type
[INFO] [stdout]     |
[INFO] [stdout] 158 |     type Weigher = FixedWeightBounds<UnitWeightCost, Self::RuntimeCall, MaxInstructions>;
[INFO] [stdout]     |                                                      ++++++
[INFO] [stdout] help: you might be missing a type parameter
[INFO] [stdout]     |
[INFO] [stdout] 148 | impl<RuntimeCall> xcm_executor::Config for XcmConfig {
[INFO] [stdout]     |     +++++++++++++
[INFO] [stdout] 
[INFO] [stdout] 
[INFO] [stdout] error[E0412]: cannot find type `AllPalletsWithSystem` in this scope
[INFO] [stdout]    --> src/mock.rs:164:29
[INFO] [stdout]     |
[INFO] [stdout] 164 |     type PalletInstancesInfo = AllPalletsWithSystem;
[INFO] [stdout]     |                                ^^^^^^^^^^^^^^^^^^^^ not found in this scope
[INFO] [stdout] 
[INFO] [stdout] 
[INFO] [stdout] error[E0412]: cannot find type `RuntimeCall` in this scope
[INFO] [stdout]    --> src/mock.rs:171:24
[INFO] [stdout]     |
[INFO] [stdout] 171 |     type CallDispatcher = RuntimeCall;
[INFO] [stdout]     |                           ^^^^^^^^^^^
[INFO] [stdout]     |
[INFO] [stdout] help: you might have meant to use the associated type
[INFO] [stdout]     |
[INFO] [stdout] 171 |     type CallDispatcher = Self::RuntimeCall;
[INFO] [stdout]     |                           ++++++
[INFO] [stdout] 
[INFO] [stdout] 
[INFO] [stdout] error[E0412]: cannot find type `XcmpQueue` in this scope
[INFO] [stdout]    --> src/mock.rs:178:2
[INFO] [stdout]     |
[INFO] [stdout] 178 |     XcmpQueue,
[INFO] [stdout]     |     ^^^^^^^^^ not found in this scope
[INFO] [stdout] 
[INFO] [stdout] 
[INFO] [stdout] error[E0412]: cannot find type `XcmpQueue` in this scope
[INFO] [stdout]    --> src/mock.rs:266:2
[INFO] [stdout]     |
[INFO] [stdout] 266 |     XcmpQueue,
[INFO] [stdout]     |     ^^^^^^^^^ not found in this scope
[INFO] [stdout]     |
[INFO] [stdout] help: you might be missing a type parameter
[INFO] [stdout]     |
[INFO] [stdout] 262 | pub type PriceForSiblingParachainDelivery<XcmpQueue> = polkadot_runtime_common::xcm_sender::ExponentialPrice<
[INFO] [stdout]     |                                          +++++++++++
[INFO] [stdout] 
[INFO] [stdout] 
[INFO] [stdout] error[E0412]: cannot find type `Test` in this scope
[INFO] [stdout]    --> src/mock.rs:269:17
[INFO] [stdout]     |
[INFO] [stdout] 269 | impl Config for Test {
[INFO] [stdout]     |                 ^^^^ not found in this scope
[INFO] [stdout] 
[INFO] [stdout] 
[INFO] [stdout] error[E0412]: cannot find type `RuntimeEvent` in this scope
[INFO] [stdout]    --> src/mock.rs:270:22
[INFO] [stdout]     |
[INFO] [stdout] 270 |     type RuntimeEvent = RuntimeEvent;
[INFO] [stdout]     |                         ^^^^^^^^^^^^
[INFO] [stdout]     |
[INFO] [stdout] help: you might have meant to use the associated type
[INFO] [stdout]     |
[INFO] [stdout] 270 |     type RuntimeEvent = Self::RuntimeEvent;
[INFO] [stdout]     |                         ++++++
[INFO] [stdout] 
[INFO] [stdout] 
[INFO] [stdout] error[E0412]: cannot find type `Test` in this scope
[INFO] [stdout]    --> src/mock.rs:273:48
[INFO] [stdout]     |
[INFO] [stdout] 273 |     type XcmpQueue = EnqueueToLocalStorage<Pallet<Test>>;
[INFO] [stdout]     |                                                   ^^^^ not found in this scope
[INFO] [stdout]     |
[INFO] [stdout] help: you might be missing a type parameter
[INFO] [stdout]     |
[INFO] [stdout] 269 | impl<Test> Config for Test {
[INFO] [stdout]     |     ++++++
[INFO] [stdout] 
[INFO] [stdout] 
[INFO] [stdout] error[E0412]: cannot find type `RuntimeOrigin` in this scope
[INFO] [stdout]    --> src/mock.rs:276:62
[INFO] [stdout]     |
[INFO] [stdout] 276 |     type ControllerOriginConverter = SystemParachainAsSuperuser<RuntimeOrigin>;
[INFO] [stdout]     |                                                                 ^^^^^^^^^^^^^ not found in this scope
[INFO] [stdout]     |
[INFO] [stdout] help: you might be missing a type parameter
[INFO] [stdout]     |
[INFO] [stdout] 269 | impl<RuntimeOrigin> Config for Test {
[INFO] [stdout]     |     +++++++++++++++
[INFO] [stdout] 
[INFO] [stdout] 
[INFO] [stdout] error[E0412]: cannot find type `Test` in this scope
[INFO] [stdout]    --> src/mock.rs:282:32
[INFO] [stdout]     |
[INFO] [stdout] 282 |     frame_system::GenesisConfig::<Test>::default().build_storage().unwrap().into()
[INFO] [stdout]     |                                   ^^^^ not found in this scope
[INFO] [stdout]     |
[INFO] [stdout] help: you might be missing a type parameter
[INFO] [stdout]     |
[INFO] [stdout] 281 | pub fn new_test_ext<Test>() -> sp_io::TestExternalities {
[INFO] [stdout]     |                    ++++++
[INFO] [stdout] 
[INFO] [stdout] 
[INFO] [stdout] warning: unused import: `XcmpMessageHandler`
[INFO] [stdout]   --> src/tests.rs:23:39
[INFO] [stdout]    |
[INFO] [stdout] 23 | use cumulus_primitives_core::{ParaId, XcmpMessageHandler};
[INFO] [stdout]    |                                       ^^^^^^^^^^^^^^^^^^
[INFO] [stdout]    |
[INFO] [stdout]    = note: `#[warn(unused_imports)]` on by default
[INFO] [stdout] 
[INFO] [stdout] 
[INFO] [stdout] warning: unused import: `Hooks`
[INFO] [stdout]   --> src/tests.rs:26:22
[INFO] [stdout]    |
[INFO] [stdout] 26 |     traits::{Footprint, Hooks},
[INFO] [stdout]    |                         ^^^^^
[INFO] [stdout] 
[INFO] [stdout] 
[INFO] [stdout] error[E0433]: failed to resolve: use of undeclared crate or module `pallet_balances`
[INFO] [stdout]   --> src/mock.rs:75:21
[INFO] [stdout]    |
[INFO] [stdout] 75 |     type AccountData = pallet_balances::AccountData<u64>;
[INFO] [stdout]    |                        ^^^^^^^^^^^^^^^ use of undeclared crate or module `pallet_balances`
[INFO] [stdout] 
[INFO] [stdout] 
[INFO] [stdout] error[E0433]: failed to resolve: use of undeclared crate or module `cumulus_pallet_parachain_system`
[INFO] [stdout]   --> src/mock.rs:80:19
[INFO] [stdout]    |
[INFO] [stdout] 80 |     type OnSetCode = cumulus_pallet_parachain_system::ParachainSetCode<Test>;
[INFO] [stdout]    |                      ^^^^^^^^^^^^^^^^^^^^^^^^^^^^^^^ use of undeclared crate or module `cumulus_pallet_parachain_system`
[INFO] [stdout] 
[INFO] [stdout] 
[INFO] [stdout] error[E0433]: failed to resolve: use of undeclared crate or module `pallet_balances`
[INFO] [stdout]   --> src/mock.rs:91:6
[INFO] [stdout]    |
[INFO] [stdout] 91 | impl pallet_balances::Config for Test {
[INFO] [stdout]    |      ^^^^^^^^^^^^^^^ use of undeclared crate or module `pallet_balances`
[INFO] [stdout] 
[INFO] [stdout] 
[INFO] [stdout] error[E0433]: failed to resolve: use of undeclared crate or module `cumulus_pallet_parachain_system`
[INFO] [stdout]    --> src/mock.rs:108:6
[INFO] [stdout]     |
[INFO] [stdout] 108 | impl cumulus_pallet_parachain_system::Config for Test {
[INFO] [stdout]     |      ^^^^^^^^^^^^^^^^^^^^^^^^^^^^^^^ use of undeclared crate or module `cumulus_pallet_parachain_system`
[INFO] [stdout] 
[INFO] [stdout] 
[INFO] [stdout] error[E0433]: failed to resolve: use of undeclared type `ParachainSystem`
[INFO] [stdout]    --> src/mock.rs:295:3
[INFO] [stdout]     |
[INFO] [stdout] 295 |         ParachainSystem::get_channel_status(id)
[INFO] [stdout]     |         ^^^^^^^^^^^^^^^ use of undeclared type `ParachainSystem`
[INFO] [stdout] 
[INFO] [stdout] 
[INFO] [stdout] error[E0433]: failed to resolve: use of undeclared type `ParachainSystem`
[INFO] [stdout]    --> src/mock.rs:309:3
[INFO] [stdout]     |
[INFO] [stdout] 309 |         ParachainSystem::get_channel_info(id)
[INFO] [stdout]     |         ^^^^^^^^^^^^^^^ use of undeclared type `ParachainSystem`
[INFO] [stdout] 
[INFO] [stdout] 
[INFO] [stdout] error: aborting due to 42 previous errors; 2 warnings emitted
[INFO] [stdout] 
[INFO] [stdout] 
[INFO] [stdout] Some errors have detailed explanations: E0412, E0432, E0433.
[INFO] [stdout] 
[INFO] [stdout] For more information about an error, try `rustc --explain E0412`.
[INFO] [stdout] 
[INFO] [stderr] error: could not compile `cumulus-pallet-xcmp-queue` (lib test) due to 43 previous errors; 2 warnings emitted
[INFO] running `Command { std: "docker" "inspect" "5c500922f5522b77932f84980a646f8fe650394ae01879616d112e1bf4ace657", kill_on_drop: false }`
[INFO] running `Command { std: "docker" "rm" "-f" "5c500922f5522b77932f84980a646f8fe650394ae01879616d112e1bf4ace657", kill_on_drop: false }`
[INFO] [stdout] 5c500922f5522b77932f84980a646f8fe650394ae01879616d112e1bf4ace657
