[INFO] fetching crate csharp_binder 0.3.1...
[INFO] testing csharp_binder-0.3.1 against 1.75.0 for beta-1.76-1
[INFO] extracting crate csharp_binder 0.3.1 into /workspace/builds/worker-5-tc1/source
[INFO] validating manifest of crates.io crate csharp_binder 0.3.1 on toolchain 1.75.0
[INFO] running `Command { std: CARGO_HOME="/workspace/cargo-home" RUSTUP_HOME="/workspace/rustup-home" "/workspace/cargo-home/bin/cargo" "+1.75.0" "metadata" "--manifest-path" "Cargo.toml" "--no-deps", kill_on_drop: false }`
[INFO] started tweaking crates.io crate csharp_binder 0.3.1
[INFO] finished tweaking crates.io crate csharp_binder 0.3.1
[INFO] tweaked toml for crates.io crate csharp_binder 0.3.1 written to /workspace/builds/worker-5-tc1/source/Cargo.toml
[INFO] running `Command { std: CARGO_HOME="/workspace/cargo-home" RUSTUP_HOME="/workspace/rustup-home" "/workspace/cargo-home/bin/cargo" "+1.75.0" "generate-lockfile" "--manifest-path" "Cargo.toml", kill_on_drop: false }`
[INFO] [stderr]     Updating crates.io index
[INFO] running `Command { std: CARGO_HOME="/workspace/cargo-home" RUSTUP_HOME="/workspace/rustup-home" "/workspace/cargo-home/bin/cargo" "+1.75.0" "fetch" "--manifest-path" "Cargo.toml", kill_on_drop: false }`
[INFO] running `Command { std: "docker" "create" "-v" "/var/lib/crater-agent-workspace/builds/worker-5-tc1/target:/opt/rustwide/target:rw,Z" "-v" "/var/lib/crater-agent-workspace/builds/worker-5-tc1/source:/opt/rustwide/workdir:ro,Z" "-v" "/var/lib/crater-agent-workspace/cargo-home:/opt/rustwide/cargo-home:ro,Z" "-v" "/var/lib/crater-agent-workspace/rustup-home:/opt/rustwide/rustup-home:ro,Z" "-e" "SOURCE_DIR=/opt/rustwide/workdir" "-e" "CARGO_TARGET_DIR=/opt/rustwide/target" "-e" "CARGO_HOME=/opt/rustwide/cargo-home" "-e" "RUSTUP_HOME=/opt/rustwide/rustup-home" "-w" "/opt/rustwide/workdir" "-m" "1610612736" "--user" "0:0" "--network" "none" "ghcr.io/rust-lang/crates-build-env/linux@sha256:2788e3201cd34a07e3172128adcd8b3090168a8e3bcc40d7c032b9dda1df7d1c" "/opt/rustwide/cargo-home/bin/cargo" "+1.75.0" "metadata" "--no-deps" "--format-version=1", kill_on_drop: false }`
[INFO] [stdout] b0440aee345bb08f08412282e69d5fa25949307acb08adef9b3979aeb7b3f7f2
[INFO] running `Command { std: "docker" "start" "-a" "b0440aee345bb08f08412282e69d5fa25949307acb08adef9b3979aeb7b3f7f2", kill_on_drop: false }`
[INFO] running `Command { std: "docker" "inspect" "b0440aee345bb08f08412282e69d5fa25949307acb08adef9b3979aeb7b3f7f2", kill_on_drop: false }`
[INFO] running `Command { std: "docker" "rm" "-f" "b0440aee345bb08f08412282e69d5fa25949307acb08adef9b3979aeb7b3f7f2", kill_on_drop: false }`
[INFO] [stdout] b0440aee345bb08f08412282e69d5fa25949307acb08adef9b3979aeb7b3f7f2
[INFO] running `Command { std: "docker" "create" "-v" "/var/lib/crater-agent-workspace/builds/worker-5-tc1/target:/opt/rustwide/target:rw,Z" "-v" "/var/lib/crater-agent-workspace/builds/worker-5-tc1/source:/opt/rustwide/workdir:ro,Z" "-v" "/var/lib/crater-agent-workspace/cargo-home:/opt/rustwide/cargo-home:ro,Z" "-v" "/var/lib/crater-agent-workspace/rustup-home:/opt/rustwide/rustup-home:ro,Z" "-e" "SOURCE_DIR=/opt/rustwide/workdir" "-e" "CARGO_TARGET_DIR=/opt/rustwide/target" "-e" "CARGO_INCREMENTAL=0" "-e" "RUST_BACKTRACE=full" "-e" "RUSTFLAGS=--cap-lints=warn" "-e" "RUSTDOCFLAGS=--cap-lints=warn" "-e" "CARGO_HOME=/opt/rustwide/cargo-home" "-e" "RUSTUP_HOME=/opt/rustwide/rustup-home" "-w" "/opt/rustwide/workdir" "-m" "1610612736" "--user" "0:0" "--network" "none" "ghcr.io/rust-lang/crates-build-env/linux@sha256:2788e3201cd34a07e3172128adcd8b3090168a8e3bcc40d7c032b9dda1df7d1c" "/opt/rustwide/cargo-home/bin/cargo" "+1.75.0" "build" "--frozen" "--message-format=json", kill_on_drop: false }`
[INFO] [stdout] e9471892171646aed843029da974ae936a4bd2fd3b06a2d22cdbdc337598a28e
[INFO] running `Command { std: "docker" "start" "-a" "e9471892171646aed843029da974ae936a4bd2fd3b06a2d22cdbdc337598a28e", kill_on_drop: false }`
[INFO] [stderr]    Compiling proc-macro2 v1.0.75
[INFO] [stderr]    Compiling unicode-ident v1.0.12
[INFO] [stderr]    Compiling syn v1.0.109
[INFO] [stderr]    Compiling quote v1.0.35
[INFO] [stderr]    Compiling csharp_binder v0.3.1 (/opt/rustwide/workdir)
[INFO] [stdout] error[E0599]: no variant or associated item named `__TestExhaustive` found for enum `syn::Item` in the current scope
[INFO] [stdout]    --> src/builder.rs:183:15
[INFO] [stdout]     |
[INFO] [stdout] 183 |         Item::__TestExhaustive(_) => {}
[INFO] [stdout]     |               ^^^^^^^^^^^^^^^^ variant or associated item not found in `syn::Item`
[INFO] [stdout] 
[INFO] [stdout] 
[INFO] [stdout] error[E0599]: no variant or associated item named `__TestExhaustive` found for enum `syn::Type` in the current scope
[INFO] [stdout]    --> src/builder.rs:654:15
[INFO] [stdout]     |
[INFO] [stdout] 654 |         Type::__TestExhaustive(_) => unreachable!(),
[INFO] [stdout]     |               ^^^^^^^^^^^^^^^^ variant or associated item not found in `syn::Type`
[INFO] [stdout] 
[INFO] [stdout] 
[INFO] [stdout] error: aborting due to 2 previous errors
[INFO] [stdout] 
[INFO] [stdout] 
[INFO] [stdout] For more information about this error, try `rustc --explain E0599`.
[INFO] [stdout] 
[INFO] [stderr] error: could not compile `csharp_binder` (lib) due to 3 previous errors
[INFO] [stderr] warning: build failed, waiting for other jobs to finish...
[INFO] running `Command { std: "docker" "inspect" "e9471892171646aed843029da974ae936a4bd2fd3b06a2d22cdbdc337598a28e", kill_on_drop: false }`
[INFO] running `Command { std: "docker" "rm" "-f" "e9471892171646aed843029da974ae936a4bd2fd3b06a2d22cdbdc337598a28e", kill_on_drop: false }`
[INFO] [stdout] e9471892171646aed843029da974ae936a4bd2fd3b06a2d22cdbdc337598a28e
[INFO] testing csharp_binder-0.3.1 against beta-2023-12-22 for beta-1.76-1
[INFO] extracting crate csharp_binder 0.3.1 into /workspace/builds/worker-5-tc2/source
[INFO] validating manifest of crates.io crate csharp_binder 0.3.1 on toolchain beta-2023-12-22
[INFO] running `Command { std: CARGO_HOME="/workspace/cargo-home" RUSTUP_HOME="/workspace/rustup-home" "/workspace/cargo-home/bin/cargo" "+beta-2023-12-22" "metadata" "--manifest-path" "Cargo.toml" "--no-deps", kill_on_drop: false }`
[INFO] started tweaking crates.io crate csharp_binder 0.3.1
[INFO] finished tweaking crates.io crate csharp_binder 0.3.1
[INFO] tweaked toml for crates.io crate csharp_binder 0.3.1 written to /workspace/builds/worker-5-tc2/source/Cargo.toml
[INFO] running `Command { std: CARGO_HOME="/workspace/cargo-home" RUSTUP_HOME="/workspace/rustup-home" "/workspace/cargo-home/bin/cargo" "+beta-2023-12-22" "generate-lockfile" "--manifest-path" "Cargo.toml", kill_on_drop: false }`
[INFO] [stderr]     Updating crates.io index
[INFO] running `Command { std: CARGO_HOME="/workspace/cargo-home" RUSTUP_HOME="/workspace/rustup-home" "/workspace/cargo-home/bin/cargo" "+beta-2023-12-22" "fetch" "--manifest-path" "Cargo.toml", kill_on_drop: false }`
[INFO] running `Command { std: "docker" "create" "-v" "/var/lib/crater-agent-workspace/builds/worker-5-tc2/target:/opt/rustwide/target:rw,Z" "-v" "/var/lib/crater-agent-workspace/builds/worker-5-tc2/source:/opt/rustwide/workdir:ro,Z" "-v" "/var/lib/crater-agent-workspace/cargo-home:/opt/rustwide/cargo-home:ro,Z" "-v" "/var/lib/crater-agent-workspace/rustup-home:/opt/rustwide/rustup-home:ro,Z" "-e" "SOURCE_DIR=/opt/rustwide/workdir" "-e" "CARGO_TARGET_DIR=/opt/rustwide/target" "-e" "CARGO_HOME=/opt/rustwide/cargo-home" "-e" "RUSTUP_HOME=/opt/rustwide/rustup-home" "-w" "/opt/rustwide/workdir" "-m" "1610612736" "--user" "0:0" "--network" "none" "ghcr.io/rust-lang/crates-build-env/linux@sha256:2788e3201cd34a07e3172128adcd8b3090168a8e3bcc40d7c032b9dda1df7d1c" "/opt/rustwide/cargo-home/bin/cargo" "+beta-2023-12-22" "metadata" "--no-deps" "--format-version=1", kill_on_drop: false }`
[INFO] [stdout] 346a7cf8cfc3a89cd67463129c8601298b105c929ae5836b83e160863b42901c
[INFO] running `Command { std: "docker" "start" "-a" "346a7cf8cfc3a89cd67463129c8601298b105c929ae5836b83e160863b42901c", kill_on_drop: false }`
[INFO] running `Command { std: "docker" "inspect" "346a7cf8cfc3a89cd67463129c8601298b105c929ae5836b83e160863b42901c", kill_on_drop: false }`
[INFO] running `Command { std: "docker" "rm" "-f" "346a7cf8cfc3a89cd67463129c8601298b105c929ae5836b83e160863b42901c", kill_on_drop: false }`
[INFO] [stdout] 346a7cf8cfc3a89cd67463129c8601298b105c929ae5836b83e160863b42901c
[INFO] running `Command { std: "docker" "create" "-v" "/var/lib/crater-agent-workspace/builds/worker-5-tc2/target:/opt/rustwide/target:rw,Z" "-v" "/var/lib/crater-agent-workspace/builds/worker-5-tc2/source:/opt/rustwide/workdir:ro,Z" "-v" "/var/lib/crater-agent-workspace/cargo-home:/opt/rustwide/cargo-home:ro,Z" "-v" "/var/lib/crater-agent-workspace/rustup-home:/opt/rustwide/rustup-home:ro,Z" "-e" "SOURCE_DIR=/opt/rustwide/workdir" "-e" "CARGO_TARGET_DIR=/opt/rustwide/target" "-e" "CARGO_INCREMENTAL=0" "-e" "RUST_BACKTRACE=full" "-e" "RUSTFLAGS=--cap-lints=warn" "-e" "RUSTDOCFLAGS=--cap-lints=warn" "-e" "CARGO_HOME=/opt/rustwide/cargo-home" "-e" "RUSTUP_HOME=/opt/rustwide/rustup-home" "-w" "/opt/rustwide/workdir" "-m" "1610612736" "--user" "0:0" "--network" "none" "ghcr.io/rust-lang/crates-build-env/linux@sha256:2788e3201cd34a07e3172128adcd8b3090168a8e3bcc40d7c032b9dda1df7d1c" "/opt/rustwide/cargo-home/bin/cargo" "+beta-2023-12-22" "build" "--frozen" "--message-format=json", kill_on_drop: false }`
[INFO] [stdout] 9da0505aa2aa4d5cb8e907a95b5d50ed883a2e9f892d1bf9fe1d58795d62af0e
[INFO] running `Command { std: "docker" "start" "-a" "9da0505aa2aa4d5cb8e907a95b5d50ed883a2e9f892d1bf9fe1d58795d62af0e", kill_on_drop: false }`
[INFO] [stderr]    Compiling proc-macro2 v1.0.75
[INFO] [stderr]    Compiling unicode-ident v1.0.12
[INFO] [stderr]    Compiling syn v1.0.109
[INFO] [stderr]    Compiling quote v1.0.35
[INFO] [stderr]    Compiling csharp_binder v0.3.1 (/opt/rustwide/workdir)
[INFO] [stdout] error[E0599]: no variant or associated item named `__TestExhaustive` found for enum `syn::Item` in the current scope
[INFO] [stdout]    --> src/builder.rs:183:15
[INFO] [stdout]     |
[INFO] [stdout] 183 |         Item::__TestExhaustive(_) => {}
[INFO] [stdout]     |               ^^^^^^^^^^^^^^^^ variant or associated item not found in `syn::Item`
[INFO] [stdout] 
[INFO] [stdout] 
[INFO] [stdout] error[E0599]: no variant or associated item named `__TestExhaustive` found for enum `syn::Type` in the current scope
[INFO] [stdout]    --> src/builder.rs:654:15
[INFO] [stdout]     |
[INFO] [stdout] 654 |         Type::__TestExhaustive(_) => unreachable!(),
[INFO] [stdout]     |               ^^^^^^^^^^^^^^^^ variant or associated item not found in `syn::Type`
[INFO] [stdout] 
[INFO] [stdout] 
[INFO] [stdout] error: aborting due to 2 previous errors
[INFO] [stdout] 
[INFO] [stdout] 
[INFO] [stdout] For more information about this error, try `rustc --explain E0599`.
[INFO] [stdout] 
[INFO] [stderr] error: could not compile `csharp_binder` (lib) due to 3 previous errors
[INFO] [stderr] warning: build failed, waiting for other jobs to finish...
[INFO] running `Command { std: "docker" "inspect" "9da0505aa2aa4d5cb8e907a95b5d50ed883a2e9f892d1bf9fe1d58795d62af0e", kill_on_drop: false }`
[INFO] running `Command { std: "docker" "rm" "-f" "9da0505aa2aa4d5cb8e907a95b5d50ed883a2e9f892d1bf9fe1d58795d62af0e", kill_on_drop: false }`
[INFO] [stdout] 9da0505aa2aa4d5cb8e907a95b5d50ed883a2e9f892d1bf9fe1d58795d62af0e
