[INFO] fetching crate cryptonote-crypto 0.2.2...
[INFO] testing cryptonote-crypto-0.2.2 against 1.75.0 for beta-1.76-1
[INFO] extracting crate cryptonote-crypto 0.2.2 into /workspace/builds/worker-0-tc1/source
[INFO] validating manifest of crates.io crate cryptonote-crypto 0.2.2 on toolchain 1.75.0
[INFO] running `Command { std: CARGO_HOME="/workspace/cargo-home" RUSTUP_HOME="/workspace/rustup-home" "/workspace/cargo-home/bin/cargo" "+1.75.0" "metadata" "--manifest-path" "Cargo.toml" "--no-deps", kill_on_drop: false }`
[INFO] started tweaking crates.io crate cryptonote-crypto 0.2.2
[INFO] finished tweaking crates.io crate cryptonote-crypto 0.2.2
[INFO] tweaked toml for crates.io crate cryptonote-crypto 0.2.2 written to /workspace/builds/worker-0-tc1/source/Cargo.toml
[INFO] running `Command { std: CARGO_HOME="/workspace/cargo-home" RUSTUP_HOME="/workspace/rustup-home" "/workspace/cargo-home/bin/cargo" "+1.75.0" "generate-lockfile" "--manifest-path" "Cargo.toml", kill_on_drop: false }`
[INFO] [stderr]     Updating crates.io index
[INFO] running `Command { std: CARGO_HOME="/workspace/cargo-home" RUSTUP_HOME="/workspace/rustup-home" "/workspace/cargo-home/bin/cargo" "+1.75.0" "fetch" "--manifest-path" "Cargo.toml", kill_on_drop: false }`
[INFO] [stderr]  Downloading crates ...
[INFO] [stderr]   Downloaded blake v2.0.2
[INFO] [stderr]   Downloaded keystream v1.0.0
[INFO] [stderr]   Downloaded groestl v0.8.0
[INFO] [stderr]   Downloaded byteorder v0.4.2
[INFO] [stderr]   Downloaded clear_on_drop v0.2.5
[INFO] [stderr]   Downloaded jh-ffi v0.5.0
[INFO] [stderr]   Downloaded cryptonight v0.1.0
[INFO] [stderr]   Downloaded curve25519-dalek v1.2.6
[INFO] [stderr]   Downloaded skein-ffi v0.5.0
[INFO] [stderr]   Downloaded chacha v0.1.0
[INFO] running `Command { std: "docker" "create" "-v" "/var/lib/crater-agent-workspace/builds/worker-0-tc1/target:/opt/rustwide/target:rw,Z" "-v" "/var/lib/crater-agent-workspace/builds/worker-0-tc1/source:/opt/rustwide/workdir:ro,Z" "-v" "/var/lib/crater-agent-workspace/cargo-home:/opt/rustwide/cargo-home:ro,Z" "-v" "/var/lib/crater-agent-workspace/rustup-home:/opt/rustwide/rustup-home:ro,Z" "-e" "SOURCE_DIR=/opt/rustwide/workdir" "-e" "CARGO_TARGET_DIR=/opt/rustwide/target" "-e" "CARGO_HOME=/opt/rustwide/cargo-home" "-e" "RUSTUP_HOME=/opt/rustwide/rustup-home" "-w" "/opt/rustwide/workdir" "-m" "1610612736" "--user" "0:0" "--network" "none" "ghcr.io/rust-lang/crates-build-env/linux@sha256:2788e3201cd34a07e3172128adcd8b3090168a8e3bcc40d7c032b9dda1df7d1c" "/opt/rustwide/cargo-home/bin/cargo" "+1.75.0" "metadata" "--no-deps" "--format-version=1", kill_on_drop: false }`
[INFO] [stdout] 3040dd5deb1505b975766e8cf30f06092c27cd896fe59d722939caf5cf2b5a0c
[INFO] running `Command { std: "docker" "start" "-a" "3040dd5deb1505b975766e8cf30f06092c27cd896fe59d722939caf5cf2b5a0c", kill_on_drop: false }`
[INFO] running `Command { std: "docker" "inspect" "3040dd5deb1505b975766e8cf30f06092c27cd896fe59d722939caf5cf2b5a0c", kill_on_drop: false }`
[INFO] running `Command { std: "docker" "rm" "-f" "3040dd5deb1505b975766e8cf30f06092c27cd896fe59d722939caf5cf2b5a0c", kill_on_drop: false }`
[INFO] [stdout] 3040dd5deb1505b975766e8cf30f06092c27cd896fe59d722939caf5cf2b5a0c
[INFO] running `Command { std: "docker" "create" "-v" "/var/lib/crater-agent-workspace/builds/worker-0-tc1/target:/opt/rustwide/target:rw,Z" "-v" "/var/lib/crater-agent-workspace/builds/worker-0-tc1/source:/opt/rustwide/workdir:ro,Z" "-v" "/var/lib/crater-agent-workspace/cargo-home:/opt/rustwide/cargo-home:ro,Z" "-v" "/var/lib/crater-agent-workspace/rustup-home:/opt/rustwide/rustup-home:ro,Z" "-e" "SOURCE_DIR=/opt/rustwide/workdir" "-e" "CARGO_TARGET_DIR=/opt/rustwide/target" "-e" "CARGO_INCREMENTAL=0" "-e" "RUST_BACKTRACE=full" "-e" "RUSTFLAGS=--cap-lints=warn" "-e" "RUSTDOCFLAGS=--cap-lints=warn" "-e" "CARGO_HOME=/opt/rustwide/cargo-home" "-e" "RUSTUP_HOME=/opt/rustwide/rustup-home" "-w" "/opt/rustwide/workdir" "-m" "1610612736" "--user" "0:0" "--network" "none" "ghcr.io/rust-lang/crates-build-env/linux@sha256:2788e3201cd34a07e3172128adcd8b3090168a8e3bcc40d7c032b9dda1df7d1c" "/opt/rustwide/cargo-home/bin/cargo" "+1.75.0" "build" "--frozen" "--message-format=json", kill_on_drop: false }`
[INFO] [stdout] 8f22fc3b06322bfaddca3bff05e614fd23e6504e317e8ce6bd0c414443f01ac6
[INFO] running `Command { std: "docker" "start" "-a" "8f22fc3b06322bfaddca3bff05e614fd23e6504e317e8ce6bd0c414443f01ac6", kill_on_drop: false }`
[INFO] [stderr]    Compiling cc v1.0.83
[INFO] [stderr]    Compiling typenum v1.17.0
[INFO] [stderr]    Compiling rand_core v0.3.1
[INFO] [stderr]    Compiling byteorder v1.5.0
[INFO] [stderr]    Compiling byte-tools v0.3.1
[INFO] [stderr]    Compiling subtle v2.5.0
[INFO] [stderr]    Compiling opaque-debug v0.2.3
[INFO] [stderr]    Compiling rand_os v0.1.3
[INFO] [stderr]    Compiling cryptonote-crypto v0.2.2 (/opt/rustwide/workdir)
[INFO] [stderr]    Compiling keccak v0.1.4
[INFO] [stderr]    Compiling keystream v1.0.0
[INFO] [stderr]    Compiling byteorder v0.4.2
[INFO] [stderr]    Compiling crunchy v0.2.2
[INFO] [stderr]    Compiling hex v0.3.2
[INFO] [stderr]    Compiling block-padding v0.1.5
[INFO] [stderr]    Compiling rand v0.6.5
[INFO] [stderr]    Compiling rand_chacha v0.1.1
[INFO] [stderr]    Compiling tiny-keccak v1.5.0
[INFO] [stderr]    Compiling rand_hc v0.1.0
[INFO] [stdout] error[E0463]: can't find crate for `cc`
[INFO] [stdout]  --> src/build.rs:3:1
[INFO] [stdout]   |
[INFO] [stdout] 3 | extern crate cc;
[INFO] [stdout]   | ^^^^^^^^^^^^^^^^ can't find crate
[INFO] [stdout] 
[INFO] [stdout] 
[INFO] [stdout] error[E0554]: `#![feature]` may not be used on the stable release channel
[INFO] [stdout]  --> src/build.rs:1:1
[INFO] [stdout]   |
[INFO] [stdout] 1 | #![feature(rustc_private)]
[INFO] [stdout]   | ^^^^^^^^^^^^^^^^^^^^^^^^^^
[INFO] [stdout] 
[INFO] [stdout] 
[INFO] [stderr]    Compiling rand_isaac v0.1.1
[INFO] [stdout] error: aborting due to 2 previous errors
[INFO] [stdout] 
[INFO] [stdout] 
[INFO] [stdout] Some errors have detailed explanations: E0463, E0554.
[INFO] [stdout] 
[INFO] [stdout] For more information about an error, try `rustc --explain E0463`.
[INFO] [stdout] 
[INFO] [stderr] error: could not compile `cryptonote-crypto` (build script) due to 3 previous errors
[INFO] [stderr] warning: build failed, waiting for other jobs to finish...
[INFO] running `Command { std: "docker" "inspect" "8f22fc3b06322bfaddca3bff05e614fd23e6504e317e8ce6bd0c414443f01ac6", kill_on_drop: false }`
[INFO] running `Command { std: "docker" "rm" "-f" "8f22fc3b06322bfaddca3bff05e614fd23e6504e317e8ce6bd0c414443f01ac6", kill_on_drop: false }`
[INFO] [stdout] 8f22fc3b06322bfaddca3bff05e614fd23e6504e317e8ce6bd0c414443f01ac6
[INFO] testing cryptonote-crypto-0.2.2 against beta-2023-12-22 for beta-1.76-1
[INFO] extracting crate cryptonote-crypto 0.2.2 into /workspace/builds/worker-0-tc2/source
[INFO] validating manifest of crates.io crate cryptonote-crypto 0.2.2 on toolchain beta-2023-12-22
[INFO] running `Command { std: CARGO_HOME="/workspace/cargo-home" RUSTUP_HOME="/workspace/rustup-home" "/workspace/cargo-home/bin/cargo" "+beta-2023-12-22" "metadata" "--manifest-path" "Cargo.toml" "--no-deps", kill_on_drop: false }`
[INFO] started tweaking crates.io crate cryptonote-crypto 0.2.2
[INFO] finished tweaking crates.io crate cryptonote-crypto 0.2.2
[INFO] tweaked toml for crates.io crate cryptonote-crypto 0.2.2 written to /workspace/builds/worker-0-tc2/source/Cargo.toml
[INFO] running `Command { std: CARGO_HOME="/workspace/cargo-home" RUSTUP_HOME="/workspace/rustup-home" "/workspace/cargo-home/bin/cargo" "+beta-2023-12-22" "generate-lockfile" "--manifest-path" "Cargo.toml", kill_on_drop: false }`
[INFO] [stderr]     Updating crates.io index
[INFO] running `Command { std: CARGO_HOME="/workspace/cargo-home" RUSTUP_HOME="/workspace/rustup-home" "/workspace/cargo-home/bin/cargo" "+beta-2023-12-22" "fetch" "--manifest-path" "Cargo.toml", kill_on_drop: false }`
[INFO] running `Command { std: "docker" "create" "-v" "/var/lib/crater-agent-workspace/builds/worker-0-tc2/target:/opt/rustwide/target:rw,Z" "-v" "/var/lib/crater-agent-workspace/builds/worker-0-tc2/source:/opt/rustwide/workdir:ro,Z" "-v" "/var/lib/crater-agent-workspace/cargo-home:/opt/rustwide/cargo-home:ro,Z" "-v" "/var/lib/crater-agent-workspace/rustup-home:/opt/rustwide/rustup-home:ro,Z" "-e" "SOURCE_DIR=/opt/rustwide/workdir" "-e" "CARGO_TARGET_DIR=/opt/rustwide/target" "-e" "CARGO_HOME=/opt/rustwide/cargo-home" "-e" "RUSTUP_HOME=/opt/rustwide/rustup-home" "-w" "/opt/rustwide/workdir" "-m" "1610612736" "--user" "0:0" "--network" "none" "ghcr.io/rust-lang/crates-build-env/linux@sha256:2788e3201cd34a07e3172128adcd8b3090168a8e3bcc40d7c032b9dda1df7d1c" "/opt/rustwide/cargo-home/bin/cargo" "+beta-2023-12-22" "metadata" "--no-deps" "--format-version=1", kill_on_drop: false }`
[INFO] [stdout] b95a238f3b70a44d08b58285ba6806278ac297c9f3a22fc8e9a372a50756a045
[INFO] running `Command { std: "docker" "start" "-a" "b95a238f3b70a44d08b58285ba6806278ac297c9f3a22fc8e9a372a50756a045", kill_on_drop: false }`
[INFO] running `Command { std: "docker" "inspect" "b95a238f3b70a44d08b58285ba6806278ac297c9f3a22fc8e9a372a50756a045", kill_on_drop: false }`
[INFO] running `Command { std: "docker" "rm" "-f" "b95a238f3b70a44d08b58285ba6806278ac297c9f3a22fc8e9a372a50756a045", kill_on_drop: false }`
[INFO] [stdout] b95a238f3b70a44d08b58285ba6806278ac297c9f3a22fc8e9a372a50756a045
[INFO] running `Command { std: "docker" "create" "-v" "/var/lib/crater-agent-workspace/builds/worker-0-tc2/target:/opt/rustwide/target:rw,Z" "-v" "/var/lib/crater-agent-workspace/builds/worker-0-tc2/source:/opt/rustwide/workdir:ro,Z" "-v" "/var/lib/crater-agent-workspace/cargo-home:/opt/rustwide/cargo-home:ro,Z" "-v" "/var/lib/crater-agent-workspace/rustup-home:/opt/rustwide/rustup-home:ro,Z" "-e" "SOURCE_DIR=/opt/rustwide/workdir" "-e" "CARGO_TARGET_DIR=/opt/rustwide/target" "-e" "CARGO_INCREMENTAL=0" "-e" "RUST_BACKTRACE=full" "-e" "RUSTFLAGS=--cap-lints=warn" "-e" "RUSTDOCFLAGS=--cap-lints=warn" "-e" "CARGO_HOME=/opt/rustwide/cargo-home" "-e" "RUSTUP_HOME=/opt/rustwide/rustup-home" "-w" "/opt/rustwide/workdir" "-m" "1610612736" "--user" "0:0" "--network" "none" "ghcr.io/rust-lang/crates-build-env/linux@sha256:2788e3201cd34a07e3172128adcd8b3090168a8e3bcc40d7c032b9dda1df7d1c" "/opt/rustwide/cargo-home/bin/cargo" "+beta-2023-12-22" "build" "--frozen" "--message-format=json", kill_on_drop: false }`
[INFO] [stdout] 8bdd052d10d2907ef705f2169d3b27564dd51d0b40ee9b8b931e4bb56057398b
[INFO] running `Command { std: "docker" "start" "-a" "8bdd052d10d2907ef705f2169d3b27564dd51d0b40ee9b8b931e4bb56057398b", kill_on_drop: false }`
[INFO] [stderr]    Compiling typenum v1.17.0
[INFO] [stderr]    Compiling byteorder v1.5.0
[INFO] [stderr]    Compiling byte-tools v0.3.1
[INFO] [stderr]    Compiling subtle v2.5.0
[INFO] [stderr]    Compiling opaque-debug v0.2.3
[INFO] [stderr]    Compiling byteorder v0.4.2
[INFO] [stderr]    Compiling keystream v1.0.0
[INFO] [stderr]    Compiling keccak v0.1.4
[INFO] [stderr]    Compiling cryptonote-crypto v0.2.2 (/opt/rustwide/workdir)
[INFO] [stderr]    Compiling hex v0.3.2
[INFO] [stderr]    Compiling rand_core v0.3.1
[INFO] [stderr]    Compiling crunchy v0.2.2
[INFO] [stderr]    Compiling cc v1.0.83
[INFO] [stderr]    Compiling rand v0.6.5
[INFO] [stderr]    Compiling rand_os v0.1.3
[INFO] [stderr]    Compiling block-padding v0.1.5
[INFO] [stdout] error[E0463]: can't find crate for `cc`
[INFO] [stdout]  --> src/build.rs:3:1
[INFO] [stdout]   |
[INFO] [stdout] 3 | extern crate cc;
[INFO] [stdout]   | ^^^^^^^^^^^^^^^^ can't find crate
[INFO] [stdout] 
[INFO] [stdout] 
[INFO] [stdout] error[E0554]: `#![feature]` may not be used on the beta release channel
[INFO] [stdout]  --> src/build.rs:1:1
[INFO] [stdout]   |
[INFO] [stdout] 1 | #![feature(rustc_private)]
[INFO] [stdout]   | ^^^^^^^^^^^^^^^^^^^^^^^^^^
[INFO] [stdout] 
[INFO] [stdout] 
[INFO] [stderr]    Compiling rand_xorshift v0.1.1
[INFO] [stderr]    Compiling rand_hc v0.1.0
[INFO] [stderr]    Compiling rand_isaac v0.1.1
[INFO] [stdout] error: aborting due to 2 previous errors
[INFO] [stdout] 
[INFO] [stdout] 
[INFO] [stdout] Some errors have detailed explanations: E0463, E0554.
[INFO] [stdout] 
[INFO] [stdout] For more information about an error, try `rustc --explain E0463`.
[INFO] [stdout] 
[INFO] [stderr] error: could not compile `cryptonote-crypto` (build script) due to 3 previous errors
[INFO] [stderr] warning: build failed, waiting for other jobs to finish...
[INFO] running `Command { std: "docker" "inspect" "8bdd052d10d2907ef705f2169d3b27564dd51d0b40ee9b8b931e4bb56057398b", kill_on_drop: false }`
[INFO] running `Command { std: "docker" "rm" "-f" "8bdd052d10d2907ef705f2169d3b27564dd51d0b40ee9b8b931e4bb56057398b", kill_on_drop: false }`
[INFO] [stdout] 8bdd052d10d2907ef705f2169d3b27564dd51d0b40ee9b8b931e4bb56057398b
