[INFO] fetching crate crypto-ws-client 4.12.11...
[INFO] testing crypto-ws-client-4.12.11 against 1.75.0 for beta-1.76-1
[INFO] extracting crate crypto-ws-client 4.12.11 into /workspace/builds/worker-1-tc1/source
[INFO] validating manifest of crates.io crate crypto-ws-client 4.12.11 on toolchain 1.75.0
[INFO] running `Command { std: CARGO_HOME="/workspace/cargo-home" RUSTUP_HOME="/workspace/rustup-home" "/workspace/cargo-home/bin/cargo" "+1.75.0" "metadata" "--manifest-path" "Cargo.toml" "--no-deps", kill_on_drop: false }`
[INFO] started tweaking crates.io crate crypto-ws-client 4.12.11
[INFO] finished tweaking crates.io crate crypto-ws-client 4.12.11
[INFO] tweaked toml for crates.io crate crypto-ws-client 4.12.11 written to /workspace/builds/worker-1-tc1/source/Cargo.toml
[INFO] running `Command { std: CARGO_HOME="/workspace/cargo-home" RUSTUP_HOME="/workspace/rustup-home" "/workspace/cargo-home/bin/cargo" "+1.75.0" "generate-lockfile" "--manifest-path" "Cargo.toml", kill_on_drop: false }`
[INFO] [stderr]     Updating crates.io index
[INFO] running `Command { std: CARGO_HOME="/workspace/cargo-home" RUSTUP_HOME="/workspace/rustup-home" "/workspace/cargo-home/bin/cargo" "+1.75.0" "fetch" "--manifest-path" "Cargo.toml", kill_on_drop: false }`
[INFO] [stderr]  Downloading crates ...
[INFO] [stderr]   Downloaded fast-socks5 v0.8.2
[INFO] running `Command { std: "docker" "create" "-v" "/var/lib/crater-agent-workspace/builds/worker-1-tc1/target:/opt/rustwide/target:rw,Z" "-v" "/var/lib/crater-agent-workspace/builds/worker-1-tc1/source:/opt/rustwide/workdir:ro,Z" "-v" "/var/lib/crater-agent-workspace/cargo-home:/opt/rustwide/cargo-home:ro,Z" "-v" "/var/lib/crater-agent-workspace/rustup-home:/opt/rustwide/rustup-home:ro,Z" "-e" "SOURCE_DIR=/opt/rustwide/workdir" "-e" "CARGO_TARGET_DIR=/opt/rustwide/target" "-e" "CARGO_HOME=/opt/rustwide/cargo-home" "-e" "RUSTUP_HOME=/opt/rustwide/rustup-home" "-w" "/opt/rustwide/workdir" "-m" "1610612736" "--user" "0:0" "--network" "none" "ghcr.io/rust-lang/crates-build-env/linux@sha256:2788e3201cd34a07e3172128adcd8b3090168a8e3bcc40d7c032b9dda1df7d1c" "/opt/rustwide/cargo-home/bin/cargo" "+1.75.0" "metadata" "--no-deps" "--format-version=1", kill_on_drop: false }`
[INFO] [stdout] 301e078c05ef8bf6b11d9600585c8e7b4f952b98b43b5fc4bd0419ff12e231f4
[INFO] running `Command { std: "docker" "start" "-a" "301e078c05ef8bf6b11d9600585c8e7b4f952b98b43b5fc4bd0419ff12e231f4", kill_on_drop: false }`
[INFO] running `Command { std: "docker" "inspect" "301e078c05ef8bf6b11d9600585c8e7b4f952b98b43b5fc4bd0419ff12e231f4", kill_on_drop: false }`
[INFO] running `Command { std: "docker" "rm" "-f" "301e078c05ef8bf6b11d9600585c8e7b4f952b98b43b5fc4bd0419ff12e231f4", kill_on_drop: false }`
[INFO] [stdout] 301e078c05ef8bf6b11d9600585c8e7b4f952b98b43b5fc4bd0419ff12e231f4
[INFO] running `Command { std: "docker" "create" "-v" "/var/lib/crater-agent-workspace/builds/worker-1-tc1/target:/opt/rustwide/target:rw,Z" "-v" "/var/lib/crater-agent-workspace/builds/worker-1-tc1/source:/opt/rustwide/workdir:ro,Z" "-v" "/var/lib/crater-agent-workspace/cargo-home:/opt/rustwide/cargo-home:ro,Z" "-v" "/var/lib/crater-agent-workspace/rustup-home:/opt/rustwide/rustup-home:ro,Z" "-e" "SOURCE_DIR=/opt/rustwide/workdir" "-e" "CARGO_TARGET_DIR=/opt/rustwide/target" "-e" "CARGO_INCREMENTAL=0" "-e" "RUST_BACKTRACE=full" "-e" "RUSTFLAGS=--cap-lints=warn" "-e" "RUSTDOCFLAGS=--cap-lints=warn" "-e" "CARGO_HOME=/opt/rustwide/cargo-home" "-e" "RUSTUP_HOME=/opt/rustwide/rustup-home" "-w" "/opt/rustwide/workdir" "-m" "1610612736" "--user" "0:0" "--network" "none" "ghcr.io/rust-lang/crates-build-env/linux@sha256:2788e3201cd34a07e3172128adcd8b3090168a8e3bcc40d7c032b9dda1df7d1c" "/opt/rustwide/cargo-home/bin/cargo" "+1.75.0" "build" "--frozen" "--message-format=json", kill_on_drop: false }`
[INFO] [stdout] fa302f53846da568cde79b3ec55e51486e6e9997f19144b4f7492f3e7d08f141
[INFO] running `Command { std: "docker" "start" "-a" "fa302f53846da568cde79b3ec55e51486e6e9997f19144b4f7492f3e7d08f141", kill_on_drop: false }`
[INFO] [stderr]    Compiling libc v0.2.151
[INFO] [stderr]    Compiling proc-macro2 v1.0.75
[INFO] [stderr]    Compiling unicode-ident v1.0.12
[INFO] [stderr]    Compiling cfg-if v1.0.0
[INFO] [stderr]    Compiling pin-project-lite v0.2.13
[INFO] [stderr]    Compiling once_cell v1.19.0
[INFO] [stderr]    Compiling autocfg v1.1.0
[INFO] [stderr]    Compiling bytes v1.5.0
[INFO] [stderr]    Compiling futures-core v0.3.30
[INFO] [stderr]    Compiling futures-sink v0.3.30
[INFO] [stderr]    Compiling memchr v2.7.1
[INFO] [stderr]    Compiling vcpkg v0.2.15
[INFO] [stderr]    Compiling itoa v1.0.10
[INFO] [stderr]    Compiling pkg-config v0.3.28
[INFO] [stderr]    Compiling log v0.4.20
[INFO] [stderr]    Compiling futures-task v0.3.30
[INFO] [stderr]    Compiling pin-utils v0.1.0
[INFO] [stderr]    Compiling futures-io v0.3.30
[INFO] [stderr]    Compiling generic-array v0.14.7
[INFO] [stderr]    Compiling fnv v1.0.7
[INFO] [stderr]    Compiling futures-channel v0.3.30
[INFO] [stderr]    Compiling httparse v1.8.0
[INFO] [stderr]    Compiling hashbrown v0.14.3
[INFO] [stderr]    Compiling tinyvec_macros v0.1.1
[INFO] [stderr]    Compiling untrusted v0.9.0
[INFO] [stderr]    Compiling spin v0.9.8
[INFO] [stderr]    Compiling tinyvec v1.6.0
[INFO] [stderr]    Compiling tracing-core v0.1.32
[INFO] [stderr]    Compiling foreign-types-shared v0.1.1
[INFO] [stderr]    Compiling openssl v0.10.62
[INFO] [stderr]    Compiling percent-encoding v2.3.1
[INFO] [stderr]    Compiling openssl-probe v0.1.5
[INFO] [stderr]    Compiling slab v0.4.9
[INFO] [stderr]    Compiling lock_api v0.4.11
[INFO] [stderr]    Compiling http v0.2.11
[INFO] [stderr]    Compiling form_urlencoded v1.2.1
[INFO] [stderr]    Compiling foreign-types v0.3.2
[INFO] [stderr]    Compiling equivalent v1.0.1
[INFO] [stderr]    Compiling unicode-bidi v0.3.14
[INFO] [stderr]    Compiling tracing v0.1.40
[INFO] [stderr]    Compiling bitflags v2.4.1
[INFO] [stderr]    Compiling crc32fast v1.3.2
[INFO] [stderr]    Compiling thiserror v1.0.56
[INFO] [stderr]    Compiling spin v0.5.2
[INFO] [stderr]    Compiling rustls v0.20.9
[INFO] [stderr]    Compiling parking_lot_core v0.9.9
[INFO] [stderr]    Compiling native-tls v0.2.11
[INFO] [stderr]    Compiling ppv-lite86 v0.2.17
[INFO] [stderr]    Compiling serde v1.0.194
[INFO] [stderr]    Compiling untrusted v0.7.1
[INFO] [stderr]    Compiling unicode-normalization v0.1.22
[INFO] [stderr]    Compiling indexmap v2.1.0
[INFO] [stderr]    Compiling try-lock v0.2.5
[INFO] [stderr]    Compiling quote v1.0.35
[INFO] [stderr]    Compiling smallvec v1.11.2
[INFO] [stderr]    Compiling scopeguard v1.2.0
[INFO] [stderr]    Compiling adler v1.0.2
[INFO] [stderr]    Compiling crossbeam-utils v0.8.18
[INFO] [stderr]    Compiling base64 v0.21.5
[INFO] [stderr]    Compiling block-buffer v0.10.4
[INFO] [stderr]    Compiling crypto-common v0.1.6
[INFO] [stderr]    Compiling miniz_oxide v0.7.1
[INFO] [stderr]    Compiling want v0.3.1
[INFO] [stderr]    Compiling syn v2.0.48
[INFO] [stderr]    Compiling http-body v0.4.6
[INFO] [stderr]    Compiling digest v0.10.7
[INFO] [stderr]    Compiling cpufeatures v0.2.12
[INFO] [stderr]    Compiling httpdate v1.0.3
[INFO] [stderr]    Compiling tower-service v0.3.2
[INFO] [stderr]    Compiling bitflags v1.3.2
[INFO] [stderr]    Compiling ryu v1.0.16
[INFO] [stderr]    Compiling anyhow v1.0.79
[INFO] [stderr]    Compiling raw-cpuid v10.7.0
[INFO] [stderr]    Compiling rustls-pemfile v1.0.4
[INFO] [stderr]    Compiling sha1 v0.10.6
[INFO] [stderr]    Compiling idna v0.5.0
[INFO] [stderr]    Compiling byteorder v1.5.0
[INFO] [stderr]    Compiling flate2 v1.0.28
[INFO] [stderr]    Compiling utf-8 v0.7.6
[INFO] [stderr]    Compiling serde_json v1.0.111
[INFO] [stderr]    Compiling base64 v0.13.1
[INFO] [stderr]    Compiling async-trait v0.1.77
[INFO] [stderr]    Compiling rustls-native-certs v0.6.3
[INFO] [stderr]    Compiling encoding_rs v0.8.33
[INFO] [stderr]    Compiling nonzero_ext v0.3.0
[INFO] [stderr]    Compiling mime v0.3.17
[INFO] [stderr]    Compiling futures-timer v3.0.2
[INFO] [stderr]    Compiling no-std-compat v0.4.1
[INFO] [stderr]    Compiling ipnet v2.9.0
[INFO] [stderr]    Compiling url v2.5.0
[INFO] [stderr]    Compiling cc v1.0.83
[INFO] [stderr]    Compiling mio v0.8.10
[INFO] [stderr]    Compiling socket2 v0.5.5
[INFO] [stderr]    Compiling num_cpus v1.16.0
[INFO] [stderr]    Compiling getrandom v0.2.11
[INFO] [stderr]    Compiling rand_core v0.6.4
[INFO] [stderr]    Compiling parking_lot v0.12.1
[INFO] [stderr]    Compiling dashmap v5.5.3
[INFO] [stderr]    Compiling quanta v0.9.3
[INFO] [stderr]    Compiling rand_chacha v0.3.1
[INFO] [stderr]    Compiling rand v0.8.5
[INFO] [stderr]    Compiling openssl-sys v0.9.98
[INFO] [stderr]    Compiling ring v0.17.7
[INFO] [stderr]    Compiling ring v0.16.20
[INFO] [stderr]    Compiling serde_urlencoded v0.7.1
[INFO] [stderr]    Compiling tokio-macros v2.2.0
[INFO] [stderr]    Compiling futures-macro v0.3.30
[INFO] [stderr]    Compiling openssl-macros v0.1.1
[INFO] [stderr]    Compiling thiserror-impl v1.0.56
[INFO] [stderr]    Compiling tokio v1.35.1
[INFO] [stderr]    Compiling futures-util v0.3.30
[INFO] [stderr]    Compiling sct v0.7.1
[INFO] [stderr]    Compiling webpki v0.22.4
[INFO] [stderr]    Compiling futures-executor v0.3.30
[INFO] [stderr]    Compiling futures v0.3.30
[INFO] [stderr]    Compiling governor v0.5.1
[INFO] [stderr]    Compiling tokio-util v0.7.10
[INFO] [stderr]    Compiling tokio-native-tls v0.3.1
[INFO] [stderr]    Compiling async-compression v0.4.5
[INFO] [stderr]    Compiling tokio-stream v0.1.14
[INFO] [stderr]    Compiling fast-socks5 v0.8.2
[INFO] [stderr]    Compiling h2 v0.3.22
[INFO] [stderr]    Compiling tokio-rustls v0.23.4
[INFO] [stderr]    Compiling tungstenite v0.18.0
[INFO] [stderr]    Compiling tokio-tungstenite v0.18.0
[INFO] [stderr]    Compiling hyper v0.14.28
[INFO] [stderr]    Compiling hyper-tls v0.5.0
[INFO] [stderr]    Compiling reqwest v0.11.23
[INFO] [stderr]    Compiling crypto-ws-client v4.12.11 (/opt/rustwide/workdir)
[INFO] [stderr]     Finished dev [unoptimized + debuginfo] target(s) in 25.92s
[INFO] running `Command { std: "docker" "inspect" "fa302f53846da568cde79b3ec55e51486e6e9997f19144b4f7492f3e7d08f141", kill_on_drop: false }`
[INFO] running `Command { std: "docker" "rm" "-f" "fa302f53846da568cde79b3ec55e51486e6e9997f19144b4f7492f3e7d08f141", kill_on_drop: false }`
[INFO] [stdout] fa302f53846da568cde79b3ec55e51486e6e9997f19144b4f7492f3e7d08f141
[INFO] running `Command { std: "docker" "create" "-v" "/var/lib/crater-agent-workspace/builds/worker-1-tc1/target:/opt/rustwide/target:rw,Z" "-v" "/var/lib/crater-agent-workspace/builds/worker-1-tc1/source:/opt/rustwide/workdir:ro,Z" "-v" "/var/lib/crater-agent-workspace/cargo-home:/opt/rustwide/cargo-home:ro,Z" "-v" "/var/lib/crater-agent-workspace/rustup-home:/opt/rustwide/rustup-home:ro,Z" "-e" "SOURCE_DIR=/opt/rustwide/workdir" "-e" "CARGO_TARGET_DIR=/opt/rustwide/target" "-e" "CARGO_INCREMENTAL=0" "-e" "RUST_BACKTRACE=full" "-e" "RUSTFLAGS=--cap-lints=warn" "-e" "RUSTDOCFLAGS=--cap-lints=warn" "-e" "CARGO_HOME=/opt/rustwide/cargo-home" "-e" "RUSTUP_HOME=/opt/rustwide/rustup-home" "-w" "/opt/rustwide/workdir" "-m" "1610612736" "--user" "0:0" "--network" "none" "ghcr.io/rust-lang/crates-build-env/linux@sha256:2788e3201cd34a07e3172128adcd8b3090168a8e3bcc40d7c032b9dda1df7d1c" "/opt/rustwide/cargo-home/bin/cargo" "+1.75.0" "test" "--frozen" "--no-run" "--message-format=json", kill_on_drop: false }`
[INFO] [stdout] f5e4e264a5c7346b68affa6bb2844b593d3c84bb0e25c58e8cb353c648a4cbe0
[INFO] running `Command { std: "docker" "start" "-a" "f5e4e264a5c7346b68affa6bb2844b593d3c84bb0e25c58e8cb353c648a4cbe0", kill_on_drop: false }`
[INFO] [stderr]    Compiling crypto-ws-client v4.12.11 (/opt/rustwide/workdir)
[INFO] [stderr] error: could not compile `crypto-ws-client` (test "mexc")
[INFO] [stderr] 
[INFO] [stderr] Caused by:
[INFO] [stderr]   process didn't exit successfully: `/opt/rustwide/rustup-home/toolchains/1.75.0-x86_64-unknown-linux-gnu/bin/rustc --crate-name mexc --edition=2021 tests/mexc.rs --error-format=json --json=diagnostic-rendered-ansi,artifacts,future-incompat --emit=dep-info,link -C embed-bitcode=no -C debuginfo=2 --test -C metadata=9e45bc6baf4cab85 -C extra-filename=-9e45bc6baf4cab85 --out-dir /opt/rustwide/target/debug/deps -L dependency=/opt/rustwide/target/debug/deps --extern async_trait=/opt/rustwide/target/debug/deps/libasync_trait-b970edb0ab8182c9.so --extern crypto_ws_client=/opt/rustwide/target/debug/deps/libcrypto_ws_client-36646b36079a94d8.rlib --extern fast_socks5=/opt/rustwide/target/debug/deps/libfast_socks5-886578ab5a919669.rlib --extern flate2=/opt/rustwide/target/debug/deps/libflate2-1347a47922d98cc4.rlib --extern futures_util=/opt/rustwide/target/debug/deps/libfutures_util-34f87bc2a2a5307b.rlib --extern governor=/opt/rustwide/target/debug/deps/libgovernor-bcbe632a1e406b7d.rlib --extern log=/opt/rustwide/target/debug/deps/liblog-4f472032e8cdd371.rlib --extern nonzero_ext=/opt/rustwide/target/debug/deps/libnonzero_ext-5efe7ac9e71b9040.rlib --extern rand=/opt/rustwide/target/debug/deps/librand-6b1751f97fc780d8.rlib --extern reqwest=/opt/rustwide/target/debug/deps/libreqwest-c37406f7db21238d.rlib --extern serde_json=/opt/rustwide/target/debug/deps/libserde_json-f7e7de9bae5c986c.rlib --extern tokio=/opt/rustwide/target/debug/deps/libtokio-ac91899c41a18181.rlib --extern tokio_tungstenite=/opt/rustwide/target/debug/deps/libtokio_tungstenite-27487b2c0b853d9e.rlib --cap-lints=warn -L native=/opt/rustwide/target/debug/build/ring-7e86424ee48ae211/out -L native=/opt/rustwide/target/debug/build/ring-468e83518f023e7f/out` (signal: 9, SIGKILL: kill)
[INFO] [stderr] warning: build failed, waiting for other jobs to finish...
[INFO] [stderr] error: could not compile `crypto-ws-client` (test "huobi")
[INFO] [stderr] 
[INFO] [stderr] Caused by:
[INFO] [stderr]   process didn't exit successfully: `/opt/rustwide/rustup-home/toolchains/1.75.0-x86_64-unknown-linux-gnu/bin/rustc --crate-name huobi --edition=2021 tests/huobi.rs --error-format=json --json=diagnostic-rendered-ansi,artifacts,future-incompat --emit=dep-info,link -C embed-bitcode=no -C debuginfo=2 --test -C metadata=a65f5ed39c2cefdb -C extra-filename=-a65f5ed39c2cefdb --out-dir /opt/rustwide/target/debug/deps -L dependency=/opt/rustwide/target/debug/deps --extern async_trait=/opt/rustwide/target/debug/deps/libasync_trait-b970edb0ab8182c9.so --extern crypto_ws_client=/opt/rustwide/target/debug/deps/libcrypto_ws_client-36646b36079a94d8.rlib --extern fast_socks5=/opt/rustwide/target/debug/deps/libfast_socks5-886578ab5a919669.rlib --extern flate2=/opt/rustwide/target/debug/deps/libflate2-1347a47922d98cc4.rlib --extern futures_util=/opt/rustwide/target/debug/deps/libfutures_util-34f87bc2a2a5307b.rlib --extern governor=/opt/rustwide/target/debug/deps/libgovernor-bcbe632a1e406b7d.rlib --extern log=/opt/rustwide/target/debug/deps/liblog-4f472032e8cdd371.rlib --extern nonzero_ext=/opt/rustwide/target/debug/deps/libnonzero_ext-5efe7ac9e71b9040.rlib --extern rand=/opt/rustwide/target/debug/deps/librand-6b1751f97fc780d8.rlib --extern reqwest=/opt/rustwide/target/debug/deps/libreqwest-c37406f7db21238d.rlib --extern serde_json=/opt/rustwide/target/debug/deps/libserde_json-f7e7de9bae5c986c.rlib --extern tokio=/opt/rustwide/target/debug/deps/libtokio-ac91899c41a18181.rlib --extern tokio_tungstenite=/opt/rustwide/target/debug/deps/libtokio_tungstenite-27487b2c0b853d9e.rlib --cap-lints=warn -L native=/opt/rustwide/target/debug/build/ring-7e86424ee48ae211/out -L native=/opt/rustwide/target/debug/build/ring-468e83518f023e7f/out` (signal: 9, SIGKILL: kill)
[INFO] [stderr] error: could not compile `crypto-ws-client` (test "okx")
[INFO] [stderr] 
[INFO] [stderr] Caused by:
[INFO] [stderr]   process didn't exit successfully: `/opt/rustwide/rustup-home/toolchains/1.75.0-x86_64-unknown-linux-gnu/bin/rustc --crate-name okx --edition=2021 tests/okx.rs --error-format=json --json=diagnostic-rendered-ansi,artifacts,future-incompat --emit=dep-info,link -C embed-bitcode=no -C debuginfo=2 --test -C metadata=1b1b2ea1d7c38276 -C extra-filename=-1b1b2ea1d7c38276 --out-dir /opt/rustwide/target/debug/deps -L dependency=/opt/rustwide/target/debug/deps --extern async_trait=/opt/rustwide/target/debug/deps/libasync_trait-b970edb0ab8182c9.so --extern crypto_ws_client=/opt/rustwide/target/debug/deps/libcrypto_ws_client-36646b36079a94d8.rlib --extern fast_socks5=/opt/rustwide/target/debug/deps/libfast_socks5-886578ab5a919669.rlib --extern flate2=/opt/rustwide/target/debug/deps/libflate2-1347a47922d98cc4.rlib --extern futures_util=/opt/rustwide/target/debug/deps/libfutures_util-34f87bc2a2a5307b.rlib --extern governor=/opt/rustwide/target/debug/deps/libgovernor-bcbe632a1e406b7d.rlib --extern log=/opt/rustwide/target/debug/deps/liblog-4f472032e8cdd371.rlib --extern nonzero_ext=/opt/rustwide/target/debug/deps/libnonzero_ext-5efe7ac9e71b9040.rlib --extern rand=/opt/rustwide/target/debug/deps/librand-6b1751f97fc780d8.rlib --extern reqwest=/opt/rustwide/target/debug/deps/libreqwest-c37406f7db21238d.rlib --extern serde_json=/opt/rustwide/target/debug/deps/libserde_json-f7e7de9bae5c986c.rlib --extern tokio=/opt/rustwide/target/debug/deps/libtokio-ac91899c41a18181.rlib --extern tokio_tungstenite=/opt/rustwide/target/debug/deps/libtokio_tungstenite-27487b2c0b853d9e.rlib --cap-lints=warn -L native=/opt/rustwide/target/debug/build/ring-7e86424ee48ae211/out -L native=/opt/rustwide/target/debug/build/ring-468e83518f023e7f/out` (signal: 9, SIGKILL: kill)
[INFO] [stderr] error: could not compile `crypto-ws-client` (test "gate")
[INFO] [stderr] 
[INFO] [stderr] Caused by:
[INFO] [stderr]   process didn't exit successfully: `/opt/rustwide/rustup-home/toolchains/1.75.0-x86_64-unknown-linux-gnu/bin/rustc --crate-name gate --edition=2021 tests/gate.rs --error-format=json --json=diagnostic-rendered-ansi,artifacts,future-incompat --emit=dep-info,link -C embed-bitcode=no -C debuginfo=2 --test -C metadata=ea43529acb6df0e6 -C extra-filename=-ea43529acb6df0e6 --out-dir /opt/rustwide/target/debug/deps -L dependency=/opt/rustwide/target/debug/deps --extern async_trait=/opt/rustwide/target/debug/deps/libasync_trait-b970edb0ab8182c9.so --extern crypto_ws_client=/opt/rustwide/target/debug/deps/libcrypto_ws_client-36646b36079a94d8.rlib --extern fast_socks5=/opt/rustwide/target/debug/deps/libfast_socks5-886578ab5a919669.rlib --extern flate2=/opt/rustwide/target/debug/deps/libflate2-1347a47922d98cc4.rlib --extern futures_util=/opt/rustwide/target/debug/deps/libfutures_util-34f87bc2a2a5307b.rlib --extern governor=/opt/rustwide/target/debug/deps/libgovernor-bcbe632a1e406b7d.rlib --extern log=/opt/rustwide/target/debug/deps/liblog-4f472032e8cdd371.rlib --extern nonzero_ext=/opt/rustwide/target/debug/deps/libnonzero_ext-5efe7ac9e71b9040.rlib --extern rand=/opt/rustwide/target/debug/deps/librand-6b1751f97fc780d8.rlib --extern reqwest=/opt/rustwide/target/debug/deps/libreqwest-c37406f7db21238d.rlib --extern serde_json=/opt/rustwide/target/debug/deps/libserde_json-f7e7de9bae5c986c.rlib --extern tokio=/opt/rustwide/target/debug/deps/libtokio-ac91899c41a18181.rlib --extern tokio_tungstenite=/opt/rustwide/target/debug/deps/libtokio_tungstenite-27487b2c0b853d9e.rlib --cap-lints=warn -L native=/opt/rustwide/target/debug/build/ring-7e86424ee48ae211/out -L native=/opt/rustwide/target/debug/build/ring-468e83518f023e7f/out` (signal: 9, SIGKILL: kill)
[INFO] [stderr] error: could not compile `crypto-ws-client` (test "bitmex")
[INFO] [stderr] 
[INFO] [stderr] Caused by:
[INFO] [stderr]   process didn't exit successfully: `/opt/rustwide/rustup-home/toolchains/1.75.0-x86_64-unknown-linux-gnu/bin/rustc --crate-name bitmex --edition=2021 tests/bitmex.rs --error-format=json --json=diagnostic-rendered-ansi,artifacts,future-incompat --emit=dep-info,link -C embed-bitcode=no -C debuginfo=2 --test -C metadata=23cfce0478ba3420 -C extra-filename=-23cfce0478ba3420 --out-dir /opt/rustwide/target/debug/deps -L dependency=/opt/rustwide/target/debug/deps --extern async_trait=/opt/rustwide/target/debug/deps/libasync_trait-b970edb0ab8182c9.so --extern crypto_ws_client=/opt/rustwide/target/debug/deps/libcrypto_ws_client-36646b36079a94d8.rlib --extern fast_socks5=/opt/rustwide/target/debug/deps/libfast_socks5-886578ab5a919669.rlib --extern flate2=/opt/rustwide/target/debug/deps/libflate2-1347a47922d98cc4.rlib --extern futures_util=/opt/rustwide/target/debug/deps/libfutures_util-34f87bc2a2a5307b.rlib --extern governor=/opt/rustwide/target/debug/deps/libgovernor-bcbe632a1e406b7d.rlib --extern log=/opt/rustwide/target/debug/deps/liblog-4f472032e8cdd371.rlib --extern nonzero_ext=/opt/rustwide/target/debug/deps/libnonzero_ext-5efe7ac9e71b9040.rlib --extern rand=/opt/rustwide/target/debug/deps/librand-6b1751f97fc780d8.rlib --extern reqwest=/opt/rustwide/target/debug/deps/libreqwest-c37406f7db21238d.rlib --extern serde_json=/opt/rustwide/target/debug/deps/libserde_json-f7e7de9bae5c986c.rlib --extern tokio=/opt/rustwide/target/debug/deps/libtokio-ac91899c41a18181.rlib --extern tokio_tungstenite=/opt/rustwide/target/debug/deps/libtokio_tungstenite-27487b2c0b853d9e.rlib --cap-lints=warn -L native=/opt/rustwide/target/debug/build/ring-7e86424ee48ae211/out -L native=/opt/rustwide/target/debug/build/ring-468e83518f023e7f/out` (signal: 9, SIGKILL: kill)
[INFO] [stderr] error: could not compile `crypto-ws-client` (test "kucoin")
[INFO] [stderr] 
[INFO] [stderr] Caused by:
[INFO] [stderr]   process didn't exit successfully: `/opt/rustwide/rustup-home/toolchains/1.75.0-x86_64-unknown-linux-gnu/bin/rustc --crate-name kucoin --edition=2021 tests/kucoin.rs --error-format=json --json=diagnostic-rendered-ansi,artifacts,future-incompat --emit=dep-info,link -C embed-bitcode=no -C debuginfo=2 --test -C metadata=08ffdd76e0cb80b6 -C extra-filename=-08ffdd76e0cb80b6 --out-dir /opt/rustwide/target/debug/deps -L dependency=/opt/rustwide/target/debug/deps --extern async_trait=/opt/rustwide/target/debug/deps/libasync_trait-b970edb0ab8182c9.so --extern crypto_ws_client=/opt/rustwide/target/debug/deps/libcrypto_ws_client-36646b36079a94d8.rlib --extern fast_socks5=/opt/rustwide/target/debug/deps/libfast_socks5-886578ab5a919669.rlib --extern flate2=/opt/rustwide/target/debug/deps/libflate2-1347a47922d98cc4.rlib --extern futures_util=/opt/rustwide/target/debug/deps/libfutures_util-34f87bc2a2a5307b.rlib --extern governor=/opt/rustwide/target/debug/deps/libgovernor-bcbe632a1e406b7d.rlib --extern log=/opt/rustwide/target/debug/deps/liblog-4f472032e8cdd371.rlib --extern nonzero_ext=/opt/rustwide/target/debug/deps/libnonzero_ext-5efe7ac9e71b9040.rlib --extern rand=/opt/rustwide/target/debug/deps/librand-6b1751f97fc780d8.rlib --extern reqwest=/opt/rustwide/target/debug/deps/libreqwest-c37406f7db21238d.rlib --extern serde_json=/opt/rustwide/target/debug/deps/libserde_json-f7e7de9bae5c986c.rlib --extern tokio=/opt/rustwide/target/debug/deps/libtokio-ac91899c41a18181.rlib --extern tokio_tungstenite=/opt/rustwide/target/debug/deps/libtokio_tungstenite-27487b2c0b853d9e.rlib --cap-lints=warn -L native=/opt/rustwide/target/debug/build/ring-7e86424ee48ae211/out -L native=/opt/rustwide/target/debug/build/ring-468e83518f023e7f/out` (signal: 9, SIGKILL: kill)
[INFO] [stderr] error: could not compile `crypto-ws-client` (lib test)
[INFO] [stderr] 
[INFO] [stderr] Caused by:
[INFO] [stderr]   process didn't exit successfully: `/opt/rustwide/rustup-home/toolchains/1.75.0-x86_64-unknown-linux-gnu/bin/rustc --crate-name crypto_ws_client --edition=2021 src/lib.rs --error-format=json --json=diagnostic-rendered-ansi,artifacts,future-incompat --emit=dep-info,link -C embed-bitcode=no -C debuginfo=2 --test -C metadata=c90e95bfde04c50b -C extra-filename=-c90e95bfde04c50b --out-dir /opt/rustwide/target/debug/deps -L dependency=/opt/rustwide/target/debug/deps --extern async_trait=/opt/rustwide/target/debug/deps/libasync_trait-b970edb0ab8182c9.so --extern fast_socks5=/opt/rustwide/target/debug/deps/libfast_socks5-886578ab5a919669.rlib --extern flate2=/opt/rustwide/target/debug/deps/libflate2-1347a47922d98cc4.rlib --extern futures_util=/opt/rustwide/target/debug/deps/libfutures_util-34f87bc2a2a5307b.rlib --extern governor=/opt/rustwide/target/debug/deps/libgovernor-bcbe632a1e406b7d.rlib --extern log=/opt/rustwide/target/debug/deps/liblog-4f472032e8cdd371.rlib --extern nonzero_ext=/opt/rustwide/target/debug/deps/libnonzero_ext-5efe7ac9e71b9040.rlib --extern rand=/opt/rustwide/target/debug/deps/librand-6b1751f97fc780d8.rlib --extern reqwest=/opt/rustwide/target/debug/deps/libreqwest-c37406f7db21238d.rlib --extern serde_json=/opt/rustwide/target/debug/deps/libserde_json-f7e7de9bae5c986c.rlib --extern tokio=/opt/rustwide/target/debug/deps/libtokio-ac91899c41a18181.rlib --extern tokio_tungstenite=/opt/rustwide/target/debug/deps/libtokio_tungstenite-27487b2c0b853d9e.rlib --cap-lints=warn -L native=/opt/rustwide/target/debug/build/ring-7e86424ee48ae211/out -L native=/opt/rustwide/target/debug/build/ring-468e83518f023e7f/out` (signal: 9, SIGKILL: kill)
[INFO] [stderr] error: could not compile `crypto-ws-client` (test "deribit")
[INFO] [stderr] 
[INFO] [stderr] Caused by:
[INFO] [stderr]   process didn't exit successfully: `/opt/rustwide/rustup-home/toolchains/1.75.0-x86_64-unknown-linux-gnu/bin/rustc --crate-name deribit --edition=2021 tests/deribit.rs --error-format=json --json=diagnostic-rendered-ansi,artifacts,future-incompat --emit=dep-info,link -C embed-bitcode=no -C debuginfo=2 --test -C metadata=d0329f38ee2ec500 -C extra-filename=-d0329f38ee2ec500 --out-dir /opt/rustwide/target/debug/deps -L dependency=/opt/rustwide/target/debug/deps --extern async_trait=/opt/rustwide/target/debug/deps/libasync_trait-b970edb0ab8182c9.so --extern crypto_ws_client=/opt/rustwide/target/debug/deps/libcrypto_ws_client-36646b36079a94d8.rlib --extern fast_socks5=/opt/rustwide/target/debug/deps/libfast_socks5-886578ab5a919669.rlib --extern flate2=/opt/rustwide/target/debug/deps/libflate2-1347a47922d98cc4.rlib --extern futures_util=/opt/rustwide/target/debug/deps/libfutures_util-34f87bc2a2a5307b.rlib --extern governor=/opt/rustwide/target/debug/deps/libgovernor-bcbe632a1e406b7d.rlib --extern log=/opt/rustwide/target/debug/deps/liblog-4f472032e8cdd371.rlib --extern nonzero_ext=/opt/rustwide/target/debug/deps/libnonzero_ext-5efe7ac9e71b9040.rlib --extern rand=/opt/rustwide/target/debug/deps/librand-6b1751f97fc780d8.rlib --extern reqwest=/opt/rustwide/target/debug/deps/libreqwest-c37406f7db21238d.rlib --extern serde_json=/opt/rustwide/target/debug/deps/libserde_json-f7e7de9bae5c986c.rlib --extern tokio=/opt/rustwide/target/debug/deps/libtokio-ac91899c41a18181.rlib --extern tokio_tungstenite=/opt/rustwide/target/debug/deps/libtokio_tungstenite-27487b2c0b853d9e.rlib --cap-lints=warn -L native=/opt/rustwide/target/debug/build/ring-7e86424ee48ae211/out -L native=/opt/rustwide/target/debug/build/ring-468e83518f023e7f/out` (signal: 9, SIGKILL: kill)
[INFO] [stderr] error: could not compile `crypto-ws-client` (test "ftx")
[INFO] [stderr] 
[INFO] [stderr] Caused by:
[INFO] [stderr]   process didn't exit successfully: `/opt/rustwide/rustup-home/toolchains/1.75.0-x86_64-unknown-linux-gnu/bin/rustc --crate-name ftx --edition=2021 tests/ftx.rs --error-format=json --json=diagnostic-rendered-ansi,artifacts,future-incompat --emit=dep-info,link -C embed-bitcode=no -C debuginfo=2 --test -C metadata=299155c932edf9d2 -C extra-filename=-299155c932edf9d2 --out-dir /opt/rustwide/target/debug/deps -L dependency=/opt/rustwide/target/debug/deps --extern async_trait=/opt/rustwide/target/debug/deps/libasync_trait-b970edb0ab8182c9.so --extern crypto_ws_client=/opt/rustwide/target/debug/deps/libcrypto_ws_client-36646b36079a94d8.rlib --extern fast_socks5=/opt/rustwide/target/debug/deps/libfast_socks5-886578ab5a919669.rlib --extern flate2=/opt/rustwide/target/debug/deps/libflate2-1347a47922d98cc4.rlib --extern futures_util=/opt/rustwide/target/debug/deps/libfutures_util-34f87bc2a2a5307b.rlib --extern governor=/opt/rustwide/target/debug/deps/libgovernor-bcbe632a1e406b7d.rlib --extern log=/opt/rustwide/target/debug/deps/liblog-4f472032e8cdd371.rlib --extern nonzero_ext=/opt/rustwide/target/debug/deps/libnonzero_ext-5efe7ac9e71b9040.rlib --extern rand=/opt/rustwide/target/debug/deps/librand-6b1751f97fc780d8.rlib --extern reqwest=/opt/rustwide/target/debug/deps/libreqwest-c37406f7db21238d.rlib --extern serde_json=/opt/rustwide/target/debug/deps/libserde_json-f7e7de9bae5c986c.rlib --extern tokio=/opt/rustwide/target/debug/deps/libtokio-ac91899c41a18181.rlib --extern tokio_tungstenite=/opt/rustwide/target/debug/deps/libtokio_tungstenite-27487b2c0b853d9e.rlib --cap-lints=warn -L native=/opt/rustwide/target/debug/build/ring-7e86424ee48ae211/out -L native=/opt/rustwide/target/debug/build/ring-468e83518f023e7f/out` (signal: 9, SIGKILL: kill)
[INFO] [stdout] error: linking with `cc` failed: exit status: 1
[INFO] [stdout]   |
[INFO] [stdout]   = note: LC_ALL="C" PATH="/opt/rustwide/rustup-home/toolchains/1.75.0-x86_64-unknown-linux-gnu/lib/rustlib/x86_64-unknown-linux-gnu/bin:/opt/rustwide/cargo-home/bin:/usr/local/sbin:/usr/local/bin:/usr/sbin:/usr/bin:/sbin:/bin" VSLANG="1033" "cc" "-m64" "/tmp/rustcGJ8Svv/symbols.o" "/opt/rustwide/target/debug/deps/dydx-f994844d33222fae.dydx.d285a701dae70574-cgu.00.rcgu.o" "/opt/rustwide/target/debug/deps/dydx-f994844d33222fae.dydx.d285a701dae70574-cgu.01.rcgu.o" "/opt/rustwide/target/debug/deps/dydx-f994844d33222fae.dydx.d285a701dae70574-cgu.02.rcgu.o" "/opt/rustwide/target/debug/deps/dydx-f994844d33222fae.dydx.d285a701dae70574-cgu.03.rcgu.o" "/opt/rustwide/target/debug/deps/dydx-f994844d33222fae.dydx.d285a701dae70574-cgu.04.rcgu.o" "/opt/rustwide/target/debug/deps/dydx-f994844d33222fae.dydx.d285a701dae70574-cgu.05.rcgu.o" "/opt/rustwide/target/debug/deps/dydx-f994844d33222fae.dydx.d285a701dae70574-cgu.06.rcgu.o" "/opt/rustwide/target/debug/deps/dydx-f994844d33222fae.dydx.d285a701dae70574-cgu.07.rcgu.o" "/opt/rustwide/target/debug/deps/dydx-f994844d33222fae.dydx.d285a701dae70574-cgu.08.rcgu.o" "/opt/rustwide/target/debug/deps/dydx-f994844d33222fae.dydx.d285a701dae70574-cgu.09.rcgu.o" "/opt/rustwide/target/debug/deps/dydx-f994844d33222fae.dydx.d285a701dae70574-cgu.10.rcgu.o" "/opt/rustwide/target/debug/deps/dydx-f994844d33222fae.dydx.d285a701dae70574-cgu.11.rcgu.o" "/opt/rustwide/target/debug/deps/dydx-f994844d33222fae.dydx.d285a701dae70574-cgu.12.rcgu.o" "/opt/rustwide/target/debug/deps/dydx-f994844d33222fae.dydx.d285a701dae70574-cgu.13.rcgu.o" "/opt/rustwide/target/debug/deps/dydx-f994844d33222fae.dydx.d285a701dae70574-cgu.14.rcgu.o" "/opt/rustwide/target/debug/deps/dydx-f994844d33222fae.dydx.d285a701dae70574-cgu.15.rcgu.o" "/opt/rustwide/target/debug/deps/dydx-f994844d33222fae.3ex2t3m096tm539a.rcgu.o" "-Wl,--as-needed" "-L" "/opt/rustwide/target/debug/deps" "-L" "/opt/rustwide/target/debug/build/ring-7e86424ee48ae211/out" "-L" "/opt/rustwide/target/debug/build/ring-468e83518f023e7f/out" "-L" "/opt/rustwide/rustup-home/toolchains/1.75.0-x86_64-unknown-linux-gnu/lib/rustlib/x86_64-unknown-linux-gnu/lib" "-Wl,-Bstatic" "/opt/rustwide/rustup-home/toolchains/1.75.0-x86_64-unknown-linux-gnu/lib/rustlib/x86_64-unknown-linux-gnu/lib/libtest-3df1bed8075ce1de.rlib" "/opt/rustwide/rustup-home/toolchains/1.75.0-x86_64-unknown-linux-gnu/lib/rustlib/x86_64-unknown-linux-gnu/lib/libgetopts-2076fd86b325cb5d.rlib" "/opt/rustwide/rustup-home/toolchains/1.75.0-x86_64-unknown-linux-gnu/lib/rustlib/x86_64-unknown-linux-gnu/lib/libunicode_width-caa7152ee70c190f.rlib" "/opt/rustwide/rustup-home/toolchains/1.75.0-x86_64-unknown-linux-gnu/lib/rustlib/x86_64-unknown-linux-gnu/lib/librustc_std_workspace_std-04e6425e07f02a3c.rlib" "/opt/rustwide/target/debug/deps/libcrypto_ws_client-36646b36079a94d8.rlib" "/opt/rustwide/target/debug/deps/libgovernor-bcbe632a1e406b7d.rlib" "/opt/rustwide/target/debug/deps/libquanta-294eff5865940577.rlib" "/opt/rustwide/target/debug/deps/libraw_cpuid-fab56c5e3f367f71.rlib" "/opt/rustwide/target/debug/deps/libbitflags-b7cee2ca4fb438d0.rlib" "/opt/rustwide/target/debug/deps/libcrossbeam_utils-69155c9edb6d0618.rlib" "/opt/rustwide/target/debug/deps/libdashmap-733db66aea230a3d.rlib" "/opt/rustwide/target/debug/deps/libparking_lot-a753e0f9a35f1d55.rlib" "/opt/rustwide/target/debug/deps/libparking_lot_core-f470c455380c2e9e.rlib" "/opt/rustwide/target/debug/deps/libsmallvec-19f6a51af3f3c214.rlib" "/opt/rustwide/target/debug/deps/liblock_api-2e3cdc36e2d071f0.rlib" "/opt/rustwide/target/debug/deps/libscopeguard-012e5ed929fc2fe6.rlib" "/opt/rustwide/target/debug/deps/libfutures-d8edceddd7185986.rlib" "/opt/rustwide/target/debug/deps/libfutures_executor-19593ac1b600f284.rlib" "/opt/rustwide/target/debug/deps/libfutures_timer-377201e06f6c6302.rlib" "/opt/rustwide/target/debug/deps/libno_std_compat-b2c4bc611845b480.rlib" "/opt/rustwide/target/debug/deps/libfast_socks5-886578ab5a919669.rlib" "/opt/rustwide/target/debug/deps/libtokio_stream-384858ca1222116c.rlib" "/opt/rustwide/target/debug/deps/libanyhow-309ab2c875f40ec7.rlib" "/opt/rustwide/target/debug/deps/libreqwest-c37406f7db21238d.rlib" "/opt/rustwide/target/debug/deps/libhyper_tls-0eeea52d3a3658d8.rlib" "/opt/rustwide/target/debug/deps/libserde_urlencoded-ab9d124403a3a605.rlib" "/opt/rustwide/target/debug/deps/libipnet-31f1670f407a9398.rlib" "/opt/rustwide/target/debug/deps/libtokio_native_tls-c5a47b08465522df.rlib" "/opt/rustwide/target/debug/deps/libmime-7e306270d8ceb372.rlib" "/opt/rustwide/target/debug/deps/libencoding_rs-000c97fafd38c2ed.rlib" "/opt/rustwide/target/debug/deps/libasync_compression-3f16174a52d189b7.rlib" "/opt/rustwide/target/debug/deps/libflate2-1347a47922d98cc4.rlib" "/opt/rustwide/target/debug/deps/libminiz_oxide-f272f5814aa49507.rlib" "/opt/rustwide/target/debug/deps/libadler-c8f2240c56a0abca.rlib" "/opt/rustwide/target/debug/deps/libcrc32fast-664446237529ebff.rlib" "/opt/rustwide/target/debug/deps/libnative_tls-3cef85622ef34220.rlib" "/opt/rustwide/target/debug/deps/libopenssl-5e3b213a3c7b0c99.rlib" "/opt/rustwide/target/debug/deps/libbitflags-912d270082a3a4ea.rlib" "/opt/rustwide/target/debug/deps/libforeign_types-c05743815e5b8a9d.rlib" "/opt/rustwide/target/debug/deps/libforeign_types_shared-d149f5491fde2862.rlib" "/opt/rustwide/target/debug/deps/libopenssl_sys-f8e76e4ab1799714.rlib" "/opt/rustwide/target/debug/deps/libhyper-62cd5c669b24596d.rlib" "/opt/rustwide/target/debug/deps/libwant-0be28e71d2a5cee8.rlib" "/opt/rustwide/target/debug/deps/libtry_lock-ba0ec0947155aa20.rlib" "/opt/rustwide/target/debug/deps/libh2-2034f08475771f9f.rlib" "/opt/rustwide/target/debug/deps/libindexmap-8fc97cbaa956011a.rlib" "/opt/rustwide/target/debug/deps/libequivalent-daf5c71f5fc642dd.rlib" "/opt/rustwide/target/debug/deps/libhashbrown-3d9e58c92093ae49.rlib" "/opt/rustwide/target/debug/deps/libtokio_util-227a89e4ee4c5b07.rlib" "/opt/rustwide/target/debug/deps/libtower_service-104d6e83d5ce383d.rlib" "/opt/rustwide/target/debug/deps/libtracing-53b1b32365aca46d.rlib" "/opt/rustwide/target/debug/deps/libtracing_core-de9779e9c86396c9.rlib" "/opt/rustwide/target/debug/deps/libhttp_body-3c42bd17f1cfc680.rlib" "/opt/rustwide/target/debug/deps/libserde_json-f7e7de9bae5c986c.rlib" "/opt/rustwide/target/debug/deps/libryu-5f304b1b6393964f.rlib" "/opt/rustwide/target/debug/deps/libserde-8d72183392081d4f.rlib" "/opt/rustwide/target/debug/deps/libtokio_tungstenite-27487b2c0b853d9e.rlib" "/opt/rustwide/target/debug/deps/librustls_native_certs-5360b5a42937407c.rlib" "/opt/rustwide/target/debug/deps/librustls_pemfile-ffdc2f3224e5aa74.rlib" "/opt/rustwide/target/debug/deps/libbase64-c757f6e1d18850a5.rlib" "/opt/rustwide/target/debug/deps/libopenssl_probe-d850575132083d7c.rlib" "/opt/rustwide/target/debug/deps/libtokio_rustls-025f23ad0a52c041.rlib" "/opt/rustwide/target/debug/deps/libtokio-ac91899c41a18181.rlib" "/opt/rustwide/target/debug/deps/libnum_cpus-d4708e9618b376f9.rlib" "/opt/rustwide/target/debug/deps/libsocket2-0d88c912de52bbf6.rlib" "/opt/rustwide/target/debug/deps/libmio-8968d6dd6f9690eb.rlib" "/opt/rustwide/target/debug/deps/libfutures_util-34f87bc2a2a5307b.rlib" "/opt/rustwide/target/debug/deps/libmemchr-94009dd89ebb9d8d.rlib" "/opt/rustwide/target/debug/deps/libfutures_io-06ca5b85b7f1c406.rlib" "/opt/rustwide/target/debug/deps/libslab-6eb39baadbe9101c.rlib" "/opt/rustwide/target/debug/deps/libfutures_channel-a299c85500052389.rlib" "/opt/rustwide/target/debug/deps/libpin_project_lite-e0757e0deaa2f8a0.rlib" "/opt/rustwide/target/debug/deps/libfutures_sink-8957e1e23a8e4733.rlib" "/opt/rustwide/target/debug/deps/libfutures_task-c1403167034c79e1.rlib" "/opt/rustwide/target/debug/deps/libpin_utils-741f7d9d160e4a16.rlib" "/opt/rustwide/target/debug/deps/libfutures_core-9cff0d103c3b3c9e.rlib" "/opt/rustwide/target/debug/deps/libtungstenite-bf7b209425e0c547.rlib" "/opt/rustwide/target/debug/deps/libbase64-b09bba5046b087ce.rlib" "/opt/rustwide/target/debug/deps/librand-6b1751f97fc780d8.rlib" "/opt/rustwide/target/debug/deps/librand_chacha-190d94af5566d2d7.rlib" "/opt/rustwide/target/debug/deps/libppv_lite86-9f808eb911999ef2.rlib" "/opt/rustwide/target/debug/deps/librand_core-6b5cc83d202a6ca4.rlib" "/opt/rustwide/target/debug/deps/librustls-be23a6393e136062.rlib" "/opt/rustwide/target/debug/deps/libsct-d69fe3521b01c82a.rlib" "/opt/rustwide/target/debug/deps/libwebpki-ae5db0a32ad7fe1a.rlib" "/opt/rustwide/target/debug/deps/libring-76368ca987d789cf.rlib" "/opt/rustwide/target/debug/deps/libgetrandom-6f8cebb06b407ea9.rlib" "/opt/rustwide/target/debug/deps/libspin-1881e9d9c2fdf875.rlib" "/opt/rustwide/target/debug/deps/libuntrusted-66bbe55c9f09dd46.rlib" "/opt/rustwide/target/debug/deps/libring-d3377021e12bf992.rlib" "/opt/rustwide/target/debug/deps/libspin-c4098cd951aef6c9.rlib" "/opt/rustwide/target/debug/deps/libuntrusted-5ec0aa78ed8cda5c.rlib" "/opt/rustwide/target/debug/deps/libonce_cell-63be820ac0ed0954.rlib" "/opt/rustwide/target/debug/deps/liblibc-4f34ddd04c373408.rlib" "/opt/rustwide/target/debug/deps/libutf8-9b4563d058a684d7.rlib" "/opt/rustwide/target/debug/deps/libbyteorder-e9468b374a0c0c11.rlib" "/opt/rustwide/target/debug/deps/libsha1-daa4ecf8d40b23d6.rlib" "/opt/rustwide/target/debug/deps/libcpufeatures-b8d9ed5bb45874e9.rlib" "/opt/rustwide/target/debug/deps/libcfg_if-61dc7a6799e72b18.rlib" "/opt/rustwide/target/debug/deps/libdigest-de2dc59efd15c225.rlib" "/opt/rustwide/target/debug/deps/libblock_buffer-7e9270fb9b7ff635.rlib" "/opt/rustwide/target/debug/deps/libcrypto_common-145014adf1649651.rlib" "/opt/rustwide/target/debug/deps/libgeneric_array-18b3188a0c567140.rlib" "/opt/rustwide/target/debug/deps/libtypenum-da95465dc70d2c95.rlib" "/opt/rustwide/target/debug/deps/libhttparse-64f1ffbeda450424.rlib" "/opt/rustwide/target/debug/deps/libthiserror-85bbb77abd2a015b.rlib" "/opt/rustwide/target/debug/deps/liburl-e2bbdc8176814ab9.rlib" "/opt/rustwide/target/debug/deps/libidna-be495c60b826cafb.rlib" "/opt/rustwide/target/debug/deps/libunicode_normalization-e04a0b39935fba30.rlib" "/opt/rustwide/target/debug/deps/libtinyvec-cf6c9f6b792a5507.rlib" "/opt/rustwide/target/debug/deps/libtinyvec_macros-b1cb7f53f58c9f87.rlib" "/opt/rustwide/target/debug/deps/libunicode_bidi-091e6a375aa15ffb.rlib" "/opt/rustwide/target/debug/deps/libform_urlencoded-ef5eb70334031c86.rlib" "/opt/rustwide/target/debug/deps/libpercent_encoding-fe0d57427b4d92e0.rlib" "/opt/rustwide/target/debug/deps/liblog-4f472032e8cdd371.rlib" "/opt/rustwide/target/debug/deps/libhttp-087a4805b82b800b.rlib" "/opt/rustwide/target/debug/deps/libitoa-5f181af53b99b92c.rlib" "/opt/rustwide/target/debug/deps/libbytes-0a052f49710012b1.rlib" "/opt/rustwide/target/debug/deps/libfnv-18bf5144d055e772.rlib" "/opt/rustwide/target/debug/deps/libnonzero_ext-5efe7ac9e71b9040.rlib" "/opt/rustwide/rustup-home/toolchains/1.75.0-x86_64-unknown-linux-gnu/lib/rustlib/x86_64-unknown-linux-gnu/lib/libstd-90f6ddbf82de36ec.rlib" "/opt/rustwide/rustup-home/toolchains/1.75.0-x86_64-unknown-linux-gnu/lib/rustlib/x86_64-unknown-linux-gnu/lib/libpanic_unwind-480c41e9d4e1f677.rlib" "/opt/rustwide/rustup-home/toolchains/1.75.0-x86_64-unknown-linux-gnu/lib/rustlib/x86_64-unknown-linux-gnu/lib/libobject-db744c0ca03eed1d.rlib" "/opt/rustwide/rustup-home/toolchains/1.75.0-x86_64-unknown-linux-gnu/lib/rustlib/x86_64-unknown-linux-gnu/lib/libmemchr-8ba652dc7d4b285a.rlib" "/opt/rustwide/rustup-home/toolchains/1.75.0-x86_64-unknown-linux-gnu/lib/rustlib/x86_64-unknown-linux-gnu/lib/libaddr2line-d5f4520a9ebc0d58.rlib" "/opt/rustwide/rustup-home/toolchains/1.75.0-x86_64-unknown-linux-gnu/lib/rustlib/x86_64-unknown-linux-gnu/lib/libgimli-4ad84de58f0cb463.rlib" "/opt/rustwide/rustup-home/toolchains/1.75.0-x86_64-unknown-linux-gnu/lib/rustlib/x86_64-unknown-linux-gnu/lib/librustc_demangle-0d10aae2e0f38735.rlib" "/opt/rustwide/rustup-home/toolchains/1.75.0-x86_64-unknown-linux-gnu/lib/rustlib/x86_64-unknown-linux-gnu/lib/libstd_detect-0c17cff739e6745b.rlib" "/opt/rustwide/rustup-home/toolchains/1.75.0-x86_64-unknown-linux-gnu/lib/rustlib/x86_64-unknown-linux-gnu/lib/libhashbrown-b29e17139dde1aa8.rlib" "/opt/rustwide/rustup-home/toolchains/1.75.0-x86_64-unknown-linux-gnu/lib/rustlib/x86_64-unknown-linux-gnu/lib/librustc_std_workspace_alloc-1f975299829cc7bd.rlib" "/opt/rustwide/rustup-home/toolchains/1.75.0-x86_64-unknown-linux-gnu/lib/rustlib/x86_64-unknown-linux-gnu/lib/libminiz_oxide-86bae3bc3079f89b.rlib" "/opt/rustwide/rustup-home/toolchains/1.75.0-x86_64-unknown-linux-gnu/lib/rustlib/x86_64-unknown-linux-gnu/lib/libadler-321b82c30dffdf5f.rlib" "/opt/rustwide/rustup-home/toolchains/1.75.0-x86_64-unknown-linux-gnu/lib/rustlib/x86_64-unknown-linux-gnu/lib/libunwind-3dd8a6810a0bdfef.rlib" "/opt/rustwide/rustup-home/toolchains/1.75.0-x86_64-unknown-linux-gnu/lib/rustlib/x86_64-unknown-linux-gnu/lib/libcfg_if-eb39a61c0c879984.rlib" "/opt/rustwide/rustup-home/toolchains/1.75.0-x86_64-unknown-linux-gnu/lib/rustlib/x86_64-unknown-linux-gnu/lib/liblibc-aa769569f91c3548.rlib" "/opt/rustwide/rustup-home/toolchains/1.75.0-x86_64-unknown-linux-gnu/lib/rustlib/x86_64-unknown-linux-gnu/lib/liballoc-510a192a50a983ed.rlib" "/opt/rustwide/rustup-home/toolchains/1.75.0-x86_64-unknown-linux-gnu/lib/rustlib/x86_64-unknown-linux-gnu/lib/librustc_std_workspace_core-0577018320f99037.rlib" "/opt/rustwide/rustup-home/toolchains/1.75.0-x86_64-unknown-linux-gnu/lib/rustlib/x86_64-unknown-linux-gnu/lib/libcore-193cf992125ccd4c.rlib" "/opt/rustwide/rustup-home/toolchains/1.75.0-x86_64-unknown-linux-gnu/lib/rustlib/x86_64-unknown-linux-gnu/lib/libcompiler_builtins-8e138eaf26ebb4a8.rlib" "-Wl,-Bdynamic" "-lssl" "-lcrypto" "-lgcc_s" "-lutil" "-lrt" "-lpthread" "-lm" "-ldl" "-lc" "-Wl,--eh-frame-hdr" "-Wl,-z,noexecstack" "-L" "/opt/rustwide/rustup-home/toolchains/1.75.0-x86_64-unknown-linux-gnu/lib/rustlib/x86_64-unknown-linux-gnu/lib" "-o" "/opt/rustwide/target/debug/deps/dydx-f994844d33222fae" "-Wl,--gc-sections" "-pie" "-Wl,-z,relro,-z,now" "-nodefaultlibs"
[INFO] [stdout]   = note: collect2: fatal error: ld terminated with signal 9 [Killed]
[INFO] [stdout]           compilation terminated.
[INFO] [stdout]           
[INFO] [stdout] 
[INFO] [stdout] 
[INFO] [stdout] error: aborting due to previous error
[INFO] [stdout] 
[INFO] [stdout] 
[INFO] [stderr] error: could not compile `crypto-ws-client` (test "dydx") due to 2 previous errors
[INFO] [stdout] error: linking with `cc` failed: exit status: 1
[INFO] [stdout]   |
[INFO] [stdout]   = note: LC_ALL="C" PATH="/opt/rustwide/rustup-home/toolchains/1.75.0-x86_64-unknown-linux-gnu/lib/rustlib/x86_64-unknown-linux-gnu/bin:/opt/rustwide/cargo-home/bin:/usr/local/sbin:/usr/local/bin:/usr/sbin:/usr/bin:/sbin:/bin" VSLANG="1033" "cc" "-m64" "/tmp/rustcHiAVck/symbols.o" "/opt/rustwide/target/debug/deps/bitz-a883797e4d636f20.bitz.a0ed3a1aba0b5293-cgu.00.rcgu.o" "/opt/rustwide/target/debug/deps/bitz-a883797e4d636f20.bitz.a0ed3a1aba0b5293-cgu.01.rcgu.o" "/opt/rustwide/target/debug/deps/bitz-a883797e4d636f20.bitz.a0ed3a1aba0b5293-cgu.02.rcgu.o" "/opt/rustwide/target/debug/deps/bitz-a883797e4d636f20.bitz.a0ed3a1aba0b5293-cgu.03.rcgu.o" "/opt/rustwide/target/debug/deps/bitz-a883797e4d636f20.bitz.a0ed3a1aba0b5293-cgu.04.rcgu.o" "/opt/rustwide/target/debug/deps/bitz-a883797e4d636f20.bitz.a0ed3a1aba0b5293-cgu.05.rcgu.o" "/opt/rustwide/target/debug/deps/bitz-a883797e4d636f20.bitz.a0ed3a1aba0b5293-cgu.06.rcgu.o" "/opt/rustwide/target/debug/deps/bitz-a883797e4d636f20.bitz.a0ed3a1aba0b5293-cgu.07.rcgu.o" "/opt/rustwide/target/debug/deps/bitz-a883797e4d636f20.bitz.a0ed3a1aba0b5293-cgu.08.rcgu.o" "/opt/rustwide/target/debug/deps/bitz-a883797e4d636f20.bitz.a0ed3a1aba0b5293-cgu.09.rcgu.o" "/opt/rustwide/target/debug/deps/bitz-a883797e4d636f20.bitz.a0ed3a1aba0b5293-cgu.10.rcgu.o" "/opt/rustwide/target/debug/deps/bitz-a883797e4d636f20.bitz.a0ed3a1aba0b5293-cgu.11.rcgu.o" "/opt/rustwide/target/debug/deps/bitz-a883797e4d636f20.bitz.a0ed3a1aba0b5293-cgu.12.rcgu.o" "/opt/rustwide/target/debug/deps/bitz-a883797e4d636f20.bitz.a0ed3a1aba0b5293-cgu.13.rcgu.o" "/opt/rustwide/target/debug/deps/bitz-a883797e4d636f20.bitz.a0ed3a1aba0b5293-cgu.14.rcgu.o" "/opt/rustwide/target/debug/deps/bitz-a883797e4d636f20.bitz.a0ed3a1aba0b5293-cgu.15.rcgu.o" "/opt/rustwide/target/debug/deps/bitz-a883797e4d636f20.4wht0cadr3n3uljk.rcgu.o" "-Wl,--as-needed" "-L" "/opt/rustwide/target/debug/deps" "-L" "/opt/rustwide/target/debug/build/ring-7e86424ee48ae211/out" "-L" "/opt/rustwide/target/debug/build/ring-468e83518f023e7f/out" "-L" "/opt/rustwide/rustup-home/toolchains/1.75.0-x86_64-unknown-linux-gnu/lib/rustlib/x86_64-unknown-linux-gnu/lib" "-Wl,-Bstatic" "/opt/rustwide/rustup-home/toolchains/1.75.0-x86_64-unknown-linux-gnu/lib/rustlib/x86_64-unknown-linux-gnu/lib/libtest-3df1bed8075ce1de.rlib" "/opt/rustwide/rustup-home/toolchains/1.75.0-x86_64-unknown-linux-gnu/lib/rustlib/x86_64-unknown-linux-gnu/lib/libgetopts-2076fd86b325cb5d.rlib" "/opt/rustwide/rustup-home/toolchains/1.75.0-x86_64-unknown-linux-gnu/lib/rustlib/x86_64-unknown-linux-gnu/lib/libunicode_width-caa7152ee70c190f.rlib" "/opt/rustwide/rustup-home/toolchains/1.75.0-x86_64-unknown-linux-gnu/lib/rustlib/x86_64-unknown-linux-gnu/lib/librustc_std_workspace_std-04e6425e07f02a3c.rlib" "/opt/rustwide/target/debug/deps/libcrypto_ws_client-36646b36079a94d8.rlib" "/opt/rustwide/target/debug/deps/libgovernor-bcbe632a1e406b7d.rlib" "/opt/rustwide/target/debug/deps/libquanta-294eff5865940577.rlib" "/opt/rustwide/target/debug/deps/libraw_cpuid-fab56c5e3f367f71.rlib" "/opt/rustwide/target/debug/deps/libbitflags-b7cee2ca4fb438d0.rlib" "/opt/rustwide/target/debug/deps/libcrossbeam_utils-69155c9edb6d0618.rlib" "/opt/rustwide/target/debug/deps/libdashmap-733db66aea230a3d.rlib" "/opt/rustwide/target/debug/deps/libparking_lot-a753e0f9a35f1d55.rlib" "/opt/rustwide/target/debug/deps/libparking_lot_core-f470c455380c2e9e.rlib" "/opt/rustwide/target/debug/deps/libsmallvec-19f6a51af3f3c214.rlib" "/opt/rustwide/target/debug/deps/liblock_api-2e3cdc36e2d071f0.rlib" "/opt/rustwide/target/debug/deps/libscopeguard-012e5ed929fc2fe6.rlib" "/opt/rustwide/target/debug/deps/libfutures-d8edceddd7185986.rlib" "/opt/rustwide/target/debug/deps/libfutures_executor-19593ac1b600f284.rlib" "/opt/rustwide/target/debug/deps/libfutures_timer-377201e06f6c6302.rlib" "/opt/rustwide/target/debug/deps/libno_std_compat-b2c4bc611845b480.rlib" "/opt/rustwide/target/debug/deps/libfast_socks5-886578ab5a919669.rlib" "/opt/rustwide/target/debug/deps/libtokio_stream-384858ca1222116c.rlib" "/opt/rustwide/target/debug/deps/libanyhow-309ab2c875f40ec7.rlib" "/opt/rustwide/target/debug/deps/libreqwest-c37406f7db21238d.rlib" "/opt/rustwide/target/debug/deps/libhyper_tls-0eeea52d3a3658d8.rlib" "/opt/rustwide/target/debug/deps/libserde_urlencoded-ab9d124403a3a605.rlib" "/opt/rustwide/target/debug/deps/libipnet-31f1670f407a9398.rlib" "/opt/rustwide/target/debug/deps/libtokio_native_tls-c5a47b08465522df.rlib" "/opt/rustwide/target/debug/deps/libmime-7e306270d8ceb372.rlib" "/opt/rustwide/target/debug/deps/libencoding_rs-000c97fafd38c2ed.rlib" "/opt/rustwide/target/debug/deps/libasync_compression-3f16174a52d189b7.rlib" "/opt/rustwide/target/debug/deps/libflate2-1347a47922d98cc4.rlib" "/opt/rustwide/target/debug/deps/libminiz_oxide-f272f5814aa49507.rlib" "/opt/rustwide/target/debug/deps/libadler-c8f2240c56a0abca.rlib" "/opt/rustwide/target/debug/deps/libcrc32fast-664446237529ebff.rlib" "/opt/rustwide/target/debug/deps/libnative_tls-3cef85622ef34220.rlib" "/opt/rustwide/target/debug/deps/libopenssl-5e3b213a3c7b0c99.rlib" "/opt/rustwide/target/debug/deps/libbitflags-912d270082a3a4ea.rlib" "/opt/rustwide/target/debug/deps/libforeign_types-c05743815e5b8a9d.rlib" "/opt/rustwide/target/debug/deps/libforeign_types_shared-d149f5491fde2862.rlib" "/opt/rustwide/target/debug/deps/libopenssl_sys-f8e76e4ab1799714.rlib" "/opt/rustwide/target/debug/deps/libhyper-62cd5c669b24596d.rlib" "/opt/rustwide/target/debug/deps/libwant-0be28e71d2a5cee8.rlib" "/opt/rustwide/target/debug/deps/libtry_lock-ba0ec0947155aa20.rlib" "/opt/rustwide/target/debug/deps/libh2-2034f08475771f9f.rlib" "/opt/rustwide/target/debug/deps/libindexmap-8fc97cbaa956011a.rlib" "/opt/rustwide/target/debug/deps/libequivalent-daf5c71f5fc642dd.rlib" "/opt/rustwide/target/debug/deps/libhashbrown-3d9e58c92093ae49.rlib" "/opt/rustwide/target/debug/deps/libtokio_util-227a89e4ee4c5b07.rlib" "/opt/rustwide/target/debug/deps/libtower_service-104d6e83d5ce383d.rlib" "/opt/rustwide/target/debug/deps/libtracing-53b1b32365aca46d.rlib" "/opt/rustwide/target/debug/deps/libtracing_core-de9779e9c86396c9.rlib" "/opt/rustwide/target/debug/deps/libhttp_body-3c42bd17f1cfc680.rlib" "/opt/rustwide/target/debug/deps/libserde_json-f7e7de9bae5c986c.rlib" "/opt/rustwide/target/debug/deps/libryu-5f304b1b6393964f.rlib" "/opt/rustwide/target/debug/deps/libserde-8d72183392081d4f.rlib" "/opt/rustwide/target/debug/deps/libtokio_tungstenite-27487b2c0b853d9e.rlib" "/opt/rustwide/target/debug/deps/librustls_native_certs-5360b5a42937407c.rlib" "/opt/rustwide/target/debug/deps/librustls_pemfile-ffdc2f3224e5aa74.rlib" "/opt/rustwide/target/debug/deps/libbase64-c757f6e1d18850a5.rlib" "/opt/rustwide/target/debug/deps/libopenssl_probe-d850575132083d7c.rlib" "/opt/rustwide/target/debug/deps/libtokio_rustls-025f23ad0a52c041.rlib" "/opt/rustwide/target/debug/deps/libtokio-ac91899c41a18181.rlib" "/opt/rustwide/target/debug/deps/libnum_cpus-d4708e9618b376f9.rlib" "/opt/rustwide/target/debug/deps/libsocket2-0d88c912de52bbf6.rlib" "/opt/rustwide/target/debug/deps/libmio-8968d6dd6f9690eb.rlib" "/opt/rustwide/target/debug/deps/libfutures_util-34f87bc2a2a5307b.rlib" "/opt/rustwide/target/debug/deps/libmemchr-94009dd89ebb9d8d.rlib" "/opt/rustwide/target/debug/deps/libfutures_io-06ca5b85b7f1c406.rlib" "/opt/rustwide/target/debug/deps/libslab-6eb39baadbe9101c.rlib" "/opt/rustwide/target/debug/deps/libfutures_channel-a299c85500052389.rlib" "/opt/rustwide/target/debug/deps/libpin_project_lite-e0757e0deaa2f8a0.rlib" "/opt/rustwide/target/debug/deps/libfutures_sink-8957e1e23a8e4733.rlib" "/opt/rustwide/target/debug/deps/libfutures_task-c1403167034c79e1.rlib" "/opt/rustwide/target/debug/deps/libpin_utils-741f7d9d160e4a16.rlib" "/opt/rustwide/target/debug/deps/libfutures_core-9cff0d103c3b3c9e.rlib" "/opt/rustwide/target/debug/deps/libtungstenite-bf7b209425e0c547.rlib" "/opt/rustwide/target/debug/deps/libbase64-b09bba5046b087ce.rlib" "/opt/rustwide/target/debug/deps/librand-6b1751f97fc780d8.rlib" "/opt/rustwide/target/debug/deps/librand_chacha-190d94af5566d2d7.rlib" "/opt/rustwide/target/debug/deps/libppv_lite86-9f808eb911999ef2.rlib" "/opt/rustwide/target/debug/deps/librand_core-6b5cc83d202a6ca4.rlib" "/opt/rustwide/target/debug/deps/librustls-be23a6393e136062.rlib" "/opt/rustwide/target/debug/deps/libsct-d69fe3521b01c82a.rlib" "/opt/rustwide/target/debug/deps/libwebpki-ae5db0a32ad7fe1a.rlib" "/opt/rustwide/target/debug/deps/libring-76368ca987d789cf.rlib" "/opt/rustwide/target/debug/deps/libgetrandom-6f8cebb06b407ea9.rlib" "/opt/rustwide/target/debug/deps/libspin-1881e9d9c2fdf875.rlib" "/opt/rustwide/target/debug/deps/libuntrusted-66bbe55c9f09dd46.rlib" "/opt/rustwide/target/debug/deps/libring-d3377021e12bf992.rlib" "/opt/rustwide/target/debug/deps/libspin-c4098cd951aef6c9.rlib" "/opt/rustwide/target/debug/deps/libuntrusted-5ec0aa78ed8cda5c.rlib" "/opt/rustwide/target/debug/deps/libonce_cell-63be820ac0ed0954.rlib" "/opt/rustwide/target/debug/deps/liblibc-4f34ddd04c373408.rlib" "/opt/rustwide/target/debug/deps/libutf8-9b4563d058a684d7.rlib" "/opt/rustwide/target/debug/deps/libbyteorder-e9468b374a0c0c11.rlib" "/opt/rustwide/target/debug/deps/libsha1-daa4ecf8d40b23d6.rlib" "/opt/rustwide/target/debug/deps/libcpufeatures-b8d9ed5bb45874e9.rlib" "/opt/rustwide/target/debug/deps/libcfg_if-61dc7a6799e72b18.rlib" "/opt/rustwide/target/debug/deps/libdigest-de2dc59efd15c225.rlib" "/opt/rustwide/target/debug/deps/libblock_buffer-7e9270fb9b7ff635.rlib" "/opt/rustwide/target/debug/deps/libcrypto_common-145014adf1649651.rlib" "/opt/rustwide/target/debug/deps/libgeneric_array-18b3188a0c567140.rlib" "/opt/rustwide/target/debug/deps/libtypenum-da95465dc70d2c95.rlib" "/opt/rustwide/target/debug/deps/libhttparse-64f1ffbeda450424.rlib" "/opt/rustwide/target/debug/deps/libthiserror-85bbb77abd2a015b.rlib" "/opt/rustwide/target/debug/deps/liburl-e2bbdc8176814ab9.rlib" "/opt/rustwide/target/debug/deps/libidna-be495c60b826cafb.rlib" "/opt/rustwide/target/debug/deps/libunicode_normalization-e04a0b39935fba30.rlib" "/opt/rustwide/target/debug/deps/libtinyvec-cf6c9f6b792a5507.rlib" "/opt/rustwide/target/debug/deps/libtinyvec_macros-b1cb7f53f58c9f87.rlib" "/opt/rustwide/target/debug/deps/libunicode_bidi-091e6a375aa15ffb.rlib" "/opt/rustwide/target/debug/deps/libform_urlencoded-ef5eb70334031c86.rlib" "/opt/rustwide/target/debug/deps/libpercent_encoding-fe0d57427b4d92e0.rlib" "/opt/rustwide/target/debug/deps/liblog-4f472032e8cdd371.rlib" "/opt/rustwide/target/debug/deps/libhttp-087a4805b82b800b.rlib" "/opt/rustwide/target/debug/deps/libitoa-5f181af53b99b92c.rlib" "/opt/rustwide/target/debug/deps/libbytes-0a052f49710012b1.rlib" "/opt/rustwide/target/debug/deps/libfnv-18bf5144d055e772.rlib" "/opt/rustwide/target/debug/deps/libnonzero_ext-5efe7ac9e71b9040.rlib" "/opt/rustwide/rustup-home/toolchains/1.75.0-x86_64-unknown-linux-gnu/lib/rustlib/x86_64-unknown-linux-gnu/lib/libstd-90f6ddbf82de36ec.rlib" "/opt/rustwide/rustup-home/toolchains/1.75.0-x86_64-unknown-linux-gnu/lib/rustlib/x86_64-unknown-linux-gnu/lib/libpanic_unwind-480c41e9d4e1f677.rlib" "/opt/rustwide/rustup-home/toolchains/1.75.0-x86_64-unknown-linux-gnu/lib/rustlib/x86_64-unknown-linux-gnu/lib/libobject-db744c0ca03eed1d.rlib" "/opt/rustwide/rustup-home/toolchains/1.75.0-x86_64-unknown-linux-gnu/lib/rustlib/x86_64-unknown-linux-gnu/lib/libmemchr-8ba652dc7d4b285a.rlib" "/opt/rustwide/rustup-home/toolchains/1.75.0-x86_64-unknown-linux-gnu/lib/rustlib/x86_64-unknown-linux-gnu/lib/libaddr2line-d5f4520a9ebc0d58.rlib" "/opt/rustwide/rustup-home/toolchains/1.75.0-x86_64-unknown-linux-gnu/lib/rustlib/x86_64-unknown-linux-gnu/lib/libgimli-4ad84de58f0cb463.rlib" "/opt/rustwide/rustup-home/toolchains/1.75.0-x86_64-unknown-linux-gnu/lib/rustlib/x86_64-unknown-linux-gnu/lib/librustc_demangle-0d10aae2e0f38735.rlib" "/opt/rustwide/rustup-home/toolchains/1.75.0-x86_64-unknown-linux-gnu/lib/rustlib/x86_64-unknown-linux-gnu/lib/libstd_detect-0c17cff739e6745b.rlib" "/opt/rustwide/rustup-home/toolchains/1.75.0-x86_64-unknown-linux-gnu/lib/rustlib/x86_64-unknown-linux-gnu/lib/libhashbrown-b29e17139dde1aa8.rlib" "/opt/rustwide/rustup-home/toolchains/1.75.0-x86_64-unknown-linux-gnu/lib/rustlib/x86_64-unknown-linux-gnu/lib/librustc_std_workspace_alloc-1f975299829cc7bd.rlib" "/opt/rustwide/rustup-home/toolchains/1.75.0-x86_64-unknown-linux-gnu/lib/rustlib/x86_64-unknown-linux-gnu/lib/libminiz_oxide-86bae3bc3079f89b.rlib" "/opt/rustwide/rustup-home/toolchains/1.75.0-x86_64-unknown-linux-gnu/lib/rustlib/x86_64-unknown-linux-gnu/lib/libadler-321b82c30dffdf5f.rlib" "/opt/rustwide/rustup-home/toolchains/1.75.0-x86_64-unknown-linux-gnu/lib/rustlib/x86_64-unknown-linux-gnu/lib/libunwind-3dd8a6810a0bdfef.rlib" "/opt/rustwide/rustup-home/toolchains/1.75.0-x86_64-unknown-linux-gnu/lib/rustlib/x86_64-unknown-linux-gnu/lib/libcfg_if-eb39a61c0c879984.rlib" "/opt/rustwide/rustup-home/toolchains/1.75.0-x86_64-unknown-linux-gnu/lib/rustlib/x86_64-unknown-linux-gnu/lib/liblibc-aa769569f91c3548.rlib" "/opt/rustwide/rustup-home/toolchains/1.75.0-x86_64-unknown-linux-gnu/lib/rustlib/x86_64-unknown-linux-gnu/lib/liballoc-510a192a50a983ed.rlib" "/opt/rustwide/rustup-home/toolchains/1.75.0-x86_64-unknown-linux-gnu/lib/rustlib/x86_64-unknown-linux-gnu/lib/librustc_std_workspace_core-0577018320f99037.rlib" "/opt/rustwide/rustup-home/toolchains/1.75.0-x86_64-unknown-linux-gnu/lib/rustlib/x86_64-unknown-linux-gnu/lib/libcore-193cf992125ccd4c.rlib" "/opt/rustwide/rustup-home/toolchains/1.75.0-x86_64-unknown-linux-gnu/lib/rustlib/x86_64-unknown-linux-gnu/lib/libcompiler_builtins-8e138eaf26ebb4a8.rlib" "-Wl,-Bdynamic" "-lssl" "-lcrypto" "-lgcc_s" "-lutil" "-lrt" "-lpthread" "-lm" "-ldl" "-lc" "-Wl,--eh-frame-hdr" "-Wl,-z,noexecstack" "-L" "/opt/rustwide/rustup-home/toolchains/1.75.0-x86_64-unknown-linux-gnu/lib/rustlib/x86_64-unknown-linux-gnu/lib" "-o" "/opt/rustwide/target/debug/deps/bitz-a883797e4d636f20" "-Wl,--gc-sections" "-pie" "-Wl,-z,relro,-z,now" "-nodefaultlibs"
[INFO] [stdout]   = note: collect2: fatal error: ld terminated with signal 9 [Killed]
[INFO] [stdout]           compilation terminated.
[INFO] [stdout]           
[INFO] [stdout] 
[INFO] [stdout] 
[INFO] [stdout] error: aborting due to previous error
[INFO] [stdout] 
[INFO] [stdout] 
[INFO] [stderr] error: could not compile `crypto-ws-client` (test "bitz") due to 2 previous errors
[INFO] [stdout] error: linking with `cc` failed: exit status: 1
[INFO] [stdout]   |
[INFO] [stdout]   = note: LC_ALL="C" PATH="/opt/rustwide/rustup-home/toolchains/1.75.0-x86_64-unknown-linux-gnu/lib/rustlib/x86_64-unknown-linux-gnu/bin:/opt/rustwide/cargo-home/bin:/usr/local/sbin:/usr/local/bin:/usr/sbin:/usr/bin:/sbin:/bin" VSLANG="1033" "cc" "-m64" "/tmp/rustcAVlHDe/symbols.o" "/opt/rustwide/target/debug/deps/binance_option-88f281d44819dfe3.binance_option.f40544b52d208887-cgu.00.rcgu.o" "/opt/rustwide/target/debug/deps/binance_option-88f281d44819dfe3.binance_option.f40544b52d208887-cgu.01.rcgu.o" "/opt/rustwide/target/debug/deps/binance_option-88f281d44819dfe3.binance_option.f40544b52d208887-cgu.02.rcgu.o" "/opt/rustwide/target/debug/deps/binance_option-88f281d44819dfe3.binance_option.f40544b52d208887-cgu.03.rcgu.o" "/opt/rustwide/target/debug/deps/binance_option-88f281d44819dfe3.binance_option.f40544b52d208887-cgu.04.rcgu.o" "/opt/rustwide/target/debug/deps/binance_option-88f281d44819dfe3.binance_option.f40544b52d208887-cgu.05.rcgu.o" "/opt/rustwide/target/debug/deps/binance_option-88f281d44819dfe3.binance_option.f40544b52d208887-cgu.06.rcgu.o" "/opt/rustwide/target/debug/deps/binance_option-88f281d44819dfe3.binance_option.f40544b52d208887-cgu.07.rcgu.o" "/opt/rustwide/target/debug/deps/binance_option-88f281d44819dfe3.binance_option.f40544b52d208887-cgu.08.rcgu.o" "/opt/rustwide/target/debug/deps/binance_option-88f281d44819dfe3.binance_option.f40544b52d208887-cgu.09.rcgu.o" "/opt/rustwide/target/debug/deps/binance_option-88f281d44819dfe3.binance_option.f40544b52d208887-cgu.10.rcgu.o" "/opt/rustwide/target/debug/deps/binance_option-88f281d44819dfe3.binance_option.f40544b52d208887-cgu.11.rcgu.o" "/opt/rustwide/target/debug/deps/binance_option-88f281d44819dfe3.binance_option.f40544b52d208887-cgu.12.rcgu.o" "/opt/rustwide/target/debug/deps/binance_option-88f281d44819dfe3.binance_option.f40544b52d208887-cgu.13.rcgu.o" "/opt/rustwide/target/debug/deps/binance_option-88f281d44819dfe3.binance_option.f40544b52d208887-cgu.14.rcgu.o" "/opt/rustwide/target/debug/deps/binance_option-88f281d44819dfe3.binance_option.f40544b52d208887-cgu.15.rcgu.o" "/opt/rustwide/target/debug/deps/binance_option-88f281d44819dfe3.e5rh2369322eh0w.rcgu.o" "-Wl,--as-needed" "-L" "/opt/rustwide/target/debug/deps" "-L" "/opt/rustwide/target/debug/build/ring-7e86424ee48ae211/out" "-L" "/opt/rustwide/target/debug/build/ring-468e83518f023e7f/out" "-L" "/opt/rustwide/rustup-home/toolchains/1.75.0-x86_64-unknown-linux-gnu/lib/rustlib/x86_64-unknown-linux-gnu/lib" "-Wl,-Bstatic" "/opt/rustwide/rustup-home/toolchains/1.75.0-x86_64-unknown-linux-gnu/lib/rustlib/x86_64-unknown-linux-gnu/lib/libtest-3df1bed8075ce1de.rlib" "/opt/rustwide/rustup-home/toolchains/1.75.0-x86_64-unknown-linux-gnu/lib/rustlib/x86_64-unknown-linux-gnu/lib/libgetopts-2076fd86b325cb5d.rlib" "/opt/rustwide/rustup-home/toolchains/1.75.0-x86_64-unknown-linux-gnu/lib/rustlib/x86_64-unknown-linux-gnu/lib/libunicode_width-caa7152ee70c190f.rlib" "/opt/rustwide/rustup-home/toolchains/1.75.0-x86_64-unknown-linux-gnu/lib/rustlib/x86_64-unknown-linux-gnu/lib/librustc_std_workspace_std-04e6425e07f02a3c.rlib" "/opt/rustwide/target/debug/deps/libcrypto_ws_client-36646b36079a94d8.rlib" "/opt/rustwide/target/debug/deps/libgovernor-bcbe632a1e406b7d.rlib" "/opt/rustwide/target/debug/deps/libquanta-294eff5865940577.rlib" "/opt/rustwide/target/debug/deps/libraw_cpuid-fab56c5e3f367f71.rlib" "/opt/rustwide/target/debug/deps/libbitflags-b7cee2ca4fb438d0.rlib" "/opt/rustwide/target/debug/deps/libcrossbeam_utils-69155c9edb6d0618.rlib" "/opt/rustwide/target/debug/deps/libdashmap-733db66aea230a3d.rlib" "/opt/rustwide/target/debug/deps/libparking_lot-a753e0f9a35f1d55.rlib" "/opt/rustwide/target/debug/deps/libparking_lot_core-f470c455380c2e9e.rlib" "/opt/rustwide/target/debug/deps/libsmallvec-19f6a51af3f3c214.rlib" "/opt/rustwide/target/debug/deps/liblock_api-2e3cdc36e2d071f0.rlib" "/opt/rustwide/target/debug/deps/libscopeguard-012e5ed929fc2fe6.rlib" "/opt/rustwide/target/debug/deps/libfutures-d8edceddd7185986.rlib" "/opt/rustwide/target/debug/deps/libfutures_executor-19593ac1b600f284.rlib" "/opt/rustwide/target/debug/deps/libfutures_timer-377201e06f6c6302.rlib" "/opt/rustwide/target/debug/deps/libno_std_compat-b2c4bc611845b480.rlib" "/opt/rustwide/target/debug/deps/libfast_socks5-886578ab5a919669.rlib" "/opt/rustwide/target/debug/deps/libtokio_stream-384858ca1222116c.rlib" "/opt/rustwide/target/debug/deps/libanyhow-309ab2c875f40ec7.rlib" "/opt/rustwide/target/debug/deps/libreqwest-c37406f7db21238d.rlib" "/opt/rustwide/target/debug/deps/libhyper_tls-0eeea52d3a3658d8.rlib" "/opt/rustwide/target/debug/deps/libserde_urlencoded-ab9d124403a3a605.rlib" "/opt/rustwide/target/debug/deps/libipnet-31f1670f407a9398.rlib" "/opt/rustwide/target/debug/deps/libtokio_native_tls-c5a47b08465522df.rlib" "/opt/rustwide/target/debug/deps/libmime-7e306270d8ceb372.rlib" "/opt/rustwide/target/debug/deps/libencoding_rs-000c97fafd38c2ed.rlib" "/opt/rustwide/target/debug/deps/libasync_compression-3f16174a52d189b7.rlib" "/opt/rustwide/target/debug/deps/libflate2-1347a47922d98cc4.rlib" "/opt/rustwide/target/debug/deps/libminiz_oxide-f272f5814aa49507.rlib" "/opt/rustwide/target/debug/deps/libadler-c8f2240c56a0abca.rlib" "/opt/rustwide/target/debug/deps/libcrc32fast-664446237529ebff.rlib" "/opt/rustwide/target/debug/deps/libnative_tls-3cef85622ef34220.rlib" "/opt/rustwide/target/debug/deps/libopenssl-5e3b213a3c7b0c99.rlib" "/opt/rustwide/target/debug/deps/libbitflags-912d270082a3a4ea.rlib" "/opt/rustwide/target/debug/deps/libforeign_types-c05743815e5b8a9d.rlib" "/opt/rustwide/target/debug/deps/libforeign_types_shared-d149f5491fde2862.rlib" "/opt/rustwide/target/debug/deps/libopenssl_sys-f8e76e4ab1799714.rlib" "/opt/rustwide/target/debug/deps/libhyper-62cd5c669b24596d.rlib" "/opt/rustwide/target/debug/deps/libwant-0be28e71d2a5cee8.rlib" "/opt/rustwide/target/debug/deps/libtry_lock-ba0ec0947155aa20.rlib" "/opt/rustwide/target/debug/deps/libh2-2034f08475771f9f.rlib" "/opt/rustwide/target/debug/deps/libindexmap-8fc97cbaa956011a.rlib" "/opt/rustwide/target/debug/deps/libequivalent-daf5c71f5fc642dd.rlib" "/opt/rustwide/target/debug/deps/libhashbrown-3d9e58c92093ae49.rlib" "/opt/rustwide/target/debug/deps/libtokio_util-227a89e4ee4c5b07.rlib" "/opt/rustwide/target/debug/deps/libtower_service-104d6e83d5ce383d.rlib" "/opt/rustwide/target/debug/deps/libtracing-53b1b32365aca46d.rlib" "/opt/rustwide/target/debug/deps/libtracing_core-de9779e9c86396c9.rlib" "/opt/rustwide/target/debug/deps/libhttp_body-3c42bd17f1cfc680.rlib" "/opt/rustwide/target/debug/deps/libserde_json-f7e7de9bae5c986c.rlib" "/opt/rustwide/target/debug/deps/libryu-5f304b1b6393964f.rlib" "/opt/rustwide/target/debug/deps/libserde-8d72183392081d4f.rlib" "/opt/rustwide/target/debug/deps/libtokio_tungstenite-27487b2c0b853d9e.rlib" "/opt/rustwide/target/debug/deps/librustls_native_certs-5360b5a42937407c.rlib" "/opt/rustwide/target/debug/deps/librustls_pemfile-ffdc2f3224e5aa74.rlib" "/opt/rustwide/target/debug/deps/libbase64-c757f6e1d18850a5.rlib" "/opt/rustwide/target/debug/deps/libopenssl_probe-d850575132083d7c.rlib" "/opt/rustwide/target/debug/deps/libtokio_rustls-025f23ad0a52c041.rlib" "/opt/rustwide/target/debug/deps/libtokio-ac91899c41a18181.rlib" "/opt/rustwide/target/debug/deps/libnum_cpus-d4708e9618b376f9.rlib" "/opt/rustwide/target/debug/deps/libsocket2-0d88c912de52bbf6.rlib" "/opt/rustwide/target/debug/deps/libmio-8968d6dd6f9690eb.rlib" "/opt/rustwide/target/debug/deps/libfutures_util-34f87bc2a2a5307b.rlib" "/opt/rustwide/target/debug/deps/libmemchr-94009dd89ebb9d8d.rlib" "/opt/rustwide/target/debug/deps/libfutures_io-06ca5b85b7f1c406.rlib" "/opt/rustwide/target/debug/deps/libslab-6eb39baadbe9101c.rlib" "/opt/rustwide/target/debug/deps/libfutures_channel-a299c85500052389.rlib" "/opt/rustwide/target/debug/deps/libpin_project_lite-e0757e0deaa2f8a0.rlib" "/opt/rustwide/target/debug/deps/libfutures_sink-8957e1e23a8e4733.rlib" "/opt/rustwide/target/debug/deps/libfutures_task-c1403167034c79e1.rlib" "/opt/rustwide/target/debug/deps/libpin_utils-741f7d9d160e4a16.rlib" "/opt/rustwide/target/debug/deps/libfutures_core-9cff0d103c3b3c9e.rlib" "/opt/rustwide/target/debug/deps/libtungstenite-bf7b209425e0c547.rlib" "/opt/rustwide/target/debug/deps/libbase64-b09bba5046b087ce.rlib" "/opt/rustwide/target/debug/deps/librand-6b1751f97fc780d8.rlib" "/opt/rustwide/target/debug/deps/librand_chacha-190d94af5566d2d7.rlib" "/opt/rustwide/target/debug/deps/libppv_lite86-9f808eb911999ef2.rlib" "/opt/rustwide/target/debug/deps/librand_core-6b5cc83d202a6ca4.rlib" "/opt/rustwide/target/debug/deps/librustls-be23a6393e136062.rlib" "/opt/rustwide/target/debug/deps/libsct-d69fe3521b01c82a.rlib" "/opt/rustwide/target/debug/deps/libwebpki-ae5db0a32ad7fe1a.rlib" "/opt/rustwide/target/debug/deps/libring-76368ca987d789cf.rlib" "/opt/rustwide/target/debug/deps/libgetrandom-6f8cebb06b407ea9.rlib" "/opt/rustwide/target/debug/deps/libspin-1881e9d9c2fdf875.rlib" "/opt/rustwide/target/debug/deps/libuntrusted-66bbe55c9f09dd46.rlib" "/opt/rustwide/target/debug/deps/libring-d3377021e12bf992.rlib" "/opt/rustwide/target/debug/deps/libspin-c4098cd951aef6c9.rlib" "/opt/rustwide/target/debug/deps/libuntrusted-5ec0aa78ed8cda5c.rlib" "/opt/rustwide/target/debug/deps/libonce_cell-63be820ac0ed0954.rlib" "/opt/rustwide/target/debug/deps/liblibc-4f34ddd04c373408.rlib" "/opt/rustwide/target/debug/deps/libutf8-9b4563d058a684d7.rlib" "/opt/rustwide/target/debug/deps/libbyteorder-e9468b374a0c0c11.rlib" "/opt/rustwide/target/debug/deps/libsha1-daa4ecf8d40b23d6.rlib" "/opt/rustwide/target/debug/deps/libcpufeatures-b8d9ed5bb45874e9.rlib" "/opt/rustwide/target/debug/deps/libcfg_if-61dc7a6799e72b18.rlib" "/opt/rustwide/target/debug/deps/libdigest-de2dc59efd15c225.rlib" "/opt/rustwide/target/debug/deps/libblock_buffer-7e9270fb9b7ff635.rlib" "/opt/rustwide/target/debug/deps/libcrypto_common-145014adf1649651.rlib" "/opt/rustwide/target/debug/deps/libgeneric_array-18b3188a0c567140.rlib" "/opt/rustwide/target/debug/deps/libtypenum-da95465dc70d2c95.rlib" "/opt/rustwide/target/debug/deps/libhttparse-64f1ffbeda450424.rlib" "/opt/rustwide/target/debug/deps/libthiserror-85bbb77abd2a015b.rlib" "/opt/rustwide/target/debug/deps/liburl-e2bbdc8176814ab9.rlib" "/opt/rustwide/target/debug/deps/libidna-be495c60b826cafb.rlib" "/opt/rustwide/target/debug/deps/libunicode_normalization-e04a0b39935fba30.rlib" "/opt/rustwide/target/debug/deps/libtinyvec-cf6c9f6b792a5507.rlib" "/opt/rustwide/target/debug/deps/libtinyvec_macros-b1cb7f53f58c9f87.rlib" "/opt/rustwide/target/debug/deps/libunicode_bidi-091e6a375aa15ffb.rlib" "/opt/rustwide/target/debug/deps/libform_urlencoded-ef5eb70334031c86.rlib" "/opt/rustwide/target/debug/deps/libpercent_encoding-fe0d57427b4d92e0.rlib" "/opt/rustwide/target/debug/deps/liblog-4f472032e8cdd371.rlib" "/opt/rustwide/target/debug/deps/libhttp-087a4805b82b800b.rlib" "/opt/rustwide/target/debug/deps/libitoa-5f181af53b99b92c.rlib" "/opt/rustwide/target/debug/deps/libbytes-0a052f49710012b1.rlib" "/opt/rustwide/target/debug/deps/libfnv-18bf5144d055e772.rlib" "/opt/rustwide/target/debug/deps/libnonzero_ext-5efe7ac9e71b9040.rlib" "/opt/rustwide/rustup-home/toolchains/1.75.0-x86_64-unknown-linux-gnu/lib/rustlib/x86_64-unknown-linux-gnu/lib/libstd-90f6ddbf82de36ec.rlib" "/opt/rustwide/rustup-home/toolchains/1.75.0-x86_64-unknown-linux-gnu/lib/rustlib/x86_64-unknown-linux-gnu/lib/libpanic_unwind-480c41e9d4e1f677.rlib" "/opt/rustwide/rustup-home/toolchains/1.75.0-x86_64-unknown-linux-gnu/lib/rustlib/x86_64-unknown-linux-gnu/lib/libobject-db744c0ca03eed1d.rlib" "/opt/rustwide/rustup-home/toolchains/1.75.0-x86_64-unknown-linux-gnu/lib/rustlib/x86_64-unknown-linux-gnu/lib/libmemchr-8ba652dc7d4b285a.rlib" "/opt/rustwide/rustup-home/toolchains/1.75.0-x86_64-unknown-linux-gnu/lib/rustlib/x86_64-unknown-linux-gnu/lib/libaddr2line-d5f4520a9ebc0d58.rlib" "/opt/rustwide/rustup-home/toolchains/1.75.0-x86_64-unknown-linux-gnu/lib/rustlib/x86_64-unknown-linux-gnu/lib/libgimli-4ad84de58f0cb463.rlib" "/opt/rustwide/rustup-home/toolchains/1.75.0-x86_64-unknown-linux-gnu/lib/rustlib/x86_64-unknown-linux-gnu/lib/librustc_demangle-0d10aae2e0f38735.rlib" "/opt/rustwide/rustup-home/toolchains/1.75.0-x86_64-unknown-linux-gnu/lib/rustlib/x86_64-unknown-linux-gnu/lib/libstd_detect-0c17cff739e6745b.rlib" "/opt/rustwide/rustup-home/toolchains/1.75.0-x86_64-unknown-linux-gnu/lib/rustlib/x86_64-unknown-linux-gnu/lib/libhashbrown-b29e17139dde1aa8.rlib" "/opt/rustwide/rustup-home/toolchains/1.75.0-x86_64-unknown-linux-gnu/lib/rustlib/x86_64-unknown-linux-gnu/lib/librustc_std_workspace_alloc-1f975299829cc7bd.rlib" "/opt/rustwide/rustup-home/toolchains/1.75.0-x86_64-unknown-linux-gnu/lib/rustlib/x86_64-unknown-linux-gnu/lib/libminiz_oxide-86bae3bc3079f89b.rlib" "/opt/rustwide/rustup-home/toolchains/1.75.0-x86_64-unknown-linux-gnu/lib/rustlib/x86_64-unknown-linux-gnu/lib/libadler-321b82c30dffdf5f.rlib" "/opt/rustwide/rustup-home/toolchains/1.75.0-x86_64-unknown-linux-gnu/lib/rustlib/x86_64-unknown-linux-gnu/lib/libunwind-3dd8a6810a0bdfef.rlib" "/opt/rustwide/rustup-home/toolchains/1.75.0-x86_64-unknown-linux-gnu/lib/rustlib/x86_64-unknown-linux-gnu/lib/libcfg_if-eb39a61c0c879984.rlib" "/opt/rustwide/rustup-home/toolchains/1.75.0-x86_64-unknown-linux-gnu/lib/rustlib/x86_64-unknown-linux-gnu/lib/liblibc-aa769569f91c3548.rlib" "/opt/rustwide/rustup-home/toolchains/1.75.0-x86_64-unknown-linux-gnu/lib/rustlib/x86_64-unknown-linux-gnu/lib/liballoc-510a192a50a983ed.rlib" "/opt/rustwide/rustup-home/toolchains/1.75.0-x86_64-unknown-linux-gnu/lib/rustlib/x86_64-unknown-linux-gnu/lib/librustc_std_workspace_core-0577018320f99037.rlib" "/opt/rustwide/rustup-home/toolchains/1.75.0-x86_64-unknown-linux-gnu/lib/rustlib/x86_64-unknown-linux-gnu/lib/libcore-193cf992125ccd4c.rlib" "/opt/rustwide/rustup-home/toolchains/1.75.0-x86_64-unknown-linux-gnu/lib/rustlib/x86_64-unknown-linux-gnu/lib/libcompiler_builtins-8e138eaf26ebb4a8.rlib" "-Wl,-Bdynamic" "-lssl" "-lcrypto" "-lgcc_s" "-lutil" "-lrt" "-lpthread" "-lm" "-ldl" "-lc" "-Wl,--eh-frame-hdr" "-Wl,-z,noexecstack" "-L" "/opt/rustwide/rustup-home/toolchains/1.75.0-x86_64-unknown-linux-gnu/lib/rustlib/x86_64-unknown-linux-gnu/lib" "-o" "/opt/rustwide/target/debug/deps/binance_option-88f281d44819dfe3" "-Wl,--gc-sections" "-pie" "-Wl,-z,relro,-z,now" "-nodefaultlibs"
[INFO] [stdout]   = note: collect2: fatal error: ld terminated with signal 9 [Killed]
[INFO] [stdout]           compilation terminated.
[INFO] [stdout]           
[INFO] [stdout] 
[INFO] [stdout] 
[INFO] [stdout] error: aborting due to previous error
[INFO] [stdout] 
[INFO] [stdout] 
[INFO] [stderr] error: could not compile `crypto-ws-client` (test "binance_option") due to 2 previous errors
[INFO] [stdout] error: linking with `cc` failed: exit status: 1
[INFO] [stdout]   |
[INFO] [stdout]   = note: LC_ALL="C" PATH="/opt/rustwide/rustup-home/toolchains/1.75.0-x86_64-unknown-linux-gnu/lib/rustlib/x86_64-unknown-linux-gnu/bin:/opt/rustwide/cargo-home/bin:/usr/local/sbin:/usr/local/bin:/usr/sbin:/usr/bin:/sbin:/bin" VSLANG="1033" "cc" "-m64" "/tmp/rustcTmDTtR/symbols.o" "/opt/rustwide/target/debug/deps/bithumb-c687db3bb5a529f1.bithumb.e027f80aaef93a5b-cgu.00.rcgu.o" "/opt/rustwide/target/debug/deps/bithumb-c687db3bb5a529f1.bithumb.e027f80aaef93a5b-cgu.01.rcgu.o" "/opt/rustwide/target/debug/deps/bithumb-c687db3bb5a529f1.bithumb.e027f80aaef93a5b-cgu.02.rcgu.o" "/opt/rustwide/target/debug/deps/bithumb-c687db3bb5a529f1.bithumb.e027f80aaef93a5b-cgu.03.rcgu.o" "/opt/rustwide/target/debug/deps/bithumb-c687db3bb5a529f1.bithumb.e027f80aaef93a5b-cgu.04.rcgu.o" "/opt/rustwide/target/debug/deps/bithumb-c687db3bb5a529f1.bithumb.e027f80aaef93a5b-cgu.05.rcgu.o" "/opt/rustwide/target/debug/deps/bithumb-c687db3bb5a529f1.bithumb.e027f80aaef93a5b-cgu.06.rcgu.o" "/opt/rustwide/target/debug/deps/bithumb-c687db3bb5a529f1.bithumb.e027f80aaef93a5b-cgu.07.rcgu.o" "/opt/rustwide/target/debug/deps/bithumb-c687db3bb5a529f1.bithumb.e027f80aaef93a5b-cgu.08.rcgu.o" "/opt/rustwide/target/debug/deps/bithumb-c687db3bb5a529f1.bithumb.e027f80aaef93a5b-cgu.09.rcgu.o" "/opt/rustwide/target/debug/deps/bithumb-c687db3bb5a529f1.bithumb.e027f80aaef93a5b-cgu.10.rcgu.o" "/opt/rustwide/target/debug/deps/bithumb-c687db3bb5a529f1.bithumb.e027f80aaef93a5b-cgu.11.rcgu.o" "/opt/rustwide/target/debug/deps/bithumb-c687db3bb5a529f1.bithumb.e027f80aaef93a5b-cgu.12.rcgu.o" "/opt/rustwide/target/debug/deps/bithumb-c687db3bb5a529f1.bithumb.e027f80aaef93a5b-cgu.13.rcgu.o" "/opt/rustwide/target/debug/deps/bithumb-c687db3bb5a529f1.bithumb.e027f80aaef93a5b-cgu.14.rcgu.o" "/opt/rustwide/target/debug/deps/bithumb-c687db3bb5a529f1.bithumb.e027f80aaef93a5b-cgu.15.rcgu.o" "/opt/rustwide/target/debug/deps/bithumb-c687db3bb5a529f1.4u5ffs5762p6fsvh.rcgu.o" "-Wl,--as-needed" "-L" "/opt/rustwide/target/debug/deps" "-L" "/opt/rustwide/target/debug/build/ring-7e86424ee48ae211/out" "-L" "/opt/rustwide/target/debug/build/ring-468e83518f023e7f/out" "-L" "/opt/rustwide/rustup-home/toolchains/1.75.0-x86_64-unknown-linux-gnu/lib/rustlib/x86_64-unknown-linux-gnu/lib" "-Wl,-Bstatic" "/opt/rustwide/rustup-home/toolchains/1.75.0-x86_64-unknown-linux-gnu/lib/rustlib/x86_64-unknown-linux-gnu/lib/libtest-3df1bed8075ce1de.rlib" "/opt/rustwide/rustup-home/toolchains/1.75.0-x86_64-unknown-linux-gnu/lib/rustlib/x86_64-unknown-linux-gnu/lib/libgetopts-2076fd86b325cb5d.rlib" "/opt/rustwide/rustup-home/toolchains/1.75.0-x86_64-unknown-linux-gnu/lib/rustlib/x86_64-unknown-linux-gnu/lib/libunicode_width-caa7152ee70c190f.rlib" "/opt/rustwide/rustup-home/toolchains/1.75.0-x86_64-unknown-linux-gnu/lib/rustlib/x86_64-unknown-linux-gnu/lib/librustc_std_workspace_std-04e6425e07f02a3c.rlib" "/opt/rustwide/target/debug/deps/libcrypto_ws_client-36646b36079a94d8.rlib" "/opt/rustwide/target/debug/deps/libgovernor-bcbe632a1e406b7d.rlib" "/opt/rustwide/target/debug/deps/libquanta-294eff5865940577.rlib" "/opt/rustwide/target/debug/deps/libraw_cpuid-fab56c5e3f367f71.rlib" "/opt/rustwide/target/debug/deps/libbitflags-b7cee2ca4fb438d0.rlib" "/opt/rustwide/target/debug/deps/libcrossbeam_utils-69155c9edb6d0618.rlib" "/opt/rustwide/target/debug/deps/libdashmap-733db66aea230a3d.rlib" "/opt/rustwide/target/debug/deps/libparking_lot-a753e0f9a35f1d55.rlib" "/opt/rustwide/target/debug/deps/libparking_lot_core-f470c455380c2e9e.rlib" "/opt/rustwide/target/debug/deps/libsmallvec-19f6a51af3f3c214.rlib" "/opt/rustwide/target/debug/deps/liblock_api-2e3cdc36e2d071f0.rlib" "/opt/rustwide/target/debug/deps/libscopeguard-012e5ed929fc2fe6.rlib" "/opt/rustwide/target/debug/deps/libfutures-d8edceddd7185986.rlib" "/opt/rustwide/target/debug/deps/libfutures_executor-19593ac1b600f284.rlib" "/opt/rustwide/target/debug/deps/libfutures_timer-377201e06f6c6302.rlib" "/opt/rustwide/target/debug/deps/libno_std_compat-b2c4bc611845b480.rlib" "/opt/rustwide/target/debug/deps/libfast_socks5-886578ab5a919669.rlib" "/opt/rustwide/target/debug/deps/libtokio_stream-384858ca1222116c.rlib" "/opt/rustwide/target/debug/deps/libanyhow-309ab2c875f40ec7.rlib" "/opt/rustwide/target/debug/deps/libreqwest-c37406f7db21238d.rlib" "/opt/rustwide/target/debug/deps/libhyper_tls-0eeea52d3a3658d8.rlib" "/opt/rustwide/target/debug/deps/libserde_urlencoded-ab9d124403a3a605.rlib" "/opt/rustwide/target/debug/deps/libipnet-31f1670f407a9398.rlib" "/opt/rustwide/target/debug/deps/libtokio_native_tls-c5a47b08465522df.rlib" "/opt/rustwide/target/debug/deps/libmime-7e306270d8ceb372.rlib" "/opt/rustwide/target/debug/deps/libencoding_rs-000c97fafd38c2ed.rlib" "/opt/rustwide/target/debug/deps/libasync_compression-3f16174a52d189b7.rlib" "/opt/rustwide/target/debug/deps/libflate2-1347a47922d98cc4.rlib" "/opt/rustwide/target/debug/deps/libminiz_oxide-f272f5814aa49507.rlib" "/opt/rustwide/target/debug/deps/libadler-c8f2240c56a0abca.rlib" "/opt/rustwide/target/debug/deps/libcrc32fast-664446237529ebff.rlib" "/opt/rustwide/target/debug/deps/libnative_tls-3cef85622ef34220.rlib" "/opt/rustwide/target/debug/deps/libopenssl-5e3b213a3c7b0c99.rlib" "/opt/rustwide/target/debug/deps/libbitflags-912d270082a3a4ea.rlib" "/opt/rustwide/target/debug/deps/libforeign_types-c05743815e5b8a9d.rlib" "/opt/rustwide/target/debug/deps/libforeign_types_shared-d149f5491fde2862.rlib" "/opt/rustwide/target/debug/deps/libopenssl_sys-f8e76e4ab1799714.rlib" "/opt/rustwide/target/debug/deps/libhyper-62cd5c669b24596d.rlib" "/opt/rustwide/target/debug/deps/libwant-0be28e71d2a5cee8.rlib" "/opt/rustwide/target/debug/deps/libtry_lock-ba0ec0947155aa20.rlib" "/opt/rustwide/target/debug/deps/libh2-2034f08475771f9f.rlib" "/opt/rustwide/target/debug/deps/libindexmap-8fc97cbaa956011a.rlib" "/opt/rustwide/target/debug/deps/libequivalent-daf5c71f5fc642dd.rlib" "/opt/rustwide/target/debug/deps/libhashbrown-3d9e58c92093ae49.rlib" "/opt/rustwide/target/debug/deps/libtokio_util-227a89e4ee4c5b07.rlib" "/opt/rustwide/target/debug/deps/libtower_service-104d6e83d5ce383d.rlib" "/opt/rustwide/target/debug/deps/libtracing-53b1b32365aca46d.rlib" "/opt/rustwide/target/debug/deps/libtracing_core-de9779e9c86396c9.rlib" "/opt/rustwide/target/debug/deps/libhttp_body-3c42bd17f1cfc680.rlib" "/opt/rustwide/target/debug/deps/libserde_json-f7e7de9bae5c986c.rlib" "/opt/rustwide/target/debug/deps/libryu-5f304b1b6393964f.rlib" "/opt/rustwide/target/debug/deps/libserde-8d72183392081d4f.rlib" "/opt/rustwide/target/debug/deps/libtokio_tungstenite-27487b2c0b853d9e.rlib" "/opt/rustwide/target/debug/deps/librustls_native_certs-5360b5a42937407c.rlib" "/opt/rustwide/target/debug/deps/librustls_pemfile-ffdc2f3224e5aa74.rlib" "/opt/rustwide/target/debug/deps/libbase64-c757f6e1d18850a5.rlib" "/opt/rustwide/target/debug/deps/libopenssl_probe-d850575132083d7c.rlib" "/opt/rustwide/target/debug/deps/libtokio_rustls-025f23ad0a52c041.rlib" "/opt/rustwide/target/debug/deps/libtokio-ac91899c41a18181.rlib" "/opt/rustwide/target/debug/deps/libnum_cpus-d4708e9618b376f9.rlib" "/opt/rustwide/target/debug/deps/libsocket2-0d88c912de52bbf6.rlib" "/opt/rustwide/target/debug/deps/libmio-8968d6dd6f9690eb.rlib" "/opt/rustwide/target/debug/deps/libfutures_util-34f87bc2a2a5307b.rlib" "/opt/rustwide/target/debug/deps/libmemchr-94009dd89ebb9d8d.rlib" "/opt/rustwide/target/debug/deps/libfutures_io-06ca5b85b7f1c406.rlib" "/opt/rustwide/target/debug/deps/libslab-6eb39baadbe9101c.rlib" "/opt/rustwide/target/debug/deps/libfutures_channel-a299c85500052389.rlib" "/opt/rustwide/target/debug/deps/libpin_project_lite-e0757e0deaa2f8a0.rlib" "/opt/rustwide/target/debug/deps/libfutures_sink-8957e1e23a8e4733.rlib" "/opt/rustwide/target/debug/deps/libfutures_task-c1403167034c79e1.rlib" "/opt/rustwide/target/debug/deps/libpin_utils-741f7d9d160e4a16.rlib" "/opt/rustwide/target/debug/deps/libfutures_core-9cff0d103c3b3c9e.rlib" "/opt/rustwide/target/debug/deps/libtungstenite-bf7b209425e0c547.rlib" "/opt/rustwide/target/debug/deps/libbase64-b09bba5046b087ce.rlib" "/opt/rustwide/target/debug/deps/librand-6b1751f97fc780d8.rlib" "/opt/rustwide/target/debug/deps/librand_chacha-190d94af5566d2d7.rlib" "/opt/rustwide/target/debug/deps/libppv_lite86-9f808eb911999ef2.rlib" "/opt/rustwide/target/debug/deps/librand_core-6b5cc83d202a6ca4.rlib" "/opt/rustwide/target/debug/deps/librustls-be23a6393e136062.rlib" "/opt/rustwide/target/debug/deps/libsct-d69fe3521b01c82a.rlib" "/opt/rustwide/target/debug/deps/libwebpki-ae5db0a32ad7fe1a.rlib" "/opt/rustwide/target/debug/deps/libring-76368ca987d789cf.rlib" "/opt/rustwide/target/debug/deps/libgetrandom-6f8cebb06b407ea9.rlib" "/opt/rustwide/target/debug/deps/libspin-1881e9d9c2fdf875.rlib" "/opt/rustwide/target/debug/deps/libuntrusted-66bbe55c9f09dd46.rlib" "/opt/rustwide/target/debug/deps/libring-d3377021e12bf992.rlib" "/opt/rustwide/target/debug/deps/libspin-c4098cd951aef6c9.rlib" "/opt/rustwide/target/debug/deps/libuntrusted-5ec0aa78ed8cda5c.rlib" "/opt/rustwide/target/debug/deps/libonce_cell-63be820ac0ed0954.rlib" "/opt/rustwide/target/debug/deps/liblibc-4f34ddd04c373408.rlib" "/opt/rustwide/target/debug/deps/libutf8-9b4563d058a684d7.rlib" "/opt/rustwide/target/debug/deps/libbyteorder-e9468b374a0c0c11.rlib" "/opt/rustwide/target/debug/deps/libsha1-daa4ecf8d40b23d6.rlib" "/opt/rustwide/target/debug/deps/libcpufeatures-b8d9ed5bb45874e9.rlib" "/opt/rustwide/target/debug/deps/libcfg_if-61dc7a6799e72b18.rlib" "/opt/rustwide/target/debug/deps/libdigest-de2dc59efd15c225.rlib" "/opt/rustwide/target/debug/deps/libblock_buffer-7e9270fb9b7ff635.rlib" "/opt/rustwide/target/debug/deps/libcrypto_common-145014adf1649651.rlib" "/opt/rustwide/target/debug/deps/libgeneric_array-18b3188a0c567140.rlib" "/opt/rustwide/target/debug/deps/libtypenum-da95465dc70d2c95.rlib" "/opt/rustwide/target/debug/deps/libhttparse-64f1ffbeda450424.rlib" "/opt/rustwide/target/debug/deps/libthiserror-85bbb77abd2a015b.rlib" "/opt/rustwide/target/debug/deps/liburl-e2bbdc8176814ab9.rlib" "/opt/rustwide/target/debug/deps/libidna-be495c60b826cafb.rlib" "/opt/rustwide/target/debug/deps/libunicode_normalization-e04a0b39935fba30.rlib" "/opt/rustwide/target/debug/deps/libtinyvec-cf6c9f6b792a5507.rlib" "/opt/rustwide/target/debug/deps/libtinyvec_macros-b1cb7f53f58c9f87.rlib" "/opt/rustwide/target/debug/deps/libunicode_bidi-091e6a375aa15ffb.rlib" "/opt/rustwide/target/debug/deps/libform_urlencoded-ef5eb70334031c86.rlib" "/opt/rustwide/target/debug/deps/libpercent_encoding-fe0d57427b4d92e0.rlib" "/opt/rustwide/target/debug/deps/liblog-4f472032e8cdd371.rlib" "/opt/rustwide/target/debug/deps/libhttp-087a4805b82b800b.rlib" "/opt/rustwide/target/debug/deps/libitoa-5f181af53b99b92c.rlib" "/opt/rustwide/target/debug/deps/libbytes-0a052f49710012b1.rlib" "/opt/rustwide/target/debug/deps/libfnv-18bf5144d055e772.rlib" "/opt/rustwide/target/debug/deps/libnonzero_ext-5efe7ac9e71b9040.rlib" "/opt/rustwide/rustup-home/toolchains/1.75.0-x86_64-unknown-linux-gnu/lib/rustlib/x86_64-unknown-linux-gnu/lib/libstd-90f6ddbf82de36ec.rlib" "/opt/rustwide/rustup-home/toolchains/1.75.0-x86_64-unknown-linux-gnu/lib/rustlib/x86_64-unknown-linux-gnu/lib/libpanic_unwind-480c41e9d4e1f677.rlib" "/opt/rustwide/rustup-home/toolchains/1.75.0-x86_64-unknown-linux-gnu/lib/rustlib/x86_64-unknown-linux-gnu/lib/libobject-db744c0ca03eed1d.rlib" "/opt/rustwide/rustup-home/toolchains/1.75.0-x86_64-unknown-linux-gnu/lib/rustlib/x86_64-unknown-linux-gnu/lib/libmemchr-8ba652dc7d4b285a.rlib" "/opt/rustwide/rustup-home/toolchains/1.75.0-x86_64-unknown-linux-gnu/lib/rustlib/x86_64-unknown-linux-gnu/lib/libaddr2line-d5f4520a9ebc0d58.rlib" "/opt/rustwide/rustup-home/toolchains/1.75.0-x86_64-unknown-linux-gnu/lib/rustlib/x86_64-unknown-linux-gnu/lib/libgimli-4ad84de58f0cb463.rlib" "/opt/rustwide/rustup-home/toolchains/1.75.0-x86_64-unknown-linux-gnu/lib/rustlib/x86_64-unknown-linux-gnu/lib/librustc_demangle-0d10aae2e0f38735.rlib" "/opt/rustwide/rustup-home/toolchains/1.75.0-x86_64-unknown-linux-gnu/lib/rustlib/x86_64-unknown-linux-gnu/lib/libstd_detect-0c17cff739e6745b.rlib" "/opt/rustwide/rustup-home/toolchains/1.75.0-x86_64-unknown-linux-gnu/lib/rustlib/x86_64-unknown-linux-gnu/lib/libhashbrown-b29e17139dde1aa8.rlib" "/opt/rustwide/rustup-home/toolchains/1.75.0-x86_64-unknown-linux-gnu/lib/rustlib/x86_64-unknown-linux-gnu/lib/librustc_std_workspace_alloc-1f975299829cc7bd.rlib" "/opt/rustwide/rustup-home/toolchains/1.75.0-x86_64-unknown-linux-gnu/lib/rustlib/x86_64-unknown-linux-gnu/lib/libminiz_oxide-86bae3bc3079f89b.rlib" "/opt/rustwide/rustup-home/toolchains/1.75.0-x86_64-unknown-linux-gnu/lib/rustlib/x86_64-unknown-linux-gnu/lib/libadler-321b82c30dffdf5f.rlib" "/opt/rustwide/rustup-home/toolchains/1.75.0-x86_64-unknown-linux-gnu/lib/rustlib/x86_64-unknown-linux-gnu/lib/libunwind-3dd8a6810a0bdfef.rlib" "/opt/rustwide/rustup-home/toolchains/1.75.0-x86_64-unknown-linux-gnu/lib/rustlib/x86_64-unknown-linux-gnu/lib/libcfg_if-eb39a61c0c879984.rlib" "/opt/rustwide/rustup-home/toolchains/1.75.0-x86_64-unknown-linux-gnu/lib/rustlib/x86_64-unknown-linux-gnu/lib/liblibc-aa769569f91c3548.rlib" "/opt/rustwide/rustup-home/toolchains/1.75.0-x86_64-unknown-linux-gnu/lib/rustlib/x86_64-unknown-linux-gnu/lib/liballoc-510a192a50a983ed.rlib" "/opt/rustwide/rustup-home/toolchains/1.75.0-x86_64-unknown-linux-gnu/lib/rustlib/x86_64-unknown-linux-gnu/lib/librustc_std_workspace_core-0577018320f99037.rlib" "/opt/rustwide/rustup-home/toolchains/1.75.0-x86_64-unknown-linux-gnu/lib/rustlib/x86_64-unknown-linux-gnu/lib/libcore-193cf992125ccd4c.rlib" "/opt/rustwide/rustup-home/toolchains/1.75.0-x86_64-unknown-linux-gnu/lib/rustlib/x86_64-unknown-linux-gnu/lib/libcompiler_builtins-8e138eaf26ebb4a8.rlib" "-Wl,-Bdynamic" "-lssl" "-lcrypto" "-lgcc_s" "-lutil" "-lrt" "-lpthread" "-lm" "-ldl" "-lc" "-Wl,--eh-frame-hdr" "-Wl,-z,noexecstack" "-L" "/opt/rustwide/rustup-home/toolchains/1.75.0-x86_64-unknown-linux-gnu/lib/rustlib/x86_64-unknown-linux-gnu/lib" "-o" "/opt/rustwide/target/debug/deps/bithumb-c687db3bb5a529f1" "-Wl,--gc-sections" "-pie" "-Wl,-z,relro,-z,now" "-nodefaultlibs"
[INFO] [stdout]   = note: collect2: fatal error: ld terminated with signal 9 [Killed]
[INFO] [stdout]           compilation terminated.
[INFO] [stdout]           
[INFO] [stdout] 
[INFO] [stdout] 
[INFO] [stdout] error: aborting due to previous error
[INFO] [stdout] 
[INFO] [stdout] 
[INFO] [stderr] error: could not compile `crypto-ws-client` (test "bithumb") due to 2 previous errors
[INFO] running `Command { std: "docker" "inspect" "f5e4e264a5c7346b68affa6bb2844b593d3c84bb0e25c58e8cb353c648a4cbe0", kill_on_drop: false }`
[INFO] running `Command { std: "docker" "rm" "-f" "f5e4e264a5c7346b68affa6bb2844b593d3c84bb0e25c58e8cb353c648a4cbe0", kill_on_drop: false }`
[INFO] [stdout] f5e4e264a5c7346b68affa6bb2844b593d3c84bb0e25c58e8cb353c648a4cbe0
[INFO] testing crypto-ws-client-4.12.11 against beta-2023-12-22 for beta-1.76-1
[INFO] extracting crate crypto-ws-client 4.12.11 into /workspace/builds/worker-1-tc2/source
[INFO] validating manifest of crates.io crate crypto-ws-client 4.12.11 on toolchain beta-2023-12-22
[INFO] running `Command { std: CARGO_HOME="/workspace/cargo-home" RUSTUP_HOME="/workspace/rustup-home" "/workspace/cargo-home/bin/cargo" "+beta-2023-12-22" "metadata" "--manifest-path" "Cargo.toml" "--no-deps", kill_on_drop: false }`
[INFO] started tweaking crates.io crate crypto-ws-client 4.12.11
[INFO] finished tweaking crates.io crate crypto-ws-client 4.12.11
[INFO] tweaked toml for crates.io crate crypto-ws-client 4.12.11 written to /workspace/builds/worker-1-tc2/source/Cargo.toml
[INFO] running `Command { std: CARGO_HOME="/workspace/cargo-home" RUSTUP_HOME="/workspace/rustup-home" "/workspace/cargo-home/bin/cargo" "+beta-2023-12-22" "generate-lockfile" "--manifest-path" "Cargo.toml", kill_on_drop: false }`
[INFO] [stderr]     Updating crates.io index
[INFO] running `Command { std: CARGO_HOME="/workspace/cargo-home" RUSTUP_HOME="/workspace/rustup-home" "/workspace/cargo-home/bin/cargo" "+beta-2023-12-22" "fetch" "--manifest-path" "Cargo.toml", kill_on_drop: false }`
[INFO] running `Command { std: "docker" "create" "-v" "/var/lib/crater-agent-workspace/builds/worker-1-tc2/target:/opt/rustwide/target:rw,Z" "-v" "/var/lib/crater-agent-workspace/builds/worker-1-tc2/source:/opt/rustwide/workdir:ro,Z" "-v" "/var/lib/crater-agent-workspace/cargo-home:/opt/rustwide/cargo-home:ro,Z" "-v" "/var/lib/crater-agent-workspace/rustup-home:/opt/rustwide/rustup-home:ro,Z" "-e" "SOURCE_DIR=/opt/rustwide/workdir" "-e" "CARGO_TARGET_DIR=/opt/rustwide/target" "-e" "CARGO_HOME=/opt/rustwide/cargo-home" "-e" "RUSTUP_HOME=/opt/rustwide/rustup-home" "-w" "/opt/rustwide/workdir" "-m" "1610612736" "--user" "0:0" "--network" "none" "ghcr.io/rust-lang/crates-build-env/linux@sha256:2788e3201cd34a07e3172128adcd8b3090168a8e3bcc40d7c032b9dda1df7d1c" "/opt/rustwide/cargo-home/bin/cargo" "+beta-2023-12-22" "metadata" "--no-deps" "--format-version=1", kill_on_drop: false }`
[INFO] [stdout] 13c8174ecd943f426e77f02a212df06cf4ccedf528a1be67b8032d4e570f847c
[INFO] running `Command { std: "docker" "start" "-a" "13c8174ecd943f426e77f02a212df06cf4ccedf528a1be67b8032d4e570f847c", kill_on_drop: false }`
[INFO] running `Command { std: "docker" "inspect" "13c8174ecd943f426e77f02a212df06cf4ccedf528a1be67b8032d4e570f847c", kill_on_drop: false }`
[INFO] running `Command { std: "docker" "rm" "-f" "13c8174ecd943f426e77f02a212df06cf4ccedf528a1be67b8032d4e570f847c", kill_on_drop: false }`
[INFO] [stdout] 13c8174ecd943f426e77f02a212df06cf4ccedf528a1be67b8032d4e570f847c
[INFO] running `Command { std: "docker" "create" "-v" "/var/lib/crater-agent-workspace/builds/worker-1-tc2/target:/opt/rustwide/target:rw,Z" "-v" "/var/lib/crater-agent-workspace/builds/worker-1-tc2/source:/opt/rustwide/workdir:ro,Z" "-v" "/var/lib/crater-agent-workspace/cargo-home:/opt/rustwide/cargo-home:ro,Z" "-v" "/var/lib/crater-agent-workspace/rustup-home:/opt/rustwide/rustup-home:ro,Z" "-e" "SOURCE_DIR=/opt/rustwide/workdir" "-e" "CARGO_TARGET_DIR=/opt/rustwide/target" "-e" "CARGO_INCREMENTAL=0" "-e" "RUST_BACKTRACE=full" "-e" "RUSTFLAGS=--cap-lints=warn" "-e" "RUSTDOCFLAGS=--cap-lints=warn" "-e" "CARGO_HOME=/opt/rustwide/cargo-home" "-e" "RUSTUP_HOME=/opt/rustwide/rustup-home" "-w" "/opt/rustwide/workdir" "-m" "1610612736" "--user" "0:0" "--network" "none" "ghcr.io/rust-lang/crates-build-env/linux@sha256:2788e3201cd34a07e3172128adcd8b3090168a8e3bcc40d7c032b9dda1df7d1c" "/opt/rustwide/cargo-home/bin/cargo" "+beta-2023-12-22" "build" "--frozen" "--message-format=json", kill_on_drop: false }`
[INFO] [stdout] 040f9b83ba5a6c4b96518389819be680168e0467ca22f8c3d4b9cdfaf0787640
[INFO] running `Command { std: "docker" "start" "-a" "040f9b83ba5a6c4b96518389819be680168e0467ca22f8c3d4b9cdfaf0787640", kill_on_drop: false }`
[INFO] [stderr]    Compiling libc v0.2.151
[INFO] [stderr]    Compiling proc-macro2 v1.0.75
[INFO] [stderr]    Compiling unicode-ident v1.0.12
[INFO] [stderr]    Compiling cfg-if v1.0.0
[INFO] [stderr]    Compiling once_cell v1.19.0
[INFO] [stderr]    Compiling pin-project-lite v0.2.13
[INFO] [stderr]    Compiling autocfg v1.1.0
[INFO] [stderr]    Compiling bytes v1.5.0
[INFO] [stderr]    Compiling futures-core v0.3.30
[INFO] [stderr]    Compiling futures-sink v0.3.30
[INFO] [stderr]    Compiling pkg-config v0.3.28
[INFO] [stderr]    Compiling memchr v2.7.1
[INFO] [stderr]    Compiling vcpkg v0.2.15
[INFO] [stderr]    Compiling itoa v1.0.10
[INFO] [stderr]    Compiling pin-utils v0.1.0
[INFO] [stderr]    Compiling log v0.4.20
[INFO] [stderr]    Compiling futures-io v0.3.30
[INFO] [stderr]    Compiling futures-channel v0.3.30
[INFO] [stderr]    Compiling futures-task v0.3.30
[INFO] [stderr]    Compiling generic-array v0.14.7
[INFO] [stderr]    Compiling fnv v1.0.7
[INFO] [stderr]    Compiling httparse v1.8.0
[INFO] [stderr]    Compiling hashbrown v0.14.3
[INFO] [stderr]    Compiling tinyvec_macros v0.1.1
[INFO] [stderr]    Compiling spin v0.9.8
[INFO] [stderr]    Compiling untrusted v0.9.0
[INFO] [stderr]    Compiling tinyvec v1.6.0
[INFO] [stderr]    Compiling tracing-core v0.1.32
[INFO] [stderr]    Compiling percent-encoding v2.3.1
[INFO] [stderr]    Compiling openssl-probe v0.1.5
[INFO] [stderr]    Compiling openssl v0.10.62
[INFO] [stderr]    Compiling http v0.2.11
[INFO] [stderr]    Compiling foreign-types-shared v0.1.1
[INFO] [stderr]    Compiling slab v0.4.9
[INFO] [stderr]    Compiling foreign-types v0.3.2
[INFO] [stderr]    Compiling form_urlencoded v1.2.1
[INFO] [stderr]    Compiling lock_api v0.4.11
[INFO] [stderr]    Compiling tracing v0.1.40
[INFO] [stderr]    Compiling spin v0.5.2
[INFO] [stderr]    Compiling ppv-lite86 v0.2.17
[INFO] [stderr]    Compiling parking_lot_core v0.9.9
[INFO] [stderr]    Compiling unicode-bidi v0.3.14
[INFO] [stderr]    Compiling serde v1.0.194
[INFO] [stderr]    Compiling equivalent v1.0.1
[INFO] [stderr]    Compiling unicode-normalization v0.1.22
[INFO] [stderr]    Compiling crc32fast v1.3.2
[INFO] [stderr]    Compiling quote v1.0.35
[INFO] [stderr]    Compiling native-tls v0.2.11
[INFO] [stderr]    Compiling bitflags v2.4.1
[INFO] [stderr]    Compiling thiserror v1.0.56
[INFO] [stderr]    Compiling untrusted v0.7.1
[INFO] [stderr]    Compiling rustls v0.20.9
[INFO] [stderr]    Compiling crypto-common v0.1.6
[INFO] [stderr]    Compiling block-buffer v0.10.4
[INFO] [stderr]    Compiling indexmap v2.1.0
[INFO] [stderr]    Compiling syn v2.0.48
[INFO] [stderr]    Compiling smallvec v1.11.2
[INFO] [stderr]    Compiling scopeguard v1.2.0
[INFO] [stderr]    Compiling adler v1.0.2
[INFO] [stderr]    Compiling try-lock v0.2.5
[INFO] [stderr]    Compiling base64 v0.21.5
[INFO] [stderr]    Compiling crossbeam-utils v0.8.18
[INFO] [stderr]    Compiling want v0.3.1
[INFO] [stderr]    Compiling idna v0.5.0
[INFO] [stderr]    Compiling miniz_oxide v0.7.1
[INFO] [stderr]    Compiling digest v0.10.7
[INFO] [stderr]    Compiling http-body v0.4.6
[INFO] [stderr]    Compiling cpufeatures v0.2.12
[INFO] [stderr]    Compiling httpdate v1.0.3
[INFO] [stderr]    Compiling tower-service v0.3.2
[INFO] [stderr]    Compiling bitflags v1.3.2
[INFO] [stderr]    Compiling ryu v1.0.16
[INFO] [stderr]    Compiling anyhow v1.0.79
[INFO] [stderr]    Compiling raw-cpuid v10.7.0
[INFO] [stderr]    Compiling sha1 v0.10.6
[INFO] [stderr]    Compiling rustls-pemfile v1.0.4
[INFO] [stderr]    Compiling serde_json v1.0.111
[INFO] [stderr]    Compiling base64 v0.13.1
[INFO] [stderr]    Compiling cc v1.0.83
[INFO] [stderr]    Compiling mio v0.8.10
[INFO] [stderr]    Compiling num_cpus v1.16.0
[INFO] [stderr]    Compiling socket2 v0.5.5
[INFO] [stderr]    Compiling getrandom v0.2.11
[INFO] [stderr]    Compiling flate2 v1.0.28
[INFO] [stderr]    Compiling async-trait v0.1.77
[INFO] [stderr]    Compiling rand_core v0.6.4
[INFO] [stderr]    Compiling utf-8 v0.7.6
[INFO] [stderr]    Compiling byteorder v1.5.0
[INFO] [stderr]    Compiling dashmap v5.5.3
[INFO] [stderr]    Compiling rand_chacha v0.3.1
[INFO] [stderr]    Compiling url v2.5.0
[INFO] [stderr]    Compiling parking_lot v0.12.1
[INFO] [stderr]    Compiling rustls-native-certs v0.6.3
[INFO] [stderr]    Compiling encoding_rs v0.8.33
[INFO] [stderr]    Compiling ipnet v2.9.0
[INFO] [stderr]    Compiling quanta v0.9.3
[INFO] [stderr]    Compiling rand v0.8.5
[INFO] [stderr]    Compiling futures-timer v3.0.2
[INFO] [stderr]    Compiling mime v0.3.17
[INFO] [stderr]    Compiling nonzero_ext v0.3.0
[INFO] [stderr]    Compiling no-std-compat v0.4.1
[INFO] [stderr]    Compiling openssl-sys v0.9.98
[INFO] [stderr]    Compiling ring v0.17.7
[INFO] [stderr]    Compiling ring v0.16.20
[INFO] [stderr]    Compiling serde_urlencoded v0.7.1
[INFO] [stderr]    Compiling tokio-macros v2.2.0
[INFO] [stderr]    Compiling futures-macro v0.3.30
[INFO] [stderr]    Compiling openssl-macros v0.1.1
[INFO] [stderr]    Compiling thiserror-impl v1.0.56
[INFO] [stderr]    Compiling tokio v1.35.1
[INFO] [stderr]    Compiling futures-util v0.3.30
[INFO] [stderr]    Compiling sct v0.7.1
[INFO] [stderr]    Compiling webpki v0.22.4
[INFO] [stderr]    Compiling futures-executor v0.3.30
[INFO] [stderr]    Compiling futures v0.3.30
[INFO] [stderr]    Compiling governor v0.5.1
[INFO] [stderr]    Compiling tungstenite v0.18.0
[INFO] [stderr]    Compiling tokio-util v0.7.10
[INFO] [stderr]    Compiling tokio-native-tls v0.3.1
[INFO] [stderr]    Compiling async-compression v0.4.5
[INFO] [stderr]    Compiling tokio-stream v0.1.14
[INFO] [stderr]    Compiling tokio-rustls v0.23.4
[INFO] [stderr]    Compiling tokio-tungstenite v0.18.0
[INFO] [stderr]    Compiling fast-socks5 v0.8.2
[INFO] [stderr]    Compiling h2 v0.3.22
[INFO] [stderr]    Compiling hyper v0.14.28
[INFO] [stderr]    Compiling hyper-tls v0.5.0
[INFO] [stderr]    Compiling reqwest v0.11.23
[INFO] [stderr]    Compiling crypto-ws-client v4.12.11 (/opt/rustwide/workdir)
[INFO] [stderr]     Finished dev [unoptimized + debuginfo] target(s) in 31.95s
[INFO] running `Command { std: "docker" "inspect" "040f9b83ba5a6c4b96518389819be680168e0467ca22f8c3d4b9cdfaf0787640", kill_on_drop: false }`
[INFO] running `Command { std: "docker" "rm" "-f" "040f9b83ba5a6c4b96518389819be680168e0467ca22f8c3d4b9cdfaf0787640", kill_on_drop: false }`
[INFO] [stdout] 040f9b83ba5a6c4b96518389819be680168e0467ca22f8c3d4b9cdfaf0787640
[INFO] running `Command { std: "docker" "create" "-v" "/var/lib/crater-agent-workspace/builds/worker-1-tc2/target:/opt/rustwide/target:rw,Z" "-v" "/var/lib/crater-agent-workspace/builds/worker-1-tc2/source:/opt/rustwide/workdir:ro,Z" "-v" "/var/lib/crater-agent-workspace/cargo-home:/opt/rustwide/cargo-home:ro,Z" "-v" "/var/lib/crater-agent-workspace/rustup-home:/opt/rustwide/rustup-home:ro,Z" "-e" "SOURCE_DIR=/opt/rustwide/workdir" "-e" "CARGO_TARGET_DIR=/opt/rustwide/target" "-e" "CARGO_INCREMENTAL=0" "-e" "RUST_BACKTRACE=full" "-e" "RUSTFLAGS=--cap-lints=warn" "-e" "RUSTDOCFLAGS=--cap-lints=warn" "-e" "CARGO_HOME=/opt/rustwide/cargo-home" "-e" "RUSTUP_HOME=/opt/rustwide/rustup-home" "-w" "/opt/rustwide/workdir" "-m" "1610612736" "--user" "0:0" "--network" "none" "ghcr.io/rust-lang/crates-build-env/linux@sha256:2788e3201cd34a07e3172128adcd8b3090168a8e3bcc40d7c032b9dda1df7d1c" "/opt/rustwide/cargo-home/bin/cargo" "+beta-2023-12-22" "test" "--frozen" "--no-run" "--message-format=json", kill_on_drop: false }`
[INFO] [stdout] 24a5bd7cd812663794c7ba732deba1ddd0f0e3f2719c8363a9dd9ea745f2ed33
[INFO] running `Command { std: "docker" "start" "-a" "24a5bd7cd812663794c7ba732deba1ddd0f0e3f2719c8363a9dd9ea745f2ed33", kill_on_drop: false }`
[INFO] [stderr]    Compiling crypto-ws-client v4.12.11 (/opt/rustwide/workdir)
[INFO] [stderr] error: could not compile `crypto-ws-client` (test "mexc")
[INFO] [stderr] 
[INFO] [stderr] Caused by:
[INFO] [stderr]   process didn't exit successfully: `/opt/rustwide/rustup-home/toolchains/beta-2023-12-22-x86_64-unknown-linux-gnu/bin/rustc --crate-name mexc --edition=2021 tests/mexc.rs --error-format=json --json=diagnostic-rendered-ansi,artifacts,future-incompat --emit=dep-info,link -C embed-bitcode=no -C debuginfo=2 --test -C metadata=3812afe60c4a0dbb -C extra-filename=-3812afe60c4a0dbb --out-dir /opt/rustwide/target/debug/deps -L dependency=/opt/rustwide/target/debug/deps --extern async_trait=/opt/rustwide/target/debug/deps/libasync_trait-413b93c5694cf1f8.so --extern crypto_ws_client=/opt/rustwide/target/debug/deps/libcrypto_ws_client-2bcea8d8cdcae365.rlib --extern fast_socks5=/opt/rustwide/target/debug/deps/libfast_socks5-3e184d5b7200567e.rlib --extern flate2=/opt/rustwide/target/debug/deps/libflate2-8e6e456291549b86.rlib --extern futures_util=/opt/rustwide/target/debug/deps/libfutures_util-2ac2c03937e82361.rlib --extern governor=/opt/rustwide/target/debug/deps/libgovernor-b7a9c078bda230b2.rlib --extern log=/opt/rustwide/target/debug/deps/liblog-8188d82fb061445d.rlib --extern nonzero_ext=/opt/rustwide/target/debug/deps/libnonzero_ext-51ef741d93628ab7.rlib --extern rand=/opt/rustwide/target/debug/deps/librand-aadd239b75ed3e20.rlib --extern reqwest=/opt/rustwide/target/debug/deps/libreqwest-b4beefb2a133cbca.rlib --extern serde_json=/opt/rustwide/target/debug/deps/libserde_json-4c7675d40885eab7.rlib --extern tokio=/opt/rustwide/target/debug/deps/libtokio-8f114a650b1823ec.rlib --extern tokio_tungstenite=/opt/rustwide/target/debug/deps/libtokio_tungstenite-2c45906e9b967199.rlib --cap-lints=warn -L native=/opt/rustwide/target/debug/build/ring-32cb649c0cf756e0/out -L native=/opt/rustwide/target/debug/build/ring-d74758becb065d1b/out` (signal: 9, SIGKILL: kill)
[INFO] [stderr] warning: build failed, waiting for other jobs to finish...
[INFO] [stderr] error: could not compile `crypto-ws-client` (test "kraken")
[INFO] [stderr] 
[INFO] [stderr] Caused by:
[INFO] [stderr]   process didn't exit successfully: `/opt/rustwide/rustup-home/toolchains/beta-2023-12-22-x86_64-unknown-linux-gnu/bin/rustc --crate-name kraken --edition=2021 tests/kraken.rs --error-format=json --json=diagnostic-rendered-ansi,artifacts,future-incompat --emit=dep-info,link -C embed-bitcode=no -C debuginfo=2 --test -C metadata=768c0097af36e353 -C extra-filename=-768c0097af36e353 --out-dir /opt/rustwide/target/debug/deps -L dependency=/opt/rustwide/target/debug/deps --extern async_trait=/opt/rustwide/target/debug/deps/libasync_trait-413b93c5694cf1f8.so --extern crypto_ws_client=/opt/rustwide/target/debug/deps/libcrypto_ws_client-2bcea8d8cdcae365.rlib --extern fast_socks5=/opt/rustwide/target/debug/deps/libfast_socks5-3e184d5b7200567e.rlib --extern flate2=/opt/rustwide/target/debug/deps/libflate2-8e6e456291549b86.rlib --extern futures_util=/opt/rustwide/target/debug/deps/libfutures_util-2ac2c03937e82361.rlib --extern governor=/opt/rustwide/target/debug/deps/libgovernor-b7a9c078bda230b2.rlib --extern log=/opt/rustwide/target/debug/deps/liblog-8188d82fb061445d.rlib --extern nonzero_ext=/opt/rustwide/target/debug/deps/libnonzero_ext-51ef741d93628ab7.rlib --extern rand=/opt/rustwide/target/debug/deps/librand-aadd239b75ed3e20.rlib --extern reqwest=/opt/rustwide/target/debug/deps/libreqwest-b4beefb2a133cbca.rlib --extern serde_json=/opt/rustwide/target/debug/deps/libserde_json-4c7675d40885eab7.rlib --extern tokio=/opt/rustwide/target/debug/deps/libtokio-8f114a650b1823ec.rlib --extern tokio_tungstenite=/opt/rustwide/target/debug/deps/libtokio_tungstenite-2c45906e9b967199.rlib --cap-lints=warn -L native=/opt/rustwide/target/debug/build/ring-32cb649c0cf756e0/out -L native=/opt/rustwide/target/debug/build/ring-d74758becb065d1b/out` (signal: 9, SIGKILL: kill)
[INFO] [stderr] error: could not compile `crypto-ws-client` (test "deribit")
[INFO] [stderr] 
[INFO] [stderr] Caused by:
[INFO] [stderr]   process didn't exit successfully: `/opt/rustwide/rustup-home/toolchains/beta-2023-12-22-x86_64-unknown-linux-gnu/bin/rustc --crate-name deribit --edition=2021 tests/deribit.rs --error-format=json --json=diagnostic-rendered-ansi,artifacts,future-incompat --emit=dep-info,link -C embed-bitcode=no -C debuginfo=2 --test -C metadata=4cb19bcb56f6f26e -C extra-filename=-4cb19bcb56f6f26e --out-dir /opt/rustwide/target/debug/deps -L dependency=/opt/rustwide/target/debug/deps --extern async_trait=/opt/rustwide/target/debug/deps/libasync_trait-413b93c5694cf1f8.so --extern crypto_ws_client=/opt/rustwide/target/debug/deps/libcrypto_ws_client-2bcea8d8cdcae365.rlib --extern fast_socks5=/opt/rustwide/target/debug/deps/libfast_socks5-3e184d5b7200567e.rlib --extern flate2=/opt/rustwide/target/debug/deps/libflate2-8e6e456291549b86.rlib --extern futures_util=/opt/rustwide/target/debug/deps/libfutures_util-2ac2c03937e82361.rlib --extern governor=/opt/rustwide/target/debug/deps/libgovernor-b7a9c078bda230b2.rlib --extern log=/opt/rustwide/target/debug/deps/liblog-8188d82fb061445d.rlib --extern nonzero_ext=/opt/rustwide/target/debug/deps/libnonzero_ext-51ef741d93628ab7.rlib --extern rand=/opt/rustwide/target/debug/deps/librand-aadd239b75ed3e20.rlib --extern reqwest=/opt/rustwide/target/debug/deps/libreqwest-b4beefb2a133cbca.rlib --extern serde_json=/opt/rustwide/target/debug/deps/libserde_json-4c7675d40885eab7.rlib --extern tokio=/opt/rustwide/target/debug/deps/libtokio-8f114a650b1823ec.rlib --extern tokio_tungstenite=/opt/rustwide/target/debug/deps/libtokio_tungstenite-2c45906e9b967199.rlib --cap-lints=warn -L native=/opt/rustwide/target/debug/build/ring-32cb649c0cf756e0/out -L native=/opt/rustwide/target/debug/build/ring-d74758becb065d1b/out` (signal: 9, SIGKILL: kill)
[INFO] [stderr] error: could not compile `crypto-ws-client` (test "gate")
[INFO] [stderr] 
[INFO] [stderr] Caused by:
[INFO] [stderr]   process didn't exit successfully: `/opt/rustwide/rustup-home/toolchains/beta-2023-12-22-x86_64-unknown-linux-gnu/bin/rustc --crate-name gate --edition=2021 tests/gate.rs --error-format=json --json=diagnostic-rendered-ansi,artifacts,future-incompat --emit=dep-info,link -C embed-bitcode=no -C debuginfo=2 --test -C metadata=81bca2f88b3400b8 -C extra-filename=-81bca2f88b3400b8 --out-dir /opt/rustwide/target/debug/deps -L dependency=/opt/rustwide/target/debug/deps --extern async_trait=/opt/rustwide/target/debug/deps/libasync_trait-413b93c5694cf1f8.so --extern crypto_ws_client=/opt/rustwide/target/debug/deps/libcrypto_ws_client-2bcea8d8cdcae365.rlib --extern fast_socks5=/opt/rustwide/target/debug/deps/libfast_socks5-3e184d5b7200567e.rlib --extern flate2=/opt/rustwide/target/debug/deps/libflate2-8e6e456291549b86.rlib --extern futures_util=/opt/rustwide/target/debug/deps/libfutures_util-2ac2c03937e82361.rlib --extern governor=/opt/rustwide/target/debug/deps/libgovernor-b7a9c078bda230b2.rlib --extern log=/opt/rustwide/target/debug/deps/liblog-8188d82fb061445d.rlib --extern nonzero_ext=/opt/rustwide/target/debug/deps/libnonzero_ext-51ef741d93628ab7.rlib --extern rand=/opt/rustwide/target/debug/deps/librand-aadd239b75ed3e20.rlib --extern reqwest=/opt/rustwide/target/debug/deps/libreqwest-b4beefb2a133cbca.rlib --extern serde_json=/opt/rustwide/target/debug/deps/libserde_json-4c7675d40885eab7.rlib --extern tokio=/opt/rustwide/target/debug/deps/libtokio-8f114a650b1823ec.rlib --extern tokio_tungstenite=/opt/rustwide/target/debug/deps/libtokio_tungstenite-2c45906e9b967199.rlib --cap-lints=warn -L native=/opt/rustwide/target/debug/build/ring-32cb649c0cf756e0/out -L native=/opt/rustwide/target/debug/build/ring-d74758becb065d1b/out` (signal: 9, SIGKILL: kill)
[INFO] [stderr] error: could not compile `crypto-ws-client` (test "huobi")
[INFO] [stderr] 
[INFO] [stderr] Caused by:
[INFO] [stderr]   process didn't exit successfully: `/opt/rustwide/rustup-home/toolchains/beta-2023-12-22-x86_64-unknown-linux-gnu/bin/rustc --crate-name huobi --edition=2021 tests/huobi.rs --error-format=json --json=diagnostic-rendered-ansi,artifacts,future-incompat --emit=dep-info,link -C embed-bitcode=no -C debuginfo=2 --test -C metadata=758cc2c5ae71b48e -C extra-filename=-758cc2c5ae71b48e --out-dir /opt/rustwide/target/debug/deps -L dependency=/opt/rustwide/target/debug/deps --extern async_trait=/opt/rustwide/target/debug/deps/libasync_trait-413b93c5694cf1f8.so --extern crypto_ws_client=/opt/rustwide/target/debug/deps/libcrypto_ws_client-2bcea8d8cdcae365.rlib --extern fast_socks5=/opt/rustwide/target/debug/deps/libfast_socks5-3e184d5b7200567e.rlib --extern flate2=/opt/rustwide/target/debug/deps/libflate2-8e6e456291549b86.rlib --extern futures_util=/opt/rustwide/target/debug/deps/libfutures_util-2ac2c03937e82361.rlib --extern governor=/opt/rustwide/target/debug/deps/libgovernor-b7a9c078bda230b2.rlib --extern log=/opt/rustwide/target/debug/deps/liblog-8188d82fb061445d.rlib --extern nonzero_ext=/opt/rustwide/target/debug/deps/libnonzero_ext-51ef741d93628ab7.rlib --extern rand=/opt/rustwide/target/debug/deps/librand-aadd239b75ed3e20.rlib --extern reqwest=/opt/rustwide/target/debug/deps/libreqwest-b4beefb2a133cbca.rlib --extern serde_json=/opt/rustwide/target/debug/deps/libserde_json-4c7675d40885eab7.rlib --extern tokio=/opt/rustwide/target/debug/deps/libtokio-8f114a650b1823ec.rlib --extern tokio_tungstenite=/opt/rustwide/target/debug/deps/libtokio_tungstenite-2c45906e9b967199.rlib --cap-lints=warn -L native=/opt/rustwide/target/debug/build/ring-32cb649c0cf756e0/out -L native=/opt/rustwide/target/debug/build/ring-d74758becb065d1b/out` (signal: 9, SIGKILL: kill)
[INFO] [stderr] error: could not compile `crypto-ws-client` (test "bitmex")
[INFO] [stderr] 
[INFO] [stderr] Caused by:
[INFO] [stderr]   process didn't exit successfully: `/opt/rustwide/rustup-home/toolchains/beta-2023-12-22-x86_64-unknown-linux-gnu/bin/rustc --crate-name bitmex --edition=2021 tests/bitmex.rs --error-format=json --json=diagnostic-rendered-ansi,artifacts,future-incompat --emit=dep-info,link -C embed-bitcode=no -C debuginfo=2 --test -C metadata=967f5d737588de37 -C extra-filename=-967f5d737588de37 --out-dir /opt/rustwide/target/debug/deps -L dependency=/opt/rustwide/target/debug/deps --extern async_trait=/opt/rustwide/target/debug/deps/libasync_trait-413b93c5694cf1f8.so --extern crypto_ws_client=/opt/rustwide/target/debug/deps/libcrypto_ws_client-2bcea8d8cdcae365.rlib --extern fast_socks5=/opt/rustwide/target/debug/deps/libfast_socks5-3e184d5b7200567e.rlib --extern flate2=/opt/rustwide/target/debug/deps/libflate2-8e6e456291549b86.rlib --extern futures_util=/opt/rustwide/target/debug/deps/libfutures_util-2ac2c03937e82361.rlib --extern governor=/opt/rustwide/target/debug/deps/libgovernor-b7a9c078bda230b2.rlib --extern log=/opt/rustwide/target/debug/deps/liblog-8188d82fb061445d.rlib --extern nonzero_ext=/opt/rustwide/target/debug/deps/libnonzero_ext-51ef741d93628ab7.rlib --extern rand=/opt/rustwide/target/debug/deps/librand-aadd239b75ed3e20.rlib --extern reqwest=/opt/rustwide/target/debug/deps/libreqwest-b4beefb2a133cbca.rlib --extern serde_json=/opt/rustwide/target/debug/deps/libserde_json-4c7675d40885eab7.rlib --extern tokio=/opt/rustwide/target/debug/deps/libtokio-8f114a650b1823ec.rlib --extern tokio_tungstenite=/opt/rustwide/target/debug/deps/libtokio_tungstenite-2c45906e9b967199.rlib --cap-lints=warn -L native=/opt/rustwide/target/debug/build/ring-32cb649c0cf756e0/out -L native=/opt/rustwide/target/debug/build/ring-d74758becb065d1b/out` (signal: 9, SIGKILL: kill)
[INFO] [stderr] error: could not compile `crypto-ws-client` (test "ftx")
[INFO] [stderr] 
[INFO] [stderr] Caused by:
[INFO] [stderr]   process didn't exit successfully: `/opt/rustwide/rustup-home/toolchains/beta-2023-12-22-x86_64-unknown-linux-gnu/bin/rustc --crate-name ftx --edition=2021 tests/ftx.rs --error-format=json --json=diagnostic-rendered-ansi,artifacts,future-incompat --emit=dep-info,link -C embed-bitcode=no -C debuginfo=2 --test -C metadata=78476e91bd89084e -C extra-filename=-78476e91bd89084e --out-dir /opt/rustwide/target/debug/deps -L dependency=/opt/rustwide/target/debug/deps --extern async_trait=/opt/rustwide/target/debug/deps/libasync_trait-413b93c5694cf1f8.so --extern crypto_ws_client=/opt/rustwide/target/debug/deps/libcrypto_ws_client-2bcea8d8cdcae365.rlib --extern fast_socks5=/opt/rustwide/target/debug/deps/libfast_socks5-3e184d5b7200567e.rlib --extern flate2=/opt/rustwide/target/debug/deps/libflate2-8e6e456291549b86.rlib --extern futures_util=/opt/rustwide/target/debug/deps/libfutures_util-2ac2c03937e82361.rlib --extern governor=/opt/rustwide/target/debug/deps/libgovernor-b7a9c078bda230b2.rlib --extern log=/opt/rustwide/target/debug/deps/liblog-8188d82fb061445d.rlib --extern nonzero_ext=/opt/rustwide/target/debug/deps/libnonzero_ext-51ef741d93628ab7.rlib --extern rand=/opt/rustwide/target/debug/deps/librand-aadd239b75ed3e20.rlib --extern reqwest=/opt/rustwide/target/debug/deps/libreqwest-b4beefb2a133cbca.rlib --extern serde_json=/opt/rustwide/target/debug/deps/libserde_json-4c7675d40885eab7.rlib --extern tokio=/opt/rustwide/target/debug/deps/libtokio-8f114a650b1823ec.rlib --extern tokio_tungstenite=/opt/rustwide/target/debug/deps/libtokio_tungstenite-2c45906e9b967199.rlib --cap-lints=warn -L native=/opt/rustwide/target/debug/build/ring-32cb649c0cf756e0/out -L native=/opt/rustwide/target/debug/build/ring-d74758becb065d1b/out` (signal: 9, SIGKILL: kill)
[INFO] [stderr] error: could not compile `crypto-ws-client` (test "bitget")
[INFO] [stderr] 
[INFO] [stderr] Caused by:
[INFO] [stderr]   process didn't exit successfully: `/opt/rustwide/rustup-home/toolchains/beta-2023-12-22-x86_64-unknown-linux-gnu/bin/rustc --crate-name bitget --edition=2021 tests/bitget.rs --error-format=json --json=diagnostic-rendered-ansi,artifacts,future-incompat --emit=dep-info,link -C embed-bitcode=no -C debuginfo=2 --test -C metadata=efc2e3503f861cf5 -C extra-filename=-efc2e3503f861cf5 --out-dir /opt/rustwide/target/debug/deps -L dependency=/opt/rustwide/target/debug/deps --extern async_trait=/opt/rustwide/target/debug/deps/libasync_trait-413b93c5694cf1f8.so --extern crypto_ws_client=/opt/rustwide/target/debug/deps/libcrypto_ws_client-2bcea8d8cdcae365.rlib --extern fast_socks5=/opt/rustwide/target/debug/deps/libfast_socks5-3e184d5b7200567e.rlib --extern flate2=/opt/rustwide/target/debug/deps/libflate2-8e6e456291549b86.rlib --extern futures_util=/opt/rustwide/target/debug/deps/libfutures_util-2ac2c03937e82361.rlib --extern governor=/opt/rustwide/target/debug/deps/libgovernor-b7a9c078bda230b2.rlib --extern log=/opt/rustwide/target/debug/deps/liblog-8188d82fb061445d.rlib --extern nonzero_ext=/opt/rustwide/target/debug/deps/libnonzero_ext-51ef741d93628ab7.rlib --extern rand=/opt/rustwide/target/debug/deps/librand-aadd239b75ed3e20.rlib --extern reqwest=/opt/rustwide/target/debug/deps/libreqwest-b4beefb2a133cbca.rlib --extern serde_json=/opt/rustwide/target/debug/deps/libserde_json-4c7675d40885eab7.rlib --extern tokio=/opt/rustwide/target/debug/deps/libtokio-8f114a650b1823ec.rlib --extern tokio_tungstenite=/opt/rustwide/target/debug/deps/libtokio_tungstenite-2c45906e9b967199.rlib --cap-lints=warn -L native=/opt/rustwide/target/debug/build/ring-32cb649c0cf756e0/out -L native=/opt/rustwide/target/debug/build/ring-d74758becb065d1b/out` (signal: 9, SIGKILL: kill)
[INFO] [stderr] error: could not compile `crypto-ws-client` (lib test)
[INFO] [stderr] 
[INFO] [stderr] Caused by:
[INFO] [stderr]   process didn't exit successfully: `/opt/rustwide/rustup-home/toolchains/beta-2023-12-22-x86_64-unknown-linux-gnu/bin/rustc --crate-name crypto_ws_client --edition=2021 src/lib.rs --error-format=json --json=diagnostic-rendered-ansi,artifacts,future-incompat --emit=dep-info,link -C embed-bitcode=no -C debuginfo=2 --test -C metadata=3e9d88ae72f99027 -C extra-filename=-3e9d88ae72f99027 --out-dir /opt/rustwide/target/debug/deps -L dependency=/opt/rustwide/target/debug/deps --extern async_trait=/opt/rustwide/target/debug/deps/libasync_trait-413b93c5694cf1f8.so --extern fast_socks5=/opt/rustwide/target/debug/deps/libfast_socks5-3e184d5b7200567e.rlib --extern flate2=/opt/rustwide/target/debug/deps/libflate2-8e6e456291549b86.rlib --extern futures_util=/opt/rustwide/target/debug/deps/libfutures_util-2ac2c03937e82361.rlib --extern governor=/opt/rustwide/target/debug/deps/libgovernor-b7a9c078bda230b2.rlib --extern log=/opt/rustwide/target/debug/deps/liblog-8188d82fb061445d.rlib --extern nonzero_ext=/opt/rustwide/target/debug/deps/libnonzero_ext-51ef741d93628ab7.rlib --extern rand=/opt/rustwide/target/debug/deps/librand-aadd239b75ed3e20.rlib --extern reqwest=/opt/rustwide/target/debug/deps/libreqwest-b4beefb2a133cbca.rlib --extern serde_json=/opt/rustwide/target/debug/deps/libserde_json-4c7675d40885eab7.rlib --extern tokio=/opt/rustwide/target/debug/deps/libtokio-8f114a650b1823ec.rlib --extern tokio_tungstenite=/opt/rustwide/target/debug/deps/libtokio_tungstenite-2c45906e9b967199.rlib --cap-lints=warn -L native=/opt/rustwide/target/debug/build/ring-32cb649c0cf756e0/out -L native=/opt/rustwide/target/debug/build/ring-d74758becb065d1b/out` (signal: 9, SIGKILL: kill)
[INFO] [stderr] error: could not compile `crypto-ws-client` (test "bybit")
[INFO] [stderr] 
[INFO] [stderr] Caused by:
[INFO] [stderr]   process didn't exit successfully: `/opt/rustwide/rustup-home/toolchains/beta-2023-12-22-x86_64-unknown-linux-gnu/bin/rustc --crate-name bybit --edition=2021 tests/bybit.rs --error-format=json --json=diagnostic-rendered-ansi,artifacts,future-incompat --emit=dep-info,link -C embed-bitcode=no -C debuginfo=2 --test -C metadata=35bbc10a9b15b447 -C extra-filename=-35bbc10a9b15b447 --out-dir /opt/rustwide/target/debug/deps -L dependency=/opt/rustwide/target/debug/deps --extern async_trait=/opt/rustwide/target/debug/deps/libasync_trait-413b93c5694cf1f8.so --extern crypto_ws_client=/opt/rustwide/target/debug/deps/libcrypto_ws_client-2bcea8d8cdcae365.rlib --extern fast_socks5=/opt/rustwide/target/debug/deps/libfast_socks5-3e184d5b7200567e.rlib --extern flate2=/opt/rustwide/target/debug/deps/libflate2-8e6e456291549b86.rlib --extern futures_util=/opt/rustwide/target/debug/deps/libfutures_util-2ac2c03937e82361.rlib --extern governor=/opt/rustwide/target/debug/deps/libgovernor-b7a9c078bda230b2.rlib --extern log=/opt/rustwide/target/debug/deps/liblog-8188d82fb061445d.rlib --extern nonzero_ext=/opt/rustwide/target/debug/deps/libnonzero_ext-51ef741d93628ab7.rlib --extern rand=/opt/rustwide/target/debug/deps/librand-aadd239b75ed3e20.rlib --extern reqwest=/opt/rustwide/target/debug/deps/libreqwest-b4beefb2a133cbca.rlib --extern serde_json=/opt/rustwide/target/debug/deps/libserde_json-4c7675d40885eab7.rlib --extern tokio=/opt/rustwide/target/debug/deps/libtokio-8f114a650b1823ec.rlib --extern tokio_tungstenite=/opt/rustwide/target/debug/deps/libtokio_tungstenite-2c45906e9b967199.rlib --cap-lints=warn -L native=/opt/rustwide/target/debug/build/ring-32cb649c0cf756e0/out -L native=/opt/rustwide/target/debug/build/ring-d74758becb065d1b/out` (signal: 9, SIGKILL: kill)
[INFO] [stdout] error: linking with `cc` failed: exit status: 1
[INFO] [stdout]   |
[INFO] [stdout]   = note: LC_ALL="C" PATH="/opt/rustwide/rustup-home/toolchains/beta-2023-12-22-x86_64-unknown-linux-gnu/lib/rustlib/x86_64-unknown-linux-gnu/bin:/opt/rustwide/cargo-home/bin:/usr/local/sbin:/usr/local/bin:/usr/sbin:/usr/bin:/sbin:/bin" VSLANG="1033" "cc" "-m64" "/tmp/rustcQMo9G4/symbols.o" "/opt/rustwide/target/debug/deps/binance_option-05485451d53fa038.binance_option.4dfbfc00a59ef87-cgu.00.rcgu.o" "/opt/rustwide/target/debug/deps/binance_option-05485451d53fa038.binance_option.4dfbfc00a59ef87-cgu.01.rcgu.o" "/opt/rustwide/target/debug/deps/binance_option-05485451d53fa038.binance_option.4dfbfc00a59ef87-cgu.02.rcgu.o" "/opt/rustwide/target/debug/deps/binance_option-05485451d53fa038.binance_option.4dfbfc00a59ef87-cgu.03.rcgu.o" "/opt/rustwide/target/debug/deps/binance_option-05485451d53fa038.binance_option.4dfbfc00a59ef87-cgu.04.rcgu.o" "/opt/rustwide/target/debug/deps/binance_option-05485451d53fa038.binance_option.4dfbfc00a59ef87-cgu.05.rcgu.o" "/opt/rustwide/target/debug/deps/binance_option-05485451d53fa038.binance_option.4dfbfc00a59ef87-cgu.06.rcgu.o" "/opt/rustwide/target/debug/deps/binance_option-05485451d53fa038.binance_option.4dfbfc00a59ef87-cgu.07.rcgu.o" "/opt/rustwide/target/debug/deps/binance_option-05485451d53fa038.binance_option.4dfbfc00a59ef87-cgu.08.rcgu.o" "/opt/rustwide/target/debug/deps/binance_option-05485451d53fa038.binance_option.4dfbfc00a59ef87-cgu.09.rcgu.o" "/opt/rustwide/target/debug/deps/binance_option-05485451d53fa038.binance_option.4dfbfc00a59ef87-cgu.10.rcgu.o" "/opt/rustwide/target/debug/deps/binance_option-05485451d53fa038.binance_option.4dfbfc00a59ef87-cgu.11.rcgu.o" "/opt/rustwide/target/debug/deps/binance_option-05485451d53fa038.binance_option.4dfbfc00a59ef87-cgu.12.rcgu.o" "/opt/rustwide/target/debug/deps/binance_option-05485451d53fa038.binance_option.4dfbfc00a59ef87-cgu.13.rcgu.o" "/opt/rustwide/target/debug/deps/binance_option-05485451d53fa038.binance_option.4dfbfc00a59ef87-cgu.14.rcgu.o" "/opt/rustwide/target/debug/deps/binance_option-05485451d53fa038.binance_option.4dfbfc00a59ef87-cgu.15.rcgu.o" "/opt/rustwide/target/debug/deps/binance_option-05485451d53fa038.5518t3dq3vmek851.rcgu.o" "-Wl,--as-needed" "-L" "/opt/rustwide/target/debug/deps" "-L" "/opt/rustwide/target/debug/build/ring-32cb649c0cf756e0/out" "-L" "/opt/rustwide/target/debug/build/ring-d74758becb065d1b/out" "-L" "/opt/rustwide/rustup-home/toolchains/beta-2023-12-22-x86_64-unknown-linux-gnu/lib/rustlib/x86_64-unknown-linux-gnu/lib" "-Wl,-Bstatic" "/opt/rustwide/rustup-home/toolchains/beta-2023-12-22-x86_64-unknown-linux-gnu/lib/rustlib/x86_64-unknown-linux-gnu/lib/libtest-cbab71697df97b00.rlib" "/opt/rustwide/rustup-home/toolchains/beta-2023-12-22-x86_64-unknown-linux-gnu/lib/rustlib/x86_64-unknown-linux-gnu/lib/libgetopts-2a2cf8f16c536007.rlib" "/opt/rustwide/rustup-home/toolchains/beta-2023-12-22-x86_64-unknown-linux-gnu/lib/rustlib/x86_64-unknown-linux-gnu/lib/libunicode_width-c5f3cc3cceaf9070.rlib" "/opt/rustwide/rustup-home/toolchains/beta-2023-12-22-x86_64-unknown-linux-gnu/lib/rustlib/x86_64-unknown-linux-gnu/lib/librustc_std_workspace_std-a31324ec815b09db.rlib" "/opt/rustwide/target/debug/deps/libcrypto_ws_client-2bcea8d8cdcae365.rlib" "/opt/rustwide/target/debug/deps/libgovernor-b7a9c078bda230b2.rlib" "/opt/rustwide/target/debug/deps/libquanta-177bcfe942e20df8.rlib" "/opt/rustwide/target/debug/deps/libraw_cpuid-24f21efa03dca46b.rlib" "/opt/rustwide/target/debug/deps/libbitflags-85e13ed1e0c6d910.rlib" "/opt/rustwide/target/debug/deps/libcrossbeam_utils-3c8428aeb3adff12.rlib" "/opt/rustwide/target/debug/deps/libdashmap-16d5dfa0bf231ac2.rlib" "/opt/rustwide/target/debug/deps/libparking_lot-77cc1c5b37a1b555.rlib" "/opt/rustwide/target/debug/deps/libparking_lot_core-c3e1e7b78dea6d3a.rlib" "/opt/rustwide/target/debug/deps/libsmallvec-2fe51d264bce6b98.rlib" "/opt/rustwide/target/debug/deps/liblock_api-af608386887ddd92.rlib" "/opt/rustwide/target/debug/deps/libscopeguard-f937485db0060aca.rlib" "/opt/rustwide/target/debug/deps/libfutures-30a2d194babe0861.rlib" "/opt/rustwide/target/debug/deps/libfutures_executor-b216168f80aabf83.rlib" "/opt/rustwide/target/debug/deps/libfutures_timer-105eb334315356f5.rlib" "/opt/rustwide/target/debug/deps/libno_std_compat-434480e57019a90a.rlib" "/opt/rustwide/target/debug/deps/libfast_socks5-3e184d5b7200567e.rlib" "/opt/rustwide/target/debug/deps/libtokio_stream-f224387dde641f0d.rlib" "/opt/rustwide/target/debug/deps/libanyhow-5d20277346359413.rlib" "/opt/rustwide/target/debug/deps/libreqwest-b4beefb2a133cbca.rlib" "/opt/rustwide/target/debug/deps/libhyper_tls-d575fb1553664dc7.rlib" "/opt/rustwide/target/debug/deps/libserde_urlencoded-dd310a2558fece27.rlib" "/opt/rustwide/target/debug/deps/libipnet-5d86936adafddcc9.rlib" "/opt/rustwide/target/debug/deps/libtokio_native_tls-522c0b02cc17058f.rlib" "/opt/rustwide/target/debug/deps/libmime-a9df5a780629fb7d.rlib" "/opt/rustwide/target/debug/deps/libencoding_rs-4339e23ae7924400.rlib" "/opt/rustwide/target/debug/deps/libasync_compression-3e7969af2aef45b5.rlib" "/opt/rustwide/target/debug/deps/libflate2-8e6e456291549b86.rlib" "/opt/rustwide/target/debug/deps/libminiz_oxide-fdd9e74574a7bd2a.rlib" "/opt/rustwide/target/debug/deps/libadler-eba61f23bb3cdb48.rlib" "/opt/rustwide/target/debug/deps/libcrc32fast-dbea8ee6fb11ce73.rlib" "/opt/rustwide/target/debug/deps/libnative_tls-383ffa7a55348f43.rlib" "/opt/rustwide/target/debug/deps/libopenssl-3a58d93b8c442936.rlib" "/opt/rustwide/target/debug/deps/libbitflags-52f05aea2267c407.rlib" "/opt/rustwide/target/debug/deps/libforeign_types-34162016ad32c65c.rlib" "/opt/rustwide/target/debug/deps/libforeign_types_shared-6c481fa47d8ef87b.rlib" "/opt/rustwide/target/debug/deps/libopenssl_sys-91e4c4d93a344417.rlib" "/opt/rustwide/target/debug/deps/libhyper-24168fb9143a6350.rlib" "/opt/rustwide/target/debug/deps/libwant-980d1be1e9789ecd.rlib" "/opt/rustwide/target/debug/deps/libtry_lock-61552f3200b10770.rlib" "/opt/rustwide/target/debug/deps/libh2-26bea8eb60429a93.rlib" "/opt/rustwide/target/debug/deps/libindexmap-b97987b991fa7705.rlib" "/opt/rustwide/target/debug/deps/libequivalent-e4dc2e1acc32de2c.rlib" "/opt/rustwide/target/debug/deps/libhashbrown-ad909cf2cd84416e.rlib" "/opt/rustwide/target/debug/deps/libtokio_util-ac38ea472f8279a3.rlib" "/opt/rustwide/target/debug/deps/libtower_service-92bbc7b5a1dd8782.rlib" "/opt/rustwide/target/debug/deps/libtracing-7b5e45af65cddda7.rlib" "/opt/rustwide/target/debug/deps/libtracing_core-479c2c303b5c4314.rlib" "/opt/rustwide/target/debug/deps/libhttp_body-72c2ae490c1bf76f.rlib" "/opt/rustwide/target/debug/deps/libserde_json-4c7675d40885eab7.rlib" "/opt/rustwide/target/debug/deps/libryu-4b03a7708da1319d.rlib" "/opt/rustwide/target/debug/deps/libserde-43396d81f5c62e04.rlib" "/opt/rustwide/target/debug/deps/libtokio_tungstenite-2c45906e9b967199.rlib" "/opt/rustwide/target/debug/deps/librustls_native_certs-56a5242a7b4dcd65.rlib" "/opt/rustwide/target/debug/deps/librustls_pemfile-1fe6076733394665.rlib" "/opt/rustwide/target/debug/deps/libbase64-47ce12bf5fcc4351.rlib" "/opt/rustwide/target/debug/deps/libopenssl_probe-01da96bec2dfd166.rlib" "/opt/rustwide/target/debug/deps/libtokio_rustls-fb55361ad652486e.rlib" "/opt/rustwide/target/debug/deps/libtokio-8f114a650b1823ec.rlib" "/opt/rustwide/target/debug/deps/libnum_cpus-aef0cfcece38ac8d.rlib" "/opt/rustwide/target/debug/deps/libsocket2-8609d02ccaf88de4.rlib" "/opt/rustwide/target/debug/deps/libmio-d23646a067650d1b.rlib" "/opt/rustwide/target/debug/deps/libfutures_util-2ac2c03937e82361.rlib" "/opt/rustwide/target/debug/deps/libmemchr-14a47255884553ca.rlib" "/opt/rustwide/target/debug/deps/libfutures_io-fd3828dd557c3cad.rlib" "/opt/rustwide/target/debug/deps/libslab-0a39a638bccea296.rlib" "/opt/rustwide/target/debug/deps/libfutures_channel-45ba62bcbb6333cc.rlib" "/opt/rustwide/target/debug/deps/libpin_project_lite-085b19c93bbb2231.rlib" "/opt/rustwide/target/debug/deps/libfutures_sink-eb701a2145b3f560.rlib" "/opt/rustwide/target/debug/deps/libfutures_task-a05886844ea8dd2c.rlib" "/opt/rustwide/target/debug/deps/libpin_utils-9c5dcf17efb91bff.rlib" "/opt/rustwide/target/debug/deps/libfutures_core-d95b0086a92f44b8.rlib" "/opt/rustwide/target/debug/deps/libtungstenite-3c9577c4b7b8c10f.rlib" "/opt/rustwide/target/debug/deps/libbase64-fca76a9e376e88b4.rlib" "/opt/rustwide/target/debug/deps/librand-aadd239b75ed3e20.rlib" "/opt/rustwide/target/debug/deps/librand_chacha-ad940925a0b3835e.rlib" "/opt/rustwide/target/debug/deps/libppv_lite86-db48c90fa293bcfe.rlib" "/opt/rustwide/target/debug/deps/librand_core-36bf1cf2a338c822.rlib" "/opt/rustwide/target/debug/deps/librustls-d8c7ef21bf531e6c.rlib" "/opt/rustwide/target/debug/deps/libsct-714eb38618a72cc4.rlib" "/opt/rustwide/target/debug/deps/libwebpki-67025d9b46712ffe.rlib" "/opt/rustwide/target/debug/deps/libring-77bd0e5ac7106e55.rlib" "/opt/rustwide/target/debug/deps/libgetrandom-1ff3a1dfc3f32fd8.rlib" "/opt/rustwide/target/debug/deps/libspin-662b5629bfbcd837.rlib" "/opt/rustwide/target/debug/deps/libuntrusted-8bad1cf01f539b56.rlib" "/opt/rustwide/target/debug/deps/libring-e7b15c6fc14bba9f.rlib" "/opt/rustwide/target/debug/deps/libspin-e858d3468b8e3abd.rlib" "/opt/rustwide/target/debug/deps/libuntrusted-6cf40e3a64622ff0.rlib" "/opt/rustwide/target/debug/deps/libonce_cell-334d739f4e3a4961.rlib" "/opt/rustwide/target/debug/deps/liblibc-a3863744b2422075.rlib" "/opt/rustwide/target/debug/deps/libutf8-370df01ffad319e0.rlib" "/opt/rustwide/target/debug/deps/libbyteorder-6ac88002c46ec63a.rlib" "/opt/rustwide/target/debug/deps/libsha1-33bf196180e1e54e.rlib" "/opt/rustwide/target/debug/deps/libcpufeatures-6b5d33967087d885.rlib" "/opt/rustwide/target/debug/deps/libcfg_if-e7002d307f97bc56.rlib" "/opt/rustwide/target/debug/deps/libdigest-ff24fdedbe7f9184.rlib" "/opt/rustwide/target/debug/deps/libblock_buffer-d5751409ab05b00a.rlib" "/opt/rustwide/target/debug/deps/libcrypto_common-2346b4a3e8082086.rlib" "/opt/rustwide/target/debug/deps/libgeneric_array-8204c0397cddb82b.rlib" "/opt/rustwide/target/debug/deps/libtypenum-b40ba058056b0bf8.rlib" "/opt/rustwide/target/debug/deps/libhttparse-2dbc320ca65411a3.rlib" "/opt/rustwide/target/debug/deps/libthiserror-c23712f3c7aedbe4.rlib" "/opt/rustwide/target/debug/deps/liburl-5bc26e3f04caa07a.rlib" "/opt/rustwide/target/debug/deps/libidna-16be4ea6a8a60d54.rlib" "/opt/rustwide/target/debug/deps/libunicode_normalization-a49209942f8cb303.rlib" "/opt/rustwide/target/debug/deps/libtinyvec-dcbbce603bc23510.rlib" "/opt/rustwide/target/debug/deps/libtinyvec_macros-333661e3b238a9a3.rlib" "/opt/rustwide/target/debug/deps/libunicode_bidi-36757df894a8afbe.rlib" "/opt/rustwide/target/debug/deps/libform_urlencoded-00b3292b537cfa9a.rlib" "/opt/rustwide/target/debug/deps/libpercent_encoding-9ca315f6c750067f.rlib" "/opt/rustwide/target/debug/deps/liblog-8188d82fb061445d.rlib" "/opt/rustwide/target/debug/deps/libhttp-fc2ed756fd650dd3.rlib" "/opt/rustwide/target/debug/deps/libitoa-34968a9f29c36fec.rlib" "/opt/rustwide/target/debug/deps/libbytes-d5ef6100ae69ca23.rlib" "/opt/rustwide/target/debug/deps/libfnv-953831fe314029b4.rlib" "/opt/rustwide/target/debug/deps/libnonzero_ext-51ef741d93628ab7.rlib" "/opt/rustwide/rustup-home/toolchains/beta-2023-12-22-x86_64-unknown-linux-gnu/lib/rustlib/x86_64-unknown-linux-gnu/lib/libstd-0672489a78b613de.rlib" "/opt/rustwide/rustup-home/toolchains/beta-2023-12-22-x86_64-unknown-linux-gnu/lib/rustlib/x86_64-unknown-linux-gnu/lib/libpanic_unwind-7eb3ffc34a49f675.rlib" "/opt/rustwide/rustup-home/toolchains/beta-2023-12-22-x86_64-unknown-linux-gnu/lib/rustlib/x86_64-unknown-linux-gnu/lib/libobject-6478a9daa4bee8e2.rlib" "/opt/rustwide/rustup-home/toolchains/beta-2023-12-22-x86_64-unknown-linux-gnu/lib/rustlib/x86_64-unknown-linux-gnu/lib/libmemchr-0c75d871a5c3923d.rlib" "/opt/rustwide/rustup-home/toolchains/beta-2023-12-22-x86_64-unknown-linux-gnu/lib/rustlib/x86_64-unknown-linux-gnu/lib/libaddr2line-d163ef63ad37bb71.rlib" "/opt/rustwide/rustup-home/toolchains/beta-2023-12-22-x86_64-unknown-linux-gnu/lib/rustlib/x86_64-unknown-linux-gnu/lib/libgimli-8a3fd810a85b9f4c.rlib" "/opt/rustwide/rustup-home/toolchains/beta-2023-12-22-x86_64-unknown-linux-gnu/lib/rustlib/x86_64-unknown-linux-gnu/lib/librustc_demangle-462a2cde8c5dfc10.rlib" "/opt/rustwide/rustup-home/toolchains/beta-2023-12-22-x86_64-unknown-linux-gnu/lib/rustlib/x86_64-unknown-linux-gnu/lib/libstd_detect-cb06ac9f54713f71.rlib" "/opt/rustwide/rustup-home/toolchains/beta-2023-12-22-x86_64-unknown-linux-gnu/lib/rustlib/x86_64-unknown-linux-gnu/lib/libhashbrown-f20bfd1f8e59b393.rlib" "/opt/rustwide/rustup-home/toolchains/beta-2023-12-22-x86_64-unknown-linux-gnu/lib/rustlib/x86_64-unknown-linux-gnu/lib/librustc_std_workspace_alloc-1ef460949b49da4b.rlib" "/opt/rustwide/rustup-home/toolchains/beta-2023-12-22-x86_64-unknown-linux-gnu/lib/rustlib/x86_64-unknown-linux-gnu/lib/libminiz_oxide-2cb0c0ffe4f87514.rlib" "/opt/rustwide/rustup-home/toolchains/beta-2023-12-22-x86_64-unknown-linux-gnu/lib/rustlib/x86_64-unknown-linux-gnu/lib/libadler-58d841eb322a11a2.rlib" "/opt/rustwide/rustup-home/toolchains/beta-2023-12-22-x86_64-unknown-linux-gnu/lib/rustlib/x86_64-unknown-linux-gnu/lib/libunwind-aa2ae0b0a9d11533.rlib" "/opt/rustwide/rustup-home/toolchains/beta-2023-12-22-x86_64-unknown-linux-gnu/lib/rustlib/x86_64-unknown-linux-gnu/lib/libcfg_if-23874e15830ed336.rlib" "/opt/rustwide/rustup-home/toolchains/beta-2023-12-22-x86_64-unknown-linux-gnu/lib/rustlib/x86_64-unknown-linux-gnu/lib/liblibc-e47cddc003bce885.rlib" "/opt/rustwide/rustup-home/toolchains/beta-2023-12-22-x86_64-unknown-linux-gnu/lib/rustlib/x86_64-unknown-linux-gnu/lib/liballoc-c22b13b48a8f128e.rlib" "/opt/rustwide/rustup-home/toolchains/beta-2023-12-22-x86_64-unknown-linux-gnu/lib/rustlib/x86_64-unknown-linux-gnu/lib/librustc_std_workspace_core-e46bc3da6d7c462f.rlib" "/opt/rustwide/rustup-home/toolchains/beta-2023-12-22-x86_64-unknown-linux-gnu/lib/rustlib/x86_64-unknown-linux-gnu/lib/libcore-8d1ac131d3cb2645.rlib" "/opt/rustwide/rustup-home/toolchains/beta-2023-12-22-x86_64-unknown-linux-gnu/lib/rustlib/x86_64-unknown-linux-gnu/lib/libcompiler_builtins-a1b43df8c6899c1f.rlib" "-Wl,-Bdynamic" "-lssl" "-lcrypto" "-lgcc_s" "-lutil" "-lrt" "-lpthread" "-lm" "-ldl" "-lc" "-Wl,--eh-frame-hdr" "-Wl,-z,noexecstack" "-L" "/opt/rustwide/rustup-home/toolchains/beta-2023-12-22-x86_64-unknown-linux-gnu/lib/rustlib/x86_64-unknown-linux-gnu/lib" "-o" "/opt/rustwide/target/debug/deps/binance_option-05485451d53fa038" "-Wl,--gc-sections" "-pie" "-Wl,-z,relro,-z,now" "-nodefaultlibs"
[INFO] [stdout]   = note: collect2: fatal error: ld terminated with signal 9 [Killed]
[INFO] [stdout]           compilation terminated.
[INFO] [stdout]           
[INFO] [stdout] 
[INFO] [stdout] 
[INFO] [stdout] error: aborting due to 1 previous error
[INFO] [stdout] 
[INFO] [stdout] 
[INFO] [stderr] error: could not compile `crypto-ws-client` (test "binance_option") due to 2 previous errors
[INFO] [stdout] error: linking with `cc` failed: exit status: 1
[INFO] [stdout]   |
[INFO] [stdout]   = note: LC_ALL="C" PATH="/opt/rustwide/rustup-home/toolchains/beta-2023-12-22-x86_64-unknown-linux-gnu/lib/rustlib/x86_64-unknown-linux-gnu/bin:/opt/rustwide/cargo-home/bin:/usr/local/sbin:/usr/local/bin:/usr/sbin:/usr/bin:/sbin:/bin" VSLANG="1033" "cc" "-m64" "/tmp/rustc92T2RZ/symbols.o" "/opt/rustwide/target/debug/deps/dydx-e5a553a7d27ea7b3.dydx.d990ed9203745fd0-cgu.00.rcgu.o" "/opt/rustwide/target/debug/deps/dydx-e5a553a7d27ea7b3.dydx.d990ed9203745fd0-cgu.01.rcgu.o" "/opt/rustwide/target/debug/deps/dydx-e5a553a7d27ea7b3.dydx.d990ed9203745fd0-cgu.02.rcgu.o" "/opt/rustwide/target/debug/deps/dydx-e5a553a7d27ea7b3.dydx.d990ed9203745fd0-cgu.03.rcgu.o" "/opt/rustwide/target/debug/deps/dydx-e5a553a7d27ea7b3.dydx.d990ed9203745fd0-cgu.04.rcgu.o" "/opt/rustwide/target/debug/deps/dydx-e5a553a7d27ea7b3.dydx.d990ed9203745fd0-cgu.05.rcgu.o" "/opt/rustwide/target/debug/deps/dydx-e5a553a7d27ea7b3.dydx.d990ed9203745fd0-cgu.06.rcgu.o" "/opt/rustwide/target/debug/deps/dydx-e5a553a7d27ea7b3.dydx.d990ed9203745fd0-cgu.07.rcgu.o" "/opt/rustwide/target/debug/deps/dydx-e5a553a7d27ea7b3.dydx.d990ed9203745fd0-cgu.08.rcgu.o" "/opt/rustwide/target/debug/deps/dydx-e5a553a7d27ea7b3.dydx.d990ed9203745fd0-cgu.09.rcgu.o" "/opt/rustwide/target/debug/deps/dydx-e5a553a7d27ea7b3.dydx.d990ed9203745fd0-cgu.10.rcgu.o" "/opt/rustwide/target/debug/deps/dydx-e5a553a7d27ea7b3.dydx.d990ed9203745fd0-cgu.11.rcgu.o" "/opt/rustwide/target/debug/deps/dydx-e5a553a7d27ea7b3.dydx.d990ed9203745fd0-cgu.12.rcgu.o" "/opt/rustwide/target/debug/deps/dydx-e5a553a7d27ea7b3.dydx.d990ed9203745fd0-cgu.13.rcgu.o" "/opt/rustwide/target/debug/deps/dydx-e5a553a7d27ea7b3.dydx.d990ed9203745fd0-cgu.14.rcgu.o" "/opt/rustwide/target/debug/deps/dydx-e5a553a7d27ea7b3.dydx.d990ed9203745fd0-cgu.15.rcgu.o" "/opt/rustwide/target/debug/deps/dydx-e5a553a7d27ea7b3.kmmtfw5actccp3h.rcgu.o" "-Wl,--as-needed" "-L" "/opt/rustwide/target/debug/deps" "-L" "/opt/rustwide/target/debug/build/ring-32cb649c0cf756e0/out" "-L" "/opt/rustwide/target/debug/build/ring-d74758becb065d1b/out" "-L" "/opt/rustwide/rustup-home/toolchains/beta-2023-12-22-x86_64-unknown-linux-gnu/lib/rustlib/x86_64-unknown-linux-gnu/lib" "-Wl,-Bstatic" "/opt/rustwide/rustup-home/toolchains/beta-2023-12-22-x86_64-unknown-linux-gnu/lib/rustlib/x86_64-unknown-linux-gnu/lib/libtest-cbab71697df97b00.rlib" "/opt/rustwide/rustup-home/toolchains/beta-2023-12-22-x86_64-unknown-linux-gnu/lib/rustlib/x86_64-unknown-linux-gnu/lib/libgetopts-2a2cf8f16c536007.rlib" "/opt/rustwide/rustup-home/toolchains/beta-2023-12-22-x86_64-unknown-linux-gnu/lib/rustlib/x86_64-unknown-linux-gnu/lib/libunicode_width-c5f3cc3cceaf9070.rlib" "/opt/rustwide/rustup-home/toolchains/beta-2023-12-22-x86_64-unknown-linux-gnu/lib/rustlib/x86_64-unknown-linux-gnu/lib/librustc_std_workspace_std-a31324ec815b09db.rlib" "/opt/rustwide/target/debug/deps/libcrypto_ws_client-2bcea8d8cdcae365.rlib" "/opt/rustwide/target/debug/deps/libgovernor-b7a9c078bda230b2.rlib" "/opt/rustwide/target/debug/deps/libquanta-177bcfe942e20df8.rlib" "/opt/rustwide/target/debug/deps/libraw_cpuid-24f21efa03dca46b.rlib" "/opt/rustwide/target/debug/deps/libbitflags-85e13ed1e0c6d910.rlib" "/opt/rustwide/target/debug/deps/libcrossbeam_utils-3c8428aeb3adff12.rlib" "/opt/rustwide/target/debug/deps/libdashmap-16d5dfa0bf231ac2.rlib" "/opt/rustwide/target/debug/deps/libparking_lot-77cc1c5b37a1b555.rlib" "/opt/rustwide/target/debug/deps/libparking_lot_core-c3e1e7b78dea6d3a.rlib" "/opt/rustwide/target/debug/deps/libsmallvec-2fe51d264bce6b98.rlib" "/opt/rustwide/target/debug/deps/liblock_api-af608386887ddd92.rlib" "/opt/rustwide/target/debug/deps/libscopeguard-f937485db0060aca.rlib" "/opt/rustwide/target/debug/deps/libfutures-30a2d194babe0861.rlib" "/opt/rustwide/target/debug/deps/libfutures_executor-b216168f80aabf83.rlib" "/opt/rustwide/target/debug/deps/libfutures_timer-105eb334315356f5.rlib" "/opt/rustwide/target/debug/deps/libno_std_compat-434480e57019a90a.rlib" "/opt/rustwide/target/debug/deps/libfast_socks5-3e184d5b7200567e.rlib" "/opt/rustwide/target/debug/deps/libtokio_stream-f224387dde641f0d.rlib" "/opt/rustwide/target/debug/deps/libanyhow-5d20277346359413.rlib" "/opt/rustwide/target/debug/deps/libreqwest-b4beefb2a133cbca.rlib" "/opt/rustwide/target/debug/deps/libhyper_tls-d575fb1553664dc7.rlib" "/opt/rustwide/target/debug/deps/libserde_urlencoded-dd310a2558fece27.rlib" "/opt/rustwide/target/debug/deps/libipnet-5d86936adafddcc9.rlib" "/opt/rustwide/target/debug/deps/libtokio_native_tls-522c0b02cc17058f.rlib" "/opt/rustwide/target/debug/deps/libmime-a9df5a780629fb7d.rlib" "/opt/rustwide/target/debug/deps/libencoding_rs-4339e23ae7924400.rlib" "/opt/rustwide/target/debug/deps/libasync_compression-3e7969af2aef45b5.rlib" "/opt/rustwide/target/debug/deps/libflate2-8e6e456291549b86.rlib" "/opt/rustwide/target/debug/deps/libminiz_oxide-fdd9e74574a7bd2a.rlib" "/opt/rustwide/target/debug/deps/libadler-eba61f23bb3cdb48.rlib" "/opt/rustwide/target/debug/deps/libcrc32fast-dbea8ee6fb11ce73.rlib" "/opt/rustwide/target/debug/deps/libnative_tls-383ffa7a55348f43.rlib" "/opt/rustwide/target/debug/deps/libopenssl-3a58d93b8c442936.rlib" "/opt/rustwide/target/debug/deps/libbitflags-52f05aea2267c407.rlib" "/opt/rustwide/target/debug/deps/libforeign_types-34162016ad32c65c.rlib" "/opt/rustwide/target/debug/deps/libforeign_types_shared-6c481fa47d8ef87b.rlib" "/opt/rustwide/target/debug/deps/libopenssl_sys-91e4c4d93a344417.rlib" "/opt/rustwide/target/debug/deps/libhyper-24168fb9143a6350.rlib" "/opt/rustwide/target/debug/deps/libwant-980d1be1e9789ecd.rlib" "/opt/rustwide/target/debug/deps/libtry_lock-61552f3200b10770.rlib" "/opt/rustwide/target/debug/deps/libh2-26bea8eb60429a93.rlib" "/opt/rustwide/target/debug/deps/libindexmap-b97987b991fa7705.rlib" "/opt/rustwide/target/debug/deps/libequivalent-e4dc2e1acc32de2c.rlib" "/opt/rustwide/target/debug/deps/libhashbrown-ad909cf2cd84416e.rlib" "/opt/rustwide/target/debug/deps/libtokio_util-ac38ea472f8279a3.rlib" "/opt/rustwide/target/debug/deps/libtower_service-92bbc7b5a1dd8782.rlib" "/opt/rustwide/target/debug/deps/libtracing-7b5e45af65cddda7.rlib" "/opt/rustwide/target/debug/deps/libtracing_core-479c2c303b5c4314.rlib" "/opt/rustwide/target/debug/deps/libhttp_body-72c2ae490c1bf76f.rlib" "/opt/rustwide/target/debug/deps/libserde_json-4c7675d40885eab7.rlib" "/opt/rustwide/target/debug/deps/libryu-4b03a7708da1319d.rlib" "/opt/rustwide/target/debug/deps/libserde-43396d81f5c62e04.rlib" "/opt/rustwide/target/debug/deps/libtokio_tungstenite-2c45906e9b967199.rlib" "/opt/rustwide/target/debug/deps/librustls_native_certs-56a5242a7b4dcd65.rlib" "/opt/rustwide/target/debug/deps/librustls_pemfile-1fe6076733394665.rlib" "/opt/rustwide/target/debug/deps/libbase64-47ce12bf5fcc4351.rlib" "/opt/rustwide/target/debug/deps/libopenssl_probe-01da96bec2dfd166.rlib" "/opt/rustwide/target/debug/deps/libtokio_rustls-fb55361ad652486e.rlib" "/opt/rustwide/target/debug/deps/libtokio-8f114a650b1823ec.rlib" "/opt/rustwide/target/debug/deps/libnum_cpus-aef0cfcece38ac8d.rlib" "/opt/rustwide/target/debug/deps/libsocket2-8609d02ccaf88de4.rlib" "/opt/rustwide/target/debug/deps/libmio-d23646a067650d1b.rlib" "/opt/rustwide/target/debug/deps/libfutures_util-2ac2c03937e82361.rlib" "/opt/rustwide/target/debug/deps/libmemchr-14a47255884553ca.rlib" "/opt/rustwide/target/debug/deps/libfutures_io-fd3828dd557c3cad.rlib" "/opt/rustwide/target/debug/deps/libslab-0a39a638bccea296.rlib" "/opt/rustwide/target/debug/deps/libfutures_channel-45ba62bcbb6333cc.rlib" "/opt/rustwide/target/debug/deps/libpin_project_lite-085b19c93bbb2231.rlib" "/opt/rustwide/target/debug/deps/libfutures_sink-eb701a2145b3f560.rlib" "/opt/rustwide/target/debug/deps/libfutures_task-a05886844ea8dd2c.rlib" "/opt/rustwide/target/debug/deps/libpin_utils-9c5dcf17efb91bff.rlib" "/opt/rustwide/target/debug/deps/libfutures_core-d95b0086a92f44b8.rlib" "/opt/rustwide/target/debug/deps/libtungstenite-3c9577c4b7b8c10f.rlib" "/opt/rustwide/target/debug/deps/libbase64-fca76a9e376e88b4.rlib" "/opt/rustwide/target/debug/deps/librand-aadd239b75ed3e20.rlib" "/opt/rustwide/target/debug/deps/librand_chacha-ad940925a0b3835e.rlib" "/opt/rustwide/target/debug/deps/libppv_lite86-db48c90fa293bcfe.rlib" "/opt/rustwide/target/debug/deps/librand_core-36bf1cf2a338c822.rlib" "/opt/rustwide/target/debug/deps/librustls-d8c7ef21bf531e6c.rlib" "/opt/rustwide/target/debug/deps/libsct-714eb38618a72cc4.rlib" "/opt/rustwide/target/debug/deps/libwebpki-67025d9b46712ffe.rlib" "/opt/rustwide/target/debug/deps/libring-77bd0e5ac7106e55.rlib" "/opt/rustwide/target/debug/deps/libgetrandom-1ff3a1dfc3f32fd8.rlib" "/opt/rustwide/target/debug/deps/libspin-662b5629bfbcd837.rlib" "/opt/rustwide/target/debug/deps/libuntrusted-8bad1cf01f539b56.rlib" "/opt/rustwide/target/debug/deps/libring-e7b15c6fc14bba9f.rlib" "/opt/rustwide/target/debug/deps/libspin-e858d3468b8e3abd.rlib" "/opt/rustwide/target/debug/deps/libuntrusted-6cf40e3a64622ff0.rlib" "/opt/rustwide/target/debug/deps/libonce_cell-334d739f4e3a4961.rlib" "/opt/rustwide/target/debug/deps/liblibc-a3863744b2422075.rlib" "/opt/rustwide/target/debug/deps/libutf8-370df01ffad319e0.rlib" "/opt/rustwide/target/debug/deps/libbyteorder-6ac88002c46ec63a.rlib" "/opt/rustwide/target/debug/deps/libsha1-33bf196180e1e54e.rlib" "/opt/rustwide/target/debug/deps/libcpufeatures-6b5d33967087d885.rlib" "/opt/rustwide/target/debug/deps/libcfg_if-e7002d307f97bc56.rlib" "/opt/rustwide/target/debug/deps/libdigest-ff24fdedbe7f9184.rlib" "/opt/rustwide/target/debug/deps/libblock_buffer-d5751409ab05b00a.rlib" "/opt/rustwide/target/debug/deps/libcrypto_common-2346b4a3e8082086.rlib" "/opt/rustwide/target/debug/deps/libgeneric_array-8204c0397cddb82b.rlib" "/opt/rustwide/target/debug/deps/libtypenum-b40ba058056b0bf8.rlib" "/opt/rustwide/target/debug/deps/libhttparse-2dbc320ca65411a3.rlib" "/opt/rustwide/target/debug/deps/libthiserror-c23712f3c7aedbe4.rlib" "/opt/rustwide/target/debug/deps/liburl-5bc26e3f04caa07a.rlib" "/opt/rustwide/target/debug/deps/libidna-16be4ea6a8a60d54.rlib" "/opt/rustwide/target/debug/deps/libunicode_normalization-a49209942f8cb303.rlib" "/opt/rustwide/target/debug/deps/libtinyvec-dcbbce603bc23510.rlib" "/opt/rustwide/target/debug/deps/libtinyvec_macros-333661e3b238a9a3.rlib" "/opt/rustwide/target/debug/deps/libunicode_bidi-36757df894a8afbe.rlib" "/opt/rustwide/target/debug/deps/libform_urlencoded-00b3292b537cfa9a.rlib" "/opt/rustwide/target/debug/deps/libpercent_encoding-9ca315f6c750067f.rlib" "/opt/rustwide/target/debug/deps/liblog-8188d82fb061445d.rlib" "/opt/rustwide/target/debug/deps/libhttp-fc2ed756fd650dd3.rlib" "/opt/rustwide/target/debug/deps/libitoa-34968a9f29c36fec.rlib" "/opt/rustwide/target/debug/deps/libbytes-d5ef6100ae69ca23.rlib" "/opt/rustwide/target/debug/deps/libfnv-953831fe314029b4.rlib" "/opt/rustwide/target/debug/deps/libnonzero_ext-51ef741d93628ab7.rlib" "/opt/rustwide/rustup-home/toolchains/beta-2023-12-22-x86_64-unknown-linux-gnu/lib/rustlib/x86_64-unknown-linux-gnu/lib/libstd-0672489a78b613de.rlib" "/opt/rustwide/rustup-home/toolchains/beta-2023-12-22-x86_64-unknown-linux-gnu/lib/rustlib/x86_64-unknown-linux-gnu/lib/libpanic_unwind-7eb3ffc34a49f675.rlib" "/opt/rustwide/rustup-home/toolchains/beta-2023-12-22-x86_64-unknown-linux-gnu/lib/rustlib/x86_64-unknown-linux-gnu/lib/libobject-6478a9daa4bee8e2.rlib" "/opt/rustwide/rustup-home/toolchains/beta-2023-12-22-x86_64-unknown-linux-gnu/lib/rustlib/x86_64-unknown-linux-gnu/lib/libmemchr-0c75d871a5c3923d.rlib" "/opt/rustwide/rustup-home/toolchains/beta-2023-12-22-x86_64-unknown-linux-gnu/lib/rustlib/x86_64-unknown-linux-gnu/lib/libaddr2line-d163ef63ad37bb71.rlib" "/opt/rustwide/rustup-home/toolchains/beta-2023-12-22-x86_64-unknown-linux-gnu/lib/rustlib/x86_64-unknown-linux-gnu/lib/libgimli-8a3fd810a85b9f4c.rlib" "/opt/rustwide/rustup-home/toolchains/beta-2023-12-22-x86_64-unknown-linux-gnu/lib/rustlib/x86_64-unknown-linux-gnu/lib/librustc_demangle-462a2cde8c5dfc10.rlib" "/opt/rustwide/rustup-home/toolchains/beta-2023-12-22-x86_64-unknown-linux-gnu/lib/rustlib/x86_64-unknown-linux-gnu/lib/libstd_detect-cb06ac9f54713f71.rlib" "/opt/rustwide/rustup-home/toolchains/beta-2023-12-22-x86_64-unknown-linux-gnu/lib/rustlib/x86_64-unknown-linux-gnu/lib/libhashbrown-f20bfd1f8e59b393.rlib" "/opt/rustwide/rustup-home/toolchains/beta-2023-12-22-x86_64-unknown-linux-gnu/lib/rustlib/x86_64-unknown-linux-gnu/lib/librustc_std_workspace_alloc-1ef460949b49da4b.rlib" "/opt/rustwide/rustup-home/toolchains/beta-2023-12-22-x86_64-unknown-linux-gnu/lib/rustlib/x86_64-unknown-linux-gnu/lib/libminiz_oxide-2cb0c0ffe4f87514.rlib" "/opt/rustwide/rustup-home/toolchains/beta-2023-12-22-x86_64-unknown-linux-gnu/lib/rustlib/x86_64-unknown-linux-gnu/lib/libadler-58d841eb322a11a2.rlib" "/opt/rustwide/rustup-home/toolchains/beta-2023-12-22-x86_64-unknown-linux-gnu/lib/rustlib/x86_64-unknown-linux-gnu/lib/libunwind-aa2ae0b0a9d11533.rlib" "/opt/rustwide/rustup-home/toolchains/beta-2023-12-22-x86_64-unknown-linux-gnu/lib/rustlib/x86_64-unknown-linux-gnu/lib/libcfg_if-23874e15830ed336.rlib" "/opt/rustwide/rustup-home/toolchains/beta-2023-12-22-x86_64-unknown-linux-gnu/lib/rustlib/x86_64-unknown-linux-gnu/lib/liblibc-e47cddc003bce885.rlib" "/opt/rustwide/rustup-home/toolchains/beta-2023-12-22-x86_64-unknown-linux-gnu/lib/rustlib/x86_64-unknown-linux-gnu/lib/liballoc-c22b13b48a8f128e.rlib" "/opt/rustwide/rustup-home/toolchains/beta-2023-12-22-x86_64-unknown-linux-gnu/lib/rustlib/x86_64-unknown-linux-gnu/lib/librustc_std_workspace_core-e46bc3da6d7c462f.rlib" "/opt/rustwide/rustup-home/toolchains/beta-2023-12-22-x86_64-unknown-linux-gnu/lib/rustlib/x86_64-unknown-linux-gnu/lib/libcore-8d1ac131d3cb2645.rlib" "/opt/rustwide/rustup-home/toolchains/beta-2023-12-22-x86_64-unknown-linux-gnu/lib/rustlib/x86_64-unknown-linux-gnu/lib/libcompiler_builtins-a1b43df8c6899c1f.rlib" "-Wl,-Bdynamic" "-lssl" "-lcrypto" "-lgcc_s" "-lutil" "-lrt" "-lpthread" "-lm" "-ldl" "-lc" "-Wl,--eh-frame-hdr" "-Wl,-z,noexecstack" "-L" "/opt/rustwide/rustup-home/toolchains/beta-2023-12-22-x86_64-unknown-linux-gnu/lib/rustlib/x86_64-unknown-linux-gnu/lib" "-o" "/opt/rustwide/target/debug/deps/dydx-e5a553a7d27ea7b3" "-Wl,--gc-sections" "-pie" "-Wl,-z,relro,-z,now" "-nodefaultlibs"
[INFO] [stdout]   = note: collect2: fatal error: ld terminated with signal 9 [Killed]
[INFO] [stdout]           compilation terminated.
[INFO] [stdout]           
[INFO] [stdout] 
[INFO] [stdout] 
[INFO] [stdout] error: aborting due to 1 previous error
[INFO] [stdout] 
[INFO] [stdout] 
[INFO] [stderr] error: could not compile `crypto-ws-client` (test "dydx") due to 2 previous errors
[INFO] [stdout] error: linking with `cc` failed: exit status: 1
[INFO] [stdout]   |
[INFO] [stdout]   = note: LC_ALL="C" PATH="/opt/rustwide/rustup-home/toolchains/beta-2023-12-22-x86_64-unknown-linux-gnu/lib/rustlib/x86_64-unknown-linux-gnu/bin:/opt/rustwide/cargo-home/bin:/usr/local/sbin:/usr/local/bin:/usr/sbin:/usr/bin:/sbin:/bin" VSLANG="1033" "cc" "-m64" "/tmp/rustcl3UAFY/symbols.o" "/opt/rustwide/target/debug/deps/coinbase_pro-702cdaee495f6fce.coinbase_pro.b182d3d9de9c33f9-cgu.00.rcgu.o" "/opt/rustwide/target/debug/deps/coinbase_pro-702cdaee495f6fce.coinbase_pro.b182d3d9de9c33f9-cgu.01.rcgu.o" "/opt/rustwide/target/debug/deps/coinbase_pro-702cdaee495f6fce.coinbase_pro.b182d3d9de9c33f9-cgu.02.rcgu.o" "/opt/rustwide/target/debug/deps/coinbase_pro-702cdaee495f6fce.coinbase_pro.b182d3d9de9c33f9-cgu.03.rcgu.o" "/opt/rustwide/target/debug/deps/coinbase_pro-702cdaee495f6fce.coinbase_pro.b182d3d9de9c33f9-cgu.04.rcgu.o" "/opt/rustwide/target/debug/deps/coinbase_pro-702cdaee495f6fce.coinbase_pro.b182d3d9de9c33f9-cgu.05.rcgu.o" "/opt/rustwide/target/debug/deps/coinbase_pro-702cdaee495f6fce.coinbase_pro.b182d3d9de9c33f9-cgu.06.rcgu.o" "/opt/rustwide/target/debug/deps/coinbase_pro-702cdaee495f6fce.coinbase_pro.b182d3d9de9c33f9-cgu.07.rcgu.o" "/opt/rustwide/target/debug/deps/coinbase_pro-702cdaee495f6fce.coinbase_pro.b182d3d9de9c33f9-cgu.08.rcgu.o" "/opt/rustwide/target/debug/deps/coinbase_pro-702cdaee495f6fce.coinbase_pro.b182d3d9de9c33f9-cgu.09.rcgu.o" "/opt/rustwide/target/debug/deps/coinbase_pro-702cdaee495f6fce.coinbase_pro.b182d3d9de9c33f9-cgu.10.rcgu.o" "/opt/rustwide/target/debug/deps/coinbase_pro-702cdaee495f6fce.coinbase_pro.b182d3d9de9c33f9-cgu.11.rcgu.o" "/opt/rustwide/target/debug/deps/coinbase_pro-702cdaee495f6fce.coinbase_pro.b182d3d9de9c33f9-cgu.12.rcgu.o" "/opt/rustwide/target/debug/deps/coinbase_pro-702cdaee495f6fce.coinbase_pro.b182d3d9de9c33f9-cgu.13.rcgu.o" "/opt/rustwide/target/debug/deps/coinbase_pro-702cdaee495f6fce.coinbase_pro.b182d3d9de9c33f9-cgu.14.rcgu.o" "/opt/rustwide/target/debug/deps/coinbase_pro-702cdaee495f6fce.coinbase_pro.b182d3d9de9c33f9-cgu.15.rcgu.o" "/opt/rustwide/target/debug/deps/coinbase_pro-702cdaee495f6fce.5el36r2luok6wytw.rcgu.o" "-Wl,--as-needed" "-L" "/opt/rustwide/target/debug/deps" "-L" "/opt/rustwide/target/debug/build/ring-32cb649c0cf756e0/out" "-L" "/opt/rustwide/target/debug/build/ring-d74758becb065d1b/out" "-L" "/opt/rustwide/rustup-home/toolchains/beta-2023-12-22-x86_64-unknown-linux-gnu/lib/rustlib/x86_64-unknown-linux-gnu/lib" "-Wl,-Bstatic" "/opt/rustwide/rustup-home/toolchains/beta-2023-12-22-x86_64-unknown-linux-gnu/lib/rustlib/x86_64-unknown-linux-gnu/lib/libtest-cbab71697df97b00.rlib" "/opt/rustwide/rustup-home/toolchains/beta-2023-12-22-x86_64-unknown-linux-gnu/lib/rustlib/x86_64-unknown-linux-gnu/lib/libgetopts-2a2cf8f16c536007.rlib" "/opt/rustwide/rustup-home/toolchains/beta-2023-12-22-x86_64-unknown-linux-gnu/lib/rustlib/x86_64-unknown-linux-gnu/lib/libunicode_width-c5f3cc3cceaf9070.rlib" "/opt/rustwide/rustup-home/toolchains/beta-2023-12-22-x86_64-unknown-linux-gnu/lib/rustlib/x86_64-unknown-linux-gnu/lib/librustc_std_workspace_std-a31324ec815b09db.rlib" "/opt/rustwide/target/debug/deps/libcrypto_ws_client-2bcea8d8cdcae365.rlib" "/opt/rustwide/target/debug/deps/libgovernor-b7a9c078bda230b2.rlib" "/opt/rustwide/target/debug/deps/libquanta-177bcfe942e20df8.rlib" "/opt/rustwide/target/debug/deps/libraw_cpuid-24f21efa03dca46b.rlib" "/opt/rustwide/target/debug/deps/libbitflags-85e13ed1e0c6d910.rlib" "/opt/rustwide/target/debug/deps/libcrossbeam_utils-3c8428aeb3adff12.rlib" "/opt/rustwide/target/debug/deps/libdashmap-16d5dfa0bf231ac2.rlib" "/opt/rustwide/target/debug/deps/libparking_lot-77cc1c5b37a1b555.rlib" "/opt/rustwide/target/debug/deps/libparking_lot_core-c3e1e7b78dea6d3a.rlib" "/opt/rustwide/target/debug/deps/libsmallvec-2fe51d264bce6b98.rlib" "/opt/rustwide/target/debug/deps/liblock_api-af608386887ddd92.rlib" "/opt/rustwide/target/debug/deps/libscopeguard-f937485db0060aca.rlib" "/opt/rustwide/target/debug/deps/libfutures-30a2d194babe0861.rlib" "/opt/rustwide/target/debug/deps/libfutures_executor-b216168f80aabf83.rlib" "/opt/rustwide/target/debug/deps/libfutures_timer-105eb334315356f5.rlib" "/opt/rustwide/target/debug/deps/libno_std_compat-434480e57019a90a.rlib" "/opt/rustwide/target/debug/deps/libfast_socks5-3e184d5b7200567e.rlib" "/opt/rustwide/target/debug/deps/libtokio_stream-f224387dde641f0d.rlib" "/opt/rustwide/target/debug/deps/libanyhow-5d20277346359413.rlib" "/opt/rustwide/target/debug/deps/libreqwest-b4beefb2a133cbca.rlib" "/opt/rustwide/target/debug/deps/libhyper_tls-d575fb1553664dc7.rlib" "/opt/rustwide/target/debug/deps/libserde_urlencoded-dd310a2558fece27.rlib" "/opt/rustwide/target/debug/deps/libipnet-5d86936adafddcc9.rlib" "/opt/rustwide/target/debug/deps/libtokio_native_tls-522c0b02cc17058f.rlib" "/opt/rustwide/target/debug/deps/libmime-a9df5a780629fb7d.rlib" "/opt/rustwide/target/debug/deps/libencoding_rs-4339e23ae7924400.rlib" "/opt/rustwide/target/debug/deps/libasync_compression-3e7969af2aef45b5.rlib" "/opt/rustwide/target/debug/deps/libflate2-8e6e456291549b86.rlib" "/opt/rustwide/target/debug/deps/libminiz_oxide-fdd9e74574a7bd2a.rlib" "/opt/rustwide/target/debug/deps/libadler-eba61f23bb3cdb48.rlib" "/opt/rustwide/target/debug/deps/libcrc32fast-dbea8ee6fb11ce73.rlib" "/opt/rustwide/target/debug/deps/libnative_tls-383ffa7a55348f43.rlib" "/opt/rustwide/target/debug/deps/libopenssl-3a58d93b8c442936.rlib" "/opt/rustwide/target/debug/deps/libbitflags-52f05aea2267c407.rlib" "/opt/rustwide/target/debug/deps/libforeign_types-34162016ad32c65c.rlib" "/opt/rustwide/target/debug/deps/libforeign_types_shared-6c481fa47d8ef87b.rlib" "/opt/rustwide/target/debug/deps/libopenssl_sys-91e4c4d93a344417.rlib" "/opt/rustwide/target/debug/deps/libhyper-24168fb9143a6350.rlib" "/opt/rustwide/target/debug/deps/libwant-980d1be1e9789ecd.rlib" "/opt/rustwide/target/debug/deps/libtry_lock-61552f3200b10770.rlib" "/opt/rustwide/target/debug/deps/libh2-26bea8eb60429a93.rlib" "/opt/rustwide/target/debug/deps/libindexmap-b97987b991fa7705.rlib" "/opt/rustwide/target/debug/deps/libequivalent-e4dc2e1acc32de2c.rlib" "/opt/rustwide/target/debug/deps/libhashbrown-ad909cf2cd84416e.rlib" "/opt/rustwide/target/debug/deps/libtokio_util-ac38ea472f8279a3.rlib" "/opt/rustwide/target/debug/deps/libtower_service-92bbc7b5a1dd8782.rlib" "/opt/rustwide/target/debug/deps/libtracing-7b5e45af65cddda7.rlib" "/opt/rustwide/target/debug/deps/libtracing_core-479c2c303b5c4314.rlib" "/opt/rustwide/target/debug/deps/libhttp_body-72c2ae490c1bf76f.rlib" "/opt/rustwide/target/debug/deps/libserde_json-4c7675d40885eab7.rlib" "/opt/rustwide/target/debug/deps/libryu-4b03a7708da1319d.rlib" "/opt/rustwide/target/debug/deps/libserde-43396d81f5c62e04.rlib" "/opt/rustwide/target/debug/deps/libtokio_tungstenite-2c45906e9b967199.rlib" "/opt/rustwide/target/debug/deps/librustls_native_certs-56a5242a7b4dcd65.rlib" "/opt/rustwide/target/debug/deps/librustls_pemfile-1fe6076733394665.rlib" "/opt/rustwide/target/debug/deps/libbase64-47ce12bf5fcc4351.rlib" "/opt/rustwide/target/debug/deps/libopenssl_probe-01da96bec2dfd166.rlib" "/opt/rustwide/target/debug/deps/libtokio_rustls-fb55361ad652486e.rlib" "/opt/rustwide/target/debug/deps/libtokio-8f114a650b1823ec.rlib" "/opt/rustwide/target/debug/deps/libnum_cpus-aef0cfcece38ac8d.rlib" "/opt/rustwide/target/debug/deps/libsocket2-8609d02ccaf88de4.rlib" "/opt/rustwide/target/debug/deps/libmio-d23646a067650d1b.rlib" "/opt/rustwide/target/debug/deps/libfutures_util-2ac2c03937e82361.rlib" "/opt/rustwide/target/debug/deps/libmemchr-14a47255884553ca.rlib" "/opt/rustwide/target/debug/deps/libfutures_io-fd3828dd557c3cad.rlib" "/opt/rustwide/target/debug/deps/libslab-0a39a638bccea296.rlib" "/opt/rustwide/target/debug/deps/libfutures_channel-45ba62bcbb6333cc.rlib" "/opt/rustwide/target/debug/deps/libpin_project_lite-085b19c93bbb2231.rlib" "/opt/rustwide/target/debug/deps/libfutures_sink-eb701a2145b3f560.rlib" "/opt/rustwide/target/debug/deps/libfutures_task-a05886844ea8dd2c.rlib" "/opt/rustwide/target/debug/deps/libpin_utils-9c5dcf17efb91bff.rlib" "/opt/rustwide/target/debug/deps/libfutures_core-d95b0086a92f44b8.rlib" "/opt/rustwide/target/debug/deps/libtungstenite-3c9577c4b7b8c10f.rlib" "/opt/rustwide/target/debug/deps/libbase64-fca76a9e376e88b4.rlib" "/opt/rustwide/target/debug/deps/librand-aadd239b75ed3e20.rlib" "/opt/rustwide/target/debug/deps/librand_chacha-ad940925a0b3835e.rlib" "/opt/rustwide/target/debug/deps/libppv_lite86-db48c90fa293bcfe.rlib" "/opt/rustwide/target/debug/deps/librand_core-36bf1cf2a338c822.rlib" "/opt/rustwide/target/debug/deps/librustls-d8c7ef21bf531e6c.rlib" "/opt/rustwide/target/debug/deps/libsct-714eb38618a72cc4.rlib" "/opt/rustwide/target/debug/deps/libwebpki-67025d9b46712ffe.rlib" "/opt/rustwide/target/debug/deps/libring-77bd0e5ac7106e55.rlib" "/opt/rustwide/target/debug/deps/libgetrandom-1ff3a1dfc3f32fd8.rlib" "/opt/rustwide/target/debug/deps/libspin-662b5629bfbcd837.rlib" "/opt/rustwide/target/debug/deps/libuntrusted-8bad1cf01f539b56.rlib" "/opt/rustwide/target/debug/deps/libring-e7b15c6fc14bba9f.rlib" "/opt/rustwide/target/debug/deps/libspin-e858d3468b8e3abd.rlib" "/opt/rustwide/target/debug/deps/libuntrusted-6cf40e3a64622ff0.rlib" "/opt/rustwide/target/debug/deps/libonce_cell-334d739f4e3a4961.rlib" "/opt/rustwide/target/debug/deps/liblibc-a3863744b2422075.rlib" "/opt/rustwide/target/debug/deps/libutf8-370df01ffad319e0.rlib" "/opt/rustwide/target/debug/deps/libbyteorder-6ac88002c46ec63a.rlib" "/opt/rustwide/target/debug/deps/libsha1-33bf196180e1e54e.rlib" "/opt/rustwide/target/debug/deps/libcpufeatures-6b5d33967087d885.rlib" "/opt/rustwide/target/debug/deps/libcfg_if-e7002d307f97bc56.rlib" "/opt/rustwide/target/debug/deps/libdigest-ff24fdedbe7f9184.rlib" "/opt/rustwide/target/debug/deps/libblock_buffer-d5751409ab05b00a.rlib" "/opt/rustwide/target/debug/deps/libcrypto_common-2346b4a3e8082086.rlib" "/opt/rustwide/target/debug/deps/libgeneric_array-8204c0397cddb82b.rlib" "/opt/rustwide/target/debug/deps/libtypenum-b40ba058056b0bf8.rlib" "/opt/rustwide/target/debug/deps/libhttparse-2dbc320ca65411a3.rlib" "/opt/rustwide/target/debug/deps/libthiserror-c23712f3c7aedbe4.rlib" "/opt/rustwide/target/debug/deps/liburl-5bc26e3f04caa07a.rlib" "/opt/rustwide/target/debug/deps/libidna-16be4ea6a8a60d54.rlib" "/opt/rustwide/target/debug/deps/libunicode_normalization-a49209942f8cb303.rlib" "/opt/rustwide/target/debug/deps/libtinyvec-dcbbce603bc23510.rlib" "/opt/rustwide/target/debug/deps/libtinyvec_macros-333661e3b238a9a3.rlib" "/opt/rustwide/target/debug/deps/libunicode_bidi-36757df894a8afbe.rlib" "/opt/rustwide/target/debug/deps/libform_urlencoded-00b3292b537cfa9a.rlib" "/opt/rustwide/target/debug/deps/libpercent_encoding-9ca315f6c750067f.rlib" "/opt/rustwide/target/debug/deps/liblog-8188d82fb061445d.rlib" "/opt/rustwide/target/debug/deps/libhttp-fc2ed756fd650dd3.rlib" "/opt/rustwide/target/debug/deps/libitoa-34968a9f29c36fec.rlib" "/opt/rustwide/target/debug/deps/libbytes-d5ef6100ae69ca23.rlib" "/opt/rustwide/target/debug/deps/libfnv-953831fe314029b4.rlib" "/opt/rustwide/target/debug/deps/libnonzero_ext-51ef741d93628ab7.rlib" "/opt/rustwide/rustup-home/toolchains/beta-2023-12-22-x86_64-unknown-linux-gnu/lib/rustlib/x86_64-unknown-linux-gnu/lib/libstd-0672489a78b613de.rlib" "/opt/rustwide/rustup-home/toolchains/beta-2023-12-22-x86_64-unknown-linux-gnu/lib/rustlib/x86_64-unknown-linux-gnu/lib/libpanic_unwind-7eb3ffc34a49f675.rlib" "/opt/rustwide/rustup-home/toolchains/beta-2023-12-22-x86_64-unknown-linux-gnu/lib/rustlib/x86_64-unknown-linux-gnu/lib/libobject-6478a9daa4bee8e2.rlib" "/opt/rustwide/rustup-home/toolchains/beta-2023-12-22-x86_64-unknown-linux-gnu/lib/rustlib/x86_64-unknown-linux-gnu/lib/libmemchr-0c75d871a5c3923d.rlib" "/opt/rustwide/rustup-home/toolchains/beta-2023-12-22-x86_64-unknown-linux-gnu/lib/rustlib/x86_64-unknown-linux-gnu/lib/libaddr2line-d163ef63ad37bb71.rlib" "/opt/rustwide/rustup-home/toolchains/beta-2023-12-22-x86_64-unknown-linux-gnu/lib/rustlib/x86_64-unknown-linux-gnu/lib/libgimli-8a3fd810a85b9f4c.rlib" "/opt/rustwide/rustup-home/toolchains/beta-2023-12-22-x86_64-unknown-linux-gnu/lib/rustlib/x86_64-unknown-linux-gnu/lib/librustc_demangle-462a2cde8c5dfc10.rlib" "/opt/rustwide/rustup-home/toolchains/beta-2023-12-22-x86_64-unknown-linux-gnu/lib/rustlib/x86_64-unknown-linux-gnu/lib/libstd_detect-cb06ac9f54713f71.rlib" "/opt/rustwide/rustup-home/toolchains/beta-2023-12-22-x86_64-unknown-linux-gnu/lib/rustlib/x86_64-unknown-linux-gnu/lib/libhashbrown-f20bfd1f8e59b393.rlib" "/opt/rustwide/rustup-home/toolchains/beta-2023-12-22-x86_64-unknown-linux-gnu/lib/rustlib/x86_64-unknown-linux-gnu/lib/librustc_std_workspace_alloc-1ef460949b49da4b.rlib" "/opt/rustwide/rustup-home/toolchains/beta-2023-12-22-x86_64-unknown-linux-gnu/lib/rustlib/x86_64-unknown-linux-gnu/lib/libminiz_oxide-2cb0c0ffe4f87514.rlib" "/opt/rustwide/rustup-home/toolchains/beta-2023-12-22-x86_64-unknown-linux-gnu/lib/rustlib/x86_64-unknown-linux-gnu/lib/libadler-58d841eb322a11a2.rlib" "/opt/rustwide/rustup-home/toolchains/beta-2023-12-22-x86_64-unknown-linux-gnu/lib/rustlib/x86_64-unknown-linux-gnu/lib/libunwind-aa2ae0b0a9d11533.rlib" "/opt/rustwide/rustup-home/toolchains/beta-2023-12-22-x86_64-unknown-linux-gnu/lib/rustlib/x86_64-unknown-linux-gnu/lib/libcfg_if-23874e15830ed336.rlib" "/opt/rustwide/rustup-home/toolchains/beta-2023-12-22-x86_64-unknown-linux-gnu/lib/rustlib/x86_64-unknown-linux-gnu/lib/liblibc-e47cddc003bce885.rlib" "/opt/rustwide/rustup-home/toolchains/beta-2023-12-22-x86_64-unknown-linux-gnu/lib/rustlib/x86_64-unknown-linux-gnu/lib/liballoc-c22b13b48a8f128e.rlib" "/opt/rustwide/rustup-home/toolchains/beta-2023-12-22-x86_64-unknown-linux-gnu/lib/rustlib/x86_64-unknown-linux-gnu/lib/librustc_std_workspace_core-e46bc3da6d7c462f.rlib" "/opt/rustwide/rustup-home/toolchains/beta-2023-12-22-x86_64-unknown-linux-gnu/lib/rustlib/x86_64-unknown-linux-gnu/lib/libcore-8d1ac131d3cb2645.rlib" "/opt/rustwide/rustup-home/toolchains/beta-2023-12-22-x86_64-unknown-linux-gnu/lib/rustlib/x86_64-unknown-linux-gnu/lib/libcompiler_builtins-a1b43df8c6899c1f.rlib" "-Wl,-Bdynamic" "-lssl" "-lcrypto" "-lgcc_s" "-lutil" "-lrt" "-lpthread" "-lm" "-ldl" "-lc" "-Wl,--eh-frame-hdr" "-Wl,-z,noexecstack" "-L" "/opt/rustwide/rustup-home/toolchains/beta-2023-12-22-x86_64-unknown-linux-gnu/lib/rustlib/x86_64-unknown-linux-gnu/lib" "-o" "/opt/rustwide/target/debug/deps/coinbase_pro-702cdaee495f6fce" "-Wl,--gc-sections" "-pie" "-Wl,-z,relro,-z,now" "-nodefaultlibs"
[INFO] [stdout]   = note: collect2: fatal error: ld terminated with signal 9 [Killed]
[INFO] [stdout]           compilation terminated.
[INFO] [stdout]           
[INFO] [stdout] 
[INFO] [stdout] 
[INFO] [stdout] error: aborting due to 1 previous error
[INFO] [stdout] 
[INFO] [stdout] 
[INFO] [stderr] error: could not compile `crypto-ws-client` (test "coinbase_pro") due to 2 previous errors
[INFO] running `Command { std: "docker" "inspect" "24a5bd7cd812663794c7ba732deba1ddd0f0e3f2719c8363a9dd9ea745f2ed33", kill_on_drop: false }`
[INFO] running `Command { std: "docker" "rm" "-f" "24a5bd7cd812663794c7ba732deba1ddd0f0e3f2719c8363a9dd9ea745f2ed33", kill_on_drop: false }`
[INFO] [stdout] 24a5bd7cd812663794c7ba732deba1ddd0f0e3f2719c8363a9dd9ea745f2ed33
