[INFO] fetching crate crypto-com-exchange 1.0.8...
[INFO] testing crypto-com-exchange-1.0.8 against 1.75.0 for beta-1.76-1
[INFO] extracting crate crypto-com-exchange 1.0.8 into /workspace/builds/worker-6-tc1/source
[INFO] validating manifest of crates.io crate crypto-com-exchange 1.0.8 on toolchain 1.75.0
[INFO] running `Command { std: CARGO_HOME="/workspace/cargo-home" RUSTUP_HOME="/workspace/rustup-home" "/workspace/cargo-home/bin/cargo" "+1.75.0" "metadata" "--manifest-path" "Cargo.toml" "--no-deps", kill_on_drop: false }`
[INFO] started tweaking crates.io crate crypto-com-exchange 1.0.8
[INFO] finished tweaking crates.io crate crypto-com-exchange 1.0.8
[INFO] tweaked toml for crates.io crate crypto-com-exchange 1.0.8 written to /workspace/builds/worker-6-tc1/source/Cargo.toml
[INFO] running `Command { std: CARGO_HOME="/workspace/cargo-home" RUSTUP_HOME="/workspace/rustup-home" "/workspace/cargo-home/bin/cargo" "+1.75.0" "generate-lockfile" "--manifest-path" "Cargo.toml", kill_on_drop: false }`
[INFO] [stderr]     Updating crates.io index
[INFO] running `Command { std: CARGO_HOME="/workspace/cargo-home" RUSTUP_HOME="/workspace/rustup-home" "/workspace/cargo-home/bin/cargo" "+1.75.0" "fetch" "--manifest-path" "Cargo.toml", kill_on_drop: false }`
[INFO] [stderr]  Downloading crates ...
[INFO] [stderr]   Downloaded tungstenite v0.19.0
[INFO] [stderr]   Downloaded tokio-tungstenite v0.19.0
[INFO] [stderr]   Downloaded serde-aux v4.3.1
[INFO] running `Command { std: "docker" "create" "-v" "/var/lib/crater-agent-workspace/builds/worker-6-tc1/target:/opt/rustwide/target:rw,Z" "-v" "/var/lib/crater-agent-workspace/builds/worker-6-tc1/source:/opt/rustwide/workdir:ro,Z" "-v" "/var/lib/crater-agent-workspace/cargo-home:/opt/rustwide/cargo-home:ro,Z" "-v" "/var/lib/crater-agent-workspace/rustup-home:/opt/rustwide/rustup-home:ro,Z" "-e" "SOURCE_DIR=/opt/rustwide/workdir" "-e" "CARGO_TARGET_DIR=/opt/rustwide/target" "-e" "CARGO_HOME=/opt/rustwide/cargo-home" "-e" "RUSTUP_HOME=/opt/rustwide/rustup-home" "-w" "/opt/rustwide/workdir" "-m" "1610612736" "--user" "0:0" "--network" "none" "ghcr.io/rust-lang/crates-build-env/linux@sha256:2788e3201cd34a07e3172128adcd8b3090168a8e3bcc40d7c032b9dda1df7d1c" "/opt/rustwide/cargo-home/bin/cargo" "+1.75.0" "metadata" "--no-deps" "--format-version=1", kill_on_drop: false }`
[INFO] [stdout] 94c2b3718731dfaa548910cba8b17b65f1fe2f5d1c658154391b2db6e38eb155
[INFO] running `Command { std: "docker" "start" "-a" "94c2b3718731dfaa548910cba8b17b65f1fe2f5d1c658154391b2db6e38eb155", kill_on_drop: false }`
[INFO] running `Command { std: "docker" "inspect" "94c2b3718731dfaa548910cba8b17b65f1fe2f5d1c658154391b2db6e38eb155", kill_on_drop: false }`
[INFO] running `Command { std: "docker" "rm" "-f" "94c2b3718731dfaa548910cba8b17b65f1fe2f5d1c658154391b2db6e38eb155", kill_on_drop: false }`
[INFO] [stdout] 94c2b3718731dfaa548910cba8b17b65f1fe2f5d1c658154391b2db6e38eb155
[INFO] running `Command { std: "docker" "create" "-v" "/var/lib/crater-agent-workspace/builds/worker-6-tc1/target:/opt/rustwide/target:rw,Z" "-v" "/var/lib/crater-agent-workspace/builds/worker-6-tc1/source:/opt/rustwide/workdir:ro,Z" "-v" "/var/lib/crater-agent-workspace/cargo-home:/opt/rustwide/cargo-home:ro,Z" "-v" "/var/lib/crater-agent-workspace/rustup-home:/opt/rustwide/rustup-home:ro,Z" "-e" "SOURCE_DIR=/opt/rustwide/workdir" "-e" "CARGO_TARGET_DIR=/opt/rustwide/target" "-e" "CARGO_INCREMENTAL=0" "-e" "RUST_BACKTRACE=full" "-e" "RUSTFLAGS=--cap-lints=warn" "-e" "RUSTDOCFLAGS=--cap-lints=warn" "-e" "CARGO_HOME=/opt/rustwide/cargo-home" "-e" "RUSTUP_HOME=/opt/rustwide/rustup-home" "-w" "/opt/rustwide/workdir" "-m" "1610612736" "--user" "0:0" "--network" "none" "ghcr.io/rust-lang/crates-build-env/linux@sha256:2788e3201cd34a07e3172128adcd8b3090168a8e3bcc40d7c032b9dda1df7d1c" "/opt/rustwide/cargo-home/bin/cargo" "+1.75.0" "build" "--frozen" "--message-format=json", kill_on_drop: false }`
[INFO] [stdout] af6c037962aec8dc94464082bffb15e31c585c14e844d0ce50daa6694f4aeb54
[INFO] running `Command { std: "docker" "start" "-a" "af6c037962aec8dc94464082bffb15e31c585c14e844d0ce50daa6694f4aeb54", kill_on_drop: false }`
[INFO] [stderr]    Compiling libc v0.2.151
[INFO] [stderr]    Compiling typenum v1.17.0
[INFO] [stderr]    Compiling untrusted v0.9.0
[INFO] [stderr]    Compiling spin v0.9.8
[INFO] [stderr]    Compiling pin-project-lite v0.2.13
[INFO] [stderr]    Compiling subtle v2.5.0
[INFO] [stderr]    Compiling parking_lot_core v0.9.9
[INFO] [stderr]    Compiling rustls v0.21.10
[INFO] [stderr]    Compiling bytes v1.5.0
[INFO] [stderr]    Compiling generic-array v0.14.7
[INFO] [stderr]    Compiling lock_api v0.4.11
[INFO] [stderr]    Compiling futures-core v0.3.30
[INFO] [stderr]    Compiling getrandom v0.2.11
[INFO] [stderr]    Compiling futures-sink v0.3.30
[INFO] [stderr]    Compiling itoa v1.0.10
[INFO] [stderr]    Compiling syn v2.0.48
[INFO] [stderr]    Compiling serde v1.0.194
[INFO] [stderr]    Compiling smallvec v1.11.2
[INFO] [stderr]    Compiling unicode-normalization v0.1.22
[INFO] [stderr]    Compiling rand_core v0.6.4
[INFO] [stderr]    Compiling num-traits v0.2.17
[INFO] [stderr]    Compiling futures-channel v0.3.30
[INFO] [stderr]    Compiling log v0.4.20
[INFO] [stderr]    Compiling ppv-lite86 v0.2.17
[INFO] [stderr]    Compiling httparse v1.8.0
[INFO] [stderr]    Compiling futures-task v0.3.30
[INFO] [stderr]    Compiling percent-encoding v2.3.1
[INFO] [stderr]    Compiling unicode-bidi v0.3.14
[INFO] [stderr]    Compiling cpufeatures v0.2.12
[INFO] [stderr]    Compiling futures-io v0.3.30
[INFO] [stderr]    Compiling form_urlencoded v1.2.1
[INFO] [stderr]    Compiling socket2 v0.5.5
[INFO] [stderr]    Compiling signal-hook-registry v1.4.1
[INFO] [stderr]    Compiling mio v0.8.10
[INFO] [stderr]    Compiling serde_json v1.0.111
[INFO] [stderr]    Compiling parking_lot v0.12.1
[INFO] [stderr]    Compiling rand_chacha v0.3.1
[INFO] [stderr]    Compiling base64 v0.21.5
[INFO] [stderr]    Compiling http v0.2.11
[INFO] [stderr]    Compiling openssl-probe v0.1.5
[INFO] [stderr]    Compiling idna v0.5.0
[INFO] [stderr]    Compiling rustls-pemfile v1.0.4
[INFO] [stderr]    Compiling rand v0.8.5
[INFO] [stderr]    Compiling ryu v1.0.16
[INFO] [stderr]    Compiling utf-8 v0.7.6
[INFO] [stderr]    Compiling data-encoding v2.5.0
[INFO] [stderr]    Compiling anyhow v1.0.79
[INFO] [stderr]    Compiling iana-time-zone v0.1.59
[INFO] [stderr]    Compiling rustls-native-certs v0.6.3
[INFO] [stderr]    Compiling url v2.5.0
[INFO] [stderr]    Compiling cc v1.0.83
[INFO] [stderr]    Compiling crypto-common v0.1.6
[INFO] [stderr]    Compiling block-buffer v0.10.4
[INFO] [stderr]    Compiling digest v0.10.7
[INFO] [stderr]    Compiling ring v0.17.7
[INFO] [stderr]    Compiling sha1 v0.10.6
[INFO] [stderr]    Compiling sha2 v0.10.8
[INFO] [stderr]    Compiling hmac v0.12.1
[INFO] [stderr]    Compiling serde_derive v1.0.194
[INFO] [stderr]    Compiling futures-macro v0.3.30
[INFO] [stderr]    Compiling tokio-macros v2.2.0
[INFO] [stderr]    Compiling thiserror-impl v1.0.56
[INFO] [stderr]    Compiling tokio v1.35.1
[INFO] [stderr]    Compiling futures-util v0.3.30
[INFO] [stderr]    Compiling thiserror v1.0.56
[INFO] [stderr]    Compiling futures-executor v0.3.30
[INFO] [stderr]    Compiling sct v0.7.1
[INFO] [stderr]    Compiling rustls-webpki v0.101.7
[INFO] [stderr]    Compiling webpki v0.22.4
[INFO] [stderr]    Compiling futures v0.3.30
[INFO] [stderr]    Compiling chrono v0.4.31
[INFO] [stderr]    Compiling tungstenite v0.19.0
[INFO] [stderr]    Compiling tokio-rustls v0.24.1
[INFO] [stderr]    Compiling serde-aux v4.3.1
[INFO] [stderr]    Compiling tokio-tungstenite v0.19.0
[INFO] [stderr]    Compiling crypto-com-exchange v1.0.8 (/opt/rustwide/workdir)
[INFO] [stderr]     Finished dev [unoptimized + debuginfo] target(s) in 12.07s
[INFO] running `Command { std: "docker" "inspect" "af6c037962aec8dc94464082bffb15e31c585c14e844d0ce50daa6694f4aeb54", kill_on_drop: false }`
[INFO] running `Command { std: "docker" "rm" "-f" "af6c037962aec8dc94464082bffb15e31c585c14e844d0ce50daa6694f4aeb54", kill_on_drop: false }`
[INFO] [stdout] af6c037962aec8dc94464082bffb15e31c585c14e844d0ce50daa6694f4aeb54
[INFO] running `Command { std: "docker" "create" "-v" "/var/lib/crater-agent-workspace/builds/worker-6-tc1/target:/opt/rustwide/target:rw,Z" "-v" "/var/lib/crater-agent-workspace/builds/worker-6-tc1/source:/opt/rustwide/workdir:ro,Z" "-v" "/var/lib/crater-agent-workspace/cargo-home:/opt/rustwide/cargo-home:ro,Z" "-v" "/var/lib/crater-agent-workspace/rustup-home:/opt/rustwide/rustup-home:ro,Z" "-e" "SOURCE_DIR=/opt/rustwide/workdir" "-e" "CARGO_TARGET_DIR=/opt/rustwide/target" "-e" "CARGO_INCREMENTAL=0" "-e" "RUST_BACKTRACE=full" "-e" "RUSTFLAGS=--cap-lints=warn" "-e" "RUSTDOCFLAGS=--cap-lints=warn" "-e" "CARGO_HOME=/opt/rustwide/cargo-home" "-e" "RUSTUP_HOME=/opt/rustwide/rustup-home" "-w" "/opt/rustwide/workdir" "-m" "1610612736" "--user" "0:0" "--network" "none" "ghcr.io/rust-lang/crates-build-env/linux@sha256:2788e3201cd34a07e3172128adcd8b3090168a8e3bcc40d7c032b9dda1df7d1c" "/opt/rustwide/cargo-home/bin/cargo" "+1.75.0" "test" "--frozen" "--no-run" "--message-format=json", kill_on_drop: false }`
[INFO] [stdout] b1d1342a5053389ae4e5b50ba0f229299790779f39fa739f3ec497c8720bf464
[INFO] running `Command { std: "docker" "start" "-a" "b1d1342a5053389ae4e5b50ba0f229299790779f39fa739f3ec497c8720bf464", kill_on_drop: false }`
[INFO] [stderr]    Compiling crypto-com-exchange v1.0.8 (/opt/rustwide/workdir)
[INFO] [stdout] error[E0369]: binary operation `==` cannot be applied to type `TimeFrame`
[INFO] [stdout]    --> src/model/candlestick.rs:167:9
[INFO] [stdout]     |
[INFO] [stdout] 167 |         assert_eq!(candlestick_result.interval, "1m");
[INFO] [stdout]     |         ^^^^^^^^^^^^^^^^^^^^^^^^^^^^^^^^^^^^^^^^^^^^^
[INFO] [stdout]     |         |
[INFO] [stdout]     |         TimeFrame
[INFO] [stdout]     |         &str
[INFO] [stdout]     |
[INFO] [stdout] note: an implementation of `PartialEq<&str>` might be missing for `TimeFrame`
[INFO] [stdout]    --> src/model/candlestick.rs:68:1
[INFO] [stdout]     |
[INFO] [stdout] 68  | pub enum TimeFrame {
[INFO] [stdout]     | ^^^^^^^^^^^^^^^^^^ must implement `PartialEq<&str>`
[INFO] [stdout]     = note: this error originates in the macro `assert_eq` (in Nightly builds, run with -Z macro-backtrace for more info)
[INFO] [stdout] help: consider annotating `TimeFrame` with `#[derive(PartialEq)]`
[INFO] [stdout]     |
[INFO] [stdout] 68  + #[derive(PartialEq)]
[INFO] [stdout] 69  | pub enum TimeFrame {
[INFO] [stdout]     |
[INFO] [stdout] 
[INFO] [stdout] 
[INFO] [stdout] error[E0369]: binary operation `==` cannot be applied to type `Offer`
[INFO] [stdout]    --> src/model/book.rs:156:9
[INFO] [stdout]     |
[INFO] [stdout] 156 |         assert_eq!(data.bids[0], (11746.488, 128.0, 8));
[INFO] [stdout]     |         ^^^^^^^^^^^^^^^^^^^^^^^^^^^^^^^^^^^^^^^^^^^^^^^
[INFO] [stdout]     |         |
[INFO] [stdout]     |         Offer
[INFO] [stdout]     |         ({float}, {float}, {integer})
[INFO] [stdout]     |
[INFO] [stdout] note: an implementation of `PartialEq<({float}, {float}, {integer})>` might be missing for `Offer`
[INFO] [stdout]    --> src/model/book.rs:21:1
[INFO] [stdout]     |
[INFO] [stdout] 21  | pub struct Offer {
[INFO] [stdout]     | ^^^^^^^^^^^^^^^^ must implement `PartialEq<({float}, {float}, {integer})>`
[INFO] [stdout]     = note: this error originates in the macro `assert_eq` (in Nightly builds, run with -Z macro-backtrace for more info)
[INFO] [stdout] help: consider annotating `Offer` with `#[derive(PartialEq)]`
[INFO] [stdout]     |
[INFO] [stdout] 21  + #[derive(PartialEq)]
[INFO] [stdout] 22  | pub struct Offer {
[INFO] [stdout]     |
[INFO] [stdout] 
[INFO] [stdout] 
[INFO] [stdout] error[E0369]: binary operation `==` cannot be applied to type `Offer`
[INFO] [stdout]    --> src/model/book.rs:157:9
[INFO] [stdout]     |
[INFO] [stdout] 157 |         assert_eq!(data.bids[1], (22.488, 22128.1, 228));
[INFO] [stdout]     |         ^^^^^^^^^^^^^^^^^^^^^^^^^^^^^^^^^^^^^^^^^^^^^^^^
[INFO] [stdout]     |         |
[INFO] [stdout]     |         Offer
[INFO] [stdout]     |         ({float}, {float}, {integer})
[INFO] [stdout]     |
[INFO] [stdout] note: an implementation of `PartialEq<({float}, {float}, {integer})>` might be missing for `Offer`
[INFO] [stdout]    --> src/model/book.rs:21:1
[INFO] [stdout]     |
[INFO] [stdout] 21  | pub struct Offer {
[INFO] [stdout]     | ^^^^^^^^^^^^^^^^ must implement `PartialEq<({float}, {float}, {integer})>`
[INFO] [stdout]     = note: this error originates in the macro `assert_eq` (in Nightly builds, run with -Z macro-backtrace for more info)
[INFO] [stdout] help: consider annotating `Offer` with `#[derive(PartialEq)]`
[INFO] [stdout]     |
[INFO] [stdout] 21  + #[derive(PartialEq)]
[INFO] [stdout] 22  | pub struct Offer {
[INFO] [stdout]     |
[INFO] [stdout] 
[INFO] [stdout] 
[INFO] [stdout] error[E0369]: binary operation `==` cannot be applied to type `Offer`
[INFO] [stdout]    --> src/model/book.rs:159:9
[INFO] [stdout]     |
[INFO] [stdout] 159 |         assert_eq!(data.asks[0], (11747.488, 201.0, 12));
[INFO] [stdout]     |         ^^^^^^^^^^^^^^^^^^^^^^^^^^^^^^^^^^^^^^^^^^^^^^^^
[INFO] [stdout]     |         |
[INFO] [stdout]     |         Offer
[INFO] [stdout]     |         ({float}, {float}, {integer})
[INFO] [stdout]     |
[INFO] [stdout] note: an implementation of `PartialEq<({float}, {float}, {integer})>` might be missing for `Offer`
[INFO] [stdout]    --> src/model/book.rs:21:1
[INFO] [stdout]     |
[INFO] [stdout] 21  | pub struct Offer {
[INFO] [stdout]     | ^^^^^^^^^^^^^^^^ must implement `PartialEq<({float}, {float}, {integer})>`
[INFO] [stdout]     = note: this error originates in the macro `assert_eq` (in Nightly builds, run with -Z macro-backtrace for more info)
[INFO] [stdout] help: consider annotating `Offer` with `#[derive(PartialEq)]`
[INFO] [stdout]     |
[INFO] [stdout] 21  + #[derive(PartialEq)]
[INFO] [stdout] 22  | pub struct Offer {
[INFO] [stdout]     |
[INFO] [stdout] 
[INFO] [stdout] 
[INFO] [stdout] error[E0308]: mismatched types
[INFO] [stdout]    --> src/model/book.rs:160:31
[INFO] [stdout]     |
[INFO] [stdout] 160 |         assert_eq!(data.time, 1587523078844);
[INFO] [stdout]     |                               ^^^^^^^^^^^^^ expected `DateTime<_>`, found integer
[INFO] [stdout]     |
[INFO] [stdout]     = note: expected struct `chrono::DateTime<_>`
[INFO] [stdout]                  found type `{integer}`
[INFO] [stdout] 
[INFO] [stdout] 
[INFO] [stdout] error[E0308]: mismatched types
[INFO] [stdout]   --> src/model/ticker.rs:95:31
[INFO] [stdout]    |
[INFO] [stdout] 95 |         assert_eq!(data.time, 1587523078844);
[INFO] [stdout]    |                               ^^^^^^^^^^^^^ expected `DateTime<_>`, found integer
[INFO] [stdout]    |
[INFO] [stdout]    = note: expected struct `chrono::DateTime<_>`
[INFO] [stdout]                 found type `{integer}`
[INFO] [stdout] 
[INFO] [stdout] 
[INFO] [stdout] error[E0308]: mismatched types
[INFO] [stdout]    --> src/model/trade.rs:102:31
[INFO] [stdout]     |
[INFO] [stdout] 102 |         assert_eq!(data.side, "buy");
[INFO] [stdout]     |                               ^^^^^ expected `Side`, found `&str`
[INFO] [stdout] 
[INFO] [stdout] 
[INFO] [stdout] error[E0308]: mismatched types
[INFO] [stdout]    --> src/model/trade.rs:104:31
[INFO] [stdout]     |
[INFO] [stdout] 104 |         assert_eq!(data.time, 1587523078844);
[INFO] [stdout]     |                               ^^^^^^^^^^^^^ expected `DateTime<_>`, found integer
[INFO] [stdout]     |
[INFO] [stdout]     = note: expected struct `chrono::DateTime<_>`
[INFO] [stdout]                  found type `{integer}`
[INFO] [stdout] 
[INFO] [stdout] 
[INFO] [stdout] error[E0308]: mismatched types
[INFO] [stdout]    --> src/model/trade.rs:109:32
[INFO] [stdout]     |
[INFO] [stdout] 109 |         assert_eq!(data2.side, "sell");
[INFO] [stdout]     |                                ^^^^^^ expected `Side`, found `&str`
[INFO] [stdout] 
[INFO] [stdout] 
[INFO] [stdout] error[E0308]: mismatched types
[INFO] [stdout]    --> src/model/trade.rs:111:32
[INFO] [stdout]     |
[INFO] [stdout] 111 |         assert_eq!(data2.time, 11587523078844);
[INFO] [stdout]     |                                ^^^^^^^^^^^^^^ expected `DateTime<_>`, found integer
[INFO] [stdout]     |
[INFO] [stdout]     = note: expected struct `chrono::DateTime<_>`
[INFO] [stdout]                  found type `{integer}`
[INFO] [stdout] 
[INFO] [stdout] 
[INFO] [stdout] error[E0369]: binary operation `==` cannot be applied to type `TimeFrame`
[INFO] [stdout]    --> src/message.rs:109:17
[INFO] [stdout]     |
[INFO] [stdout] 109 |                 assert_eq!(result.interval, "5m");
[INFO] [stdout]     |                 ^^^^^^^^^^^^^^^^^^^^^^^^^^^^^^^^^
[INFO] [stdout]     |                 |
[INFO] [stdout]     |                 TimeFrame
[INFO] [stdout]     |                 &str
[INFO] [stdout]     |
[INFO] [stdout] note: an implementation of `PartialEq<&str>` might be missing for `TimeFrame`
[INFO] [stdout]    --> src/model/candlestick.rs:68:1
[INFO] [stdout]     |
[INFO] [stdout] 68  | pub enum TimeFrame {
[INFO] [stdout]     | ^^^^^^^^^^^^^^^^^^ must implement `PartialEq<&str>`
[INFO] [stdout]     = note: this error originates in the macro `assert_eq` (in Nightly builds, run with -Z macro-backtrace for more info)
[INFO] [stdout] help: consider annotating `TimeFrame` with `#[derive(PartialEq)]`
[INFO] [stdout]    --> src/model/candlestick.rs:68:1
[INFO] [stdout]     |
[INFO] [stdout] 68  + #[derive(PartialEq)]
[INFO] [stdout] 69  | pub enum TimeFrame {
[INFO] [stdout]     |
[INFO] [stdout] 
[INFO] [stdout] 
[INFO] [stdout] error[E0369]: binary operation `==` cannot be applied to type `TimeFrame`
[INFO] [stdout]    --> src/message.rs:130:17
[INFO] [stdout]     |
[INFO] [stdout] 130 |                 assert_eq!(result.interval, "5m");
[INFO] [stdout]     |                 ^^^^^^^^^^^^^^^^^^^^^^^^^^^^^^^^^
[INFO] [stdout]     |                 |
[INFO] [stdout]     |                 TimeFrame
[INFO] [stdout]     |                 &str
[INFO] [stdout]     |
[INFO] [stdout] note: an implementation of `PartialEq<&str>` might be missing for `TimeFrame`
[INFO] [stdout]    --> src/model/candlestick.rs:68:1
[INFO] [stdout]     |
[INFO] [stdout] 68  | pub enum TimeFrame {
[INFO] [stdout]     | ^^^^^^^^^^^^^^^^^^ must implement `PartialEq<&str>`
[INFO] [stdout]     = note: this error originates in the macro `assert_eq` (in Nightly builds, run with -Z macro-backtrace for more info)
[INFO] [stdout] help: consider annotating `TimeFrame` with `#[derive(PartialEq)]`
[INFO] [stdout]    --> src/model/candlestick.rs:68:1
[INFO] [stdout]     |
[INFO] [stdout] 68  + #[derive(PartialEq)]
[INFO] [stdout] 69  | pub enum TimeFrame {
[INFO] [stdout]     |
[INFO] [stdout] 
[INFO] [stdout] 
[INFO] [stdout] error: aborting due to 12 previous errors
[INFO] [stdout] 
[INFO] [stdout] 
[INFO] [stdout] Some errors have detailed explanations: E0308, E0369.
[INFO] [stdout] 
[INFO] [stdout] For more information about an error, try `rustc --explain E0308`.
[INFO] [stdout] 
[INFO] [stderr] error: could not compile `crypto-com-exchange` (lib test) due to 13 previous errors
[INFO] running `Command { std: "docker" "inspect" "b1d1342a5053389ae4e5b50ba0f229299790779f39fa739f3ec497c8720bf464", kill_on_drop: false }`
[INFO] running `Command { std: "docker" "rm" "-f" "b1d1342a5053389ae4e5b50ba0f229299790779f39fa739f3ec497c8720bf464", kill_on_drop: false }`
[INFO] [stdout] b1d1342a5053389ae4e5b50ba0f229299790779f39fa739f3ec497c8720bf464
[INFO] testing crypto-com-exchange-1.0.8 against beta-2023-12-22 for beta-1.76-1
[INFO] extracting crate crypto-com-exchange 1.0.8 into /workspace/builds/worker-6-tc2/source
[INFO] validating manifest of crates.io crate crypto-com-exchange 1.0.8 on toolchain beta-2023-12-22
[INFO] running `Command { std: CARGO_HOME="/workspace/cargo-home" RUSTUP_HOME="/workspace/rustup-home" "/workspace/cargo-home/bin/cargo" "+beta-2023-12-22" "metadata" "--manifest-path" "Cargo.toml" "--no-deps", kill_on_drop: false }`
[INFO] started tweaking crates.io crate crypto-com-exchange 1.0.8
[INFO] finished tweaking crates.io crate crypto-com-exchange 1.0.8
[INFO] tweaked toml for crates.io crate crypto-com-exchange 1.0.8 written to /workspace/builds/worker-6-tc2/source/Cargo.toml
[INFO] running `Command { std: CARGO_HOME="/workspace/cargo-home" RUSTUP_HOME="/workspace/rustup-home" "/workspace/cargo-home/bin/cargo" "+beta-2023-12-22" "generate-lockfile" "--manifest-path" "Cargo.toml", kill_on_drop: false }`
[INFO] [stderr]     Updating crates.io index
[INFO] running `Command { std: CARGO_HOME="/workspace/cargo-home" RUSTUP_HOME="/workspace/rustup-home" "/workspace/cargo-home/bin/cargo" "+beta-2023-12-22" "fetch" "--manifest-path" "Cargo.toml", kill_on_drop: false }`
[INFO] [stderr]     Blocking waiting for file lock on package cache
[INFO] running `Command { std: "docker" "create" "-v" "/var/lib/crater-agent-workspace/builds/worker-6-tc2/target:/opt/rustwide/target:rw,Z" "-v" "/var/lib/crater-agent-workspace/builds/worker-6-tc2/source:/opt/rustwide/workdir:ro,Z" "-v" "/var/lib/crater-agent-workspace/cargo-home:/opt/rustwide/cargo-home:ro,Z" "-v" "/var/lib/crater-agent-workspace/rustup-home:/opt/rustwide/rustup-home:ro,Z" "-e" "SOURCE_DIR=/opt/rustwide/workdir" "-e" "CARGO_TARGET_DIR=/opt/rustwide/target" "-e" "CARGO_HOME=/opt/rustwide/cargo-home" "-e" "RUSTUP_HOME=/opt/rustwide/rustup-home" "-w" "/opt/rustwide/workdir" "-m" "1610612736" "--user" "0:0" "--network" "none" "ghcr.io/rust-lang/crates-build-env/linux@sha256:2788e3201cd34a07e3172128adcd8b3090168a8e3bcc40d7c032b9dda1df7d1c" "/opt/rustwide/cargo-home/bin/cargo" "+beta-2023-12-22" "metadata" "--no-deps" "--format-version=1", kill_on_drop: false }`
[INFO] [stdout] 0a7cbfb23971c0cc67882381f0e79df4f1651e9e188a5134731d0beb93c63a80
[INFO] running `Command { std: "docker" "start" "-a" "0a7cbfb23971c0cc67882381f0e79df4f1651e9e188a5134731d0beb93c63a80", kill_on_drop: false }`
[INFO] running `Command { std: "docker" "inspect" "0a7cbfb23971c0cc67882381f0e79df4f1651e9e188a5134731d0beb93c63a80", kill_on_drop: false }`
[INFO] running `Command { std: "docker" "rm" "-f" "0a7cbfb23971c0cc67882381f0e79df4f1651e9e188a5134731d0beb93c63a80", kill_on_drop: false }`
[INFO] [stdout] 0a7cbfb23971c0cc67882381f0e79df4f1651e9e188a5134731d0beb93c63a80
[INFO] running `Command { std: "docker" "create" "-v" "/var/lib/crater-agent-workspace/builds/worker-6-tc2/target:/opt/rustwide/target:rw,Z" "-v" "/var/lib/crater-agent-workspace/builds/worker-6-tc2/source:/opt/rustwide/workdir:ro,Z" "-v" "/var/lib/crater-agent-workspace/cargo-home:/opt/rustwide/cargo-home:ro,Z" "-v" "/var/lib/crater-agent-workspace/rustup-home:/opt/rustwide/rustup-home:ro,Z" "-e" "SOURCE_DIR=/opt/rustwide/workdir" "-e" "CARGO_TARGET_DIR=/opt/rustwide/target" "-e" "CARGO_INCREMENTAL=0" "-e" "RUST_BACKTRACE=full" "-e" "RUSTFLAGS=--cap-lints=warn" "-e" "RUSTDOCFLAGS=--cap-lints=warn" "-e" "CARGO_HOME=/opt/rustwide/cargo-home" "-e" "RUSTUP_HOME=/opt/rustwide/rustup-home" "-w" "/opt/rustwide/workdir" "-m" "1610612736" "--user" "0:0" "--network" "none" "ghcr.io/rust-lang/crates-build-env/linux@sha256:2788e3201cd34a07e3172128adcd8b3090168a8e3bcc40d7c032b9dda1df7d1c" "/opt/rustwide/cargo-home/bin/cargo" "+beta-2023-12-22" "build" "--frozen" "--message-format=json", kill_on_drop: false }`
[INFO] [stdout] c102ec9b5fda0e2fcc36264c3409aa6668df6da4644c51dbb0f9463bc98da6d6
[INFO] running `Command { std: "docker" "start" "-a" "c102ec9b5fda0e2fcc36264c3409aa6668df6da4644c51dbb0f9463bc98da6d6", kill_on_drop: false }`
[INFO] [stderr]    Compiling libc v0.2.151
[INFO] [stderr]    Compiling typenum v1.17.0
[INFO] [stderr]    Compiling spin v0.9.8
[INFO] [stderr]    Compiling untrusted v0.9.0
[INFO] [stderr]    Compiling pin-project-lite v0.2.13
[INFO] [stderr]    Compiling subtle v2.5.0
[INFO] [stderr]    Compiling parking_lot_core v0.9.9
[INFO] [stderr]    Compiling rustls v0.21.10
[INFO] [stderr]    Compiling futures-sink v0.3.30
[INFO] [stderr]    Compiling generic-array v0.14.7
[INFO] [stderr]    Compiling lock_api v0.4.11
[INFO] [stderr]    Compiling bytes v1.5.0
[INFO] [stderr]    Compiling getrandom v0.2.11
[INFO] [stderr]    Compiling itoa v1.0.10
[INFO] [stderr]    Compiling futures-core v0.3.30
[INFO] [stderr]    Compiling syn v2.0.48
[INFO] [stderr]    Compiling serde v1.0.194
[INFO] [stderr]    Compiling smallvec v1.11.2
[INFO] [stderr]    Compiling futures-channel v0.3.30
[INFO] [stderr]    Compiling unicode-normalization v0.1.22
[INFO] [stderr]    Compiling num-traits v0.2.17
[INFO] [stderr]    Compiling rand_core v0.6.4
[INFO] [stderr]    Compiling futures-io v0.3.30
[INFO] [stderr]    Compiling ppv-lite86 v0.2.17
[INFO] [stderr]    Compiling futures-task v0.3.30
[INFO] [stderr]    Compiling percent-encoding v2.3.1
[INFO] [stderr]    Compiling log v0.4.20
[INFO] [stderr]    Compiling cpufeatures v0.2.12
[INFO] [stderr]    Compiling unicode-bidi v0.3.14
[INFO] [stderr]    Compiling httparse v1.8.0
[INFO] [stderr]    Compiling form_urlencoded v1.2.1
[INFO] [stderr]    Compiling socket2 v0.5.5
[INFO] [stderr]    Compiling signal-hook-registry v1.4.1
[INFO] [stderr]    Compiling mio v0.8.10
[INFO] [stderr]    Compiling serde_json v1.0.111
[INFO] [stderr]    Compiling base64 v0.21.5
[INFO] [stderr]    Compiling parking_lot v0.12.1
[INFO] [stderr]    Compiling http v0.2.11
[INFO] [stderr]    Compiling utf-8 v0.7.6
[INFO] [stderr]    Compiling rand_chacha v0.3.1
[INFO] [stderr]    Compiling idna v0.5.0
[INFO] [stderr]    Compiling data-encoding v2.5.0
[INFO] [stderr]    Compiling iana-time-zone v0.1.59
[INFO] [stderr]    Compiling rustls-pemfile v1.0.4
[INFO] [stderr]    Compiling rand v0.8.5
[INFO] [stderr]    Compiling anyhow v1.0.79
[INFO] [stderr]    Compiling ryu v1.0.16
[INFO] [stderr]    Compiling url v2.5.0
[INFO] [stderr]    Compiling openssl-probe v0.1.5
[INFO] [stderr]    Compiling rustls-native-certs v0.6.3
[INFO] [stderr]    Compiling cc v1.0.83
[INFO] [stderr]    Compiling block-buffer v0.10.4
[INFO] [stderr]    Compiling crypto-common v0.1.6
[INFO] [stderr]    Compiling digest v0.10.7
[INFO] [stderr]    Compiling sha1 v0.10.6
[INFO] [stderr]    Compiling hmac v0.12.1
[INFO] [stderr]    Compiling sha2 v0.10.8
[INFO] [stderr]    Compiling ring v0.17.7
[INFO] [stderr]    Compiling serde_derive v1.0.194
[INFO] [stderr]    Compiling futures-macro v0.3.30
[INFO] [stderr]    Compiling tokio-macros v2.2.0
[INFO] [stderr]    Compiling thiserror-impl v1.0.56
[INFO] [stderr]    Compiling tokio v1.35.1
[INFO] [stderr]    Compiling futures-util v0.3.30
[INFO] [stderr]    Compiling thiserror v1.0.56
[INFO] [stderr]    Compiling sct v0.7.1
[INFO] [stderr]    Compiling rustls-webpki v0.101.7
[INFO] [stderr]    Compiling webpki v0.22.4
[INFO] [stderr]    Compiling futures-executor v0.3.30
[INFO] [stderr]    Compiling futures v0.3.30
[INFO] [stderr]    Compiling tokio-rustls v0.24.1
[INFO] [stderr]    Compiling tungstenite v0.19.0
[INFO] [stderr]    Compiling tokio-tungstenite v0.19.0
[INFO] [stderr]    Compiling chrono v0.4.31
[INFO] [stderr]    Compiling serde-aux v4.3.1
[INFO] [stderr]    Compiling crypto-com-exchange v1.0.8 (/opt/rustwide/workdir)
[INFO] [stderr]     Finished dev [unoptimized + debuginfo] target(s) in 13.42s
[INFO] running `Command { std: "docker" "inspect" "c102ec9b5fda0e2fcc36264c3409aa6668df6da4644c51dbb0f9463bc98da6d6", kill_on_drop: false }`
[INFO] running `Command { std: "docker" "rm" "-f" "c102ec9b5fda0e2fcc36264c3409aa6668df6da4644c51dbb0f9463bc98da6d6", kill_on_drop: false }`
[INFO] [stdout] c102ec9b5fda0e2fcc36264c3409aa6668df6da4644c51dbb0f9463bc98da6d6
[INFO] running `Command { std: "docker" "create" "-v" "/var/lib/crater-agent-workspace/builds/worker-6-tc2/target:/opt/rustwide/target:rw,Z" "-v" "/var/lib/crater-agent-workspace/builds/worker-6-tc2/source:/opt/rustwide/workdir:ro,Z" "-v" "/var/lib/crater-agent-workspace/cargo-home:/opt/rustwide/cargo-home:ro,Z" "-v" "/var/lib/crater-agent-workspace/rustup-home:/opt/rustwide/rustup-home:ro,Z" "-e" "SOURCE_DIR=/opt/rustwide/workdir" "-e" "CARGO_TARGET_DIR=/opt/rustwide/target" "-e" "CARGO_INCREMENTAL=0" "-e" "RUST_BACKTRACE=full" "-e" "RUSTFLAGS=--cap-lints=warn" "-e" "RUSTDOCFLAGS=--cap-lints=warn" "-e" "CARGO_HOME=/opt/rustwide/cargo-home" "-e" "RUSTUP_HOME=/opt/rustwide/rustup-home" "-w" "/opt/rustwide/workdir" "-m" "1610612736" "--user" "0:0" "--network" "none" "ghcr.io/rust-lang/crates-build-env/linux@sha256:2788e3201cd34a07e3172128adcd8b3090168a8e3bcc40d7c032b9dda1df7d1c" "/opt/rustwide/cargo-home/bin/cargo" "+beta-2023-12-22" "test" "--frozen" "--no-run" "--message-format=json", kill_on_drop: false }`
[INFO] [stdout] 5208ee3d070e64caaa29412737b9c06f9968e84af134f04f69873499188d683d
[INFO] running `Command { std: "docker" "start" "-a" "5208ee3d070e64caaa29412737b9c06f9968e84af134f04f69873499188d683d", kill_on_drop: false }`
[INFO] [stderr]    Compiling crypto-com-exchange v1.0.8 (/opt/rustwide/workdir)
[INFO] [stdout] error[E0369]: binary operation `==` cannot be applied to type `TimeFrame`
[INFO] [stdout]    --> src/model/candlestick.rs:167:9
[INFO] [stdout]     |
[INFO] [stdout] 167 |         assert_eq!(candlestick_result.interval, "1m");
[INFO] [stdout]     |         ^^^^^^^^^^^^^^^^^^^^^^^^^^^^^^^^^^^^^^^^^^^^^
[INFO] [stdout]     |         |
[INFO] [stdout]     |         TimeFrame
[INFO] [stdout]     |         &str
[INFO] [stdout]     |
[INFO] [stdout] note: an implementation of `PartialEq<&str>` might be missing for `TimeFrame`
[INFO] [stdout]    --> src/model/candlestick.rs:68:1
[INFO] [stdout]     |
[INFO] [stdout] 68  | pub enum TimeFrame {
[INFO] [stdout]     | ^^^^^^^^^^^^^^^^^^ must implement `PartialEq<&str>`
[INFO] [stdout]     = note: this error originates in the macro `assert_eq` (in Nightly builds, run with -Z macro-backtrace for more info)
[INFO] [stdout] help: consider annotating `TimeFrame` with `#[derive(PartialEq)]`
[INFO] [stdout]     |
[INFO] [stdout] 68  + #[derive(PartialEq)]
[INFO] [stdout] 69  | pub enum TimeFrame {
[INFO] [stdout]     |
[INFO] [stdout] 
[INFO] [stdout] 
[INFO] [stdout] error[E0369]: binary operation `==` cannot be applied to type `Offer`
[INFO] [stdout]    --> src/model/book.rs:156:9
[INFO] [stdout]     |
[INFO] [stdout] 156 |         assert_eq!(data.bids[0], (11746.488, 128.0, 8));
[INFO] [stdout]     |         ^^^^^^^^^^^^^^^^^^^^^^^^^^^^^^^^^^^^^^^^^^^^^^^
[INFO] [stdout]     |         |
[INFO] [stdout]     |         Offer
[INFO] [stdout]     |         ({float}, {float}, {integer})
[INFO] [stdout]     |
[INFO] [stdout] note: an implementation of `PartialEq<({float}, {float}, {integer})>` might be missing for `Offer`
[INFO] [stdout]    --> src/model/book.rs:21:1
[INFO] [stdout]     |
[INFO] [stdout] 21  | pub struct Offer {
[INFO] [stdout]     | ^^^^^^^^^^^^^^^^ must implement `PartialEq<({float}, {float}, {integer})>`
[INFO] [stdout]     = note: this error originates in the macro `assert_eq` (in Nightly builds, run with -Z macro-backtrace for more info)
[INFO] [stdout] help: consider annotating `Offer` with `#[derive(PartialEq)]`
[INFO] [stdout]     |
[INFO] [stdout] 21  + #[derive(PartialEq)]
[INFO] [stdout] 22  | pub struct Offer {
[INFO] [stdout]     |
[INFO] [stdout] 
[INFO] [stdout] 
[INFO] [stdout] error[E0369]: binary operation `==` cannot be applied to type `Offer`
[INFO] [stdout]    --> src/model/book.rs:157:9
[INFO] [stdout]     |
[INFO] [stdout] 157 |         assert_eq!(data.bids[1], (22.488, 22128.1, 228));
[INFO] [stdout]     |         ^^^^^^^^^^^^^^^^^^^^^^^^^^^^^^^^^^^^^^^^^^^^^^^^
[INFO] [stdout]     |         |
[INFO] [stdout]     |         Offer
[INFO] [stdout]     |         ({float}, {float}, {integer})
[INFO] [stdout]     |
[INFO] [stdout] note: an implementation of `PartialEq<({float}, {float}, {integer})>` might be missing for `Offer`
[INFO] [stdout]    --> src/model/book.rs:21:1
[INFO] [stdout]     |
[INFO] [stdout] 21  | pub struct Offer {
[INFO] [stdout]     | ^^^^^^^^^^^^^^^^ must implement `PartialEq<({float}, {float}, {integer})>`
[INFO] [stdout]     = note: this error originates in the macro `assert_eq` (in Nightly builds, run with -Z macro-backtrace for more info)
[INFO] [stdout] help: consider annotating `Offer` with `#[derive(PartialEq)]`
[INFO] [stdout]     |
[INFO] [stdout] 21  + #[derive(PartialEq)]
[INFO] [stdout] 22  | pub struct Offer {
[INFO] [stdout]     |
[INFO] [stdout] 
[INFO] [stdout] 
[INFO] [stdout] error[E0369]: binary operation `==` cannot be applied to type `Offer`
[INFO] [stdout]    --> src/model/book.rs:159:9
[INFO] [stdout]     |
[INFO] [stdout] 159 |         assert_eq!(data.asks[0], (11747.488, 201.0, 12));
[INFO] [stdout]     |         ^^^^^^^^^^^^^^^^^^^^^^^^^^^^^^^^^^^^^^^^^^^^^^^^
[INFO] [stdout]     |         |
[INFO] [stdout]     |         Offer
[INFO] [stdout]     |         ({float}, {float}, {integer})
[INFO] [stdout]     |
[INFO] [stdout] note: an implementation of `PartialEq<({float}, {float}, {integer})>` might be missing for `Offer`
[INFO] [stdout]    --> src/model/book.rs:21:1
[INFO] [stdout]     |
[INFO] [stdout] 21  | pub struct Offer {
[INFO] [stdout]     | ^^^^^^^^^^^^^^^^ must implement `PartialEq<({float}, {float}, {integer})>`
[INFO] [stdout]     = note: this error originates in the macro `assert_eq` (in Nightly builds, run with -Z macro-backtrace for more info)
[INFO] [stdout] help: consider annotating `Offer` with `#[derive(PartialEq)]`
[INFO] [stdout]     |
[INFO] [stdout] 21  + #[derive(PartialEq)]
[INFO] [stdout] 22  | pub struct Offer {
[INFO] [stdout]     |
[INFO] [stdout] 
[INFO] [stdout] 
[INFO] [stdout] error[E0308]: mismatched types
[INFO] [stdout]    --> src/model/book.rs:160:31
[INFO] [stdout]     |
[INFO] [stdout] 160 |         assert_eq!(data.time, 1587523078844);
[INFO] [stdout]     |                               ^^^^^^^^^^^^^ expected `DateTime<_>`, found integer
[INFO] [stdout]     |
[INFO] [stdout]     = note: expected struct `chrono::DateTime<_>`
[INFO] [stdout]                  found type `{integer}`
[INFO] [stdout] 
[INFO] [stdout] 
[INFO] [stdout] error[E0308]: mismatched types
[INFO] [stdout]   --> src/model/ticker.rs:95:31
[INFO] [stdout]    |
[INFO] [stdout] 95 |         assert_eq!(data.time, 1587523078844);
[INFO] [stdout]    |                               ^^^^^^^^^^^^^ expected `DateTime<_>`, found integer
[INFO] [stdout]    |
[INFO] [stdout]    = note: expected struct `chrono::DateTime<_>`
[INFO] [stdout]                 found type `{integer}`
[INFO] [stdout] 
[INFO] [stdout] 
[INFO] [stdout] error[E0308]: mismatched types
[INFO] [stdout]    --> src/model/trade.rs:102:31
[INFO] [stdout]     |
[INFO] [stdout] 102 |         assert_eq!(data.side, "buy");
[INFO] [stdout]     |                               ^^^^^ expected `Side`, found `&str`
[INFO] [stdout] 
[INFO] [stdout] 
[INFO] [stdout] error[E0308]: mismatched types
[INFO] [stdout]    --> src/model/trade.rs:104:31
[INFO] [stdout]     |
[INFO] [stdout] 104 |         assert_eq!(data.time, 1587523078844);
[INFO] [stdout]     |                               ^^^^^^^^^^^^^ expected `DateTime<_>`, found integer
[INFO] [stdout]     |
[INFO] [stdout]     = note: expected struct `chrono::DateTime<_>`
[INFO] [stdout]                  found type `{integer}`
[INFO] [stdout] 
[INFO] [stdout] 
[INFO] [stdout] error[E0308]: mismatched types
[INFO] [stdout]    --> src/model/trade.rs:109:32
[INFO] [stdout]     |
[INFO] [stdout] 109 |         assert_eq!(data2.side, "sell");
[INFO] [stdout]     |                                ^^^^^^ expected `Side`, found `&str`
[INFO] [stdout] 
[INFO] [stdout] 
[INFO] [stdout] error[E0308]: mismatched types
[INFO] [stdout]    --> src/model/trade.rs:111:32
[INFO] [stdout]     |
[INFO] [stdout] 111 |         assert_eq!(data2.time, 11587523078844);
[INFO] [stdout]     |                                ^^^^^^^^^^^^^^ expected `DateTime<_>`, found integer
[INFO] [stdout]     |
[INFO] [stdout]     = note: expected struct `chrono::DateTime<_>`
[INFO] [stdout]                  found type `{integer}`
[INFO] [stdout] 
[INFO] [stdout] 
[INFO] [stdout] error[E0369]: binary operation `==` cannot be applied to type `TimeFrame`
[INFO] [stdout]    --> src/message.rs:109:17
[INFO] [stdout]     |
[INFO] [stdout] 109 |                 assert_eq!(result.interval, "5m");
[INFO] [stdout]     |                 ^^^^^^^^^^^^^^^^^^^^^^^^^^^^^^^^^
[INFO] [stdout]     |                 |
[INFO] [stdout]     |                 TimeFrame
[INFO] [stdout]     |                 &str
[INFO] [stdout]     |
[INFO] [stdout] note: an implementation of `PartialEq<&str>` might be missing for `TimeFrame`
[INFO] [stdout]    --> src/model/candlestick.rs:68:1
[INFO] [stdout]     |
[INFO] [stdout] 68  | pub enum TimeFrame {
[INFO] [stdout]     | ^^^^^^^^^^^^^^^^^^ must implement `PartialEq<&str>`
[INFO] [stdout]     = note: this error originates in the macro `assert_eq` (in Nightly builds, run with -Z macro-backtrace for more info)
[INFO] [stdout] help: consider annotating `TimeFrame` with `#[derive(PartialEq)]`
[INFO] [stdout]    --> src/model/candlestick.rs:68:1
[INFO] [stdout]     |
[INFO] [stdout] 68  + #[derive(PartialEq)]
[INFO] [stdout] 69  | pub enum TimeFrame {
[INFO] [stdout]     |
[INFO] [stdout] 
[INFO] [stdout] 
[INFO] [stdout] error[E0369]: binary operation `==` cannot be applied to type `TimeFrame`
[INFO] [stdout]    --> src/message.rs:130:17
[INFO] [stdout]     |
[INFO] [stdout] 130 |                 assert_eq!(result.interval, "5m");
[INFO] [stdout]     |                 ^^^^^^^^^^^^^^^^^^^^^^^^^^^^^^^^^
[INFO] [stdout]     |                 |
[INFO] [stdout]     |                 TimeFrame
[INFO] [stdout]     |                 &str
[INFO] [stdout]     |
[INFO] [stdout] note: an implementation of `PartialEq<&str>` might be missing for `TimeFrame`
[INFO] [stdout]    --> src/model/candlestick.rs:68:1
[INFO] [stdout]     |
[INFO] [stdout] 68  | pub enum TimeFrame {
[INFO] [stdout]     | ^^^^^^^^^^^^^^^^^^ must implement `PartialEq<&str>`
[INFO] [stdout]     = note: this error originates in the macro `assert_eq` (in Nightly builds, run with -Z macro-backtrace for more info)
[INFO] [stdout] help: consider annotating `TimeFrame` with `#[derive(PartialEq)]`
[INFO] [stdout]    --> src/model/candlestick.rs:68:1
[INFO] [stdout]     |
[INFO] [stdout] 68  + #[derive(PartialEq)]
[INFO] [stdout] 69  | pub enum TimeFrame {
[INFO] [stdout]     |
[INFO] [stdout] 
[INFO] [stdout] 
[INFO] [stdout] error: aborting due to 12 previous errors
[INFO] [stdout] 
[INFO] [stdout] 
[INFO] [stdout] Some errors have detailed explanations: E0308, E0369.
[INFO] [stdout] 
[INFO] [stdout] For more information about an error, try `rustc --explain E0308`.
[INFO] [stdout] 
[INFO] [stderr] error: could not compile `crypto-com-exchange` (lib test) due to 13 previous errors
[INFO] running `Command { std: "docker" "inspect" "5208ee3d070e64caaa29412737b9c06f9968e84af134f04f69873499188d683d", kill_on_drop: false }`
[INFO] running `Command { std: "docker" "rm" "-f" "5208ee3d070e64caaa29412737b9c06f9968e84af134f04f69873499188d683d", kill_on_drop: false }`
[INFO] [stdout] 5208ee3d070e64caaa29412737b9c06f9968e84af134f04f69873499188d683d
