[INFO] fetching crate cry 0.1.5...
[INFO] testing cry-0.1.5 against 1.75.0 for beta-1.76-1
[INFO] extracting crate cry 0.1.5 into /workspace/builds/worker-1-tc1/source
[INFO] validating manifest of crates.io crate cry 0.1.5 on toolchain 1.75.0
[INFO] running `Command { std: CARGO_HOME="/workspace/cargo-home" RUSTUP_HOME="/workspace/rustup-home" "/workspace/cargo-home/bin/cargo" "+1.75.0" "metadata" "--manifest-path" "Cargo.toml" "--no-deps", kill_on_drop: false }`
[INFO] started tweaking crates.io crate cry 0.1.5
[INFO] finished tweaking crates.io crate cry 0.1.5
[INFO] tweaked toml for crates.io crate cry 0.1.5 written to /workspace/builds/worker-1-tc1/source/Cargo.toml
[INFO] running `Command { std: CARGO_HOME="/workspace/cargo-home" RUSTUP_HOME="/workspace/rustup-home" "/workspace/cargo-home/bin/cargo" "+1.75.0" "generate-lockfile" "--manifest-path" "Cargo.toml", kill_on_drop: false }`
[INFO] [stderr]     Updating crates.io index
[INFO] running `Command { std: CARGO_HOME="/workspace/cargo-home" RUSTUP_HOME="/workspace/rustup-home" "/workspace/cargo-home/bin/cargo" "+1.75.0" "fetch" "--manifest-path" "Cargo.toml", kill_on_drop: false }`
[INFO] [stderr]  Downloading crates ...
[INFO] [stderr]   Downloaded unroll v0.1.5
[INFO] running `Command { std: "docker" "create" "-v" "/var/lib/crater-agent-workspace/builds/worker-1-tc1/target:/opt/rustwide/target:rw,Z" "-v" "/var/lib/crater-agent-workspace/builds/worker-1-tc1/source:/opt/rustwide/workdir:ro,Z" "-v" "/var/lib/crater-agent-workspace/cargo-home:/opt/rustwide/cargo-home:ro,Z" "-v" "/var/lib/crater-agent-workspace/rustup-home:/opt/rustwide/rustup-home:ro,Z" "-e" "SOURCE_DIR=/opt/rustwide/workdir" "-e" "CARGO_TARGET_DIR=/opt/rustwide/target" "-e" "CARGO_HOME=/opt/rustwide/cargo-home" "-e" "RUSTUP_HOME=/opt/rustwide/rustup-home" "-w" "/opt/rustwide/workdir" "-m" "1610612736" "--user" "0:0" "--network" "none" "ghcr.io/rust-lang/crates-build-env/linux@sha256:2788e3201cd34a07e3172128adcd8b3090168a8e3bcc40d7c032b9dda1df7d1c" "/opt/rustwide/cargo-home/bin/cargo" "+1.75.0" "metadata" "--no-deps" "--format-version=1", kill_on_drop: false }`
[INFO] [stdout] d32d13a54a1c68d1d6c2da46caf8c627b3e3486a8b558be229b1e765683d0b8d
[INFO] running `Command { std: "docker" "start" "-a" "d32d13a54a1c68d1d6c2da46caf8c627b3e3486a8b558be229b1e765683d0b8d", kill_on_drop: false }`
[INFO] running `Command { std: "docker" "inspect" "d32d13a54a1c68d1d6c2da46caf8c627b3e3486a8b558be229b1e765683d0b8d", kill_on_drop: false }`
[INFO] running `Command { std: "docker" "rm" "-f" "d32d13a54a1c68d1d6c2da46caf8c627b3e3486a8b558be229b1e765683d0b8d", kill_on_drop: false }`
[INFO] [stdout] d32d13a54a1c68d1d6c2da46caf8c627b3e3486a8b558be229b1e765683d0b8d
[INFO] running `Command { std: "docker" "create" "-v" "/var/lib/crater-agent-workspace/builds/worker-1-tc1/target:/opt/rustwide/target:rw,Z" "-v" "/var/lib/crater-agent-workspace/builds/worker-1-tc1/source:/opt/rustwide/workdir:ro,Z" "-v" "/var/lib/crater-agent-workspace/cargo-home:/opt/rustwide/cargo-home:ro,Z" "-v" "/var/lib/crater-agent-workspace/rustup-home:/opt/rustwide/rustup-home:ro,Z" "-e" "SOURCE_DIR=/opt/rustwide/workdir" "-e" "CARGO_TARGET_DIR=/opt/rustwide/target" "-e" "CARGO_INCREMENTAL=0" "-e" "RUST_BACKTRACE=full" "-e" "RUSTFLAGS=--cap-lints=warn" "-e" "RUSTDOCFLAGS=--cap-lints=warn" "-e" "CARGO_HOME=/opt/rustwide/cargo-home" "-e" "RUSTUP_HOME=/opt/rustwide/rustup-home" "-w" "/opt/rustwide/workdir" "-m" "1610612736" "--user" "0:0" "--network" "none" "ghcr.io/rust-lang/crates-build-env/linux@sha256:2788e3201cd34a07e3172128adcd8b3090168a8e3bcc40d7c032b9dda1df7d1c" "/opt/rustwide/cargo-home/bin/cargo" "+1.75.0" "build" "--frozen" "--message-format=json", kill_on_drop: false }`
[INFO] [stdout] b90981ea17880dba53a77343b1f6916b164476f5161d3f06596643581a6293a7
[INFO] running `Command { std: "docker" "start" "-a" "b90981ea17880dba53a77343b1f6916b164476f5161d3f06596643581a6293a7", kill_on_drop: false }`
[INFO] [stderr]    Compiling proc-macro2 v1.0.75
[INFO] [stderr]    Compiling syn v1.0.109
[INFO] [stderr]    Compiling zeroize v1.3.0
[INFO] [stderr]    Compiling digest v0.9.0
[INFO] [stderr]    Compiling curve25519-dalek v3.2.1
[INFO] [stderr]    Compiling quote v1.0.35
[INFO] [stderr]    Compiling unroll v0.1.5
[INFO] [stderr]    Compiling cry v0.1.5 (/opt/rustwide/workdir)
[INFO] [stderr]     Finished dev [unoptimized + debuginfo] target(s) in 3.42s
[INFO] running `Command { std: "docker" "inspect" "b90981ea17880dba53a77343b1f6916b164476f5161d3f06596643581a6293a7", kill_on_drop: false }`
[INFO] running `Command { std: "docker" "rm" "-f" "b90981ea17880dba53a77343b1f6916b164476f5161d3f06596643581a6293a7", kill_on_drop: false }`
[INFO] [stdout] b90981ea17880dba53a77343b1f6916b164476f5161d3f06596643581a6293a7
[INFO] running `Command { std: "docker" "create" "-v" "/var/lib/crater-agent-workspace/builds/worker-1-tc1/target:/opt/rustwide/target:rw,Z" "-v" "/var/lib/crater-agent-workspace/builds/worker-1-tc1/source:/opt/rustwide/workdir:ro,Z" "-v" "/var/lib/crater-agent-workspace/cargo-home:/opt/rustwide/cargo-home:ro,Z" "-v" "/var/lib/crater-agent-workspace/rustup-home:/opt/rustwide/rustup-home:ro,Z" "-e" "SOURCE_DIR=/opt/rustwide/workdir" "-e" "CARGO_TARGET_DIR=/opt/rustwide/target" "-e" "CARGO_INCREMENTAL=0" "-e" "RUST_BACKTRACE=full" "-e" "RUSTFLAGS=--cap-lints=warn" "-e" "RUSTDOCFLAGS=--cap-lints=warn" "-e" "CARGO_HOME=/opt/rustwide/cargo-home" "-e" "RUSTUP_HOME=/opt/rustwide/rustup-home" "-w" "/opt/rustwide/workdir" "-m" "1610612736" "--user" "0:0" "--network" "none" "ghcr.io/rust-lang/crates-build-env/linux@sha256:2788e3201cd34a07e3172128adcd8b3090168a8e3bcc40d7c032b9dda1df7d1c" "/opt/rustwide/cargo-home/bin/cargo" "+1.75.0" "test" "--frozen" "--no-run" "--message-format=json", kill_on_drop: false }`
[INFO] [stdout] 7ac2e9e306248964bc2cd4b1d3c5c355750d48fd7708f6126485b3fb58b39d99
[INFO] running `Command { std: "docker" "start" "-a" "7ac2e9e306248964bc2cd4b1d3c5c355750d48fd7708f6126485b3fb58b39d99", kill_on_drop: false }`
[INFO] [stderr]    Compiling keccak v0.1.4
[INFO] [stderr]    Compiling block-buffer v0.9.0
[INFO] [stderr]    Compiling rand v0.8.5
[INFO] [stderr]    Compiling sha3 v0.9.1
[INFO] [stderr]    Compiling cry v0.1.5 (/opt/rustwide/workdir)
[INFO] [stdout] error[E0432]: unresolved import `crate::ristretto255`
[INFO] [stdout]   --> src/dh/mod.rs:23:9
[INFO] [stdout]    |
[INFO] [stdout] 23 |     use crate::ristretto255;
[INFO] [stdout]    |         ^^^^^^^^^^^^^^^^^^^ no `ristretto255` in the root
[INFO] [stdout]    |
[INFO] [stdout] note: found an item that was configured out
[INFO] [stdout]   --> src/lib.rs:61:9
[INFO] [stdout]    |
[INFO] [stdout] 61 | pub mod ristretto255;
[INFO] [stdout]    |         ^^^^^^^^^^^^
[INFO] [stdout]    = note: the item is gated behind the `ristretto255` feature
[INFO] [stdout] 
[INFO] [stdout] 
[INFO] [stdout] error[E0432]: unresolved import `crate::ristretto255`
[INFO] [stdout]    --> src/schnorr/mod.rs:113:9
[INFO] [stdout]     |
[INFO] [stdout] 113 |     use crate::ristretto255;
[INFO] [stdout]     |         ^^^^^^^^^^^^^^^^^^^ no `ristretto255` in the root
[INFO] [stdout]     |
[INFO] [stdout] note: found an item that was configured out
[INFO] [stdout]    --> src/lib.rs:61:9
[INFO] [stdout]     |
[INFO] [stdout] 61  | pub mod ristretto255;
[INFO] [stdout]     |         ^^^^^^^^^^^^
[INFO] [stdout]     = note: the item is gated behind the `ristretto255` feature
[INFO] [stdout] 
[INFO] [stdout] 
[INFO] [stdout] error: aborting due to 2 previous errors
[INFO] [stdout] 
[INFO] [stdout] 
[INFO] [stdout] For more information about this error, try `rustc --explain E0432`.
[INFO] [stdout] 
[INFO] [stderr] error: could not compile `cry` (lib test) due to 3 previous errors
[INFO] running `Command { std: "docker" "inspect" "7ac2e9e306248964bc2cd4b1d3c5c355750d48fd7708f6126485b3fb58b39d99", kill_on_drop: false }`
[INFO] running `Command { std: "docker" "rm" "-f" "7ac2e9e306248964bc2cd4b1d3c5c355750d48fd7708f6126485b3fb58b39d99", kill_on_drop: false }`
[INFO] [stdout] 7ac2e9e306248964bc2cd4b1d3c5c355750d48fd7708f6126485b3fb58b39d99
[INFO] testing cry-0.1.5 against beta-2023-12-22 for beta-1.76-1
[INFO] extracting crate cry 0.1.5 into /workspace/builds/worker-1-tc2/source
[INFO] validating manifest of crates.io crate cry 0.1.5 on toolchain beta-2023-12-22
[INFO] running `Command { std: CARGO_HOME="/workspace/cargo-home" RUSTUP_HOME="/workspace/rustup-home" "/workspace/cargo-home/bin/cargo" "+beta-2023-12-22" "metadata" "--manifest-path" "Cargo.toml" "--no-deps", kill_on_drop: false }`
[INFO] started tweaking crates.io crate cry 0.1.5
[INFO] finished tweaking crates.io crate cry 0.1.5
[INFO] tweaked toml for crates.io crate cry 0.1.5 written to /workspace/builds/worker-1-tc2/source/Cargo.toml
[INFO] running `Command { std: CARGO_HOME="/workspace/cargo-home" RUSTUP_HOME="/workspace/rustup-home" "/workspace/cargo-home/bin/cargo" "+beta-2023-12-22" "generate-lockfile" "--manifest-path" "Cargo.toml", kill_on_drop: false }`
[INFO] [stderr]     Updating crates.io index
[INFO] running `Command { std: CARGO_HOME="/workspace/cargo-home" RUSTUP_HOME="/workspace/rustup-home" "/workspace/cargo-home/bin/cargo" "+beta-2023-12-22" "fetch" "--manifest-path" "Cargo.toml", kill_on_drop: false }`
[INFO] [stderr]     Blocking waiting for file lock on package cache
[INFO] running `Command { std: "docker" "create" "-v" "/var/lib/crater-agent-workspace/builds/worker-1-tc2/target:/opt/rustwide/target:rw,Z" "-v" "/var/lib/crater-agent-workspace/builds/worker-1-tc2/source:/opt/rustwide/workdir:ro,Z" "-v" "/var/lib/crater-agent-workspace/cargo-home:/opt/rustwide/cargo-home:ro,Z" "-v" "/var/lib/crater-agent-workspace/rustup-home:/opt/rustwide/rustup-home:ro,Z" "-e" "SOURCE_DIR=/opt/rustwide/workdir" "-e" "CARGO_TARGET_DIR=/opt/rustwide/target" "-e" "CARGO_HOME=/opt/rustwide/cargo-home" "-e" "RUSTUP_HOME=/opt/rustwide/rustup-home" "-w" "/opt/rustwide/workdir" "-m" "1610612736" "--user" "0:0" "--network" "none" "ghcr.io/rust-lang/crates-build-env/linux@sha256:2788e3201cd34a07e3172128adcd8b3090168a8e3bcc40d7c032b9dda1df7d1c" "/opt/rustwide/cargo-home/bin/cargo" "+beta-2023-12-22" "metadata" "--no-deps" "--format-version=1", kill_on_drop: false }`
[INFO] [stdout] 147e8570dad092ba929e07dfadb5a20bcb85281f82fd36071f1dc12866c3b368
[INFO] running `Command { std: "docker" "start" "-a" "147e8570dad092ba929e07dfadb5a20bcb85281f82fd36071f1dc12866c3b368", kill_on_drop: false }`
[INFO] running `Command { std: "docker" "inspect" "147e8570dad092ba929e07dfadb5a20bcb85281f82fd36071f1dc12866c3b368", kill_on_drop: false }`
[INFO] running `Command { std: "docker" "rm" "-f" "147e8570dad092ba929e07dfadb5a20bcb85281f82fd36071f1dc12866c3b368", kill_on_drop: false }`
[INFO] [stdout] 147e8570dad092ba929e07dfadb5a20bcb85281f82fd36071f1dc12866c3b368
[INFO] running `Command { std: "docker" "create" "-v" "/var/lib/crater-agent-workspace/builds/worker-1-tc2/target:/opt/rustwide/target:rw,Z" "-v" "/var/lib/crater-agent-workspace/builds/worker-1-tc2/source:/opt/rustwide/workdir:ro,Z" "-v" "/var/lib/crater-agent-workspace/cargo-home:/opt/rustwide/cargo-home:ro,Z" "-v" "/var/lib/crater-agent-workspace/rustup-home:/opt/rustwide/rustup-home:ro,Z" "-e" "SOURCE_DIR=/opt/rustwide/workdir" "-e" "CARGO_TARGET_DIR=/opt/rustwide/target" "-e" "CARGO_INCREMENTAL=0" "-e" "RUST_BACKTRACE=full" "-e" "RUSTFLAGS=--cap-lints=warn" "-e" "RUSTDOCFLAGS=--cap-lints=warn" "-e" "CARGO_HOME=/opt/rustwide/cargo-home" "-e" "RUSTUP_HOME=/opt/rustwide/rustup-home" "-w" "/opt/rustwide/workdir" "-m" "1610612736" "--user" "0:0" "--network" "none" "ghcr.io/rust-lang/crates-build-env/linux@sha256:2788e3201cd34a07e3172128adcd8b3090168a8e3bcc40d7c032b9dda1df7d1c" "/opt/rustwide/cargo-home/bin/cargo" "+beta-2023-12-22" "build" "--frozen" "--message-format=json", kill_on_drop: false }`
[INFO] [stdout] 4eaf2fff7d95a99291d6ba402c247140711aa84762c2efa3d5ab827557bd8e49
[INFO] running `Command { std: "docker" "start" "-a" "4eaf2fff7d95a99291d6ba402c247140711aa84762c2efa3d5ab827557bd8e49", kill_on_drop: false }`
[INFO] [stderr]    Compiling proc-macro2 v1.0.75
[INFO] [stderr]    Compiling syn v1.0.109
[INFO] [stderr]    Compiling zeroize v1.3.0
[INFO] [stderr]    Compiling digest v0.9.0
[INFO] [stderr]    Compiling curve25519-dalek v3.2.1
[INFO] [stderr]    Compiling quote v1.0.35
[INFO] [stderr]    Compiling unroll v0.1.5
[INFO] [stderr]    Compiling cry v0.1.5 (/opt/rustwide/workdir)
[INFO] [stderr]     Finished dev [unoptimized + debuginfo] target(s) in 4.09s
[INFO] running `Command { std: "docker" "inspect" "4eaf2fff7d95a99291d6ba402c247140711aa84762c2efa3d5ab827557bd8e49", kill_on_drop: false }`
[INFO] running `Command { std: "docker" "rm" "-f" "4eaf2fff7d95a99291d6ba402c247140711aa84762c2efa3d5ab827557bd8e49", kill_on_drop: false }`
[INFO] [stdout] 4eaf2fff7d95a99291d6ba402c247140711aa84762c2efa3d5ab827557bd8e49
[INFO] running `Command { std: "docker" "create" "-v" "/var/lib/crater-agent-workspace/builds/worker-1-tc2/target:/opt/rustwide/target:rw,Z" "-v" "/var/lib/crater-agent-workspace/builds/worker-1-tc2/source:/opt/rustwide/workdir:ro,Z" "-v" "/var/lib/crater-agent-workspace/cargo-home:/opt/rustwide/cargo-home:ro,Z" "-v" "/var/lib/crater-agent-workspace/rustup-home:/opt/rustwide/rustup-home:ro,Z" "-e" "SOURCE_DIR=/opt/rustwide/workdir" "-e" "CARGO_TARGET_DIR=/opt/rustwide/target" "-e" "CARGO_INCREMENTAL=0" "-e" "RUST_BACKTRACE=full" "-e" "RUSTFLAGS=--cap-lints=warn" "-e" "RUSTDOCFLAGS=--cap-lints=warn" "-e" "CARGO_HOME=/opt/rustwide/cargo-home" "-e" "RUSTUP_HOME=/opt/rustwide/rustup-home" "-w" "/opt/rustwide/workdir" "-m" "1610612736" "--user" "0:0" "--network" "none" "ghcr.io/rust-lang/crates-build-env/linux@sha256:2788e3201cd34a07e3172128adcd8b3090168a8e3bcc40d7c032b9dda1df7d1c" "/opt/rustwide/cargo-home/bin/cargo" "+beta-2023-12-22" "test" "--frozen" "--no-run" "--message-format=json", kill_on_drop: false }`
[INFO] [stdout] 111edd4481f04b84655fff1f28e3c1c281513652ffd5a26ca4e4ffa631fdc0c1
[INFO] running `Command { std: "docker" "start" "-a" "111edd4481f04b84655fff1f28e3c1c281513652ffd5a26ca4e4ffa631fdc0c1", kill_on_drop: false }`
[INFO] [stderr]    Compiling keccak v0.1.4
[INFO] [stderr]    Compiling block-buffer v0.9.0
[INFO] [stderr]    Compiling rand v0.8.5
[INFO] [stderr]    Compiling sha3 v0.9.1
[INFO] [stderr]    Compiling cry v0.1.5 (/opt/rustwide/workdir)
[INFO] [stdout] error[E0432]: unresolved import `crate::ristretto255`
[INFO] [stdout]   --> src/dh/mod.rs:23:9
[INFO] [stdout]    |
[INFO] [stdout] 23 |     use crate::ristretto255;
[INFO] [stdout]    |         ^^^^^^^^^^^^^^^^^^^ no `ristretto255` in the root
[INFO] [stdout]    |
[INFO] [stdout] note: found an item that was configured out
[INFO] [stdout]   --> src/lib.rs:61:9
[INFO] [stdout]    |
[INFO] [stdout] 61 | pub mod ristretto255;
[INFO] [stdout]    |         ^^^^^^^^^^^^
[INFO] [stdout]    = note: the item is gated behind the `ristretto255` feature
[INFO] [stdout] 
[INFO] [stdout] 
[INFO] [stdout] error[E0432]: unresolved import `crate::ristretto255`
[INFO] [stdout]    --> src/schnorr/mod.rs:113:9
[INFO] [stdout]     |
[INFO] [stdout] 113 |     use crate::ristretto255;
[INFO] [stdout]     |         ^^^^^^^^^^^^^^^^^^^ no `ristretto255` in the root
[INFO] [stdout]     |
[INFO] [stdout] note: found an item that was configured out
[INFO] [stdout]    --> src/lib.rs:61:9
[INFO] [stdout]     |
[INFO] [stdout] 61  | pub mod ristretto255;
[INFO] [stdout]     |         ^^^^^^^^^^^^
[INFO] [stdout]     = note: the item is gated behind the `ristretto255` feature
[INFO] [stdout] 
[INFO] [stdout] 
[INFO] [stdout] error: aborting due to 2 previous errors
[INFO] [stdout] 
[INFO] [stdout] 
[INFO] [stdout] For more information about this error, try `rustc --explain E0432`.
[INFO] [stdout] 
[INFO] [stderr] error: could not compile `cry` (lib test) due to 3 previous errors
[INFO] running `Command { std: "docker" "inspect" "111edd4481f04b84655fff1f28e3c1c281513652ffd5a26ca4e4ffa631fdc0c1", kill_on_drop: false }`
[INFO] running `Command { std: "docker" "rm" "-f" "111edd4481f04b84655fff1f28e3c1c281513652ffd5a26ca4e4ffa631fdc0c1", kill_on_drop: false }`
[INFO] [stdout] 111edd4481f04b84655fff1f28e3c1c281513652ffd5a26ca4e4ffa631fdc0c1
