[INFO] fetching crate crossbeam-skiplist_piedb 0.8.11...
[INFO] testing crossbeam-skiplist_piedb-0.8.11 against 1.75.0 for beta-1.76-1
[INFO] extracting crate crossbeam-skiplist_piedb 0.8.11 into /workspace/builds/worker-4-tc1/source
[INFO] validating manifest of crates.io crate crossbeam-skiplist_piedb 0.8.11 on toolchain 1.75.0
[INFO] running `Command { std: CARGO_HOME="/workspace/cargo-home" RUSTUP_HOME="/workspace/rustup-home" "/workspace/cargo-home/bin/cargo" "+1.75.0" "metadata" "--manifest-path" "Cargo.toml" "--no-deps", kill_on_drop: false }`
[INFO] started tweaking crates.io crate crossbeam-skiplist_piedb 0.8.11
[INFO] finished tweaking crates.io crate crossbeam-skiplist_piedb 0.8.11
[INFO] tweaked toml for crates.io crate crossbeam-skiplist_piedb 0.8.11 written to /workspace/builds/worker-4-tc1/source/Cargo.toml
[INFO] crate crates.io crate crossbeam-skiplist_piedb 0.8.11 already has a lockfile, it will not be regenerated
[INFO] running `Command { std: CARGO_HOME="/workspace/cargo-home" RUSTUP_HOME="/workspace/rustup-home" "/workspace/cargo-home/bin/cargo" "+1.75.0" "fetch" "--manifest-path" "Cargo.toml", kill_on_drop: false }`
[INFO] [stderr]  Downloading crates ...
[INFO] [stderr]   Downloaded libc v0.2.119
[INFO] running `Command { std: "docker" "create" "-v" "/var/lib/crater-agent-workspace/builds/worker-4-tc1/target:/opt/rustwide/target:rw,Z" "-v" "/var/lib/crater-agent-workspace/builds/worker-4-tc1/source:/opt/rustwide/workdir:ro,Z" "-v" "/var/lib/crater-agent-workspace/cargo-home:/opt/rustwide/cargo-home:ro,Z" "-v" "/var/lib/crater-agent-workspace/rustup-home:/opt/rustwide/rustup-home:ro,Z" "-e" "SOURCE_DIR=/opt/rustwide/workdir" "-e" "CARGO_TARGET_DIR=/opt/rustwide/target" "-e" "CARGO_HOME=/opt/rustwide/cargo-home" "-e" "RUSTUP_HOME=/opt/rustwide/rustup-home" "-w" "/opt/rustwide/workdir" "-m" "1610612736" "--user" "0:0" "--network" "none" "ghcr.io/rust-lang/crates-build-env/linux@sha256:2788e3201cd34a07e3172128adcd8b3090168a8e3bcc40d7c032b9dda1df7d1c" "/opt/rustwide/cargo-home/bin/cargo" "+1.75.0" "metadata" "--no-deps" "--format-version=1", kill_on_drop: false }`
[INFO] [stdout] 336f320c2254d2228abb60930992d1710d0a517b1c05f27c7a08c3e74e4d4a62
[INFO] running `Command { std: "docker" "start" "-a" "336f320c2254d2228abb60930992d1710d0a517b1c05f27c7a08c3e74e4d4a62", kill_on_drop: false }`
[INFO] running `Command { std: "docker" "inspect" "336f320c2254d2228abb60930992d1710d0a517b1c05f27c7a08c3e74e4d4a62", kill_on_drop: false }`
[INFO] running `Command { std: "docker" "rm" "-f" "336f320c2254d2228abb60930992d1710d0a517b1c05f27c7a08c3e74e4d4a62", kill_on_drop: false }`
[INFO] [stdout] 336f320c2254d2228abb60930992d1710d0a517b1c05f27c7a08c3e74e4d4a62
[INFO] running `Command { std: "docker" "create" "-v" "/var/lib/crater-agent-workspace/builds/worker-4-tc1/target:/opt/rustwide/target:rw,Z" "-v" "/var/lib/crater-agent-workspace/builds/worker-4-tc1/source:/opt/rustwide/workdir:ro,Z" "-v" "/var/lib/crater-agent-workspace/cargo-home:/opt/rustwide/cargo-home:ro,Z" "-v" "/var/lib/crater-agent-workspace/rustup-home:/opt/rustwide/rustup-home:ro,Z" "-e" "SOURCE_DIR=/opt/rustwide/workdir" "-e" "CARGO_TARGET_DIR=/opt/rustwide/target" "-e" "CARGO_INCREMENTAL=0" "-e" "RUST_BACKTRACE=full" "-e" "RUSTFLAGS=--cap-lints=warn" "-e" "RUSTDOCFLAGS=--cap-lints=warn" "-e" "CARGO_HOME=/opt/rustwide/cargo-home" "-e" "RUSTUP_HOME=/opt/rustwide/rustup-home" "-w" "/opt/rustwide/workdir" "-m" "1610612736" "--user" "0:0" "--network" "none" "ghcr.io/rust-lang/crates-build-env/linux@sha256:2788e3201cd34a07e3172128adcd8b3090168a8e3bcc40d7c032b9dda1df7d1c" "/opt/rustwide/cargo-home/bin/cargo" "+1.75.0" "build" "--frozen" "--message-format=json", kill_on_drop: false }`
[INFO] [stdout] 247b2c878072a6e91b87f5e3d6b9d6b672deb30c59458fcda0a5a8c0d6d01110
[INFO] running `Command { std: "docker" "start" "-a" "247b2c878072a6e91b87f5e3d6b9d6b672deb30c59458fcda0a5a8c0d6d01110", kill_on_drop: false }`
[INFO] [stderr]    Compiling memoffset v0.6.5
[INFO] [stderr]    Compiling crossbeam-utils v0.8.7
[INFO] [stderr]    Compiling crossbeam-epoch v0.9.7
[INFO] [stderr]    Compiling crossbeam-skiplist_piedb v0.8.11 (/opt/rustwide/workdir)
[INFO] [stderr]    Compiling scopeguard v1.1.0
[INFO] [stdout] warning: missing documentation for a method
[INFO] [stdout]    --> src/base.rs:335:5
[INFO] [stdout]     |
[INFO] [stdout] 335 |     pub fn shared_iter(&self)-> SharedIter<K, V> {
[INFO] [stdout]     |     ^^^^^^^^^^^^^^^^^^^^^^^^^^^^^^^^^^^^^^^^^^^^
[INFO] [stdout]     |
[INFO] [stdout] note: the lint level is defined here
[INFO] [stdout]    --> src/lib.rs:239:5
[INFO] [stdout]     |
[INFO] [stdout] 239 |     missing_docs,
[INFO] [stdout]     |     ^^^^^^^^^^^^
[INFO] [stdout] 
[INFO] [stdout] 
[INFO] [stdout] warning: type does not implement `Debug`; consider adding `#[derive(Debug)]` or a manual implementation
[INFO] [stdout]     --> src/base.rs:2019:1
[INFO] [stdout]      |
[INFO] [stdout] 2019 | / pub struct SharedIter<K, V> {
[INFO] [stdout] 2020 | |     node: *const Node<K, V>,
[INFO] [stdout] 2021 | | }
[INFO] [stdout]      | |_^
[INFO] [stdout]      |
[INFO] [stdout] note: the lint level is defined here
[INFO] [stdout]     --> src/lib.rs:240:5
[INFO] [stdout]      |
[INFO] [stdout] 240  |     missing_debug_implementations,
[INFO] [stdout]      |     ^^^^^^^^^^^^^^^^^^^^^^^^^^^^^
[INFO] [stdout] 
[INFO] [stdout] 
[INFO] [stdout] warning: missing documentation for a struct
[INFO] [stdout]     --> src/base.rs:2019:1
[INFO] [stdout]      |
[INFO] [stdout] 2019 | pub struct SharedIter<K, V> {
[INFO] [stdout]      | ^^^^^^^^^^^^^^^^^^^^^^^^^^^
[INFO] [stdout] 
[INFO] [stdout] 
[INFO] [stdout] warning: missing documentation for a method
[INFO] [stdout]    --> src/map.rs:318:5
[INFO] [stdout]     |
[INFO] [stdout] 318 |     pub fn shared_iter(&self) -> base::SharedIter<K, V> {
[INFO] [stdout]     |     ^^^^^^^^^^^^^^^^^^^^^^^^^^^^^^^^^^^^^^^^^^^^^^^^^^^
[INFO] [stdout] 
[INFO] [stdout] 
[INFO] [stdout] warning: 4 warnings emitted
[INFO] [stdout] 
[INFO] [stdout] 
[INFO] [stderr]     Finished dev [unoptimized + debuginfo] target(s) in 0.84s
[INFO] running `Command { std: "docker" "inspect" "247b2c878072a6e91b87f5e3d6b9d6b672deb30c59458fcda0a5a8c0d6d01110", kill_on_drop: false }`
[INFO] running `Command { std: "docker" "rm" "-f" "247b2c878072a6e91b87f5e3d6b9d6b672deb30c59458fcda0a5a8c0d6d01110", kill_on_drop: false }`
[INFO] [stdout] 247b2c878072a6e91b87f5e3d6b9d6b672deb30c59458fcda0a5a8c0d6d01110
[INFO] running `Command { std: "docker" "create" "-v" "/var/lib/crater-agent-workspace/builds/worker-4-tc1/target:/opt/rustwide/target:rw,Z" "-v" "/var/lib/crater-agent-workspace/builds/worker-4-tc1/source:/opt/rustwide/workdir:ro,Z" "-v" "/var/lib/crater-agent-workspace/cargo-home:/opt/rustwide/cargo-home:ro,Z" "-v" "/var/lib/crater-agent-workspace/rustup-home:/opt/rustwide/rustup-home:ro,Z" "-e" "SOURCE_DIR=/opt/rustwide/workdir" "-e" "CARGO_TARGET_DIR=/opt/rustwide/target" "-e" "CARGO_INCREMENTAL=0" "-e" "RUST_BACKTRACE=full" "-e" "RUSTFLAGS=--cap-lints=warn" "-e" "RUSTDOCFLAGS=--cap-lints=warn" "-e" "CARGO_HOME=/opt/rustwide/cargo-home" "-e" "RUSTUP_HOME=/opt/rustwide/rustup-home" "-w" "/opt/rustwide/workdir" "-m" "1610612736" "--user" "0:0" "--network" "none" "ghcr.io/rust-lang/crates-build-env/linux@sha256:2788e3201cd34a07e3172128adcd8b3090168a8e3bcc40d7c032b9dda1df7d1c" "/opt/rustwide/cargo-home/bin/cargo" "+1.75.0" "test" "--frozen" "--no-run" "--message-format=json", kill_on_drop: false }`
[INFO] [stdout] e7308c97a2ab44ab7b8e07f04ade3589998288d383874b4cd0a37f0aa96c05fe
[INFO] running `Command { std: "docker" "start" "-a" "e7308c97a2ab44ab7b8e07f04ade3589998288d383874b4cd0a37f0aa96c05fe", kill_on_drop: false }`
[INFO] [stderr]    Compiling libc v0.2.119
[INFO] [stderr]    Compiling ppv-lite86 v0.2.16
[INFO] [stdout] warning: missing documentation for a method
[INFO] [stdout]    --> src/base.rs:335:5
[INFO] [stdout]     |
[INFO] [stdout] 335 |     pub fn shared_iter(&self)-> SharedIter<K, V> {
[INFO] [stdout]     |     ^^^^^^^^^^^^^^^^^^^^^^^^^^^^^^^^^^^^^^^^^^^^
[INFO] [stdout]     |
[INFO] [stdout] note: the lint level is defined here
[INFO] [stdout]    --> src/lib.rs:239:5
[INFO] [stdout]     |
[INFO] [stdout] 239 |     missing_docs,
[INFO] [stdout]     |     ^^^^^^^^^^^^
[INFO] [stdout] 
[INFO] [stdout] 
[INFO] [stdout] warning: type does not implement `Debug`; consider adding `#[derive(Debug)]` or a manual implementation
[INFO] [stdout]     --> src/base.rs:2019:1
[INFO] [stdout]      |
[INFO] [stdout] 2019 | / pub struct SharedIter<K, V> {
[INFO] [stdout] 2020 | |     node: *const Node<K, V>,
[INFO] [stdout] 2021 | | }
[INFO] [stdout]      | |_^
[INFO] [stdout]      |
[INFO] [stdout] note: the lint level is defined here
[INFO] [stdout]     --> src/lib.rs:240:5
[INFO] [stdout]      |
[INFO] [stdout] 240  |     missing_debug_implementations,
[INFO] [stdout]      |     ^^^^^^^^^^^^^^^^^^^^^^^^^^^^^
[INFO] [stdout] 
[INFO] [stdout] 
[INFO] [stdout] warning: missing documentation for a struct
[INFO] [stdout]     --> src/base.rs:2019:1
[INFO] [stdout]      |
[INFO] [stdout] 2019 | pub struct SharedIter<K, V> {
[INFO] [stdout]      | ^^^^^^^^^^^^^^^^^^^^^^^^^^^
[INFO] [stdout] 
[INFO] [stdout] 
[INFO] [stdout] warning: missing documentation for a method
[INFO] [stdout]    --> src/map.rs:318:5
[INFO] [stdout]     |
[INFO] [stdout] 318 |     pub fn shared_iter(&self) -> base::SharedIter<K, V> {
[INFO] [stdout]     |     ^^^^^^^^^^^^^^^^^^^^^^^^^^^^^^^^^^^^^^^^^^^^^^^^^^^
[INFO] [stdout] 
[INFO] [stdout] 
[INFO] [stdout] warning: 4 warnings emitted
[INFO] [stdout] 
[INFO] [stdout] 
[INFO] [stderr]    Compiling getrandom v0.2.5
[INFO] [stderr]    Compiling rand_core v0.6.3
[INFO] [stderr]    Compiling rand_chacha v0.3.1
[INFO] [stderr]    Compiling rand v0.8.5
[INFO] [stderr]    Compiling crossbeam-skiplist_piedb v0.8.11 (/opt/rustwide/workdir)
[INFO] [stdout] error[E0432]: unresolved import `crossbeam_skiplist`
[INFO] [stdout]  --> tests/set.rs:1:5
[INFO] [stdout]   |
[INFO] [stdout] 1 | use crossbeam_skiplist::SkipSet;
[INFO] [stdout]   |     ^^^^^^^^^^^^^^^^^^ use of undeclared crate or module `crossbeam_skiplist`
[INFO] [stdout]   |
[INFO] [stdout] help: there is a crate or module with a similar name
[INFO] [stdout]   |
[INFO] [stdout] 1 | use crossbeam_utils::SkipSet;
[INFO] [stdout]   |     ~~~~~~~~~~~~~~~
[INFO] [stdout] 
[INFO] [stdout] 
[INFO] [stdout] error[E0432]: unresolved import `crossbeam_skiplist`
[INFO] [stdout]  --> tests/map.rs:5:5
[INFO] [stdout]   |
[INFO] [stdout] 5 | use crossbeam_skiplist::SkipMap;
[INFO] [stdout]   |     ^^^^^^^^^^^^^^^^^^ use of undeclared crate or module `crossbeam_skiplist`
[INFO] [stdout]   |
[INFO] [stdout] help: there is a crate or module with a similar name
[INFO] [stdout]   |
[INFO] [stdout] 5 | use crossbeam_utils::SkipMap;
[INFO] [stdout]   |     ~~~~~~~~~~~~~~~
[INFO] [stdout] 
[INFO] [stdout] 
[INFO] [stdout] error[E0432]: unresolved import `crossbeam_skiplist`
[INFO] [stdout]  --> tests/base.rs:7:5
[INFO] [stdout]   |
[INFO] [stdout] 7 | use crossbeam_skiplist::SkipList;
[INFO] [stdout]   |     ^^^^^^^^^^^^^^^^^^ use of undeclared crate or module `crossbeam_skiplist`
[INFO] [stdout]   |
[INFO] [stdout] help: there is a crate or module with a similar name
[INFO] [stdout]   |
[INFO] [stdout] 7 | use crossbeam_utils::SkipList;
[INFO] [stdout]   |     ~~~~~~~~~~~~~~~
[INFO] [stdout] 
[INFO] [stdout] 
[INFO] [stdout] error: aborting due to previous error
[INFO] [stdout] 
[INFO] [stdout] 
[INFO] [stdout] For more information about this error, try `rustc --explain E0432`.
[INFO] [stdout] 
[INFO] [stderr] error: could not compile `crossbeam-skiplist_piedb` (test "set") due to 2 previous errors
[INFO] [stderr] warning: build failed, waiting for other jobs to finish...
[INFO] [stdout] error: aborting due to previous error
[INFO] [stdout] 
[INFO] [stdout] 
[INFO] [stdout] For more information about this error, try `rustc --explain E0432`.
[INFO] [stdout] 
[INFO] [stdout] error: aborting due to previous error
[INFO] [stdout] 
[INFO] [stdout] 
[INFO] [stdout] For more information about this error, try `rustc --explain E0432`.
[INFO] [stdout] 
[INFO] [stderr] error: could not compile `crossbeam-skiplist_piedb` (test "map") due to 2 previous errors
[INFO] [stderr] error: could not compile `crossbeam-skiplist_piedb` (test "base") due to 2 previous errors
[INFO] [stdout] warning: type does not implement `Debug`; consider adding `#[derive(Debug)]` or a manual implementation
[INFO] [stdout]     --> src/base.rs:2019:1
[INFO] [stdout]      |
[INFO] [stdout] 2019 | / pub struct SharedIter<K, V> {
[INFO] [stdout] 2020 | |     node: *const Node<K, V>,
[INFO] [stdout] 2021 | | }
[INFO] [stdout]      | |_^
[INFO] [stdout]      |
[INFO] [stdout] note: the lint level is defined here
[INFO] [stdout]     --> src/lib.rs:240:5
[INFO] [stdout]      |
[INFO] [stdout] 240  |     missing_debug_implementations,
[INFO] [stdout]      |     ^^^^^^^^^^^^^^^^^^^^^^^^^^^^^
[INFO] [stdout] 
[INFO] [stdout] 
[INFO] [stdout] warning: 1 warning emitted
[INFO] [stdout] 
[INFO] [stdout] 
[INFO] running `Command { std: "docker" "inspect" "e7308c97a2ab44ab7b8e07f04ade3589998288d383874b4cd0a37f0aa96c05fe", kill_on_drop: false }`
[INFO] running `Command { std: "docker" "rm" "-f" "e7308c97a2ab44ab7b8e07f04ade3589998288d383874b4cd0a37f0aa96c05fe", kill_on_drop: false }`
[INFO] [stdout] e7308c97a2ab44ab7b8e07f04ade3589998288d383874b4cd0a37f0aa96c05fe
[INFO] testing crossbeam-skiplist_piedb-0.8.11 against beta-2023-12-22 for beta-1.76-1
[INFO] extracting crate crossbeam-skiplist_piedb 0.8.11 into /workspace/builds/worker-4-tc2/source
[INFO] validating manifest of crates.io crate crossbeam-skiplist_piedb 0.8.11 on toolchain beta-2023-12-22
[INFO] running `Command { std: CARGO_HOME="/workspace/cargo-home" RUSTUP_HOME="/workspace/rustup-home" "/workspace/cargo-home/bin/cargo" "+beta-2023-12-22" "metadata" "--manifest-path" "Cargo.toml" "--no-deps", kill_on_drop: false }`
[INFO] started tweaking crates.io crate crossbeam-skiplist_piedb 0.8.11
[INFO] finished tweaking crates.io crate crossbeam-skiplist_piedb 0.8.11
[INFO] tweaked toml for crates.io crate crossbeam-skiplist_piedb 0.8.11 written to /workspace/builds/worker-4-tc2/source/Cargo.toml
[INFO] crate crates.io crate crossbeam-skiplist_piedb 0.8.11 already has a lockfile, it will not be regenerated
[INFO] running `Command { std: CARGO_HOME="/workspace/cargo-home" RUSTUP_HOME="/workspace/rustup-home" "/workspace/cargo-home/bin/cargo" "+beta-2023-12-22" "fetch" "--manifest-path" "Cargo.toml", kill_on_drop: false }`
[INFO] running `Command { std: "docker" "create" "-v" "/var/lib/crater-agent-workspace/builds/worker-4-tc2/target:/opt/rustwide/target:rw,Z" "-v" "/var/lib/crater-agent-workspace/builds/worker-4-tc2/source:/opt/rustwide/workdir:ro,Z" "-v" "/var/lib/crater-agent-workspace/cargo-home:/opt/rustwide/cargo-home:ro,Z" "-v" "/var/lib/crater-agent-workspace/rustup-home:/opt/rustwide/rustup-home:ro,Z" "-e" "SOURCE_DIR=/opt/rustwide/workdir" "-e" "CARGO_TARGET_DIR=/opt/rustwide/target" "-e" "CARGO_HOME=/opt/rustwide/cargo-home" "-e" "RUSTUP_HOME=/opt/rustwide/rustup-home" "-w" "/opt/rustwide/workdir" "-m" "1610612736" "--user" "0:0" "--network" "none" "ghcr.io/rust-lang/crates-build-env/linux@sha256:2788e3201cd34a07e3172128adcd8b3090168a8e3bcc40d7c032b9dda1df7d1c" "/opt/rustwide/cargo-home/bin/cargo" "+beta-2023-12-22" "metadata" "--no-deps" "--format-version=1", kill_on_drop: false }`
[INFO] [stdout] 04534106085b45a36c35f4107855c36d38d27c45b533e27788506a4babc495c3
[INFO] running `Command { std: "docker" "start" "-a" "04534106085b45a36c35f4107855c36d38d27c45b533e27788506a4babc495c3", kill_on_drop: false }`
[INFO] running `Command { std: "docker" "inspect" "04534106085b45a36c35f4107855c36d38d27c45b533e27788506a4babc495c3", kill_on_drop: false }`
[INFO] running `Command { std: "docker" "rm" "-f" "04534106085b45a36c35f4107855c36d38d27c45b533e27788506a4babc495c3", kill_on_drop: false }`
[INFO] [stdout] 04534106085b45a36c35f4107855c36d38d27c45b533e27788506a4babc495c3
[INFO] running `Command { std: "docker" "create" "-v" "/var/lib/crater-agent-workspace/builds/worker-4-tc2/target:/opt/rustwide/target:rw,Z" "-v" "/var/lib/crater-agent-workspace/builds/worker-4-tc2/source:/opt/rustwide/workdir:ro,Z" "-v" "/var/lib/crater-agent-workspace/cargo-home:/opt/rustwide/cargo-home:ro,Z" "-v" "/var/lib/crater-agent-workspace/rustup-home:/opt/rustwide/rustup-home:ro,Z" "-e" "SOURCE_DIR=/opt/rustwide/workdir" "-e" "CARGO_TARGET_DIR=/opt/rustwide/target" "-e" "CARGO_INCREMENTAL=0" "-e" "RUST_BACKTRACE=full" "-e" "RUSTFLAGS=--cap-lints=warn" "-e" "RUSTDOCFLAGS=--cap-lints=warn" "-e" "CARGO_HOME=/opt/rustwide/cargo-home" "-e" "RUSTUP_HOME=/opt/rustwide/rustup-home" "-w" "/opt/rustwide/workdir" "-m" "1610612736" "--user" "0:0" "--network" "none" "ghcr.io/rust-lang/crates-build-env/linux@sha256:2788e3201cd34a07e3172128adcd8b3090168a8e3bcc40d7c032b9dda1df7d1c" "/opt/rustwide/cargo-home/bin/cargo" "+beta-2023-12-22" "build" "--frozen" "--message-format=json", kill_on_drop: false }`
[INFO] [stdout] 10e9c9678965cf53369646b7d9181d7cb57e509015f0e9945eb133861322cd97
[INFO] running `Command { std: "docker" "start" "-a" "10e9c9678965cf53369646b7d9181d7cb57e509015f0e9945eb133861322cd97", kill_on_drop: false }`
[INFO] [stderr]    Compiling memoffset v0.6.5
[INFO] [stderr]    Compiling crossbeam-utils v0.8.7
[INFO] [stderr]    Compiling crossbeam-epoch v0.9.7
[INFO] [stderr]    Compiling scopeguard v1.1.0
[INFO] [stderr]    Compiling crossbeam-skiplist_piedb v0.8.11 (/opt/rustwide/workdir)
[INFO] [stdout] warning: missing documentation for a method
[INFO] [stdout]    --> src/base.rs:335:5
[INFO] [stdout]     |
[INFO] [stdout] 335 |     pub fn shared_iter(&self)-> SharedIter<K, V> {
[INFO] [stdout]     |     ^^^^^^^^^^^^^^^^^^^^^^^^^^^^^^^^^^^^^^^^^^^^
[INFO] [stdout]     |
[INFO] [stdout] note: the lint level is defined here
[INFO] [stdout]    --> src/lib.rs:239:5
[INFO] [stdout]     |
[INFO] [stdout] 239 |     missing_docs,
[INFO] [stdout]     |     ^^^^^^^^^^^^
[INFO] [stdout] 
[INFO] [stdout] 
[INFO] [stdout] warning: type does not implement `Debug`; consider adding `#[derive(Debug)]` or a manual implementation
[INFO] [stdout]     --> src/base.rs:2019:1
[INFO] [stdout]      |
[INFO] [stdout] 2019 | / pub struct SharedIter<K, V> {
[INFO] [stdout] 2020 | |     node: *const Node<K, V>,
[INFO] [stdout] 2021 | | }
[INFO] [stdout]      | |_^
[INFO] [stdout]      |
[INFO] [stdout] note: the lint level is defined here
[INFO] [stdout]     --> src/lib.rs:240:5
[INFO] [stdout]      |
[INFO] [stdout] 240  |     missing_debug_implementations,
[INFO] [stdout]      |     ^^^^^^^^^^^^^^^^^^^^^^^^^^^^^
[INFO] [stdout] 
[INFO] [stdout] 
[INFO] [stdout] warning: missing documentation for a struct
[INFO] [stdout]     --> src/base.rs:2019:1
[INFO] [stdout]      |
[INFO] [stdout] 2019 | pub struct SharedIter<K, V> {
[INFO] [stdout]      | ^^^^^^^^^^^^^^^^^^^^^^^^^^^
[INFO] [stdout] 
[INFO] [stdout] 
[INFO] [stdout] warning: missing documentation for a method
[INFO] [stdout]    --> src/map.rs:318:5
[INFO] [stdout]     |
[INFO] [stdout] 318 |     pub fn shared_iter(&self) -> base::SharedIter<K, V> {
[INFO] [stdout]     |     ^^^^^^^^^^^^^^^^^^^^^^^^^^^^^^^^^^^^^^^^^^^^^^^^^^^
[INFO] [stdout] 
[INFO] [stdout] 
[INFO] [stdout] warning: 4 warnings emitted
[INFO] [stdout] 
[INFO] [stdout] 
[INFO] [stderr]     Finished dev [unoptimized + debuginfo] target(s) in 0.84s
[INFO] running `Command { std: "docker" "inspect" "10e9c9678965cf53369646b7d9181d7cb57e509015f0e9945eb133861322cd97", kill_on_drop: false }`
[INFO] running `Command { std: "docker" "rm" "-f" "10e9c9678965cf53369646b7d9181d7cb57e509015f0e9945eb133861322cd97", kill_on_drop: false }`
[INFO] [stdout] 10e9c9678965cf53369646b7d9181d7cb57e509015f0e9945eb133861322cd97
[INFO] running `Command { std: "docker" "create" "-v" "/var/lib/crater-agent-workspace/builds/worker-4-tc2/target:/opt/rustwide/target:rw,Z" "-v" "/var/lib/crater-agent-workspace/builds/worker-4-tc2/source:/opt/rustwide/workdir:ro,Z" "-v" "/var/lib/crater-agent-workspace/cargo-home:/opt/rustwide/cargo-home:ro,Z" "-v" "/var/lib/crater-agent-workspace/rustup-home:/opt/rustwide/rustup-home:ro,Z" "-e" "SOURCE_DIR=/opt/rustwide/workdir" "-e" "CARGO_TARGET_DIR=/opt/rustwide/target" "-e" "CARGO_INCREMENTAL=0" "-e" "RUST_BACKTRACE=full" "-e" "RUSTFLAGS=--cap-lints=warn" "-e" "RUSTDOCFLAGS=--cap-lints=warn" "-e" "CARGO_HOME=/opt/rustwide/cargo-home" "-e" "RUSTUP_HOME=/opt/rustwide/rustup-home" "-w" "/opt/rustwide/workdir" "-m" "1610612736" "--user" "0:0" "--network" "none" "ghcr.io/rust-lang/crates-build-env/linux@sha256:2788e3201cd34a07e3172128adcd8b3090168a8e3bcc40d7c032b9dda1df7d1c" "/opt/rustwide/cargo-home/bin/cargo" "+beta-2023-12-22" "test" "--frozen" "--no-run" "--message-format=json", kill_on_drop: false }`
[INFO] [stdout] d48e3ae4b7f5315083acb07b3f7afeaf72b67f44f8ce10c436e9ed948339e61e
[INFO] running `Command { std: "docker" "start" "-a" "d48e3ae4b7f5315083acb07b3f7afeaf72b67f44f8ce10c436e9ed948339e61e", kill_on_drop: false }`
[INFO] [stderr]    Compiling libc v0.2.119
[INFO] [stderr]    Compiling ppv-lite86 v0.2.16
[INFO] [stdout] warning: missing documentation for a method
[INFO] [stdout]    --> src/base.rs:335:5
[INFO] [stdout]     |
[INFO] [stdout] 335 |     pub fn shared_iter(&self)-> SharedIter<K, V> {
[INFO] [stdout]     |     ^^^^^^^^^^^^^^^^^^^^^^^^^^^^^^^^^^^^^^^^^^^^
[INFO] [stdout]     |
[INFO] [stdout] note: the lint level is defined here
[INFO] [stdout]    --> src/lib.rs:239:5
[INFO] [stdout]     |
[INFO] [stdout] 239 |     missing_docs,
[INFO] [stdout]     |     ^^^^^^^^^^^^
[INFO] [stdout] 
[INFO] [stdout] 
[INFO] [stdout] warning: type does not implement `Debug`; consider adding `#[derive(Debug)]` or a manual implementation
[INFO] [stdout]     --> src/base.rs:2019:1
[INFO] [stdout]      |
[INFO] [stdout] 2019 | / pub struct SharedIter<K, V> {
[INFO] [stdout] 2020 | |     node: *const Node<K, V>,
[INFO] [stdout] 2021 | | }
[INFO] [stdout]      | |_^
[INFO] [stdout]      |
[INFO] [stdout] note: the lint level is defined here
[INFO] [stdout]     --> src/lib.rs:240:5
[INFO] [stdout]      |
[INFO] [stdout] 240  |     missing_debug_implementations,
[INFO] [stdout]      |     ^^^^^^^^^^^^^^^^^^^^^^^^^^^^^
[INFO] [stdout] 
[INFO] [stdout] 
[INFO] [stdout] warning: missing documentation for a struct
[INFO] [stdout]     --> src/base.rs:2019:1
[INFO] [stdout]      |
[INFO] [stdout] 2019 | pub struct SharedIter<K, V> {
[INFO] [stdout]      | ^^^^^^^^^^^^^^^^^^^^^^^^^^^
[INFO] [stdout] 
[INFO] [stdout] 
[INFO] [stdout] warning: missing documentation for a method
[INFO] [stdout]    --> src/map.rs:318:5
[INFO] [stdout]     |
[INFO] [stdout] 318 |     pub fn shared_iter(&self) -> base::SharedIter<K, V> {
[INFO] [stdout]     |     ^^^^^^^^^^^^^^^^^^^^^^^^^^^^^^^^^^^^^^^^^^^^^^^^^^^
[INFO] [stdout] 
[INFO] [stdout] 
[INFO] [stdout] warning: 4 warnings emitted
[INFO] [stdout] 
[INFO] [stdout] 
[INFO] [stderr]    Compiling getrandom v0.2.5
[INFO] [stderr]    Compiling rand_core v0.6.3
[INFO] [stderr]    Compiling rand_chacha v0.3.1
[INFO] [stderr]    Compiling rand v0.8.5
[INFO] [stderr]    Compiling crossbeam-skiplist_piedb v0.8.11 (/opt/rustwide/workdir)
[INFO] [stdout] error[E0432]: unresolved import `crossbeam_skiplist`
[INFO] [stdout]  --> tests/set.rs:1:5
[INFO] [stdout]   |
[INFO] [stdout] 1 | use crossbeam_skiplist::SkipSet;
[INFO] [stdout]   |     ^^^^^^^^^^^^^^^^^^ use of undeclared crate or module `crossbeam_skiplist`
[INFO] [stdout]   |
[INFO] [stdout] help: there is a crate or module with a similar name
[INFO] [stdout]   |
[INFO] [stdout] 1 | use crossbeam_utils::SkipSet;
[INFO] [stdout]   |     ~~~~~~~~~~~~~~~
[INFO] [stdout] 
[INFO] [stdout] 
[INFO] [stdout] error[E0432]: unresolved import `crossbeam_skiplist`
[INFO] [stdout]  --> tests/base.rs:7:5
[INFO] [stdout]   |
[INFO] [stdout] 7 | use crossbeam_skiplist::SkipList;
[INFO] [stdout]   |     ^^^^^^^^^^^^^^^^^^ use of undeclared crate or module `crossbeam_skiplist`
[INFO] [stdout]   |
[INFO] [stdout] help: there is a crate or module with a similar name
[INFO] [stdout]   |
[INFO] [stdout] 7 | use crossbeam_utils::SkipList;
[INFO] [stdout]   |     ~~~~~~~~~~~~~~~
[INFO] [stdout] 
[INFO] [stdout] 
[INFO] [stdout] error[E0432]: unresolved import `crossbeam_skiplist`
[INFO] [stdout]  --> tests/map.rs:5:5
[INFO] [stdout]   |
[INFO] [stdout] 5 | use crossbeam_skiplist::SkipMap;
[INFO] [stdout]   |     ^^^^^^^^^^^^^^^^^^ use of undeclared crate or module `crossbeam_skiplist`
[INFO] [stdout]   |
[INFO] [stdout] help: there is a crate or module with a similar name
[INFO] [stdout]   |
[INFO] [stdout] 5 | use crossbeam_utils::SkipMap;
[INFO] [stdout]   |     ~~~~~~~~~~~~~~~
[INFO] [stdout] 
[INFO] [stdout] 
[INFO] [stdout] error: aborting due to 1 previous error
[INFO] [stdout] 
[INFO] [stdout] 
[INFO] [stdout] For more information about this error, try `rustc --explain E0432`.
[INFO] [stdout] 
[INFO] [stderr] error: could not compile `crossbeam-skiplist_piedb` (test "set") due to 2 previous errors
[INFO] [stderr] warning: build failed, waiting for other jobs to finish...
[INFO] [stdout] error: aborting due to 1 previous error
[INFO] [stdout] 
[INFO] [stdout] 
[INFO] [stdout] For more information about this error, try `rustc --explain E0432`.
[INFO] [stdout] 
[INFO] [stderr] error: could not compile `crossbeam-skiplist_piedb` (test "base") due to 2 previous errors
[INFO] [stdout] error: aborting due to 1 previous error
[INFO] [stdout] 
[INFO] [stdout] 
[INFO] [stdout] For more information about this error, try `rustc --explain E0432`.
[INFO] [stdout] 
[INFO] [stderr] error: could not compile `crossbeam-skiplist_piedb` (test "map") due to 2 previous errors
[INFO] [stdout] warning: type does not implement `Debug`; consider adding `#[derive(Debug)]` or a manual implementation
[INFO] [stdout]     --> src/base.rs:2019:1
[INFO] [stdout]      |
[INFO] [stdout] 2019 | / pub struct SharedIter<K, V> {
[INFO] [stdout] 2020 | |     node: *const Node<K, V>,
[INFO] [stdout] 2021 | | }
[INFO] [stdout]      | |_^
[INFO] [stdout]      |
[INFO] [stdout] note: the lint level is defined here
[INFO] [stdout]     --> src/lib.rs:240:5
[INFO] [stdout]      |
[INFO] [stdout] 240  |     missing_debug_implementations,
[INFO] [stdout]      |     ^^^^^^^^^^^^^^^^^^^^^^^^^^^^^
[INFO] [stdout] 
[INFO] [stdout] 
[INFO] [stdout] warning: 1 warning emitted
[INFO] [stdout] 
[INFO] [stdout] 
[INFO] running `Command { std: "docker" "inspect" "d48e3ae4b7f5315083acb07b3f7afeaf72b67f44f8ce10c436e9ed948339e61e", kill_on_drop: false }`
[INFO] running `Command { std: "docker" "rm" "-f" "d48e3ae4b7f5315083acb07b3f7afeaf72b67f44f8ce10c436e9ed948339e61e", kill_on_drop: false }`
[INFO] [stdout] d48e3ae4b7f5315083acb07b3f7afeaf72b67f44f8ce10c436e9ed948339e61e
