[INFO] fetching crate crevice_notan 0.13.0...
[INFO] testing crevice_notan-0.13.0 against 1.75.0 for beta-1.76-1
[INFO] extracting crate crevice_notan 0.13.0 into /workspace/builds/worker-6-tc1/source
[INFO] validating manifest of crates.io crate crevice_notan 0.13.0 on toolchain 1.75.0
[INFO] running `Command { std: CARGO_HOME="/workspace/cargo-home" RUSTUP_HOME="/workspace/rustup-home" "/workspace/cargo-home/bin/cargo" "+1.75.0" "metadata" "--manifest-path" "Cargo.toml" "--no-deps", kill_on_drop: false }`
[INFO] started tweaking crates.io crate crevice_notan 0.13.0
[INFO] finished tweaking crates.io crate crevice_notan 0.13.0
[INFO] tweaked toml for crates.io crate crevice_notan 0.13.0 written to /workspace/builds/worker-6-tc1/source/Cargo.toml
[INFO] running `Command { std: CARGO_HOME="/workspace/cargo-home" RUSTUP_HOME="/workspace/rustup-home" "/workspace/cargo-home/bin/cargo" "+1.75.0" "generate-lockfile" "--manifest-path" "Cargo.toml", kill_on_drop: false }`
[INFO] [stderr]     Updating crates.io index
[INFO] running `Command { std: CARGO_HOME="/workspace/cargo-home" RUSTUP_HOME="/workspace/rustup-home" "/workspace/cargo-home/bin/cargo" "+1.75.0" "fetch" "--manifest-path" "Cargo.toml", kill_on_drop: false }`
[INFO] [stderr]  Downloading crates ...
[INFO] [stderr]   Downloaded nalgebra-macros v0.2.1
[INFO] [stderr]   Downloaded simba v0.8.1
[INFO] [stderr]   Downloaded crevice_notan-derive v0.13.0
[INFO] [stderr]   Downloaded cgmath v0.18.0
[INFO] [stderr]   Downloaded nalgebra v0.32.3
[INFO] running `Command { std: "docker" "create" "-v" "/var/lib/crater-agent-workspace/builds/worker-6-tc1/target:/opt/rustwide/target:rw,Z" "-v" "/var/lib/crater-agent-workspace/builds/worker-6-tc1/source:/opt/rustwide/workdir:ro,Z" "-v" "/var/lib/crater-agent-workspace/cargo-home:/opt/rustwide/cargo-home:ro,Z" "-v" "/var/lib/crater-agent-workspace/rustup-home:/opt/rustwide/rustup-home:ro,Z" "-e" "SOURCE_DIR=/opt/rustwide/workdir" "-e" "CARGO_TARGET_DIR=/opt/rustwide/target" "-e" "CARGO_HOME=/opt/rustwide/cargo-home" "-e" "RUSTUP_HOME=/opt/rustwide/rustup-home" "-w" "/opt/rustwide/workdir" "-m" "1610612736" "--user" "0:0" "--network" "none" "ghcr.io/rust-lang/crates-build-env/linux@sha256:2788e3201cd34a07e3172128adcd8b3090168a8e3bcc40d7c032b9dda1df7d1c" "/opt/rustwide/cargo-home/bin/cargo" "+1.75.0" "metadata" "--no-deps" "--format-version=1", kill_on_drop: false }`
[INFO] [stdout] 805b4a0307450267db0c372f24a155e978b5183ceb70fe701296405f409a1fd6
[INFO] running `Command { std: "docker" "start" "-a" "805b4a0307450267db0c372f24a155e978b5183ceb70fe701296405f409a1fd6", kill_on_drop: false }`
[INFO] running `Command { std: "docker" "inspect" "805b4a0307450267db0c372f24a155e978b5183ceb70fe701296405f409a1fd6", kill_on_drop: false }`
[INFO] running `Command { std: "docker" "rm" "-f" "805b4a0307450267db0c372f24a155e978b5183ceb70fe701296405f409a1fd6", kill_on_drop: false }`
[INFO] [stdout] 805b4a0307450267db0c372f24a155e978b5183ceb70fe701296405f409a1fd6
[INFO] running `Command { std: "docker" "create" "-v" "/var/lib/crater-agent-workspace/builds/worker-6-tc1/target:/opt/rustwide/target:rw,Z" "-v" "/var/lib/crater-agent-workspace/builds/worker-6-tc1/source:/opt/rustwide/workdir:ro,Z" "-v" "/var/lib/crater-agent-workspace/cargo-home:/opt/rustwide/cargo-home:ro,Z" "-v" "/var/lib/crater-agent-workspace/rustup-home:/opt/rustwide/rustup-home:ro,Z" "-e" "SOURCE_DIR=/opt/rustwide/workdir" "-e" "CARGO_TARGET_DIR=/opt/rustwide/target" "-e" "CARGO_INCREMENTAL=0" "-e" "RUST_BACKTRACE=full" "-e" "RUSTFLAGS=--cap-lints=warn" "-e" "RUSTDOCFLAGS=--cap-lints=warn" "-e" "CARGO_HOME=/opt/rustwide/cargo-home" "-e" "RUSTUP_HOME=/opt/rustwide/rustup-home" "-w" "/opt/rustwide/workdir" "-m" "1610612736" "--user" "0:0" "--network" "none" "ghcr.io/rust-lang/crates-build-env/linux@sha256:2788e3201cd34a07e3172128adcd8b3090168a8e3bcc40d7c032b9dda1df7d1c" "/opt/rustwide/cargo-home/bin/cargo" "+1.75.0" "build" "--frozen" "--message-format=json", kill_on_drop: false }`
[INFO] [stdout] ee6e8e3f791a56ff88cbe5b8effcc1790510f976a573dc388e07169b0c0044ca
[INFO] running `Command { std: "docker" "start" "-a" "ee6e8e3f791a56ff88cbe5b8effcc1790510f976a573dc388e07169b0c0044ca", kill_on_drop: false }`
[INFO] [stderr]    Compiling proc-macro2 v1.0.75
[INFO] [stderr]    Compiling unicode-ident v1.0.12
[INFO] [stderr]    Compiling syn v1.0.109
[INFO] [stderr]    Compiling bytemuck v1.14.0
[INFO] [stderr]    Compiling mint v0.5.9
[INFO] [stderr]    Compiling quote v1.0.35
[INFO] [stderr]    Compiling crevice_notan-derive v0.13.0
[INFO] [stderr]    Compiling crevice_notan v0.13.0 (/opt/rustwide/workdir)
[INFO] [stderr]     Finished dev [unoptimized + debuginfo] target(s) in 3.17s
[INFO] running `Command { std: "docker" "inspect" "ee6e8e3f791a56ff88cbe5b8effcc1790510f976a573dc388e07169b0c0044ca", kill_on_drop: false }`
[INFO] running `Command { std: "docker" "rm" "-f" "ee6e8e3f791a56ff88cbe5b8effcc1790510f976a573dc388e07169b0c0044ca", kill_on_drop: false }`
[INFO] [stdout] ee6e8e3f791a56ff88cbe5b8effcc1790510f976a573dc388e07169b0c0044ca
[INFO] running `Command { std: "docker" "create" "-v" "/var/lib/crater-agent-workspace/builds/worker-6-tc1/target:/opt/rustwide/target:rw,Z" "-v" "/var/lib/crater-agent-workspace/builds/worker-6-tc1/source:/opt/rustwide/workdir:ro,Z" "-v" "/var/lib/crater-agent-workspace/cargo-home:/opt/rustwide/cargo-home:ro,Z" "-v" "/var/lib/crater-agent-workspace/rustup-home:/opt/rustwide/rustup-home:ro,Z" "-e" "SOURCE_DIR=/opt/rustwide/workdir" "-e" "CARGO_TARGET_DIR=/opt/rustwide/target" "-e" "CARGO_INCREMENTAL=0" "-e" "RUST_BACKTRACE=full" "-e" "RUSTFLAGS=--cap-lints=warn" "-e" "RUSTDOCFLAGS=--cap-lints=warn" "-e" "CARGO_HOME=/opt/rustwide/cargo-home" "-e" "RUSTUP_HOME=/opt/rustwide/rustup-home" "-w" "/opt/rustwide/workdir" "-m" "1610612736" "--user" "0:0" "--network" "none" "ghcr.io/rust-lang/crates-build-env/linux@sha256:2788e3201cd34a07e3172128adcd8b3090168a8e3bcc40d7c032b9dda1df7d1c" "/opt/rustwide/cargo-home/bin/cargo" "+1.75.0" "test" "--frozen" "--no-run" "--message-format=json", kill_on_drop: false }`
[INFO] [stdout] 4a8a56867c03789452dec5aa70836827c0d76c4ee7b2d0a5a688138ef3a1f35a
[INFO] running `Command { std: "docker" "start" "-a" "4a8a56867c03789452dec5aa70836827c0d76c4ee7b2d0a5a688138ef3a1f35a", kill_on_drop: false }`
[INFO] [stderr]    Compiling libc v0.2.151
[INFO] [stderr]    Compiling lazy_static v1.4.0
[INFO] [stderr]    Compiling linked-hash-map v0.5.6
[INFO] [stderr]    Compiling similar v2.4.0
[INFO] [stderr]    Compiling yaml-rust v0.4.5
[INFO] [stderr]    Compiling console v0.15.7
[INFO] [stderr]    Compiling insta v1.34.0
[INFO] [stderr]    Compiling crevice_notan v0.13.0 (/opt/rustwide/workdir)
[INFO] [stdout] error[E0433]: failed to resolve: use of undeclared crate or module `crevice`
[INFO] [stdout]  --> tests/test.rs:1:5
[INFO] [stdout]   |
[INFO] [stdout] 1 | use crevice::std140::AsStd140;
[INFO] [stdout]   |     ^^^^^^^ use of undeclared crate or module `crevice`
[INFO] [stdout] 
[INFO] [stdout] 
[INFO] [stdout] error[E0433]: failed to resolve: use of undeclared crate or module `crevice`
[INFO] [stdout]   --> tests/test.rs:42:9
[INFO] [stdout]    |
[INFO] [stdout] 42 |     use crevice::glsl::GlslStruct;
[INFO] [stdout]    |         ^^^^^^^ use of undeclared crate or module `crevice`
[INFO] [stdout] 
[INFO] [stdout] 
[INFO] [stdout] error: cannot determine resolution for the derive macro `AsStd140`
[INFO] [stdout]  --> tests/test.rs:5:14
[INFO] [stdout]   |
[INFO] [stdout] 5 |     #[derive(AsStd140, Debug, PartialEq)]
[INFO] [stdout]   |              ^^^^^^^^
[INFO] [stdout]   |
[INFO] [stdout]   = note: import resolution is stuck, try simplifying macro imports
[INFO] [stdout] 
[INFO] [stdout] 
[INFO] [stdout] error: cannot determine resolution for the derive macro `GlslStruct`
[INFO] [stdout]   --> tests/test.rs:45:14
[INFO] [stdout]    |
[INFO] [stdout] 45 |     #[derive(GlslStruct)]
[INFO] [stdout]    |              ^^^^^^^^^^
[INFO] [stdout]    |
[INFO] [stdout]    = note: import resolution is stuck, try simplifying macro imports
[INFO] [stdout] 
[INFO] [stdout] 
[INFO] [stdout] error[E0599]: no method named `as_std140` found for struct `ThereAndBackAgain` in the current scope
[INFO] [stdout]   --> tests/test.rs:35:18
[INFO] [stdout]    |
[INFO] [stdout] 6  |     struct ThereAndBackAgain {
[INFO] [stdout]    |     ------------------------ method `as_std140` not found for this struct
[INFO] [stdout] ...
[INFO] [stdout] 35 |     let x_as = x.as_std140();
[INFO] [stdout]    |                  ^^^^^^^^^ method not found in `ThereAndBackAgain`
[INFO] [stdout] 
[INFO] [stdout] 
[INFO] [stdout] error[E0599]: no function or associated item named `glsl_definition` found for struct `TestGlsl` in the current scope
[INFO] [stdout]   --> tests/test.rs:51:47
[INFO] [stdout]    |
[INFO] [stdout] 46 |     struct TestGlsl {
[INFO] [stdout]    |     --------------- function or associated item `glsl_definition` not found for this struct
[INFO] [stdout] ...
[INFO] [stdout] 51 |     insta::assert_display_snapshot!(TestGlsl::glsl_definition());
[INFO] [stdout]    |                                               ^^^^^^^^^^^^^^^ function or associated item not found in `TestGlsl`
[INFO] [stdout] 
[INFO] [stdout] 
[INFO] [stdout] error: aborting due to 6 previous errors
[INFO] [stdout] 
[INFO] [stdout] 
[INFO] [stdout] Some errors have detailed explanations: E0433, E0599.
[INFO] [stdout] 
[INFO] [stdout] For more information about an error, try `rustc --explain E0433`.
[INFO] [stdout] 
[INFO] [stderr] error: could not compile `crevice_notan` (test "test") due to 7 previous errors
[INFO] [stderr] warning: build failed, waiting for other jobs to finish...
[INFO] running `Command { std: "docker" "inspect" "4a8a56867c03789452dec5aa70836827c0d76c4ee7b2d0a5a688138ef3a1f35a", kill_on_drop: false }`
[INFO] running `Command { std: "docker" "rm" "-f" "4a8a56867c03789452dec5aa70836827c0d76c4ee7b2d0a5a688138ef3a1f35a", kill_on_drop: false }`
[INFO] [stdout] 4a8a56867c03789452dec5aa70836827c0d76c4ee7b2d0a5a688138ef3a1f35a
