[INFO] fetching crate crcnt_rbac 0.1.8...
[INFO] testing crcnt_rbac-0.1.8 against 1.75.0 for beta-1.76-1
[INFO] extracting crate crcnt_rbac 0.1.8 into /workspace/builds/worker-4-tc1/source
[INFO] validating manifest of crates.io crate crcnt_rbac 0.1.8 on toolchain 1.75.0
[INFO] running `Command { std: CARGO_HOME="/workspace/cargo-home" RUSTUP_HOME="/workspace/rustup-home" "/workspace/cargo-home/bin/cargo" "+1.75.0" "metadata" "--manifest-path" "Cargo.toml" "--no-deps", kill_on_drop: false }`
[INFO] started tweaking crates.io crate crcnt_rbac 0.1.8
[INFO] finished tweaking crates.io crate crcnt_rbac 0.1.8
[INFO] tweaked toml for crates.io crate crcnt_rbac 0.1.8 written to /workspace/builds/worker-4-tc1/source/Cargo.toml
[INFO] running `Command { std: CARGO_HOME="/workspace/cargo-home" RUSTUP_HOME="/workspace/rustup-home" "/workspace/cargo-home/bin/cargo" "+1.75.0" "generate-lockfile" "--manifest-path" "Cargo.toml", kill_on_drop: false }`
[INFO] [stderr]     Updating crates.io index
[INFO] running `Command { std: CARGO_HOME="/workspace/cargo-home" RUSTUP_HOME="/workspace/rustup-home" "/workspace/cargo-home/bin/cargo" "+1.75.0" "fetch" "--manifest-path" "Cargo.toml", kill_on_drop: false }`
[INFO] [stderr]  Downloading crates ...
[INFO] [stderr]   Downloaded frunk_derives v0.4.2
[INFO] [stderr]   Downloaded saturating v0.1.0
[INFO] [stderr]   Downloaded frunk_proc_macro_helpers v0.1.2
[INFO] [stderr]   Downloaded crcnt_ddd v0.2.14
[INFO] [stderr]   Downloaded mysql_async v0.31.3
[INFO] [stderr]   Downloaded frunk_core v0.4.2
[INFO] [stderr]   Downloaded frunk_proc_macros v0.1.2
[INFO] [stderr]   Downloaded lexical v6.1.1
[INFO] [stderr]   Downloaded subprocess v0.2.9
[INFO] [stderr]   Downloaded mysql_common v0.29.2
[INFO] [stderr]   Downloaded zxcvbn v2.2.2
[INFO] [stderr]   Downloaded frunk v0.4.2
[INFO] [stderr]   Downloaded crcnt_ddd_macros v0.2.10
[INFO] running `Command { std: "docker" "create" "-v" "/var/lib/crater-agent-workspace/builds/worker-4-tc1/target:/opt/rustwide/target:rw,Z" "-v" "/var/lib/crater-agent-workspace/builds/worker-4-tc1/source:/opt/rustwide/workdir:ro,Z" "-v" "/var/lib/crater-agent-workspace/cargo-home:/opt/rustwide/cargo-home:ro,Z" "-v" "/var/lib/crater-agent-workspace/rustup-home:/opt/rustwide/rustup-home:ro,Z" "-e" "SOURCE_DIR=/opt/rustwide/workdir" "-e" "CARGO_TARGET_DIR=/opt/rustwide/target" "-e" "CARGO_HOME=/opt/rustwide/cargo-home" "-e" "RUSTUP_HOME=/opt/rustwide/rustup-home" "-w" "/opt/rustwide/workdir" "-m" "1610612736" "--user" "0:0" "--network" "none" "ghcr.io/rust-lang/crates-build-env/linux@sha256:2788e3201cd34a07e3172128adcd8b3090168a8e3bcc40d7c032b9dda1df7d1c" "/opt/rustwide/cargo-home/bin/cargo" "+1.75.0" "metadata" "--no-deps" "--format-version=1", kill_on_drop: false }`
[INFO] [stdout] 7d9de6edb622f50f2c8f10ff670be638305d84d24f03917e90be777d642c9a8c
[INFO] running `Command { std: "docker" "start" "-a" "7d9de6edb622f50f2c8f10ff670be638305d84d24f03917e90be777d642c9a8c", kill_on_drop: false }`
[INFO] running `Command { std: "docker" "inspect" "7d9de6edb622f50f2c8f10ff670be638305d84d24f03917e90be777d642c9a8c", kill_on_drop: false }`
[INFO] running `Command { std: "docker" "rm" "-f" "7d9de6edb622f50f2c8f10ff670be638305d84d24f03917e90be777d642c9a8c", kill_on_drop: false }`
[INFO] [stdout] 7d9de6edb622f50f2c8f10ff670be638305d84d24f03917e90be777d642c9a8c
[INFO] running `Command { std: "docker" "create" "-v" "/var/lib/crater-agent-workspace/builds/worker-4-tc1/target:/opt/rustwide/target:rw,Z" "-v" "/var/lib/crater-agent-workspace/builds/worker-4-tc1/source:/opt/rustwide/workdir:ro,Z" "-v" "/var/lib/crater-agent-workspace/cargo-home:/opt/rustwide/cargo-home:ro,Z" "-v" "/var/lib/crater-agent-workspace/rustup-home:/opt/rustwide/rustup-home:ro,Z" "-e" "SOURCE_DIR=/opt/rustwide/workdir" "-e" "CARGO_TARGET_DIR=/opt/rustwide/target" "-e" "CARGO_INCREMENTAL=0" "-e" "RUST_BACKTRACE=full" "-e" "RUSTFLAGS=--cap-lints=warn" "-e" "RUSTDOCFLAGS=--cap-lints=warn" "-e" "CARGO_HOME=/opt/rustwide/cargo-home" "-e" "RUSTUP_HOME=/opt/rustwide/rustup-home" "-w" "/opt/rustwide/workdir" "-m" "1610612736" "--user" "0:0" "--network" "none" "ghcr.io/rust-lang/crates-build-env/linux@sha256:2788e3201cd34a07e3172128adcd8b3090168a8e3bcc40d7c032b9dda1df7d1c" "/opt/rustwide/cargo-home/bin/cargo" "+1.75.0" "build" "--frozen" "--message-format=json", kill_on_drop: false }`
[INFO] [stdout] 9c749fb546c30272b690b9ed95f14dc8fe5f26e2721948853df3047b899fe5f6
[INFO] running `Command { std: "docker" "start" "-a" "9c749fb546c30272b690b9ed95f14dc8fe5f26e2721948853df3047b899fe5f6", kill_on_drop: false }`
[INFO] [stderr]    Compiling pkg-config v0.3.28
[INFO] [stderr]    Compiling vcpkg v0.2.15
[INFO] [stderr]    Compiling syn v1.0.109
[INFO] [stderr]    Compiling num-traits v0.2.17
[INFO] [stderr]    Compiling generic-array v0.14.7
[INFO] [stderr]    Compiling syn v2.0.48
[INFO] [stderr]    Compiling cc v1.0.83
[INFO] [stderr]    Compiling getrandom v0.2.11
[INFO] [stderr]    Compiling aho-corasick v1.1.2
[INFO] [stderr]    Compiling regex-syntax v0.8.2
[INFO] [stderr]    Compiling glob v0.3.1
[INFO] [stderr]    Compiling clang-sys v1.7.0
[INFO] [stderr]    Compiling lexical-util v0.8.5
[INFO] [stderr]    Compiling openssl-sys v0.9.98
[INFO] [stderr]    Compiling smallvec v1.11.2
[INFO] [stderr]    Compiling crossbeam-utils v0.8.18
[INFO] [stderr]    Compiling nom v7.1.3
[INFO] [stderr]    Compiling rand_core v0.6.4
[INFO] [stderr]    Compiling regex-automata v0.4.3
[INFO] [stderr]    Compiling lock_api v0.4.11
[INFO] [stderr]    Compiling libloading v0.8.1
[INFO] [stderr]    Compiling num-integer v0.1.45
[INFO] [stderr]    Compiling bindgen v0.59.2
[INFO] [stderr]    Compiling parking_lot_core v0.9.9
[INFO] [stderr]    Compiling frunk_core v0.4.2
[INFO] [stderr]    Compiling ppv-lite86 v0.2.17
[INFO] [stderr]    Compiling rand_chacha v0.3.1
[INFO] [stderr]    Compiling darling_core v0.14.4
[INFO] [stderr]    Compiling cexpr v0.6.0
[INFO] [stderr]    Compiling regex v1.10.2
[INFO] [stderr]    Compiling frunk_proc_macro_helpers v0.1.2
[INFO] [stderr]    Compiling block-buffer v0.10.4
[INFO] [stderr]    Compiling crypto-common v0.1.6
[INFO] [stderr]    Compiling lexical-parse-integer v0.8.6
[INFO] [stderr]    Compiling lexical-write-integer v0.8.5
[INFO] [stderr]    Compiling libz-sys v1.1.12
[INFO] [stderr]    Compiling num-bigint v0.4.4
[INFO] [stderr]    Compiling lazycell v1.3.0
[INFO] [stderr]    Compiling log v0.4.20
[INFO] [stderr]    Compiling peeking_take_while v0.1.2
[INFO] [stderr]    Compiling shlex v1.2.0
[INFO] [stderr]    Compiling powerfmt v0.2.0
[INFO] [stderr]    Compiling radium v0.7.0
[INFO] [stderr]    Compiling rustc-hash v1.1.0
[INFO] [stderr]    Compiling futures-sink v0.3.30
[INFO] [stderr]    Compiling deranged v0.3.11
[INFO] [stderr]    Compiling serde_derive v1.0.194
[INFO] [stderr]    Compiling lexical-write-float v0.8.5
[INFO] [stderr]    Compiling lexical-parse-float v0.8.5
[INFO] [stderr]    Compiling darling_macro v0.14.4
[INFO] [stderr]    Compiling digest v0.10.7
[INFO] [stderr]    Compiling ahash v0.7.7
[INFO] [stderr]    Compiling rand v0.8.5
[INFO] [stderr]    Compiling cmake v0.1.50
[INFO] [stderr]    Compiling subprocess v0.2.9
[INFO] [stderr]    Compiling time-core v0.1.2
[INFO] [stderr]    Compiling tap v1.0.1
[INFO] [stderr]    Compiling tinyvec_macros v0.1.1
[INFO] [stderr]    Compiling openssl v0.10.62
[INFO] [stderr]    Compiling foreign-types-shared v0.1.1
[INFO] [stderr]    Compiling rust_decimal v1.33.1
[INFO] [stderr]    Compiling time v0.3.31
[INFO] [stderr]    Compiling foreign-types v0.3.2
[INFO] [stderr]    Compiling tinyvec v1.6.0
[INFO] [stderr]    Compiling wyz v0.5.1
[INFO] [stderr]    Compiling darling v0.14.4
[INFO] [stderr]    Compiling parking_lot v0.12.1
[INFO] [stderr]    Compiling hashbrown v0.12.3
[INFO] [stderr]    Compiling lexical-core v0.8.5
[INFO] [stderr]    Compiling tokio-macros v2.2.0
[INFO] [stderr]    Compiling frunk_proc_macros v0.1.2
[INFO] [stderr]    Compiling thiserror-impl v1.0.56
[INFO] [stderr]    Compiling futures-macro v0.3.30
[INFO] [stderr]    Compiling frunk_derives v0.4.2
[INFO] [stderr]    Compiling openssl-macros v0.1.1
[INFO] [stderr]    Compiling futures-channel v0.3.30
[INFO] [stderr]    Compiling mio v0.8.10
[INFO] [stderr]    Compiling signal-hook-registry v1.4.1
[INFO] [stderr]    Compiling num_cpus v1.16.0
[INFO] [stderr]    Compiling socket2 v0.5.5
[INFO] [stderr]    Compiling serde v1.0.194
[INFO] [stderr]    Compiling indexmap v1.9.3
[INFO] [stderr]    Compiling base64 v0.13.1
[INFO] [stderr]    Compiling arrayvec v0.7.4
[INFO] [stderr]    Compiling funty v2.0.0
[INFO] [stderr]    Compiling futures-task v0.3.30
[INFO] [stderr]    Compiling native-tls v0.2.11
[INFO] [stderr]    Compiling futures-io v0.3.30
[INFO] [stderr]    Compiling futures-util v0.3.30
[INFO] [stderr]    Compiling tokio v1.35.1
[INFO] [stderr]    Compiling thiserror v1.0.56
[INFO] [stderr]    Compiling flate2 v1.0.28
[INFO] [stderr]    Compiling frunk v0.4.2
[INFO] [stderr]    Compiling bitvec v1.0.1
[INFO] [stderr]    Compiling bigdecimal v0.3.1
[INFO] [stderr]    Compiling unicode-normalization v0.1.22
[INFO] [stderr]    Compiling mysql_common v0.29.2
[INFO] [stderr]    Compiling lexical v6.1.1
[INFO] [stderr]    Compiling derive_builder_core v0.12.0
[INFO] [stderr]    Compiling sha1 v0.10.6
[INFO] [stderr]    Compiling sha2 v0.10.8
[INFO] [stderr]    Compiling tracing-attributes v0.1.27
[INFO] [stderr]    Compiling chrono v0.4.31
[INFO] [stderr]    Compiling serde_json v1.0.111
[INFO] [stderr]    Compiling crossbeam-epoch v0.9.17
[INFO] [stderr]    Compiling tracing-core v0.1.32
[INFO] [stderr]    Compiling priority-queue v1.3.2
[INFO] [stderr]    Compiling saturating v0.1.0
[INFO] [stderr]    Compiling percent-encoding v2.3.1
[INFO] [stderr]    Compiling unicode-bidi v0.3.14
[INFO] [stderr]    Compiling unicode-segmentation v1.10.1
[INFO] [stderr]    Compiling bit-vec v0.6.3
[INFO] [stderr]    Compiling uuid v1.6.1
[INFO] [stderr]    Compiling bit-set v0.5.3
[INFO] [stderr]    Compiling tracing v0.1.40
[INFO] [stderr]    Compiling idna v0.5.0
[INFO] [stderr]    Compiling convert_case v0.6.0
[INFO] [stderr]    Compiling form_urlencoded v1.2.1
[INFO] [stderr]    Compiling crossbeam-deque v0.8.4
[INFO] [stderr]    Compiling derive_builder_macro v0.12.0
[INFO] [stderr]    Compiling toml v0.5.11
[INFO] [stderr]    Compiling pin-project-internal v1.1.3
[INFO] [stderr]    Compiling crossbeam-channel v0.5.10
[INFO] [stderr]    Compiling crossbeam-queue v0.3.10
[INFO] [stderr]    Compiling either v1.9.0
[INFO] [stderr]    Compiling anyhow v1.0.79
[INFO] [stderr]    Compiling itertools v0.10.5
[INFO] [stderr]    Compiling derive_builder v0.12.0
[INFO] [stderr]    Compiling crossbeam v0.8.3
[INFO] [stderr]    Compiling url v2.5.0
[INFO] [stderr]    Compiling tokio-native-tls v0.3.1
[INFO] [stderr]    Compiling tokio-util v0.7.10
[INFO] [stderr]    Compiling fancy-regex v0.11.0
[INFO] [stderr]    Compiling futures-executor v0.3.30
[INFO] [stderr]    Compiling pin-project v1.1.3
[INFO] [stderr]    Compiling pem v1.1.1
[INFO] [stderr]    Compiling lru v0.8.1
[INFO] [stderr]    Compiling crcnt_ddd_macros v0.2.10
[INFO] [stderr]    Compiling twox-hash v1.6.3
[INFO] [stderr]    Compiling ulid v1.1.0
[INFO] [stderr]    Compiling socket2 v0.4.10
[INFO] [stderr]    Compiling quick-error v2.0.1
[INFO] [stderr]    Compiling zxcvbn v2.2.2
[INFO] [stderr]    Compiling futures v0.3.30
[INFO] [stderr]    Compiling async-trait v0.1.77
[INFO] [stderr]    Compiling mysql_async v0.31.3
[INFO] [stderr]    Compiling crcnt_ddd v0.2.14
[INFO] [stderr]    Compiling crcnt_rbac v0.1.8 (/opt/rustwide/workdir)
[INFO] [stderr]     Finished dev [unoptimized + debuginfo] target(s) in 37.02s
[INFO] running `Command { std: "docker" "inspect" "9c749fb546c30272b690b9ed95f14dc8fe5f26e2721948853df3047b899fe5f6", kill_on_drop: false }`
[INFO] running `Command { std: "docker" "rm" "-f" "9c749fb546c30272b690b9ed95f14dc8fe5f26e2721948853df3047b899fe5f6", kill_on_drop: false }`
[INFO] [stdout] 9c749fb546c30272b690b9ed95f14dc8fe5f26e2721948853df3047b899fe5f6
[INFO] running `Command { std: "docker" "create" "-v" "/var/lib/crater-agent-workspace/builds/worker-4-tc1/target:/opt/rustwide/target:rw,Z" "-v" "/var/lib/crater-agent-workspace/builds/worker-4-tc1/source:/opt/rustwide/workdir:ro,Z" "-v" "/var/lib/crater-agent-workspace/cargo-home:/opt/rustwide/cargo-home:ro,Z" "-v" "/var/lib/crater-agent-workspace/rustup-home:/opt/rustwide/rustup-home:ro,Z" "-e" "SOURCE_DIR=/opt/rustwide/workdir" "-e" "CARGO_TARGET_DIR=/opt/rustwide/target" "-e" "CARGO_INCREMENTAL=0" "-e" "RUST_BACKTRACE=full" "-e" "RUSTFLAGS=--cap-lints=warn" "-e" "RUSTDOCFLAGS=--cap-lints=warn" "-e" "CARGO_HOME=/opt/rustwide/cargo-home" "-e" "RUSTUP_HOME=/opt/rustwide/rustup-home" "-w" "/opt/rustwide/workdir" "-m" "1610612736" "--user" "0:0" "--network" "none" "ghcr.io/rust-lang/crates-build-env/linux@sha256:2788e3201cd34a07e3172128adcd8b3090168a8e3bcc40d7c032b9dda1df7d1c" "/opt/rustwide/cargo-home/bin/cargo" "+1.75.0" "test" "--frozen" "--no-run" "--message-format=json", kill_on_drop: false }`
[INFO] [stdout] ec9e00b4b37ba7d33f495246bb66ca8d718794a67c7791208e29c9cb99d960f5
[INFO] running `Command { std: "docker" "start" "-a" "ec9e00b4b37ba7d33f495246bb66ca8d718794a67c7791208e29c9cb99d960f5", kill_on_drop: false }`
[INFO] [stderr]    Compiling regex-syntax v0.6.29
[INFO] [stderr]    Compiling tracing-log v0.2.0
[INFO] [stderr]    Compiling sharded-slab v0.1.7
[INFO] [stderr]    Compiling thread_local v1.1.7
[INFO] [stderr]    Compiling regex-automata v0.1.10
[INFO] [stderr]    Compiling matchers v0.1.0
[INFO] [stderr]    Compiling tracing-subscriber v0.3.18
[INFO] [stderr]    Compiling crcnt_rbac v0.1.8 (/opt/rustwide/workdir)
[INFO] [stdout] error[E0308]: mismatched types
[INFO] [stdout]   --> tests/test_admin.rs:36:44
[INFO] [stdout]    |
[INFO] [stdout] 34 |   let operator = app.create_admin_operator(Owner::new("TestOwner"),
[INFO] [stdout]    |                      --------------------- arguments to this method are incorrect
[INFO] [stdout] 35 |                                            OperatorName::new("TestOwnerAdmin"),
[INFO] [stdout] 36 |                                            OperatorPassword::new("Easy"))
[INFO] [stdout]    |                                            ^^^^^^^^^^^^^^^^^^^^^^^^^^^^^ expected `Option<OperatorPassword>`, found `OperatorPassword`
[INFO] [stdout]    |
[INFO] [stdout]    = note: expected enum `Option<OperatorPassword>`
[INFO] [stdout]             found struct `OperatorPassword`
[INFO] [stdout] note: method defined here
[INFO] [stdout]   --> /opt/rustwide/workdir/src/application/operator_admin.rs:20:12
[INFO] [stdout]    |
[INFO] [stdout] 20 |   async fn create_admin_operator(&self, owner: Owner, name: OperatorName, password: Option<OperatorPassword>) -> Result<OperatorEntity>;
[INFO] [stdout]    |            ^^^^^^^^^^^^^^^^^^^^^
[INFO] [stdout] help: try wrapping the expression in `Some`
[INFO] [stdout]    |
[INFO] [stdout] 36 |                                            Some(OperatorPassword::new("Easy")))
[INFO] [stdout]    |                                            +++++                             +
[INFO] [stdout] 
[INFO] [stdout] 
[INFO] [stdout] error[E0061]: this method takes 2 arguments but 1 argument was supplied
[INFO] [stdout]   --> tests/test_admin.rs:45:21
[INFO] [stdout]    |
[INFO] [stdout] 45 |   let session = app.hit_session(&SessionId::new("SS01GN78WFB8CRY39C3F1QF0DVGE")).await?;
[INFO] [stdout]    |                     ^^^^^^^^^^^------------------------------------------------- an argument of type `FeatureCode` is missing
[INFO] [stdout]    |
[INFO] [stdout] note: method defined here
[INFO] [stdout]   --> /opt/rustwide/workdir/src/application/session_admin.rs:20:12
[INFO] [stdout]    |
[INFO] [stdout] 20 |   async fn hit_session(&self, session_id: &SessionId, feature_code: FeatureCode) -> Result<SessionEntity>;
[INFO] [stdout]    |            ^^^^^^^^^^^
[INFO] [stdout] help: provide the argument
[INFO] [stdout]    |
[INFO] [stdout] 45 |   let session = app.hit_session(&SessionId::new("SS01GN78WFB8CRY39C3F1QF0DVGE"), /* FeatureCode */).await?;
[INFO] [stdout]    |                                ~~~~~~~~~~~~~~~~~~~~~~~~~~~~~~~~~~~~~~~~~~~~~~~~~~~~~~~~~~~~~~~~~~~~
[INFO] [stdout] 
[INFO] [stdout] 
[INFO] [stdout] error: aborting due to 2 previous errors
[INFO] [stdout] 
[INFO] [stdout] 
[INFO] [stdout] Some errors have detailed explanations: E0061, E0308.
[INFO] [stdout] 
[INFO] [stdout] For more information about an error, try `rustc --explain E0061`.
[INFO] [stdout] 
[INFO] [stderr] error: could not compile `crcnt_rbac` (test "test_admin") due to 3 previous errors
[INFO] [stderr] warning: build failed, waiting for other jobs to finish...
[INFO] [stdout] error[E0277]: the trait bound `std::option::Option<OperatorProfileId>: From<&str>` is not satisfied
[INFO] [stdout]   --> src/operator.rs:98:63
[INFO] [stdout]    |
[INFO] [stdout] 98 | ...                   .profile_id("M01".into())
[INFO] [stdout]    |                                         ^^^^ the trait `From<&str>` is not implemented for `std::option::Option<OperatorProfileId>`
[INFO] [stdout]    |
[INFO] [stdout]    = help: the following other types implement trait `From<T>`:
[INFO] [stdout]              <std::option::Option<Level> as From<LevelFilter>>
[INFO] [stdout]              <std::option::Option<Id> as From<Span>>
[INFO] [stdout]              <std::option::Option<Id> as From<tracing_core::span::Current>>
[INFO] [stdout]              <std::option::Option<Id> as From<&'a Span>>
[INFO] [stdout]              <std::option::Option<Id> as From<&'a EnteredSpan>>
[INFO] [stdout]              <std::option::Option<Id> as From<&'a Id>>
[INFO] [stdout]              <std::option::Option<Id> as From<&'a tracing_core::span::Current>>
[INFO] [stdout]              <std::option::Option<deranged::RangedU8<MIN, MAX>> as From<deranged::OptionRangedU8<MIN, MAX>>>
[INFO] [stdout]            and 18 others
[INFO] [stdout]    = note: required for `&str` to implement `Into<std::option::Option<OperatorProfileId>>`
[INFO] [stdout] 
[INFO] [stdout] 
[INFO] [stdout] error[E0277]: the trait bound `std::option::Option<OperatorLastLoginAt>: From<crcnt_ddd::value::UtcDateTime>` is not satisfied
[INFO] [stdout]    --> src/operator.rs:103:79
[INFO] [stdout]     |
[INFO] [stdout] 103 | ...                   .last_login_at(UtcDateTime::now().into())
[INFO] [stdout]     |                                                         ^^^^ the trait `From<crcnt_ddd::value::UtcDateTime>` is not implemented for `std::option::Option<OperatorLastLoginAt>`
[INFO] [stdout]     |
[INFO] [stdout]     = help: the following other types implement trait `From<T>`:
[INFO] [stdout]               <std::option::Option<Level> as From<LevelFilter>>
[INFO] [stdout]               <std::option::Option<Id> as From<Span>>
[INFO] [stdout]               <std::option::Option<Id> as From<tracing_core::span::Current>>
[INFO] [stdout]               <std::option::Option<Id> as From<&'a Span>>
[INFO] [stdout]               <std::option::Option<Id> as From<&'a EnteredSpan>>
[INFO] [stdout]               <std::option::Option<Id> as From<&'a Id>>
[INFO] [stdout]               <std::option::Option<Id> as From<&'a tracing_core::span::Current>>
[INFO] [stdout]               <std::option::Option<deranged::RangedU8<MIN, MAX>> as From<deranged::OptionRangedU8<MIN, MAX>>>
[INFO] [stdout]             and 18 others
[INFO] [stdout]     = note: required for `crcnt_ddd::value::UtcDateTime` to implement `Into<std::option::Option<OperatorLastLoginAt>>`
[INFO] [stdout] 
[INFO] [stdout] 
[INFO] [stdout] error: aborting due to 2 previous errors
[INFO] [stdout] 
[INFO] [stdout] 
[INFO] [stdout] For more information about this error, try `rustc --explain E0277`.
[INFO] [stdout] 
[INFO] [stderr] error: could not compile `crcnt_rbac` (lib test) due to 3 previous errors
[INFO] running `Command { std: "docker" "inspect" "ec9e00b4b37ba7d33f495246bb66ca8d718794a67c7791208e29c9cb99d960f5", kill_on_drop: false }`
[INFO] running `Command { std: "docker" "rm" "-f" "ec9e00b4b37ba7d33f495246bb66ca8d718794a67c7791208e29c9cb99d960f5", kill_on_drop: false }`
[INFO] [stdout] ec9e00b4b37ba7d33f495246bb66ca8d718794a67c7791208e29c9cb99d960f5
[INFO] testing crcnt_rbac-0.1.8 against beta-2023-12-22 for beta-1.76-1
[INFO] extracting crate crcnt_rbac 0.1.8 into /workspace/builds/worker-4-tc2/source
[INFO] validating manifest of crates.io crate crcnt_rbac 0.1.8 on toolchain beta-2023-12-22
[INFO] running `Command { std: CARGO_HOME="/workspace/cargo-home" RUSTUP_HOME="/workspace/rustup-home" "/workspace/cargo-home/bin/cargo" "+beta-2023-12-22" "metadata" "--manifest-path" "Cargo.toml" "--no-deps", kill_on_drop: false }`
[INFO] started tweaking crates.io crate crcnt_rbac 0.1.8
[INFO] finished tweaking crates.io crate crcnt_rbac 0.1.8
[INFO] tweaked toml for crates.io crate crcnt_rbac 0.1.8 written to /workspace/builds/worker-4-tc2/source/Cargo.toml
[INFO] running `Command { std: CARGO_HOME="/workspace/cargo-home" RUSTUP_HOME="/workspace/rustup-home" "/workspace/cargo-home/bin/cargo" "+beta-2023-12-22" "generate-lockfile" "--manifest-path" "Cargo.toml", kill_on_drop: false }`
[INFO] [stderr]     Updating crates.io index
[INFO] running `Command { std: CARGO_HOME="/workspace/cargo-home" RUSTUP_HOME="/workspace/rustup-home" "/workspace/cargo-home/bin/cargo" "+beta-2023-12-22" "fetch" "--manifest-path" "Cargo.toml", kill_on_drop: false }`
[INFO] running `Command { std: "docker" "create" "-v" "/var/lib/crater-agent-workspace/builds/worker-4-tc2/target:/opt/rustwide/target:rw,Z" "-v" "/var/lib/crater-agent-workspace/builds/worker-4-tc2/source:/opt/rustwide/workdir:ro,Z" "-v" "/var/lib/crater-agent-workspace/cargo-home:/opt/rustwide/cargo-home:ro,Z" "-v" "/var/lib/crater-agent-workspace/rustup-home:/opt/rustwide/rustup-home:ro,Z" "-e" "SOURCE_DIR=/opt/rustwide/workdir" "-e" "CARGO_TARGET_DIR=/opt/rustwide/target" "-e" "CARGO_HOME=/opt/rustwide/cargo-home" "-e" "RUSTUP_HOME=/opt/rustwide/rustup-home" "-w" "/opt/rustwide/workdir" "-m" "1610612736" "--user" "0:0" "--network" "none" "ghcr.io/rust-lang/crates-build-env/linux@sha256:2788e3201cd34a07e3172128adcd8b3090168a8e3bcc40d7c032b9dda1df7d1c" "/opt/rustwide/cargo-home/bin/cargo" "+beta-2023-12-22" "metadata" "--no-deps" "--format-version=1", kill_on_drop: false }`
[INFO] [stdout] 0dc445fd8df3155994e9d78db1b59a24c8afcf411802abb5f61a4e6537d71b9e
[INFO] running `Command { std: "docker" "start" "-a" "0dc445fd8df3155994e9d78db1b59a24c8afcf411802abb5f61a4e6537d71b9e", kill_on_drop: false }`
[INFO] running `Command { std: "docker" "inspect" "0dc445fd8df3155994e9d78db1b59a24c8afcf411802abb5f61a4e6537d71b9e", kill_on_drop: false }`
[INFO] running `Command { std: "docker" "rm" "-f" "0dc445fd8df3155994e9d78db1b59a24c8afcf411802abb5f61a4e6537d71b9e", kill_on_drop: false }`
[INFO] [stdout] 0dc445fd8df3155994e9d78db1b59a24c8afcf411802abb5f61a4e6537d71b9e
[INFO] running `Command { std: "docker" "create" "-v" "/var/lib/crater-agent-workspace/builds/worker-4-tc2/target:/opt/rustwide/target:rw,Z" "-v" "/var/lib/crater-agent-workspace/builds/worker-4-tc2/source:/opt/rustwide/workdir:ro,Z" "-v" "/var/lib/crater-agent-workspace/cargo-home:/opt/rustwide/cargo-home:ro,Z" "-v" "/var/lib/crater-agent-workspace/rustup-home:/opt/rustwide/rustup-home:ro,Z" "-e" "SOURCE_DIR=/opt/rustwide/workdir" "-e" "CARGO_TARGET_DIR=/opt/rustwide/target" "-e" "CARGO_INCREMENTAL=0" "-e" "RUST_BACKTRACE=full" "-e" "RUSTFLAGS=--cap-lints=warn" "-e" "RUSTDOCFLAGS=--cap-lints=warn" "-e" "CARGO_HOME=/opt/rustwide/cargo-home" "-e" "RUSTUP_HOME=/opt/rustwide/rustup-home" "-w" "/opt/rustwide/workdir" "-m" "1610612736" "--user" "0:0" "--network" "none" "ghcr.io/rust-lang/crates-build-env/linux@sha256:2788e3201cd34a07e3172128adcd8b3090168a8e3bcc40d7c032b9dda1df7d1c" "/opt/rustwide/cargo-home/bin/cargo" "+beta-2023-12-22" "build" "--frozen" "--message-format=json", kill_on_drop: false }`
[INFO] [stdout] 410b8db5025e0e60f6101532800174584d2f656254780a352e88f4ca0d0c7162
[INFO] running `Command { std: "docker" "start" "-a" "410b8db5025e0e60f6101532800174584d2f656254780a352e88f4ca0d0c7162", kill_on_drop: false }`
[INFO] [stderr]    Compiling pkg-config v0.3.28
[INFO] [stderr]    Compiling vcpkg v0.2.15
[INFO] [stderr]    Compiling syn v1.0.109
[INFO] [stderr]    Compiling num-traits v0.2.17
[INFO] [stderr]    Compiling generic-array v0.14.7
[INFO] [stderr]    Compiling syn v2.0.48
[INFO] [stderr]    Compiling cc v1.0.83
[INFO] [stderr]    Compiling getrandom v0.2.11
[INFO] [stderr]    Compiling aho-corasick v1.1.2
[INFO] [stderr]    Compiling regex-syntax v0.8.2
[INFO] [stderr]    Compiling glob v0.3.1
[INFO] [stderr]    Compiling clang-sys v1.7.0
[INFO] [stderr]    Compiling lexical-util v0.8.5
[INFO] [stderr]    Compiling openssl-sys v0.9.98
[INFO] [stderr]    Compiling smallvec v1.11.2
[INFO] [stderr]    Compiling crossbeam-utils v0.8.18
[INFO] [stderr]    Compiling nom v7.1.3
[INFO] [stderr]    Compiling rand_core v0.6.4
[INFO] [stderr]    Compiling lock_api v0.4.11
[INFO] [stderr]    Compiling num-integer v0.1.45
[INFO] [stderr]    Compiling regex-automata v0.4.3
[INFO] [stderr]    Compiling libloading v0.8.1
[INFO] [stderr]    Compiling parking_lot_core v0.9.9
[INFO] [stderr]    Compiling frunk_core v0.4.2
[INFO] [stderr]    Compiling bindgen v0.59.2
[INFO] [stderr]    Compiling ppv-lite86 v0.2.17
[INFO] [stderr]    Compiling rand_chacha v0.3.1
[INFO] [stderr]    Compiling cexpr v0.6.0
[INFO] [stderr]    Compiling darling_core v0.14.4
[INFO] [stderr]    Compiling regex v1.10.2
[INFO] [stderr]    Compiling frunk_proc_macro_helpers v0.1.2
[INFO] [stderr]    Compiling block-buffer v0.10.4
[INFO] [stderr]    Compiling crypto-common v0.1.6
[INFO] [stderr]    Compiling libz-sys v1.1.12
[INFO] [stderr]    Compiling lexical-parse-integer v0.8.6
[INFO] [stderr]    Compiling lexical-write-integer v0.8.5
[INFO] [stderr]    Compiling num-bigint v0.4.4
[INFO] [stderr]    Compiling powerfmt v0.2.0
[INFO] [stderr]    Compiling shlex v1.2.0
[INFO] [stderr]    Compiling log v0.4.20
[INFO] [stderr]    Compiling peeking_take_while v0.1.2
[INFO] [stderr]    Compiling futures-sink v0.3.30
[INFO] [stderr]    Compiling lazycell v1.3.0
[INFO] [stderr]    Compiling rustc-hash v1.1.0
[INFO] [stderr]    Compiling radium v0.7.0
[INFO] [stderr]    Compiling deranged v0.3.11
[INFO] [stderr]    Compiling lexical-write-float v0.8.5
[INFO] [stderr]    Compiling lexical-parse-float v0.8.5
[INFO] [stderr]    Compiling digest v0.10.7
[INFO] [stderr]    Compiling serde_derive v1.0.194
[INFO] [stderr]    Compiling darling_macro v0.14.4
[INFO] [stderr]    Compiling ahash v0.7.7
[INFO] [stderr]    Compiling rand v0.8.5
[INFO] [stderr]    Compiling cmake v0.1.50
[INFO] [stderr]    Compiling subprocess v0.2.9
[INFO] [stderr]    Compiling tap v1.0.1
[INFO] [stderr]    Compiling time-core v0.1.2
[INFO] [stderr]    Compiling foreign-types-shared v0.1.1
[INFO] [stderr]    Compiling rust_decimal v1.33.1
[INFO] [stderr]    Compiling openssl v0.10.62
[INFO] [stderr]    Compiling tinyvec_macros v0.1.1
[INFO] [stderr]    Compiling tinyvec v1.6.0
[INFO] [stderr]    Compiling time v0.3.31
[INFO] [stderr]    Compiling foreign-types v0.3.2
[INFO] [stderr]    Compiling wyz v0.5.1
[INFO] [stderr]    Compiling darling v0.14.4
[INFO] [stderr]    Compiling parking_lot v0.12.1
[INFO] [stderr]    Compiling hashbrown v0.12.3
[INFO] [stderr]    Compiling lexical-core v0.8.5
[INFO] [stderr]    Compiling frunk_proc_macros v0.1.2
[INFO] [stderr]    Compiling thiserror-impl v1.0.56
[INFO] [stderr]    Compiling futures-macro v0.3.30
[INFO] [stderr]    Compiling tokio-macros v2.2.0
[INFO] [stderr]    Compiling frunk_derives v0.4.2
[INFO] [stderr]    Compiling openssl-macros v0.1.1
[INFO] [stderr]    Compiling futures-channel v0.3.30
[INFO] [stderr]    Compiling mio v0.8.10
[INFO] [stderr]    Compiling signal-hook-registry v1.4.1
[INFO] [stderr]    Compiling socket2 v0.5.5
[INFO] [stderr]    Compiling num_cpus v1.16.0
[INFO] [stderr]    Compiling indexmap v1.9.3
[INFO] [stderr]    Compiling futures-io v0.3.30
[INFO] [stderr]    Compiling serde v1.0.194
[INFO] [stderr]    Compiling native-tls v0.2.11
[INFO] [stderr]    Compiling arrayvec v0.7.4
[INFO] [stderr]    Compiling funty v2.0.0
[INFO] [stderr]    Compiling futures-task v0.3.30
[INFO] [stderr]    Compiling base64 v0.13.1
[INFO] [stderr]    Compiling futures-util v0.3.30
[INFO] [stderr]    Compiling tokio v1.35.1
[INFO] [stderr]    Compiling thiserror v1.0.56
[INFO] [stderr]    Compiling flate2 v1.0.28
[INFO] [stderr]    Compiling frunk v0.4.2
[INFO] [stderr]    Compiling bitvec v1.0.1
[INFO] [stderr]    Compiling mysql_common v0.29.2
[INFO] [stderr]    Compiling bigdecimal v0.3.1
[INFO] [stderr]    Compiling unicode-normalization v0.1.22
[INFO] [stderr]    Compiling lexical v6.1.1
[INFO] [stderr]    Compiling derive_builder_core v0.12.0
[INFO] [stderr]    Compiling sha1 v0.10.6
[INFO] [stderr]    Compiling sha2 v0.10.8
[INFO] [stderr]    Compiling tracing-attributes v0.1.27
[INFO] [stderr]    Compiling crossbeam-epoch v0.9.17
[INFO] [stderr]    Compiling tracing-core v0.1.32
[INFO] [stderr]    Compiling chrono v0.4.31
[INFO] [stderr]    Compiling serde_json v1.0.111
[INFO] [stderr]    Compiling priority-queue v1.3.2
[INFO] [stderr]    Compiling saturating v0.1.0
[INFO] [stderr]    Compiling uuid v1.6.1
[INFO] [stderr]    Compiling unicode-segmentation v1.10.1
[INFO] [stderr]    Compiling unicode-bidi v0.3.14
[INFO] [stderr]    Compiling bit-vec v0.6.3
[INFO] [stderr]    Compiling percent-encoding v2.3.1
[INFO] [stderr]    Compiling bit-set v0.5.3
[INFO] [stderr]    Compiling form_urlencoded v1.2.1
[INFO] [stderr]    Compiling tracing v0.1.40
[INFO] [stderr]    Compiling idna v0.5.0
[INFO] [stderr]    Compiling convert_case v0.6.0
[INFO] [stderr]    Compiling crossbeam-deque v0.8.4
[INFO] [stderr]    Compiling toml v0.5.11
[INFO] [stderr]    Compiling derive_builder_macro v0.12.0
[INFO] [stderr]    Compiling pin-project-internal v1.1.3
[INFO] [stderr]    Compiling crossbeam-channel v0.5.10
[INFO] [stderr]    Compiling crossbeam-queue v0.3.10
[INFO] [stderr]    Compiling either v1.9.0
[INFO] [stderr]    Compiling derive_builder v0.12.0
[INFO] [stderr]    Compiling itertools v0.10.5
[INFO] [stderr]    Compiling anyhow v1.0.79
[INFO] [stderr]    Compiling crossbeam v0.8.3
[INFO] [stderr]    Compiling url v2.5.0
[INFO] [stderr]    Compiling tokio-native-tls v0.3.1
[INFO] [stderr]    Compiling tokio-util v0.7.10
[INFO] [stderr]    Compiling fancy-regex v0.11.0
[INFO] [stderr]    Compiling futures-executor v0.3.30
[INFO] [stderr]    Compiling crcnt_ddd_macros v0.2.10
[INFO] [stderr]    Compiling pem v1.1.1
[INFO] [stderr]    Compiling lru v0.8.1
[INFO] [stderr]    Compiling pin-project v1.1.3
[INFO] [stderr]    Compiling twox-hash v1.6.3
[INFO] [stderr]    Compiling ulid v1.1.0
[INFO] [stderr]    Compiling socket2 v0.4.10
[INFO] [stderr]    Compiling quick-error v2.0.1
[INFO] [stderr]    Compiling futures v0.3.30
[INFO] [stderr]    Compiling zxcvbn v2.2.2
[INFO] [stderr]    Compiling async-trait v0.1.77
[INFO] [stderr]    Compiling mysql_async v0.31.3
[INFO] [stderr]    Compiling crcnt_ddd v0.2.14
[INFO] [stderr]    Compiling crcnt_rbac v0.1.8 (/opt/rustwide/workdir)
[INFO] [stderr]     Finished dev [unoptimized + debuginfo] target(s) in 29.58s
[INFO] running `Command { std: "docker" "inspect" "410b8db5025e0e60f6101532800174584d2f656254780a352e88f4ca0d0c7162", kill_on_drop: false }`
[INFO] running `Command { std: "docker" "rm" "-f" "410b8db5025e0e60f6101532800174584d2f656254780a352e88f4ca0d0c7162", kill_on_drop: false }`
[INFO] [stdout] 410b8db5025e0e60f6101532800174584d2f656254780a352e88f4ca0d0c7162
[INFO] running `Command { std: "docker" "create" "-v" "/var/lib/crater-agent-workspace/builds/worker-4-tc2/target:/opt/rustwide/target:rw,Z" "-v" "/var/lib/crater-agent-workspace/builds/worker-4-tc2/source:/opt/rustwide/workdir:ro,Z" "-v" "/var/lib/crater-agent-workspace/cargo-home:/opt/rustwide/cargo-home:ro,Z" "-v" "/var/lib/crater-agent-workspace/rustup-home:/opt/rustwide/rustup-home:ro,Z" "-e" "SOURCE_DIR=/opt/rustwide/workdir" "-e" "CARGO_TARGET_DIR=/opt/rustwide/target" "-e" "CARGO_INCREMENTAL=0" "-e" "RUST_BACKTRACE=full" "-e" "RUSTFLAGS=--cap-lints=warn" "-e" "RUSTDOCFLAGS=--cap-lints=warn" "-e" "CARGO_HOME=/opt/rustwide/cargo-home" "-e" "RUSTUP_HOME=/opt/rustwide/rustup-home" "-w" "/opt/rustwide/workdir" "-m" "1610612736" "--user" "0:0" "--network" "none" "ghcr.io/rust-lang/crates-build-env/linux@sha256:2788e3201cd34a07e3172128adcd8b3090168a8e3bcc40d7c032b9dda1df7d1c" "/opt/rustwide/cargo-home/bin/cargo" "+beta-2023-12-22" "test" "--frozen" "--no-run" "--message-format=json", kill_on_drop: false }`
[INFO] [stdout] f0314dfe204db4896add47dde8eba27976bed5e70b3cfe75c4403f63fd7130a0
[INFO] running `Command { std: "docker" "start" "-a" "f0314dfe204db4896add47dde8eba27976bed5e70b3cfe75c4403f63fd7130a0", kill_on_drop: false }`
[INFO] [stderr]    Compiling regex-syntax v0.6.29
[INFO] [stderr]    Compiling tracing-log v0.2.0
[INFO] [stderr]    Compiling sharded-slab v0.1.7
[INFO] [stderr]    Compiling thread_local v1.1.7
[INFO] [stderr]    Compiling regex-automata v0.1.10
[INFO] [stderr]    Compiling matchers v0.1.0
[INFO] [stderr]    Compiling tracing-subscriber v0.3.18
[INFO] [stderr]    Compiling crcnt_rbac v0.1.8 (/opt/rustwide/workdir)
[INFO] [stdout] error[E0308]: mismatched types
[INFO] [stdout]   --> tests/test_admin.rs:36:44
[INFO] [stdout]    |
[INFO] [stdout] 34 |   let operator = app.create_admin_operator(Owner::new("TestOwner"),
[INFO] [stdout]    |                      --------------------- arguments to this method are incorrect
[INFO] [stdout] 35 |                                            OperatorName::new("TestOwnerAdmin"),
[INFO] [stdout] 36 |                                            OperatorPassword::new("Easy"))
[INFO] [stdout]    |                                            ^^^^^^^^^^^^^^^^^^^^^^^^^^^^^ expected `Option<OperatorPassword>`, found `OperatorPassword`
[INFO] [stdout]    |
[INFO] [stdout]    = note: expected enum `Option<OperatorPassword>`
[INFO] [stdout]             found struct `OperatorPassword`
[INFO] [stdout] note: method defined here
[INFO] [stdout]   --> /opt/rustwide/workdir/src/application/operator_admin.rs:20:12
[INFO] [stdout]    |
[INFO] [stdout] 20 |   async fn create_admin_operator(&self, owner: Owner, name: OperatorName, password: Option<OperatorPassword>) -> Result<OperatorEntity>;
[INFO] [stdout]    |            ^^^^^^^^^^^^^^^^^^^^^
[INFO] [stdout] help: try wrapping the expression in `Some`
[INFO] [stdout]    |
[INFO] [stdout] 36 |                                            Some(OperatorPassword::new("Easy")))
[INFO] [stdout]    |                                            +++++                             +
[INFO] [stdout] 
[INFO] [stdout] 
[INFO] [stdout] error[E0061]: this method takes 2 arguments but 1 argument was supplied
[INFO] [stdout]   --> tests/test_admin.rs:45:21
[INFO] [stdout]    |
[INFO] [stdout] 45 |   let session = app.hit_session(&SessionId::new("SS01GN78WFB8CRY39C3F1QF0DVGE")).await?;
[INFO] [stdout]    |                     ^^^^^^^^^^^------------------------------------------------- an argument of type `FeatureCode` is missing
[INFO] [stdout]    |
[INFO] [stdout] note: method defined here
[INFO] [stdout]   --> /opt/rustwide/workdir/src/application/session_admin.rs:20:12
[INFO] [stdout]    |
[INFO] [stdout] 20 |   async fn hit_session(&self, session_id: &SessionId, feature_code: FeatureCode) -> Result<SessionEntity>;
[INFO] [stdout]    |            ^^^^^^^^^^^
[INFO] [stdout] help: provide the argument
[INFO] [stdout]    |
[INFO] [stdout] 45 |   let session = app.hit_session(&SessionId::new("SS01GN78WFB8CRY39C3F1QF0DVGE"), /* FeatureCode */).await?;
[INFO] [stdout]    |                                ~~~~~~~~~~~~~~~~~~~~~~~~~~~~~~~~~~~~~~~~~~~~~~~~~~~~~~~~~~~~~~~~~~~~
[INFO] [stdout] 
[INFO] [stdout] 
[INFO] [stdout] error: aborting due to 2 previous errors
[INFO] [stdout] 
[INFO] [stdout] 
[INFO] [stdout] Some errors have detailed explanations: E0061, E0308.
[INFO] [stdout] 
[INFO] [stdout] For more information about an error, try `rustc --explain E0061`.
[INFO] [stdout] 
[INFO] [stderr] error: could not compile `crcnt_rbac` (test "test_admin") due to 3 previous errors
[INFO] [stderr] warning: build failed, waiting for other jobs to finish...
[INFO] [stdout] error[E0277]: the trait bound `std::option::Option<OperatorProfileId>: From<&str>` is not satisfied
[INFO] [stdout]   --> src/operator.rs:98:63
[INFO] [stdout]    |
[INFO] [stdout] 98 | ...                   .profile_id("M01".into())
[INFO] [stdout]    |                                         ^^^^ the trait `From<&str>` is not implemented for `std::option::Option<OperatorProfileId>`
[INFO] [stdout]    |
[INFO] [stdout]    = help: the following other types implement trait `From<T>`:
[INFO] [stdout]              <std::option::Option<Level> as From<LevelFilter>>
[INFO] [stdout]              <std::option::Option<Id> as From<Span>>
[INFO] [stdout]              <std::option::Option<Id> as From<tracing_core::span::Current>>
[INFO] [stdout]              <std::option::Option<Id> as From<&'a Span>>
[INFO] [stdout]              <std::option::Option<Id> as From<&'a EnteredSpan>>
[INFO] [stdout]              <std::option::Option<Id> as From<&'a Id>>
[INFO] [stdout]              <std::option::Option<Id> as From<&'a tracing_core::span::Current>>
[INFO] [stdout]              <std::option::Option<deranged::RangedU8<MIN, MAX>> as From<deranged::OptionRangedU8<MIN, MAX>>>
[INFO] [stdout]            and 18 others
[INFO] [stdout]    = note: required for `&str` to implement `Into<std::option::Option<OperatorProfileId>>`
[INFO] [stdout] 
[INFO] [stdout] 
[INFO] [stdout] error[E0277]: the trait bound `std::option::Option<OperatorLastLoginAt>: From<crcnt_ddd::value::UtcDateTime>` is not satisfied
[INFO] [stdout]    --> src/operator.rs:103:79
[INFO] [stdout]     |
[INFO] [stdout] 103 | ...                   .last_login_at(UtcDateTime::now().into())
[INFO] [stdout]     |                                                         ^^^^ the trait `From<crcnt_ddd::value::UtcDateTime>` is not implemented for `std::option::Option<OperatorLastLoginAt>`
[INFO] [stdout]     |
[INFO] [stdout]     = help: the following other types implement trait `From<T>`:
[INFO] [stdout]               <std::option::Option<Level> as From<LevelFilter>>
[INFO] [stdout]               <std::option::Option<Id> as From<Span>>
[INFO] [stdout]               <std::option::Option<Id> as From<tracing_core::span::Current>>
[INFO] [stdout]               <std::option::Option<Id> as From<&'a Span>>
[INFO] [stdout]               <std::option::Option<Id> as From<&'a EnteredSpan>>
[INFO] [stdout]               <std::option::Option<Id> as From<&'a Id>>
[INFO] [stdout]               <std::option::Option<Id> as From<&'a tracing_core::span::Current>>
[INFO] [stdout]               <std::option::Option<deranged::RangedU8<MIN, MAX>> as From<deranged::OptionRangedU8<MIN, MAX>>>
[INFO] [stdout]             and 18 others
[INFO] [stdout]     = note: required for `crcnt_ddd::value::UtcDateTime` to implement `Into<std::option::Option<OperatorLastLoginAt>>`
[INFO] [stdout] 
[INFO] [stdout] 
[INFO] [stdout] error: aborting due to 2 previous errors
[INFO] [stdout] 
[INFO] [stdout] 
[INFO] [stdout] For more information about this error, try `rustc --explain E0277`.
[INFO] [stdout] 
[INFO] [stderr] error: could not compile `crcnt_rbac` (lib test) due to 3 previous errors
[INFO] running `Command { std: "docker" "inspect" "f0314dfe204db4896add47dde8eba27976bed5e70b3cfe75c4403f63fd7130a0", kill_on_drop: false }`
[INFO] running `Command { std: "docker" "rm" "-f" "f0314dfe204db4896add47dde8eba27976bed5e70b3cfe75c4403f63fd7130a0", kill_on_drop: false }`
[INFO] [stdout] f0314dfe204db4896add47dde8eba27976bed5e70b3cfe75c4403f63fd7130a0
