[INFO] fetching crate crash-handler 0.6.0...
[INFO] testing crash-handler-0.6.0 against 1.75.0 for beta-1.76-1
[INFO] extracting crate crash-handler 0.6.0 into /workspace/builds/worker-2-tc1/source
[INFO] validating manifest of crates.io crate crash-handler 0.6.0 on toolchain 1.75.0
[INFO] running `Command { std: CARGO_HOME="/workspace/cargo-home" RUSTUP_HOME="/workspace/rustup-home" "/workspace/cargo-home/bin/cargo" "+1.75.0" "metadata" "--manifest-path" "Cargo.toml" "--no-deps", kill_on_drop: false }`
[INFO] started tweaking crates.io crate crash-handler 0.6.0
[INFO] finished tweaking crates.io crate crash-handler 0.6.0
[INFO] tweaked toml for crates.io crate crash-handler 0.6.0 written to /workspace/builds/worker-2-tc1/source/Cargo.toml
[INFO] running `Command { std: CARGO_HOME="/workspace/cargo-home" RUSTUP_HOME="/workspace/rustup-home" "/workspace/cargo-home/bin/cargo" "+1.75.0" "generate-lockfile" "--manifest-path" "Cargo.toml", kill_on_drop: false }`
[INFO] [stderr]     Updating crates.io index
[INFO] running `Command { std: CARGO_HOME="/workspace/cargo-home" RUSTUP_HOME="/workspace/rustup-home" "/workspace/cargo-home/bin/cargo" "+1.75.0" "fetch" "--manifest-path" "Cargo.toml", kill_on_drop: false }`
[INFO] [stderr]  Downloading crates ...
[INFO] [stderr]   Downloaded crash-context v0.6.1
[INFO] running `Command { std: "docker" "create" "-v" "/var/lib/crater-agent-workspace/builds/worker-2-tc1/target:/opt/rustwide/target:rw,Z" "-v" "/var/lib/crater-agent-workspace/builds/worker-2-tc1/source:/opt/rustwide/workdir:ro,Z" "-v" "/var/lib/crater-agent-workspace/cargo-home:/opt/rustwide/cargo-home:ro,Z" "-v" "/var/lib/crater-agent-workspace/rustup-home:/opt/rustwide/rustup-home:ro,Z" "-e" "SOURCE_DIR=/opt/rustwide/workdir" "-e" "CARGO_TARGET_DIR=/opt/rustwide/target" "-e" "CARGO_HOME=/opt/rustwide/cargo-home" "-e" "RUSTUP_HOME=/opt/rustwide/rustup-home" "-w" "/opt/rustwide/workdir" "-m" "1610612736" "--user" "0:0" "--network" "none" "ghcr.io/rust-lang/crates-build-env/linux@sha256:2788e3201cd34a07e3172128adcd8b3090168a8e3bcc40d7c032b9dda1df7d1c" "/opt/rustwide/cargo-home/bin/cargo" "+1.75.0" "metadata" "--no-deps" "--format-version=1", kill_on_drop: false }`
[INFO] [stdout] d4db5622bdbe0530710c112d0ee687a72f2bbc0209b00da3bc63da219a412c48
[INFO] running `Command { std: "docker" "start" "-a" "d4db5622bdbe0530710c112d0ee687a72f2bbc0209b00da3bc63da219a412c48", kill_on_drop: false }`
[INFO] running `Command { std: "docker" "inspect" "d4db5622bdbe0530710c112d0ee687a72f2bbc0209b00da3bc63da219a412c48", kill_on_drop: false }`
[INFO] running `Command { std: "docker" "rm" "-f" "d4db5622bdbe0530710c112d0ee687a72f2bbc0209b00da3bc63da219a412c48", kill_on_drop: false }`
[INFO] [stdout] d4db5622bdbe0530710c112d0ee687a72f2bbc0209b00da3bc63da219a412c48
[INFO] running `Command { std: "docker" "create" "-v" "/var/lib/crater-agent-workspace/builds/worker-2-tc1/target:/opt/rustwide/target:rw,Z" "-v" "/var/lib/crater-agent-workspace/builds/worker-2-tc1/source:/opt/rustwide/workdir:ro,Z" "-v" "/var/lib/crater-agent-workspace/cargo-home:/opt/rustwide/cargo-home:ro,Z" "-v" "/var/lib/crater-agent-workspace/rustup-home:/opt/rustwide/rustup-home:ro,Z" "-e" "SOURCE_DIR=/opt/rustwide/workdir" "-e" "CARGO_TARGET_DIR=/opt/rustwide/target" "-e" "CARGO_INCREMENTAL=0" "-e" "RUST_BACKTRACE=full" "-e" "RUSTFLAGS=--cap-lints=warn" "-e" "RUSTDOCFLAGS=--cap-lints=warn" "-e" "CARGO_HOME=/opt/rustwide/cargo-home" "-e" "RUSTUP_HOME=/opt/rustwide/rustup-home" "-w" "/opt/rustwide/workdir" "-m" "1610612736" "--user" "0:0" "--network" "none" "ghcr.io/rust-lang/crates-build-env/linux@sha256:2788e3201cd34a07e3172128adcd8b3090168a8e3bcc40d7c032b9dda1df7d1c" "/opt/rustwide/cargo-home/bin/cargo" "+1.75.0" "build" "--frozen" "--message-format=json", kill_on_drop: false }`
[INFO] [stdout] f335e0cae9e2a7cbf2a0d04870ca8dbbaa1ed541a815eddfc81f6ae3b9c5e587
[INFO] running `Command { std: "docker" "start" "-a" "f335e0cae9e2a7cbf2a0d04870ca8dbbaa1ed541a815eddfc81f6ae3b9c5e587", kill_on_drop: false }`
[INFO] [stderr]    Compiling lock_api v0.4.11
[INFO] [stderr]    Compiling parking_lot_core v0.9.9
[INFO] [stderr]    Compiling scopeguard v1.2.0
[INFO] [stderr]    Compiling smallvec v1.11.2
[INFO] [stderr]    Compiling crash-context v0.6.1
[INFO] [stderr]    Compiling parking_lot v0.12.1
[INFO] [stderr]    Compiling crash-handler v0.6.0 (/opt/rustwide/workdir)
[INFO] [stdout] warning: variable does not need to be mutable
[INFO] [stdout]    --> src/linux/state.rs:424:17
[INFO] [stdout]     |
[INFO] [stdout] 424 |             let mut cc = &mut *crash_ctx.as_mut_ptr();
[INFO] [stdout]     |                 ----^^
[INFO] [stdout]     |                 |
[INFO] [stdout]     |                 help: remove this `mut`
[INFO] [stdout]     |
[INFO] [stdout]     = note: `#[warn(unused_mut)]` on by default
[INFO] [stdout] 
[INFO] [stdout] 
[INFO] [stdout] warning: 1 warning emitted
[INFO] [stdout] 
[INFO] [stdout] 
[INFO] [stderr]     Finished dev [unoptimized + debuginfo] target(s) in 0.66s
[INFO] running `Command { std: "docker" "inspect" "f335e0cae9e2a7cbf2a0d04870ca8dbbaa1ed541a815eddfc81f6ae3b9c5e587", kill_on_drop: false }`
[INFO] running `Command { std: "docker" "rm" "-f" "f335e0cae9e2a7cbf2a0d04870ca8dbbaa1ed541a815eddfc81f6ae3b9c5e587", kill_on_drop: false }`
[INFO] [stdout] f335e0cae9e2a7cbf2a0d04870ca8dbbaa1ed541a815eddfc81f6ae3b9c5e587
[INFO] running `Command { std: "docker" "create" "-v" "/var/lib/crater-agent-workspace/builds/worker-2-tc1/target:/opt/rustwide/target:rw,Z" "-v" "/var/lib/crater-agent-workspace/builds/worker-2-tc1/source:/opt/rustwide/workdir:ro,Z" "-v" "/var/lib/crater-agent-workspace/cargo-home:/opt/rustwide/cargo-home:ro,Z" "-v" "/var/lib/crater-agent-workspace/rustup-home:/opt/rustwide/rustup-home:ro,Z" "-e" "SOURCE_DIR=/opt/rustwide/workdir" "-e" "CARGO_TARGET_DIR=/opt/rustwide/target" "-e" "CARGO_INCREMENTAL=0" "-e" "RUST_BACKTRACE=full" "-e" "RUSTFLAGS=--cap-lints=warn" "-e" "RUSTDOCFLAGS=--cap-lints=warn" "-e" "CARGO_HOME=/opt/rustwide/cargo-home" "-e" "RUSTUP_HOME=/opt/rustwide/rustup-home" "-w" "/opt/rustwide/workdir" "-m" "1610612736" "--user" "0:0" "--network" "none" "ghcr.io/rust-lang/crates-build-env/linux@sha256:2788e3201cd34a07e3172128adcd8b3090168a8e3bcc40d7c032b9dda1df7d1c" "/opt/rustwide/cargo-home/bin/cargo" "+1.75.0" "test" "--frozen" "--no-run" "--message-format=json", kill_on_drop: false }`
[INFO] [stdout] 5d31a5b21641b22bd0b4123f7462b9cfe5659eb8166a2bc204b0e46f7231ed55
[INFO] running `Command { std: "docker" "start" "-a" "5d31a5b21641b22bd0b4123f7462b9cfe5659eb8166a2bc204b0e46f7231ed55", kill_on_drop: false }`
[INFO] [stderr]    Compiling crash-handler v0.6.0 (/opt/rustwide/workdir)
[INFO] [stdout] warning: variable does not need to be mutable
[INFO] [stdout]    --> src/linux/state.rs:424:17
[INFO] [stdout]     |
[INFO] [stdout] 424 |             let mut cc = &mut *crash_ctx.as_mut_ptr();
[INFO] [stdout]     |                 ----^^
[INFO] [stdout]     |                 |
[INFO] [stdout]     |                 help: remove this `mut`
[INFO] [stdout]     |
[INFO] [stdout]     = note: `#[warn(unused_mut)]` on by default
[INFO] [stdout] 
[INFO] [stdout] 
[INFO] [stdout] warning: 1 warning emitted
[INFO] [stdout] 
[INFO] [stdout] 
[INFO] [stdout] error[E0432]: unresolved import `sadness_generator`
[INFO] [stdout]  --> tests/shared.rs:6:9
[INFO] [stdout]   |
[INFO] [stdout] 6 | pub use sadness_generator::SadnessFlavor;
[INFO] [stdout]   |         ^^^^^^^^^^^^^^^^^ use of undeclared crate or module `sadness_generator`
[INFO] [stdout] 
[INFO] [stdout] 
[INFO] [stdout] error[E0432]: unresolved import `sadness_generator`
[INFO] [stdout]  --> tests/shared.rs:6:9
[INFO] [stdout]   |
[INFO] [stdout] 6 | pub use sadness_generator::SadnessFlavor;
[INFO] [stdout]   |         ^^^^^^^^^^^^^^^^^ use of undeclared crate or module `sadness_generator`
[INFO] [stdout] 
[INFO] [stdout] 
[INFO] [stdout] error[E0432]: unresolved import `sadness_generator`
[INFO] [stdout]  --> tests/shared.rs:6:9
[INFO] [stdout]   |
[INFO] [stdout] 6 | pub use sadness_generator::SadnessFlavor;
[INFO] [stdout]   |         ^^^^^^^^^^^^^^^^^ use of undeclared crate or module `sadness_generator`
[INFO] [stdout] 
[INFO] [stdout] 
[INFO] [stdout] error[E0432]: unresolved import `sadness_generator`
[INFO] [stdout]  --> tests/shared.rs:6:9
[INFO] [stdout]   |
[INFO] [stdout] 6 | pub use sadness_generator::SadnessFlavor;
[INFO] [stdout]   |         ^^^^^^^^^^^^^^^^^ use of undeclared crate or module `sadness_generator`
[INFO] [stdout] 
[INFO] [stdout] 
[INFO] [stdout] error[E0432]: unresolved import `sadness_generator`
[INFO] [stdout]  --> tests/shared.rs:6:9
[INFO] [stdout]   |
[INFO] [stdout] 6 | pub use sadness_generator::SadnessFlavor;
[INFO] [stdout]   |         ^^^^^^^^^^^^^^^^^ use of undeclared crate or module `sadness_generator`
[INFO] [stdout] 
[INFO] [stdout] 
[INFO] [stdout] error[E0432]: unresolved import `sadness_generator`
[INFO] [stdout]  --> tests/shared.rs:6:9
[INFO] [stdout]   |
[INFO] [stdout] 6 | pub use sadness_generator::SadnessFlavor;
[INFO] [stdout]   |         ^^^^^^^^^^^^^^^^^ use of undeclared crate or module `sadness_generator`
[INFO] [stdout] 
[INFO] [stdout] 
[INFO] [stdout] error[E0432]: unresolved import `sadness_generator`
[INFO] [stdout]  --> tests/shared.rs:6:9
[INFO] [stdout]   |
[INFO] [stdout] 6 | pub use sadness_generator::SadnessFlavor;
[INFO] [stdout]   |         ^^^^^^^^^^^^^^^^^ use of undeclared crate or module `sadness_generator`
[INFO] [stdout] 
[INFO] [stdout] 
[INFO] [stdout] warning: unused import: `ch::debug_print`
[INFO] [stdout]  --> tests/shared.rs:3:9
[INFO] [stdout]   |
[INFO] [stdout] 3 | pub use ch::debug_print;
[INFO] [stdout]   |         ^^^^^^^^^^^^^^^
[INFO] [stdout]   |
[INFO] [stdout]   = note: `#[warn(unused_imports)]` on by default
[INFO] [stdout] 
[INFO] [stdout] 
[INFO] [stdout] warning: unused import: `ch::debug_print`
[INFO] [stdout]  --> tests/shared.rs:3:9
[INFO] [stdout]   |
[INFO] [stdout] 3 | pub use ch::debug_print;
[INFO] [stdout]   |         ^^^^^^^^^^^^^^^
[INFO] [stdout]   |
[INFO] [stdout]   = note: `#[warn(unused_imports)]` on by default
[INFO] [stdout] 
[INFO] [stdout] 
[INFO] [stdout] warning: unused import: `ch::debug_print`
[INFO] [stdout]  --> tests/shared.rs:3:9
[INFO] [stdout]   |
[INFO] [stdout] 3 | pub use ch::debug_print;
[INFO] [stdout]   |         ^^^^^^^^^^^^^^^
[INFO] [stdout]   |
[INFO] [stdout]   = note: `#[warn(unused_imports)]` on by default
[INFO] [stdout] 
[INFO] [stdout] 
[INFO] [stdout] warning: unused import: `ch::debug_print`
[INFO] [stdout]  --> tests/shared.rs:3:9
[INFO] [stdout]   |
[INFO] [stdout] 3 | pub use ch::debug_print;
[INFO] [stdout]   |         ^^^^^^^^^^^^^^^
[INFO] [stdout]   |
[INFO] [stdout]   = note: `#[warn(unused_imports)]` on by default
[INFO] [stdout] 
[INFO] [stdout] 
[INFO] [stdout] warning: unused import: `ch::debug_print`
[INFO] [stdout]  --> tests/shared.rs:3:9
[INFO] [stdout]   |
[INFO] [stdout] 3 | pub use ch::debug_print;
[INFO] [stdout]   |         ^^^^^^^^^^^^^^^
[INFO] [stdout]   |
[INFO] [stdout]   = note: `#[warn(unused_imports)]` on by default
[INFO] [stdout] 
[INFO] [stdout] 
[INFO] [stdout] error[E0432]: unresolved import `sadness_generator`
[INFO] [stdout]  --> tests/shared.rs:6:9
[INFO] [stdout]   |
[INFO] [stdout] 6 | pub use sadness_generator::SadnessFlavor;
[INFO] [stdout]   |         ^^^^^^^^^^^^^^^^^ use of undeclared crate or module `sadness_generator`
[INFO] [stdout] 
[INFO] [stdout] 
[INFO] [stdout] warning: unused import: `ch::debug_print`
[INFO] [stdout]  --> tests/shared.rs:3:9
[INFO] [stdout]   |
[INFO] [stdout] 3 | pub use ch::debug_print;
[INFO] [stdout]   |         ^^^^^^^^^^^^^^^
[INFO] [stdout]   |
[INFO] [stdout]   = note: `#[warn(unused_imports)]` on by default
[INFO] [stdout] 
[INFO] [stdout] 
[INFO] [stdout] warning: unused import: `ch::debug_print`
[INFO] [stdout]  --> tests/shared.rs:3:9
[INFO] [stdout]   |
[INFO] [stdout] 3 | pub use ch::debug_print;
[INFO] [stdout]   |         ^^^^^^^^^^^^^^^
[INFO] [stdout]   |
[INFO] [stdout]   = note: `#[warn(unused_imports)]` on by default
[INFO] [stdout] 
[INFO] [stdout] 
[INFO] [stdout] error: aborting due to previous error; 1 warning emitted
[INFO] [stdout] 
[INFO] [stdout] 
[INFO] [stdout] For more information about this error, try `rustc --explain E0432`.
[INFO] [stdout] 
[INFO] [stdout] error: aborting due to previous error; 1 warning emitted
[INFO] [stdout] 
[INFO] [stdout] 
[INFO] [stdout] error: aborting due to previous error; 1 warning emitted
[INFO] [stdout] 
[INFO] [stdout] 
[INFO] [stdout] error: aborting due to previous error; 1 warning emitted
[INFO] [stdout] 
[INFO] [stdout] 
[INFO] [stdout] error: aborting due to previous error; 1 warning emitted
[INFO] [stdout] 
[INFO] [stdout] 
[INFO] [stdout] For more information about this error, try `rustc --explain E0432`.
[INFO] [stdout] 
[INFO] [stdout] For more information about this error, try `rustc --explain E0432`.
[INFO] [stdout] 
[INFO] [stdout] For more information about this error, try `rustc --explain E0432`.
[INFO] [stdout] 
[INFO] [stdout] For more information about this error, try `rustc --explain E0432`.
[INFO] [stdout] 
[INFO] [stdout] error: aborting due to previous error
[INFO] [stdout] 
[INFO] [stdout] 
[INFO] [stdout] For more information about this error, try `rustc --explain E0432`.
[INFO] [stdout] 
[INFO] [stdout] error: aborting due to previous error; 1 warning emitted
[INFO] [stdout] 
[INFO] [stdout] 
[INFO] [stdout] For more information about this error, try `rustc --explain E0432`.
[INFO] [stdout] 
[INFO] [stdout] error: aborting due to previous error; 1 warning emitted
[INFO] [stdout] 
[INFO] [stdout] 
[INFO] [stdout] For more information about this error, try `rustc --explain E0432`.
[INFO] [stdout] 
[INFO] [stderr] error: could not compile `crash-handler` (test "segv") due to 2 previous errors; 1 warning emitted
[INFO] [stderr] warning: build failed, waiting for other jobs to finish...
[INFO] [stderr] error: could not compile `crash-handler` (test "stack_overflow_pthread") due to 2 previous errors; 1 warning emitted
[INFO] [stderr] error: could not compile `crash-handler` (test "fpe") due to 2 previous errors; 1 warning emitted
[INFO] [stderr] error: could not compile `crash-handler` (test "illegal") due to 2 previous errors; 1 warning emitted
[INFO] [stderr] error: could not compile `crash-handler` (test "shared") due to 2 previous errors
[INFO] [stdout] error[E0432]: unresolved import `sadness_generator`
[INFO] [stdout]  --> tests/shared.rs:6:9
[INFO] [stdout]   |
[INFO] [stdout] 6 | pub use sadness_generator::SadnessFlavor;
[INFO] [stdout]   |         ^^^^^^^^^^^^^^^^^ use of undeclared crate or module `sadness_generator`
[INFO] [stdout] 
[INFO] [stdout] 
[INFO] [stderr] error: could not compile `crash-handler` (test "bus") due to 2 previous errors; 1 warning emitted
[INFO] [stderr] error: could not compile `crash-handler` (test "stack_overflow") due to 2 previous errors; 1 warning emitted
[INFO] [stderr] error: could not compile `crash-handler` (test "trap") due to 2 previous errors; 1 warning emitted
[INFO] [stdout] warning: unused import: `ch::debug_print`
[INFO] [stdout]  --> tests/shared.rs:3:9
[INFO] [stdout]   |
[INFO] [stdout] 3 | pub use ch::debug_print;
[INFO] [stdout]   |         ^^^^^^^^^^^^^^^
[INFO] [stdout]   |
[INFO] [stdout]   = note: `#[warn(unused_imports)]` on by default
[INFO] [stdout] 
[INFO] [stdout] 
[INFO] [stdout] error: aborting due to previous error; 1 warning emitted
[INFO] [stdout] 
[INFO] [stdout] 
[INFO] [stdout] For more information about this error, try `rustc --explain E0432`.
[INFO] [stdout] 
[INFO] [stderr] error: could not compile `crash-handler` (test "abort") due to 2 previous errors; 1 warning emitted
[INFO] [stdout] warning: variable does not need to be mutable
[INFO] [stdout]    --> src/linux/state.rs:424:17
[INFO] [stdout]     |
[INFO] [stdout] 424 |             let mut cc = &mut *crash_ctx.as_mut_ptr();
[INFO] [stdout]     |                 ----^^
[INFO] [stdout]     |                 |
[INFO] [stdout]     |                 help: remove this `mut`
[INFO] [stdout]     |
[INFO] [stdout]     = note: `#[warn(unused_mut)]` on by default
[INFO] [stdout] 
[INFO] [stdout] 
[INFO] [stdout] warning: 1 warning emitted
[INFO] [stdout] 
[INFO] [stdout] 
[INFO] running `Command { std: "docker" "inspect" "5d31a5b21641b22bd0b4123f7462b9cfe5659eb8166a2bc204b0e46f7231ed55", kill_on_drop: false }`
[INFO] running `Command { std: "docker" "rm" "-f" "5d31a5b21641b22bd0b4123f7462b9cfe5659eb8166a2bc204b0e46f7231ed55", kill_on_drop: false }`
[INFO] [stdout] 5d31a5b21641b22bd0b4123f7462b9cfe5659eb8166a2bc204b0e46f7231ed55
[INFO] testing crash-handler-0.6.0 against beta-2023-12-22 for beta-1.76-1
[INFO] extracting crate crash-handler 0.6.0 into /workspace/builds/worker-2-tc2/source
[INFO] validating manifest of crates.io crate crash-handler 0.6.0 on toolchain beta-2023-12-22
[INFO] running `Command { std: CARGO_HOME="/workspace/cargo-home" RUSTUP_HOME="/workspace/rustup-home" "/workspace/cargo-home/bin/cargo" "+beta-2023-12-22" "metadata" "--manifest-path" "Cargo.toml" "--no-deps", kill_on_drop: false }`
[INFO] started tweaking crates.io crate crash-handler 0.6.0
[INFO] finished tweaking crates.io crate crash-handler 0.6.0
[INFO] tweaked toml for crates.io crate crash-handler 0.6.0 written to /workspace/builds/worker-2-tc2/source/Cargo.toml
[INFO] running `Command { std: CARGO_HOME="/workspace/cargo-home" RUSTUP_HOME="/workspace/rustup-home" "/workspace/cargo-home/bin/cargo" "+beta-2023-12-22" "generate-lockfile" "--manifest-path" "Cargo.toml", kill_on_drop: false }`
[INFO] [stderr]     Updating crates.io index
[INFO] running `Command { std: CARGO_HOME="/workspace/cargo-home" RUSTUP_HOME="/workspace/rustup-home" "/workspace/cargo-home/bin/cargo" "+beta-2023-12-22" "fetch" "--manifest-path" "Cargo.toml", kill_on_drop: false }`
[INFO] running `Command { std: "docker" "create" "-v" "/var/lib/crater-agent-workspace/builds/worker-2-tc2/target:/opt/rustwide/target:rw,Z" "-v" "/var/lib/crater-agent-workspace/builds/worker-2-tc2/source:/opt/rustwide/workdir:ro,Z" "-v" "/var/lib/crater-agent-workspace/cargo-home:/opt/rustwide/cargo-home:ro,Z" "-v" "/var/lib/crater-agent-workspace/rustup-home:/opt/rustwide/rustup-home:ro,Z" "-e" "SOURCE_DIR=/opt/rustwide/workdir" "-e" "CARGO_TARGET_DIR=/opt/rustwide/target" "-e" "CARGO_HOME=/opt/rustwide/cargo-home" "-e" "RUSTUP_HOME=/opt/rustwide/rustup-home" "-w" "/opt/rustwide/workdir" "-m" "1610612736" "--user" "0:0" "--network" "none" "ghcr.io/rust-lang/crates-build-env/linux@sha256:2788e3201cd34a07e3172128adcd8b3090168a8e3bcc40d7c032b9dda1df7d1c" "/opt/rustwide/cargo-home/bin/cargo" "+beta-2023-12-22" "metadata" "--no-deps" "--format-version=1", kill_on_drop: false }`
[INFO] [stdout] 188b3244fc015e51fa941314cb5fe89c4b27a60bb94d88da82a79317fef756db
[INFO] running `Command { std: "docker" "start" "-a" "188b3244fc015e51fa941314cb5fe89c4b27a60bb94d88da82a79317fef756db", kill_on_drop: false }`
[INFO] running `Command { std: "docker" "inspect" "188b3244fc015e51fa941314cb5fe89c4b27a60bb94d88da82a79317fef756db", kill_on_drop: false }`
[INFO] running `Command { std: "docker" "rm" "-f" "188b3244fc015e51fa941314cb5fe89c4b27a60bb94d88da82a79317fef756db", kill_on_drop: false }`
[INFO] [stdout] 188b3244fc015e51fa941314cb5fe89c4b27a60bb94d88da82a79317fef756db
[INFO] running `Command { std: "docker" "create" "-v" "/var/lib/crater-agent-workspace/builds/worker-2-tc2/target:/opt/rustwide/target:rw,Z" "-v" "/var/lib/crater-agent-workspace/builds/worker-2-tc2/source:/opt/rustwide/workdir:ro,Z" "-v" "/var/lib/crater-agent-workspace/cargo-home:/opt/rustwide/cargo-home:ro,Z" "-v" "/var/lib/crater-agent-workspace/rustup-home:/opt/rustwide/rustup-home:ro,Z" "-e" "SOURCE_DIR=/opt/rustwide/workdir" "-e" "CARGO_TARGET_DIR=/opt/rustwide/target" "-e" "CARGO_INCREMENTAL=0" "-e" "RUST_BACKTRACE=full" "-e" "RUSTFLAGS=--cap-lints=warn" "-e" "RUSTDOCFLAGS=--cap-lints=warn" "-e" "CARGO_HOME=/opt/rustwide/cargo-home" "-e" "RUSTUP_HOME=/opt/rustwide/rustup-home" "-w" "/opt/rustwide/workdir" "-m" "1610612736" "--user" "0:0" "--network" "none" "ghcr.io/rust-lang/crates-build-env/linux@sha256:2788e3201cd34a07e3172128adcd8b3090168a8e3bcc40d7c032b9dda1df7d1c" "/opt/rustwide/cargo-home/bin/cargo" "+beta-2023-12-22" "build" "--frozen" "--message-format=json", kill_on_drop: false }`
[INFO] [stdout] dfba59f9bcebcb9d800e2c7212c7bf1c5a204b12e96b07785a841da13a91cfad
[INFO] running `Command { std: "docker" "start" "-a" "dfba59f9bcebcb9d800e2c7212c7bf1c5a204b12e96b07785a841da13a91cfad", kill_on_drop: false }`
[INFO] [stderr]    Compiling lock_api v0.4.11
[INFO] [stderr]    Compiling parking_lot_core v0.9.9
[INFO] [stderr]    Compiling scopeguard v1.2.0
[INFO] [stderr]    Compiling smallvec v1.11.2
[INFO] [stderr]    Compiling crash-context v0.6.1
[INFO] [stderr]    Compiling parking_lot v0.12.1
[INFO] [stderr]    Compiling crash-handler v0.6.0 (/opt/rustwide/workdir)
[INFO] [stdout] warning: variable does not need to be mutable
[INFO] [stdout]    --> src/linux/state.rs:424:17
[INFO] [stdout]     |
[INFO] [stdout] 424 |             let mut cc = &mut *crash_ctx.as_mut_ptr();
[INFO] [stdout]     |                 ----^^
[INFO] [stdout]     |                 |
[INFO] [stdout]     |                 help: remove this `mut`
[INFO] [stdout]     |
[INFO] [stdout]     = note: `#[warn(unused_mut)]` on by default
[INFO] [stdout] 
[INFO] [stdout] 
[INFO] [stdout] warning: 1 warning emitted
[INFO] [stdout] 
[INFO] [stdout] 
[INFO] [stderr]     Finished dev [unoptimized + debuginfo] target(s) in 0.59s
[INFO] running `Command { std: "docker" "inspect" "dfba59f9bcebcb9d800e2c7212c7bf1c5a204b12e96b07785a841da13a91cfad", kill_on_drop: false }`
[INFO] running `Command { std: "docker" "rm" "-f" "dfba59f9bcebcb9d800e2c7212c7bf1c5a204b12e96b07785a841da13a91cfad", kill_on_drop: false }`
[INFO] [stdout] dfba59f9bcebcb9d800e2c7212c7bf1c5a204b12e96b07785a841da13a91cfad
[INFO] running `Command { std: "docker" "create" "-v" "/var/lib/crater-agent-workspace/builds/worker-2-tc2/target:/opt/rustwide/target:rw,Z" "-v" "/var/lib/crater-agent-workspace/builds/worker-2-tc2/source:/opt/rustwide/workdir:ro,Z" "-v" "/var/lib/crater-agent-workspace/cargo-home:/opt/rustwide/cargo-home:ro,Z" "-v" "/var/lib/crater-agent-workspace/rustup-home:/opt/rustwide/rustup-home:ro,Z" "-e" "SOURCE_DIR=/opt/rustwide/workdir" "-e" "CARGO_TARGET_DIR=/opt/rustwide/target" "-e" "CARGO_INCREMENTAL=0" "-e" "RUST_BACKTRACE=full" "-e" "RUSTFLAGS=--cap-lints=warn" "-e" "RUSTDOCFLAGS=--cap-lints=warn" "-e" "CARGO_HOME=/opt/rustwide/cargo-home" "-e" "RUSTUP_HOME=/opt/rustwide/rustup-home" "-w" "/opt/rustwide/workdir" "-m" "1610612736" "--user" "0:0" "--network" "none" "ghcr.io/rust-lang/crates-build-env/linux@sha256:2788e3201cd34a07e3172128adcd8b3090168a8e3bcc40d7c032b9dda1df7d1c" "/opt/rustwide/cargo-home/bin/cargo" "+beta-2023-12-22" "test" "--frozen" "--no-run" "--message-format=json", kill_on_drop: false }`
[INFO] [stdout] 2e6e3c20d0c707cb721d3847a9b3b88ca191e6678a54148b8ad6e2f02eb2f34f
[INFO] running `Command { std: "docker" "start" "-a" "2e6e3c20d0c707cb721d3847a9b3b88ca191e6678a54148b8ad6e2f02eb2f34f", kill_on_drop: false }`
[INFO] [stderr]    Compiling crash-handler v0.6.0 (/opt/rustwide/workdir)
[INFO] [stdout] warning: variable does not need to be mutable
[INFO] [stdout]    --> src/linux/state.rs:424:17
[INFO] [stdout]     |
[INFO] [stdout] 424 |             let mut cc = &mut *crash_ctx.as_mut_ptr();
[INFO] [stdout]     |                 ----^^
[INFO] [stdout]     |                 |
[INFO] [stdout]     |                 help: remove this `mut`
[INFO] [stdout]     |
[INFO] [stdout]     = note: `#[warn(unused_mut)]` on by default
[INFO] [stdout] 
[INFO] [stdout] 
[INFO] [stdout] warning: 1 warning emitted
[INFO] [stdout] 
[INFO] [stdout] 
[INFO] [stdout] error[E0432]: unresolved import `sadness_generator`
[INFO] [stdout]  --> tests/shared.rs:6:9
[INFO] [stdout]   |
[INFO] [stdout] 6 | pub use sadness_generator::SadnessFlavor;
[INFO] [stdout]   |         ^^^^^^^^^^^^^^^^^ use of undeclared crate or module `sadness_generator`
[INFO] [stdout] 
[INFO] [stdout] 
[INFO] [stdout] error[E0432]: unresolved import `sadness_generator`
[INFO] [stdout]  --> tests/shared.rs:6:9
[INFO] [stdout]   |
[INFO] [stdout] 6 | pub use sadness_generator::SadnessFlavor;
[INFO] [stdout]   |         ^^^^^^^^^^^^^^^^^ use of undeclared crate or module `sadness_generator`
[INFO] [stdout] 
[INFO] [stdout] 
[INFO] [stdout] error[E0432]: unresolved import `sadness_generator`
[INFO] [stdout]  --> tests/shared.rs:6:9
[INFO] [stdout]   |
[INFO] [stdout] 6 | pub use sadness_generator::SadnessFlavor;
[INFO] [stdout]   |         ^^^^^^^^^^^^^^^^^ use of undeclared crate or module `sadness_generator`
[INFO] [stdout] 
[INFO] [stdout] 
[INFO] [stdout] error[E0432]: unresolved import `sadness_generator`
[INFO] [stdout]  --> tests/shared.rs:6:9
[INFO] [stdout]   |
[INFO] [stdout] 6 | pub use sadness_generator::SadnessFlavor;
[INFO] [stdout]   |         ^^^^^^^^^^^^^^^^^ use of undeclared crate or module `sadness_generator`
[INFO] [stdout] 
[INFO] [stdout] 
[INFO] [stdout] error[E0432]: unresolved import `sadness_generator`
[INFO] [stdout]  --> tests/shared.rs:6:9
[INFO] [stdout]   |
[INFO] [stdout] 6 | pub use sadness_generator::SadnessFlavor;
[INFO] [stdout]   |         ^^^^^^^^^^^^^^^^^ use of undeclared crate or module `sadness_generator`
[INFO] [stdout] 
[INFO] [stdout] 
[INFO] [stdout] warning: unused import: `ch::debug_print`
[INFO] [stdout]  --> tests/shared.rs:3:9
[INFO] [stdout]   |
[INFO] [stdout] 3 | pub use ch::debug_print;
[INFO] [stdout]   |         ^^^^^^^^^^^^^^^
[INFO] [stdout]   |
[INFO] [stdout]   = note: `#[warn(unused_imports)]` on by default
[INFO] [stdout] 
[INFO] [stdout] 
[INFO] [stdout] warning: unused import: `ch::debug_print`
[INFO] [stdout]  --> tests/shared.rs:3:9
[INFO] [stdout]   |
[INFO] [stdout] 3 | pub use ch::debug_print;
[INFO] [stdout]   |         ^^^^^^^^^^^^^^^
[INFO] [stdout]   |
[INFO] [stdout]   = note: `#[warn(unused_imports)]` on by default
[INFO] [stdout] 
[INFO] [stdout] 
[INFO] [stdout] warning: unused import: `ch::debug_print`
[INFO] [stdout]  --> tests/shared.rs:3:9
[INFO] [stdout]   |
[INFO] [stdout] 3 | pub use ch::debug_print;
[INFO] [stdout]   |         ^^^^^^^^^^^^^^^
[INFO] [stdout]   |
[INFO] [stdout]   = note: `#[warn(unused_imports)]` on by default
[INFO] [stdout] 
[INFO] [stdout] 
[INFO] [stdout] warning: unused import: `ch::debug_print`
[INFO] [stdout]  --> tests/shared.rs:3:9
[INFO] [stdout]   |
[INFO] [stdout] 3 | pub use ch::debug_print;
[INFO] [stdout]   |         ^^^^^^^^^^^^^^^
[INFO] [stdout]   |
[INFO] [stdout]   = note: `#[warn(unused_imports)]` on by default
[INFO] [stdout] 
[INFO] [stdout] 
[INFO] [stdout] error[E0432]: unresolved import `sadness_generator`
[INFO] [stdout]  --> tests/shared.rs:6:9
[INFO] [stdout]   |
[INFO] [stdout] 6 | pub use sadness_generator::SadnessFlavor;
[INFO] [stdout]   |         ^^^^^^^^^^^^^^^^^ use of undeclared crate or module `sadness_generator`
[INFO] [stdout] 
[INFO] [stdout] 
[INFO] [stdout] error[E0432]: unresolved import `sadness_generator`
[INFO] [stdout]  --> tests/shared.rs:6:9
[INFO] [stdout]   |
[INFO] [stdout] 6 | pub use sadness_generator::SadnessFlavor;
[INFO] [stdout]   |         ^^^^^^^^^^^^^^^^^ use of undeclared crate or module `sadness_generator`
[INFO] [stdout] 
[INFO] [stdout] 
[INFO] [stdout] warning: unused import: `ch::debug_print`
[INFO] [stdout]  --> tests/shared.rs:3:9
[INFO] [stdout]   |
[INFO] [stdout] 3 | pub use ch::debug_print;
[INFO] [stdout]   |         ^^^^^^^^^^^^^^^
[INFO] [stdout]   |
[INFO] [stdout]   = note: `#[warn(unused_imports)]` on by default
[INFO] [stdout] 
[INFO] [stdout] 
[INFO] [stdout] error[E0432]: unresolved import `sadness_generator`
[INFO] [stdout]  --> tests/shared.rs:6:9
[INFO] [stdout]   |
[INFO] [stdout] 6 | pub use sadness_generator::SadnessFlavor;
[INFO] [stdout]   |         ^^^^^^^^^^^^^^^^^ use of undeclared crate or module `sadness_generator`
[INFO] [stdout] 
[INFO] [stdout] 
[INFO] [stdout] warning: unused import: `ch::debug_print`
[INFO] [stdout]  --> tests/shared.rs:3:9
[INFO] [stdout]   |
[INFO] [stdout] 3 | pub use ch::debug_print;
[INFO] [stdout]   |         ^^^^^^^^^^^^^^^
[INFO] [stdout]   |
[INFO] [stdout]   = note: `#[warn(unused_imports)]` on by default
[INFO] [stdout] 
[INFO] [stdout] 
[INFO] [stdout] warning: unused import: `ch::debug_print`
[INFO] [stdout]  --> tests/shared.rs:3:9
[INFO] [stdout]   |
[INFO] [stdout] 3 | pub use ch::debug_print;
[INFO] [stdout]   |         ^^^^^^^^^^^^^^^
[INFO] [stdout]   |
[INFO] [stdout]   = note: `#[warn(unused_imports)]` on by default
[INFO] [stdout] 
[INFO] [stdout] 
[INFO] [stdout] error[E0432]: unresolved import `sadness_generator`
[INFO] [stdout]  --> tests/shared.rs:6:9
[INFO] [stdout]   |
[INFO] [stdout] 6 | pub use sadness_generator::SadnessFlavor;
[INFO] [stdout]   |         ^^^^^^^^^^^^^^^^^ use of undeclared crate or module `sadness_generator`
[INFO] [stdout] 
[INFO] [stdout] 
[INFO] [stdout] warning: unused import: `ch::debug_print`
[INFO] [stdout]  --> tests/shared.rs:3:9
[INFO] [stdout]   |
[INFO] [stdout] 3 | pub use ch::debug_print;
[INFO] [stdout]   |         ^^^^^^^^^^^^^^^
[INFO] [stdout]   |
[INFO] [stdout]   = note: `#[warn(unused_imports)]` on by default
[INFO] [stdout] 
[INFO] [stdout] 
[INFO] [stdout] error: aborting due to 1 previous error; 1 warning emitted
[INFO] [stdout] 
[INFO] [stdout] 
[INFO] [stdout] For more information about this error, try `rustc --explain E0432`.
[INFO] [stdout] 
[INFO] [stdout] error: aborting due to 1 previous error; 1 warning emitted
[INFO] [stdout] 
[INFO] [stdout] 
[INFO] [stdout] error: aborting due to 1 previous error; 1 warning emitted
[INFO] [stdout] 
[INFO] [stdout] 
[INFO] [stdout] error: aborting due to 1 previous error; 1 warning emitted
[INFO] [stdout] 
[INFO] [stdout] 
[INFO] [stdout] error: aborting due to 1 previous error; 1 warning emitted
[INFO] [stdout] 
[INFO] [stdout] 
[INFO] [stdout] For more information about this error, try `rustc --explain E0432`.
[INFO] [stdout] 
[INFO] [stdout] For more information about this error, try `rustc --explain E0432`.
[INFO] [stdout] 
[INFO] [stdout] For more information about this error, try `rustc --explain E0432`.
[INFO] [stdout] 
[INFO] [stdout] For more information about this error, try `rustc --explain E0432`.
[INFO] [stdout] 
[INFO] [stdout] error: aborting due to 1 previous error; 1 warning emitted
[INFO] [stdout] 
[INFO] [stdout] 
[INFO] [stdout] For more information about this error, try `rustc --explain E0432`.
[INFO] [stdout] 
[INFO] [stdout] error: aborting due to 1 previous error; 1 warning emitted
[INFO] [stdout] 
[INFO] [stdout] 
[INFO] [stdout] error: aborting due to 1 previous error
[INFO] [stdout] 
[INFO] [stdout] 
[INFO] [stdout] For more information about this error, try `rustc --explain E0432`.
[INFO] [stdout] 
[INFO] [stdout] error: aborting due to 1 previous error; 1 warning emitted
[INFO] [stdout] 
[INFO] [stdout] 
[INFO] [stdout] For more information about this error, try `rustc --explain E0432`.
[INFO] [stdout] 
[INFO] [stdout] For more information about this error, try `rustc --explain E0432`.
[INFO] [stdout] 
[INFO] [stderr] error: could not compile `crash-handler` (test "trap") due to 2 previous errors; 1 warning emitted
[INFO] [stderr] warning: build failed, waiting for other jobs to finish...
[INFO] [stderr] error: could not compile `crash-handler` (test "shared") due to 2 previous errors
[INFO] [stderr] error: could not compile `crash-handler` (test "stack_overflow") due to 2 previous errors; 1 warning emitted
[INFO] [stderr] error: could not compile `crash-handler` (test "abort") due to 2 previous errors; 1 warning emitted
[INFO] [stderr] error: could not compile `crash-handler` (test "illegal") due to 2 previous errors; 1 warning emitted
[INFO] [stderr] error: could not compile `crash-handler` (test "bus") due to 2 previous errors; 1 warning emitted
[INFO] [stderr] error: could not compile `crash-handler` (test "segv") due to 2 previous errors; 1 warning emitted
[INFO] [stderr] error: could not compile `crash-handler` (test "stack_overflow_pthread") due to 2 previous errors; 1 warning emitted
[INFO] [stderr] error: could not compile `crash-handler` (test "fpe") due to 2 previous errors; 1 warning emitted
[INFO] [stdout] warning: variable does not need to be mutable
[INFO] [stdout]    --> src/linux/state.rs:424:17
[INFO] [stdout]     |
[INFO] [stdout] 424 |             let mut cc = &mut *crash_ctx.as_mut_ptr();
[INFO] [stdout]     |                 ----^^
[INFO] [stdout]     |                 |
[INFO] [stdout]     |                 help: remove this `mut`
[INFO] [stdout]     |
[INFO] [stdout]     = note: `#[warn(unused_mut)]` on by default
[INFO] [stdout] 
[INFO] [stdout] 
[INFO] [stdout] warning: 1 warning emitted
[INFO] [stdout] 
[INFO] [stdout] 
[INFO] running `Command { std: "docker" "inspect" "2e6e3c20d0c707cb721d3847a9b3b88ca191e6678a54148b8ad6e2f02eb2f34f", kill_on_drop: false }`
[INFO] running `Command { std: "docker" "rm" "-f" "2e6e3c20d0c707cb721d3847a9b3b88ca191e6678a54148b8ad6e2f02eb2f34f", kill_on_drop: false }`
[INFO] [stdout] 2e6e3c20d0c707cb721d3847a9b3b88ca191e6678a54148b8ad6e2f02eb2f34f
