[INFO] fetching crate cranenum 0.0.1...
[INFO] testing cranenum-0.0.1 against 1.75.0 for beta-1.76-1
[INFO] extracting crate cranenum 0.0.1 into /workspace/builds/worker-5-tc1/source
[INFO] validating manifest of crates.io crate cranenum 0.0.1 on toolchain 1.75.0
[INFO] running `Command { std: CARGO_HOME="/workspace/cargo-home" RUSTUP_HOME="/workspace/rustup-home" "/workspace/cargo-home/bin/cargo" "+1.75.0" "metadata" "--manifest-path" "Cargo.toml" "--no-deps", kill_on_drop: false }`
[INFO] started tweaking crates.io crate cranenum 0.0.1
[INFO] finished tweaking crates.io crate cranenum 0.0.1
[INFO] tweaked toml for crates.io crate cranenum 0.0.1 written to /workspace/builds/worker-5-tc1/source/Cargo.toml
[INFO] running `Command { std: CARGO_HOME="/workspace/cargo-home" RUSTUP_HOME="/workspace/rustup-home" "/workspace/cargo-home/bin/cargo" "+1.75.0" "generate-lockfile" "--manifest-path" "Cargo.toml", kill_on_drop: false }`
[INFO] [stderr]     Updating crates.io index
[INFO] running `Command { std: CARGO_HOME="/workspace/cargo-home" RUSTUP_HOME="/workspace/rustup-home" "/workspace/cargo-home/bin/cargo" "+1.75.0" "fetch" "--manifest-path" "Cargo.toml", kill_on_drop: false }`
[INFO] running `Command { std: "docker" "create" "-v" "/var/lib/crater-agent-workspace/builds/worker-5-tc1/target:/opt/rustwide/target:rw,Z" "-v" "/var/lib/crater-agent-workspace/builds/worker-5-tc1/source:/opt/rustwide/workdir:ro,Z" "-v" "/var/lib/crater-agent-workspace/cargo-home:/opt/rustwide/cargo-home:ro,Z" "-v" "/var/lib/crater-agent-workspace/rustup-home:/opt/rustwide/rustup-home:ro,Z" "-e" "SOURCE_DIR=/opt/rustwide/workdir" "-e" "CARGO_TARGET_DIR=/opt/rustwide/target" "-e" "CARGO_HOME=/opt/rustwide/cargo-home" "-e" "RUSTUP_HOME=/opt/rustwide/rustup-home" "-w" "/opt/rustwide/workdir" "-m" "1610612736" "--user" "0:0" "--network" "none" "ghcr.io/rust-lang/crates-build-env/linux@sha256:2788e3201cd34a07e3172128adcd8b3090168a8e3bcc40d7c032b9dda1df7d1c" "/opt/rustwide/cargo-home/bin/cargo" "+1.75.0" "metadata" "--no-deps" "--format-version=1", kill_on_drop: false }`
[INFO] [stdout] f90996a56c2825d06ad96237e06af9594e1443f8f98c5e9ab248e275d7e353a3
[INFO] running `Command { std: "docker" "start" "-a" "f90996a56c2825d06ad96237e06af9594e1443f8f98c5e9ab248e275d7e353a3", kill_on_drop: false }`
[INFO] running `Command { std: "docker" "inspect" "f90996a56c2825d06ad96237e06af9594e1443f8f98c5e9ab248e275d7e353a3", kill_on_drop: false }`
[INFO] running `Command { std: "docker" "rm" "-f" "f90996a56c2825d06ad96237e06af9594e1443f8f98c5e9ab248e275d7e353a3", kill_on_drop: false }`
[INFO] [stdout] f90996a56c2825d06ad96237e06af9594e1443f8f98c5e9ab248e275d7e353a3
[INFO] running `Command { std: "docker" "create" "-v" "/var/lib/crater-agent-workspace/builds/worker-5-tc1/target:/opt/rustwide/target:rw,Z" "-v" "/var/lib/crater-agent-workspace/builds/worker-5-tc1/source:/opt/rustwide/workdir:ro,Z" "-v" "/var/lib/crater-agent-workspace/cargo-home:/opt/rustwide/cargo-home:ro,Z" "-v" "/var/lib/crater-agent-workspace/rustup-home:/opt/rustwide/rustup-home:ro,Z" "-e" "SOURCE_DIR=/opt/rustwide/workdir" "-e" "CARGO_TARGET_DIR=/opt/rustwide/target" "-e" "CARGO_INCREMENTAL=0" "-e" "RUST_BACKTRACE=full" "-e" "RUSTFLAGS=--cap-lints=warn" "-e" "RUSTDOCFLAGS=--cap-lints=warn" "-e" "CARGO_HOME=/opt/rustwide/cargo-home" "-e" "RUSTUP_HOME=/opt/rustwide/rustup-home" "-w" "/opt/rustwide/workdir" "-m" "1610612736" "--user" "0:0" "--network" "none" "ghcr.io/rust-lang/crates-build-env/linux@sha256:2788e3201cd34a07e3172128adcd8b3090168a8e3bcc40d7c032b9dda1df7d1c" "/opt/rustwide/cargo-home/bin/cargo" "+1.75.0" "build" "--frozen" "--message-format=json", kill_on_drop: false }`
[INFO] [stdout] 69a2d6460cfbb584bfbb48cb99697021ccbde3a3142f0478fb39d639a6198c62
[INFO] running `Command { std: "docker" "start" "-a" "69a2d6460cfbb584bfbb48cb99697021ccbde3a3142f0478fb39d639a6198c62", kill_on_drop: false }`
[INFO] [stderr]    Compiling syn v2.0.48
[INFO] [stderr]    Compiling cranenum v0.0.1 (/opt/rustwide/workdir)
[INFO] [stderr]     Finished dev [unoptimized + debuginfo] target(s) in 1.46s
[INFO] running `Command { std: "docker" "inspect" "69a2d6460cfbb584bfbb48cb99697021ccbde3a3142f0478fb39d639a6198c62", kill_on_drop: false }`
[INFO] running `Command { std: "docker" "rm" "-f" "69a2d6460cfbb584bfbb48cb99697021ccbde3a3142f0478fb39d639a6198c62", kill_on_drop: false }`
[INFO] [stdout] 69a2d6460cfbb584bfbb48cb99697021ccbde3a3142f0478fb39d639a6198c62
[INFO] running `Command { std: "docker" "create" "-v" "/var/lib/crater-agent-workspace/builds/worker-5-tc1/target:/opt/rustwide/target:rw,Z" "-v" "/var/lib/crater-agent-workspace/builds/worker-5-tc1/source:/opt/rustwide/workdir:ro,Z" "-v" "/var/lib/crater-agent-workspace/cargo-home:/opt/rustwide/cargo-home:ro,Z" "-v" "/var/lib/crater-agent-workspace/rustup-home:/opt/rustwide/rustup-home:ro,Z" "-e" "SOURCE_DIR=/opt/rustwide/workdir" "-e" "CARGO_TARGET_DIR=/opt/rustwide/target" "-e" "CARGO_INCREMENTAL=0" "-e" "RUST_BACKTRACE=full" "-e" "RUSTFLAGS=--cap-lints=warn" "-e" "RUSTDOCFLAGS=--cap-lints=warn" "-e" "CARGO_HOME=/opt/rustwide/cargo-home" "-e" "RUSTUP_HOME=/opt/rustwide/rustup-home" "-w" "/opt/rustwide/workdir" "-m" "1610612736" "--user" "0:0" "--network" "none" "ghcr.io/rust-lang/crates-build-env/linux@sha256:2788e3201cd34a07e3172128adcd8b3090168a8e3bcc40d7c032b9dda1df7d1c" "/opt/rustwide/cargo-home/bin/cargo" "+1.75.0" "test" "--frozen" "--no-run" "--message-format=json", kill_on_drop: false }`
[INFO] [stdout] 425a327a378b4891eccac19d324d9eabe24850bd071ec917769e381f960962e9
[INFO] running `Command { std: "docker" "start" "-a" "425a327a378b4891eccac19d324d9eabe24850bd071ec917769e381f960962e9", kill_on_drop: false }`
[INFO] [stderr]    Compiling proc-macro2 v1.0.75
[INFO] [stderr]    Compiling unicode-ident v1.0.12
[INFO] [stderr]    Compiling quote v1.0.35
[INFO] [stderr]    Compiling syn v2.0.48
[INFO] [stderr]    Compiling cranenum v0.0.1 (/opt/rustwide/workdir)
[INFO] [stdout] error[E0432]: unresolved import `cranenum::Propagationalize`
[INFO] [stdout]  --> tests/test.rs:1:5
[INFO] [stdout]   |
[INFO] [stdout] 1 | use cranenum::Propagationalize;
[INFO] [stdout]   |     ^^^^^^^^^^^^^^^^^^^^^^^^^^ no `Propagationalize` in the root
[INFO] [stdout] 
[INFO] [stdout] 
[INFO] [stdout] error: cannot determine resolution for the derive macro `Propagationalize`
[INFO] [stdout]  --> tests/test.rs:3:10
[INFO] [stdout]   |
[INFO] [stdout] 3 | #[derive(Propagationalize)]
[INFO] [stdout]   |          ^^^^^^^^^^^^^^^^
[INFO] [stdout]   |
[INFO] [stdout]   = note: import resolution is stuck, try simplifying macro imports
[INFO] [stdout] 
[INFO] [stdout] 
[INFO] [stdout] error[E0308]: mismatched types
[INFO] [stdout]   --> tests/test.rs:17:42
[INFO] [stdout]    |
[INFO] [stdout] 17 |     let _to: RootError = RootError::from(my_error1);
[INFO] [stdout]    |                          --------------- ^^^^^^^^^ expected `RootError`, found `CustomError`
[INFO] [stdout]    |                          |
[INFO] [stdout]    |                          arguments to this function are incorrect
[INFO] [stdout]    |
[INFO] [stdout] note: associated function defined here
[INFO] [stdout]   --> /rustc/82e1608dfa6e0b5569232559e3d385fea5a93112/library/core/src/convert/mod.rs:584:8
[INFO] [stdout] help: try wrapping the expression in `RootError::CustomError`
[INFO] [stdout]    |
[INFO] [stdout] 17 |     let _to: RootError = RootError::from(RootError::CustomError(my_error1));
[INFO] [stdout]    |                                          +++++++++++++++++++++++         +
[INFO] [stdout] 
[INFO] [stdout] 
[INFO] [stdout] error[E0308]: mismatched types
[INFO] [stdout]   --> tests/test.rs:20:42
[INFO] [stdout]    |
[INFO] [stdout] 20 |     let _to: RootError = RootError::from(my_error2);
[INFO] [stdout]    |                          --------------- ^^^^^^^^^ expected `RootError`, found `CustomError`
[INFO] [stdout]    |                          |
[INFO] [stdout]    |                          arguments to this function are incorrect
[INFO] [stdout]    |
[INFO] [stdout] note: associated function defined here
[INFO] [stdout]   --> /rustc/82e1608dfa6e0b5569232559e3d385fea5a93112/library/core/src/convert/mod.rs:584:8
[INFO] [stdout] help: try wrapping the expression in `RootError::CustomError`
[INFO] [stdout]    |
[INFO] [stdout] 20 |     let _to: RootError = RootError::from(RootError::CustomError(my_error2));
[INFO] [stdout]    |                                          +++++++++++++++++++++++         +
[INFO] [stdout] 
[INFO] [stdout] 
[INFO] [stdout] error: aborting due to 4 previous errors
[INFO] [stdout] 
[INFO] [stdout] 
[INFO] [stdout] Some errors have detailed explanations: E0308, E0432.
[INFO] [stdout] 
[INFO] [stdout] For more information about an error, try `rustc --explain E0308`.
[INFO] [stdout] 
[INFO] [stderr] error: could not compile `cranenum` (test "test") due to 5 previous errors
[INFO] running `Command { std: "docker" "inspect" "425a327a378b4891eccac19d324d9eabe24850bd071ec917769e381f960962e9", kill_on_drop: false }`
[INFO] running `Command { std: "docker" "rm" "-f" "425a327a378b4891eccac19d324d9eabe24850bd071ec917769e381f960962e9", kill_on_drop: false }`
[INFO] [stdout] 425a327a378b4891eccac19d324d9eabe24850bd071ec917769e381f960962e9
