[INFO] fetching crate cplus_demangle 0.1.2...
[INFO] testing cplus_demangle-0.1.2 against 1.75.0 for beta-1.76-1
[INFO] extracting crate cplus_demangle 0.1.2 into /workspace/builds/worker-2-tc1/source
[INFO] validating manifest of crates.io crate cplus_demangle 0.1.2 on toolchain 1.75.0
[INFO] running `Command { std: CARGO_HOME="/workspace/cargo-home" RUSTUP_HOME="/workspace/rustup-home" "/workspace/cargo-home/bin/cargo" "+1.75.0" "metadata" "--manifest-path" "Cargo.toml" "--no-deps", kill_on_drop: false }`
[INFO] started tweaking crates.io crate cplus_demangle 0.1.2
[INFO] finished tweaking crates.io crate cplus_demangle 0.1.2
[INFO] tweaked toml for crates.io crate cplus_demangle 0.1.2 written to /workspace/builds/worker-2-tc1/source/Cargo.toml
[INFO] running `Command { std: CARGO_HOME="/workspace/cargo-home" RUSTUP_HOME="/workspace/rustup-home" "/workspace/cargo-home/bin/cargo" "+1.75.0" "generate-lockfile" "--manifest-path" "Cargo.toml", kill_on_drop: false }`
[INFO] [stderr]     Updating crates.io index
[INFO] running `Command { std: CARGO_HOME="/workspace/cargo-home" RUSTUP_HOME="/workspace/rustup-home" "/workspace/cargo-home/bin/cargo" "+1.75.0" "fetch" "--manifest-path" "Cargo.toml", kill_on_drop: false }`
[INFO] running `Command { std: "docker" "create" "-v" "/var/lib/crater-agent-workspace/builds/worker-2-tc1/target:/opt/rustwide/target:rw,Z" "-v" "/var/lib/crater-agent-workspace/builds/worker-2-tc1/source:/opt/rustwide/workdir:ro,Z" "-v" "/var/lib/crater-agent-workspace/cargo-home:/opt/rustwide/cargo-home:ro,Z" "-v" "/var/lib/crater-agent-workspace/rustup-home:/opt/rustwide/rustup-home:ro,Z" "-e" "SOURCE_DIR=/opt/rustwide/workdir" "-e" "CARGO_TARGET_DIR=/opt/rustwide/target" "-e" "CARGO_HOME=/opt/rustwide/cargo-home" "-e" "RUSTUP_HOME=/opt/rustwide/rustup-home" "-w" "/opt/rustwide/workdir" "-m" "1610612736" "--user" "0:0" "--network" "none" "ghcr.io/rust-lang/crates-build-env/linux@sha256:2788e3201cd34a07e3172128adcd8b3090168a8e3bcc40d7c032b9dda1df7d1c" "/opt/rustwide/cargo-home/bin/cargo" "+1.75.0" "metadata" "--no-deps" "--format-version=1", kill_on_drop: false }`
[INFO] [stdout] a2bfb1a5ae803b567c3e2a1a78bec7b56044aa1b8f4bb4210c610b5c939ccdad
[INFO] running `Command { std: "docker" "start" "-a" "a2bfb1a5ae803b567c3e2a1a78bec7b56044aa1b8f4bb4210c610b5c939ccdad", kill_on_drop: false }`
[INFO] running `Command { std: "docker" "inspect" "a2bfb1a5ae803b567c3e2a1a78bec7b56044aa1b8f4bb4210c610b5c939ccdad", kill_on_drop: false }`
[INFO] running `Command { std: "docker" "rm" "-f" "a2bfb1a5ae803b567c3e2a1a78bec7b56044aa1b8f4bb4210c610b5c939ccdad", kill_on_drop: false }`
[INFO] [stdout] a2bfb1a5ae803b567c3e2a1a78bec7b56044aa1b8f4bb4210c610b5c939ccdad
[INFO] running `Command { std: "docker" "create" "-v" "/var/lib/crater-agent-workspace/builds/worker-2-tc1/target:/opt/rustwide/target:rw,Z" "-v" "/var/lib/crater-agent-workspace/builds/worker-2-tc1/source:/opt/rustwide/workdir:ro,Z" "-v" "/var/lib/crater-agent-workspace/cargo-home:/opt/rustwide/cargo-home:ro,Z" "-v" "/var/lib/crater-agent-workspace/rustup-home:/opt/rustwide/rustup-home:ro,Z" "-e" "SOURCE_DIR=/opt/rustwide/workdir" "-e" "CARGO_TARGET_DIR=/opt/rustwide/target" "-e" "CARGO_INCREMENTAL=0" "-e" "RUST_BACKTRACE=full" "-e" "RUSTFLAGS=--cap-lints=warn" "-e" "RUSTDOCFLAGS=--cap-lints=warn" "-e" "CARGO_HOME=/opt/rustwide/cargo-home" "-e" "RUSTUP_HOME=/opt/rustwide/rustup-home" "-w" "/opt/rustwide/workdir" "-m" "1610612736" "--user" "0:0" "--network" "none" "ghcr.io/rust-lang/crates-build-env/linux@sha256:2788e3201cd34a07e3172128adcd8b3090168a8e3bcc40d7c032b9dda1df7d1c" "/opt/rustwide/cargo-home/bin/cargo" "+1.75.0" "build" "--frozen" "--message-format=json", kill_on_drop: false }`
[INFO] [stdout] be552001b772cc89533c599f9dbd8d93fbd1c4fe480116336baee5e09c78084e
[INFO] running `Command { std: "docker" "start" "-a" "be552001b772cc89533c599f9dbd8d93fbd1c4fe480116336baee5e09c78084e", kill_on_drop: false }`
[INFO] [stderr]    Compiling libc v0.2.151
[INFO] [stderr]    Compiling cc v1.0.83
[INFO] [stderr]    Compiling cplus_demangle v0.1.2 (/opt/rustwide/workdir)
[INFO] [stderr] The following warnings were emitted during compilation:
[INFO] [stderr] 
[INFO] [stderr] warning: cplus_demangle@0.1.2: src/demangle.c:1:10: fatal error: demangle.h: No such file or directory
[INFO] [stderr] warning: cplus_demangle@0.1.2:     1 | #include <demangle.h>
[INFO] [stderr] warning: cplus_demangle@0.1.2:       |          ^~~~~~~~~~~~
[INFO] [stderr] warning: cplus_demangle@0.1.2: compilation terminated.
[INFO] [stderr] 
[INFO] [stderr] error: failed to run custom build command for `cplus_demangle v0.1.2 (/opt/rustwide/workdir)`
[INFO] [stderr] note: To improve backtraces for build dependencies, set the CARGO_PROFILE_DEV_BUILD_OVERRIDE_DEBUG=true environment variable to enable debug information generation.
[INFO] [stderr] 
[INFO] [stderr] Caused by:
[INFO] [stderr]   process didn't exit successfully: `/opt/rustwide/target/debug/build/cplus_demangle-efc12be51a9966b0/build-script-build` (exit status: 1)
[INFO] [stderr]   --- stdout
[INFO] [stderr]   TARGET = Some("x86_64-unknown-linux-gnu")
[INFO] [stderr]   OPT_LEVEL = Some("0")
[INFO] [stderr]   HOST = Some("x86_64-unknown-linux-gnu")
[INFO] [stderr]   cargo:rerun-if-env-changed=CC_x86_64-unknown-linux-gnu
[INFO] [stderr]   CC_x86_64-unknown-linux-gnu = None
[INFO] [stderr]   cargo:rerun-if-env-changed=CC_x86_64_unknown_linux_gnu
[INFO] [stderr]   CC_x86_64_unknown_linux_gnu = None
[INFO] [stderr]   cargo:rerun-if-env-changed=HOST_CC
[INFO] [stderr]   HOST_CC = None
[INFO] [stderr]   cargo:rerun-if-env-changed=CC
[INFO] [stderr]   CC = None
[INFO] [stderr]   cargo:rerun-if-env-changed=CRATE_CC_NO_DEFAULTS
[INFO] [stderr]   CRATE_CC_NO_DEFAULTS = None
[INFO] [stderr]   DEBUG = Some("true")
[INFO] [stderr]   CARGO_CFG_TARGET_FEATURE = Some("fxsr,sse,sse2")
[INFO] [stderr]   cargo:rerun-if-env-changed=CFLAGS_x86_64-unknown-linux-gnu
[INFO] [stderr]   CFLAGS_x86_64-unknown-linux-gnu = None
[INFO] [stderr]   cargo:rerun-if-env-changed=CFLAGS_x86_64_unknown_linux_gnu
[INFO] [stderr]   CFLAGS_x86_64_unknown_linux_gnu = None
[INFO] [stderr]   cargo:rerun-if-env-changed=HOST_CFLAGS
[INFO] [stderr]   HOST_CFLAGS = None
[INFO] [stderr]   cargo:rerun-if-env-changed=CFLAGS
[INFO] [stderr]   CFLAGS = None
[INFO] [stderr]   running: "cc" "-O0" "-ffunction-sections" "-fdata-sections" "-fPIC" "-gdwarf-4" "-fno-omit-frame-pointer" "-m64" "-I" "/usr/include/libiberty" "-Wall" "-Wextra" "-o" "/opt/rustwide/target/debug/build/cplus_demangle-5ad21a1ce1a40ae3/out/src/demangle.o" "-c" "src/demangle.c"
[INFO] [stderr]   cargo:warning=src/demangle.c:1:10: fatal error: demangle.h: No such file or directory
[INFO] [stderr] 
[INFO] [stderr]   cargo:warning=    1 | #include <demangle.h>
[INFO] [stderr] 
[INFO] [stderr]   cargo:warning=      |          ^~~~~~~~~~~~
[INFO] [stderr] 
[INFO] [stderr]   cargo:warning=compilation terminated.
[INFO] [stderr] 
[INFO] [stderr]   exit status: 1
[INFO] [stderr] 
[INFO] [stderr]   --- stderr
[INFO] [stderr] 
[INFO] [stderr] 
[INFO] [stderr]   error occurred: Command "cc" "-O0" "-ffunction-sections" "-fdata-sections" "-fPIC" "-gdwarf-4" "-fno-omit-frame-pointer" "-m64" "-I" "/usr/include/libiberty" "-Wall" "-Wextra" "-o" "/opt/rustwide/target/debug/build/cplus_demangle-5ad21a1ce1a40ae3/out/src/demangle.o" "-c" "src/demangle.c" with args "cc" did not execute successfully (status code exit status: 1).
[INFO] [stderr] 
[INFO] [stderr] 
[INFO] running `Command { std: "docker" "inspect" "be552001b772cc89533c599f9dbd8d93fbd1c4fe480116336baee5e09c78084e", kill_on_drop: false }`
[INFO] running `Command { std: "docker" "rm" "-f" "be552001b772cc89533c599f9dbd8d93fbd1c4fe480116336baee5e09c78084e", kill_on_drop: false }`
[INFO] [stdout] be552001b772cc89533c599f9dbd8d93fbd1c4fe480116336baee5e09c78084e
[INFO] testing cplus_demangle-0.1.2 against beta-2023-12-22 for beta-1.76-1
[INFO] extracting crate cplus_demangle 0.1.2 into /workspace/builds/worker-2-tc2/source
[INFO] validating manifest of crates.io crate cplus_demangle 0.1.2 on toolchain beta-2023-12-22
[INFO] running `Command { std: CARGO_HOME="/workspace/cargo-home" RUSTUP_HOME="/workspace/rustup-home" "/workspace/cargo-home/bin/cargo" "+beta-2023-12-22" "metadata" "--manifest-path" "Cargo.toml" "--no-deps", kill_on_drop: false }`
[INFO] started tweaking crates.io crate cplus_demangle 0.1.2
[INFO] finished tweaking crates.io crate cplus_demangle 0.1.2
[INFO] tweaked toml for crates.io crate cplus_demangle 0.1.2 written to /workspace/builds/worker-2-tc2/source/Cargo.toml
[INFO] running `Command { std: CARGO_HOME="/workspace/cargo-home" RUSTUP_HOME="/workspace/rustup-home" "/workspace/cargo-home/bin/cargo" "+beta-2023-12-22" "generate-lockfile" "--manifest-path" "Cargo.toml", kill_on_drop: false }`
[INFO] [stderr]     Updating crates.io index
[INFO] running `Command { std: CARGO_HOME="/workspace/cargo-home" RUSTUP_HOME="/workspace/rustup-home" "/workspace/cargo-home/bin/cargo" "+beta-2023-12-22" "fetch" "--manifest-path" "Cargo.toml", kill_on_drop: false }`
[INFO] running `Command { std: "docker" "create" "-v" "/var/lib/crater-agent-workspace/builds/worker-2-tc2/target:/opt/rustwide/target:rw,Z" "-v" "/var/lib/crater-agent-workspace/builds/worker-2-tc2/source:/opt/rustwide/workdir:ro,Z" "-v" "/var/lib/crater-agent-workspace/cargo-home:/opt/rustwide/cargo-home:ro,Z" "-v" "/var/lib/crater-agent-workspace/rustup-home:/opt/rustwide/rustup-home:ro,Z" "-e" "SOURCE_DIR=/opt/rustwide/workdir" "-e" "CARGO_TARGET_DIR=/opt/rustwide/target" "-e" "CARGO_HOME=/opt/rustwide/cargo-home" "-e" "RUSTUP_HOME=/opt/rustwide/rustup-home" "-w" "/opt/rustwide/workdir" "-m" "1610612736" "--user" "0:0" "--network" "none" "ghcr.io/rust-lang/crates-build-env/linux@sha256:2788e3201cd34a07e3172128adcd8b3090168a8e3bcc40d7c032b9dda1df7d1c" "/opt/rustwide/cargo-home/bin/cargo" "+beta-2023-12-22" "metadata" "--no-deps" "--format-version=1", kill_on_drop: false }`
[INFO] [stdout] 1f65829ca0accf3b7009855ce958f4d34f452aa829748a43c7be383c04b26d60
[INFO] running `Command { std: "docker" "start" "-a" "1f65829ca0accf3b7009855ce958f4d34f452aa829748a43c7be383c04b26d60", kill_on_drop: false }`
[INFO] running `Command { std: "docker" "inspect" "1f65829ca0accf3b7009855ce958f4d34f452aa829748a43c7be383c04b26d60", kill_on_drop: false }`
[INFO] running `Command { std: "docker" "rm" "-f" "1f65829ca0accf3b7009855ce958f4d34f452aa829748a43c7be383c04b26d60", kill_on_drop: false }`
[INFO] [stdout] 1f65829ca0accf3b7009855ce958f4d34f452aa829748a43c7be383c04b26d60
[INFO] running `Command { std: "docker" "create" "-v" "/var/lib/crater-agent-workspace/builds/worker-2-tc2/target:/opt/rustwide/target:rw,Z" "-v" "/var/lib/crater-agent-workspace/builds/worker-2-tc2/source:/opt/rustwide/workdir:ro,Z" "-v" "/var/lib/crater-agent-workspace/cargo-home:/opt/rustwide/cargo-home:ro,Z" "-v" "/var/lib/crater-agent-workspace/rustup-home:/opt/rustwide/rustup-home:ro,Z" "-e" "SOURCE_DIR=/opt/rustwide/workdir" "-e" "CARGO_TARGET_DIR=/opt/rustwide/target" "-e" "CARGO_INCREMENTAL=0" "-e" "RUST_BACKTRACE=full" "-e" "RUSTFLAGS=--cap-lints=warn" "-e" "RUSTDOCFLAGS=--cap-lints=warn" "-e" "CARGO_HOME=/opt/rustwide/cargo-home" "-e" "RUSTUP_HOME=/opt/rustwide/rustup-home" "-w" "/opt/rustwide/workdir" "-m" "1610612736" "--user" "0:0" "--network" "none" "ghcr.io/rust-lang/crates-build-env/linux@sha256:2788e3201cd34a07e3172128adcd8b3090168a8e3bcc40d7c032b9dda1df7d1c" "/opt/rustwide/cargo-home/bin/cargo" "+beta-2023-12-22" "build" "--frozen" "--message-format=json", kill_on_drop: false }`
[INFO] [stdout] 6f6e04e9c811970471f8d052773c6c908e3423cba57047d73c05f48e6b2d136d
[INFO] running `Command { std: "docker" "start" "-a" "6f6e04e9c811970471f8d052773c6c908e3423cba57047d73c05f48e6b2d136d", kill_on_drop: false }`
[INFO] [stderr]    Compiling libc v0.2.151
[INFO] [stderr]    Compiling cc v1.0.83
[INFO] [stderr]    Compiling cplus_demangle v0.1.2 (/opt/rustwide/workdir)
[INFO] [stderr] The following warnings were emitted during compilation:
[INFO] [stderr] 
[INFO] [stderr] warning: cplus_demangle@0.1.2: src/demangle.c:1:10: fatal error: demangle.h: No such file or directory
[INFO] [stderr] warning: cplus_demangle@0.1.2:     1 | #include <demangle.h>
[INFO] [stderr] warning: cplus_demangle@0.1.2:       |          ^~~~~~~~~~~~
[INFO] [stderr] warning: cplus_demangle@0.1.2: compilation terminated.
[INFO] [stderr] 
[INFO] [stderr] error: failed to run custom build command for `cplus_demangle v0.1.2 (/opt/rustwide/workdir)`
[INFO] [stderr] note: To improve backtraces for build dependencies, set the CARGO_PROFILE_DEV_BUILD_OVERRIDE_DEBUG=true environment variable to enable debug information generation.
[INFO] [stderr] 
[INFO] [stderr] Caused by:
[INFO] [stderr]   process didn't exit successfully: `/opt/rustwide/target/debug/build/cplus_demangle-1a0cf9e99c929258/build-script-build` (exit status: 1)
[INFO] [stderr]   --- stdout
[INFO] [stderr]   TARGET = Some("x86_64-unknown-linux-gnu")
[INFO] [stderr]   OPT_LEVEL = Some("0")
[INFO] [stderr]   HOST = Some("x86_64-unknown-linux-gnu")
[INFO] [stderr]   cargo:rerun-if-env-changed=CC_x86_64-unknown-linux-gnu
[INFO] [stderr]   CC_x86_64-unknown-linux-gnu = None
[INFO] [stderr]   cargo:rerun-if-env-changed=CC_x86_64_unknown_linux_gnu
[INFO] [stderr]   CC_x86_64_unknown_linux_gnu = None
[INFO] [stderr]   cargo:rerun-if-env-changed=HOST_CC
[INFO] [stderr]   HOST_CC = None
[INFO] [stderr]   cargo:rerun-if-env-changed=CC
[INFO] [stderr]   CC = None
[INFO] [stderr]   cargo:rerun-if-env-changed=CRATE_CC_NO_DEFAULTS
[INFO] [stderr]   CRATE_CC_NO_DEFAULTS = None
[INFO] [stderr]   DEBUG = Some("true")
[INFO] [stderr]   CARGO_CFG_TARGET_FEATURE = Some("fxsr,sse,sse2")
[INFO] [stderr]   cargo:rerun-if-env-changed=CFLAGS_x86_64-unknown-linux-gnu
[INFO] [stderr]   CFLAGS_x86_64-unknown-linux-gnu = None
[INFO] [stderr]   cargo:rerun-if-env-changed=CFLAGS_x86_64_unknown_linux_gnu
[INFO] [stderr]   CFLAGS_x86_64_unknown_linux_gnu = None
[INFO] [stderr]   cargo:rerun-if-env-changed=HOST_CFLAGS
[INFO] [stderr]   HOST_CFLAGS = None
[INFO] [stderr]   cargo:rerun-if-env-changed=CFLAGS
[INFO] [stderr]   CFLAGS = None
[INFO] [stderr]   running: "cc" "-O0" "-ffunction-sections" "-fdata-sections" "-fPIC" "-gdwarf-4" "-fno-omit-frame-pointer" "-m64" "-I" "/usr/include/libiberty" "-Wall" "-Wextra" "-o" "/opt/rustwide/target/debug/build/cplus_demangle-c771baeb4d2d68de/out/src/demangle.o" "-c" "src/demangle.c"
[INFO] [stderr]   cargo:warning=src/demangle.c:1:10: fatal error: demangle.h: No such file or directory
[INFO] [stderr] 
[INFO] [stderr]   cargo:warning=    1 | #include <demangle.h>
[INFO] [stderr] 
[INFO] [stderr]   cargo:warning=      |          ^~~~~~~~~~~~
[INFO] [stderr] 
[INFO] [stderr]   cargo:warning=compilation terminated.
[INFO] [stderr] 
[INFO] [stderr]   exit status: 1
[INFO] [stderr] 
[INFO] [stderr]   --- stderr
[INFO] [stderr] 
[INFO] [stderr] 
[INFO] [stderr]   error occurred: Command "cc" "-O0" "-ffunction-sections" "-fdata-sections" "-fPIC" "-gdwarf-4" "-fno-omit-frame-pointer" "-m64" "-I" "/usr/include/libiberty" "-Wall" "-Wextra" "-o" "/opt/rustwide/target/debug/build/cplus_demangle-c771baeb4d2d68de/out/src/demangle.o" "-c" "src/demangle.c" with args "cc" did not execute successfully (status code exit status: 1).
[INFO] [stderr] 
[INFO] [stderr] 
[INFO] running `Command { std: "docker" "inspect" "6f6e04e9c811970471f8d052773c6c908e3423cba57047d73c05f48e6b2d136d", kill_on_drop: false }`
[INFO] running `Command { std: "docker" "rm" "-f" "6f6e04e9c811970471f8d052773c6c908e3423cba57047d73c05f48e6b2d136d", kill_on_drop: false }`
[INFO] [stdout] 6f6e04e9c811970471f8d052773c6c908e3423cba57047d73c05f48e6b2d136d
