[INFO] fetching crate cpclib-asm 0.7.0...
[INFO] testing cpclib-asm-0.7.0 against 1.75.0 for beta-1.76-1
[INFO] extracting crate cpclib-asm 0.7.0 into /workspace/builds/worker-4-tc1/source
[INFO] validating manifest of crates.io crate cpclib-asm 0.7.0 on toolchain 1.75.0
[INFO] running `Command { std: CARGO_HOME="/workspace/cargo-home" RUSTUP_HOME="/workspace/rustup-home" "/workspace/cargo-home/bin/cargo" "+1.75.0" "metadata" "--manifest-path" "Cargo.toml" "--no-deps", kill_on_drop: false }`
[INFO] started tweaking crates.io crate cpclib-asm 0.7.0
[INFO] finished tweaking crates.io crate cpclib-asm 0.7.0
[INFO] tweaked toml for crates.io crate cpclib-asm 0.7.0 written to /workspace/builds/worker-4-tc1/source/Cargo.toml
[INFO] crate crates.io crate cpclib-asm 0.7.0 already has a lockfile, it will not be regenerated
[INFO] running `Command { std: CARGO_HOME="/workspace/cargo-home" RUSTUP_HOME="/workspace/rustup-home" "/workspace/cargo-home/bin/cargo" "+1.75.0" "fetch" "--manifest-path" "Cargo.toml", kill_on_drop: false }`
[INFO] [stderr]     Updating crates.io index
[INFO] [stderr]  Downloading crates ...
[INFO] [stderr]   Downloaded cpclib-basic v0.7.0
[INFO] [stderr]   Downloaded imgref v1.9.4
[INFO] [stderr]   Downloaded substring v1.4.5
[INFO] [stderr]   Downloaded rgb v0.8.36
[INFO] [stderr]   Downloaded contracts v0.6.3
[INFO] [stderr]   Downloaded velcro_core v0.5.4
[INFO] [stderr]   Downloaded cpclib-common v0.7.0
[INFO] [stderr]   Downloaded png v0.17.9
[INFO] [stderr]   Downloaded bitsets v0.1.1
[INFO] [stderr]   Downloaded bitfield v0.14.0
[INFO] [stderr]   Downloaded built v0.6.1
[INFO] [stderr]   Downloaded ordered-float v3.7.0
[INFO] [stderr]   Downloaded cargo-lock v9.0.0
[INFO] [stderr]   Downloaded ouroboros v0.17.2
[INFO] [stderr]   Downloaded aho-corasick v1.0.3
[INFO] [stderr]   Downloaded clap_builder v4.3.21
[INFO] [stderr]   Downloaded include-flate v0.2.0
[INFO] [stderr]   Downloaded serde_derive v1.0.183
[INFO] [stderr]   Downloaded winnow v0.5.10
[INFO] [stderr]   Downloaded include-flate-codegen-exports v0.1.4
[INFO] [stderr]   Downloaded exr v1.7.0
[INFO] [stderr]   Downloaded clap v4.3.21
[INFO] [stderr]   Downloaded cpclib-sna v0.7.0
[INFO] [stderr]   Downloaded evalexpr v11.0.1
[INFO] [stderr]   Downloaded libflate v1.4.0
[INFO] [stderr]   Downloaded cpclib-tokens v0.7.0
[INFO] [stderr]   Downloaded cpclib-disc v0.7.0
[INFO] [stderr]   Downloaded nom_locate v4.1.0
[INFO] [stderr]   Downloaded tempfile v3.7.1
[INFO] [stderr]   Downloaded build-deps v0.1.4
[INFO] [stderr]   Downloaded bytecount v0.6.3
[INFO] [stderr]   Downloaded remain v0.2.11
[INFO] [stderr]   Downloaded delegate v0.10.0
[INFO] [stderr]   Downloaded getset v0.1.2
[INFO] [stderr]   Downloaded ouroboros_macro v0.17.2
[INFO] [stderr]   Downloaded include-flate-codegen v0.1.4
[INFO] [stderr]   Downloaded libflate_lz77 v1.2.0
[INFO] [stderr]   Downloaded resolve-path v0.1.0
[INFO] [stderr]   Downloaded velcro_macros v0.5.4
[INFO] [stderr]   Downloaded velcro v0.5.4
[INFO] [stderr]   Downloaded chardetng v0.1.17
[INFO] [stderr]   Downloaded gif-dispose v4.0.0
[INFO] [stderr]   Downloaded cpclib-image v0.7.0
[INFO] [stderr]   Downloaded cpclib-crunchers v0.7.0
[INFO] running `Command { std: "docker" "create" "-v" "/var/lib/crater-agent-workspace/builds/worker-4-tc1/target:/opt/rustwide/target:rw,Z" "-v" "/var/lib/crater-agent-workspace/builds/worker-4-tc1/source:/opt/rustwide/workdir:ro,Z" "-v" "/var/lib/crater-agent-workspace/cargo-home:/opt/rustwide/cargo-home:ro,Z" "-v" "/var/lib/crater-agent-workspace/rustup-home:/opt/rustwide/rustup-home:ro,Z" "-e" "SOURCE_DIR=/opt/rustwide/workdir" "-e" "CARGO_TARGET_DIR=/opt/rustwide/target" "-e" "CARGO_HOME=/opt/rustwide/cargo-home" "-e" "RUSTUP_HOME=/opt/rustwide/rustup-home" "-w" "/opt/rustwide/workdir" "-m" "1610612736" "--user" "0:0" "--network" "none" "ghcr.io/rust-lang/crates-build-env/linux@sha256:2788e3201cd34a07e3172128adcd8b3090168a8e3bcc40d7c032b9dda1df7d1c" "/opt/rustwide/cargo-home/bin/cargo" "+1.75.0" "metadata" "--no-deps" "--format-version=1", kill_on_drop: false }`
[INFO] [stdout] c92e5652ba8da97fcf0790b535696a85ef2b0a399c042816f410496961f030b8
[INFO] running `Command { std: "docker" "start" "-a" "c92e5652ba8da97fcf0790b535696a85ef2b0a399c042816f410496961f030b8", kill_on_drop: false }`
[INFO] running `Command { std: "docker" "inspect" "c92e5652ba8da97fcf0790b535696a85ef2b0a399c042816f410496961f030b8", kill_on_drop: false }`
[INFO] running `Command { std: "docker" "rm" "-f" "c92e5652ba8da97fcf0790b535696a85ef2b0a399c042816f410496961f030b8", kill_on_drop: false }`
[INFO] [stdout] c92e5652ba8da97fcf0790b535696a85ef2b0a399c042816f410496961f030b8
[INFO] running `Command { std: "docker" "create" "-v" "/var/lib/crater-agent-workspace/builds/worker-4-tc1/target:/opt/rustwide/target:rw,Z" "-v" "/var/lib/crater-agent-workspace/builds/worker-4-tc1/source:/opt/rustwide/workdir:ro,Z" "-v" "/var/lib/crater-agent-workspace/cargo-home:/opt/rustwide/cargo-home:ro,Z" "-v" "/var/lib/crater-agent-workspace/rustup-home:/opt/rustwide/rustup-home:ro,Z" "-e" "SOURCE_DIR=/opt/rustwide/workdir" "-e" "CARGO_TARGET_DIR=/opt/rustwide/target" "-e" "CARGO_INCREMENTAL=0" "-e" "RUST_BACKTRACE=full" "-e" "RUSTFLAGS=--cap-lints=warn" "-e" "RUSTDOCFLAGS=--cap-lints=warn" "-e" "CARGO_HOME=/opt/rustwide/cargo-home" "-e" "RUSTUP_HOME=/opt/rustwide/rustup-home" "-w" "/opt/rustwide/workdir" "-m" "1610612736" "--user" "0:0" "--network" "none" "ghcr.io/rust-lang/crates-build-env/linux@sha256:2788e3201cd34a07e3172128adcd8b3090168a8e3bcc40d7c032b9dda1df7d1c" "/opt/rustwide/cargo-home/bin/cargo" "+1.75.0" "build" "--frozen" "--message-format=json", kill_on_drop: false }`
[INFO] [stdout] e930f70ef9c2c1b74a437e94c71c3fadde4cc663f2c54641822f8f823ba71d89
[INFO] running `Command { std: "docker" "start" "-a" "e930f70ef9c2c1b74a437e94c71c3fadde4cc663f2c54641822f8f823ba71d89", kill_on_drop: false }`
[INFO] [stderr]    Compiling autocfg v1.1.0
[INFO] [stderr]    Compiling cfg-if v1.0.0
[INFO] [stderr]    Compiling proc-macro2 v1.0.66
[INFO] [stderr]    Compiling unicode-ident v1.0.11
[INFO] [stderr]    Compiling libc v0.2.147
[INFO] [stderr]    Compiling serde_derive v1.0.183
[INFO] [stderr]    Compiling serde v1.0.183
[INFO] [stderr]    Compiling version_check v0.9.4
[INFO] [stderr]    Compiling hashbrown v0.14.0
[INFO] [stderr]    Compiling equivalent v1.0.1
[INFO] [stderr]    Compiling winnow v0.5.10
[INFO] [stderr]    Compiling syn v1.0.109
[INFO] [stderr]    Compiling tinyvec_macros v0.1.1
[INFO] [stderr]    Compiling tinyvec v1.6.0
[INFO] [stderr]    Compiling num-traits v0.2.16
[INFO] [stderr]    Compiling percent-encoding v2.3.0
[INFO] [stderr]    Compiling unicode-bidi v0.3.13
[INFO] [stderr]    Compiling semver v1.0.18
[INFO] [stderr]    Compiling indexmap v2.0.0
[INFO] [stderr]    Compiling quote v1.0.32
[INFO] [stderr]    Compiling form_urlencoded v1.2.0
[INFO] [stderr]    Compiling memchr v2.5.0
[INFO] [stderr]    Compiling unicode-normalization v0.1.22
[INFO] [stderr]    Compiling iana-time-zone v0.1.57
[INFO] [stderr]    Compiling scopeguard v1.2.0
[INFO] [stderr]    Compiling crossbeam-utils v0.8.16
[INFO] [stderr]    Compiling syn v2.0.28
[INFO] [stderr]    Compiling memoffset v0.9.0
[INFO] [stderr]    Compiling idna v0.4.0
[INFO] [stderr]    Compiling url v2.4.0
[INFO] [stderr]    Compiling crossbeam-epoch v0.9.15
[INFO] [stderr]    Compiling chrono v0.4.26
[INFO] [stderr]    Compiling rayon-core v1.11.0
[INFO] [stderr]    Compiling crossbeam-channel v0.5.8
[INFO] [stderr]    Compiling crossbeam-deque v0.8.3
[INFO] [stderr]    Compiling num_cpus v1.16.0
[INFO] [stderr]    Compiling num-integer v0.1.45
[INFO] [stderr]    Compiling simd-adler32 v0.3.7
[INFO] [stderr]    Compiling serde_spanned v0.6.3
[INFO] [stderr]    Compiling toml_datetime v0.6.3
[INFO] [stderr]    Compiling rustix v0.38.8
[INFO] [stderr]    Compiling toml_edit v0.19.14
[INFO] [stderr]    Compiling linux-raw-sys v0.4.5
[INFO] [stderr]    Compiling either v1.9.0
[INFO] [stderr]    Compiling crc32fast v1.3.2
[INFO] [stderr]    Compiling bitflags v2.4.0
[INFO] [stderr]    Compiling cc v1.0.82
[INFO] [stderr]    Compiling num-bigint v0.4.3
[INFO] [stderr]    Compiling adler v1.0.2
[INFO] [stderr]    Compiling typenum v1.16.0
[INFO] [stderr]    Compiling miniz_oxide v0.7.1
[INFO] [stderr]    Compiling rayon v1.7.0
[INFO] [stderr]    Compiling toml v0.7.6
[INFO] [stderr]    Compiling generic-array v0.14.7
[INFO] [stderr]    Compiling cargo-lock v9.0.0
[INFO] [stderr]    Compiling num-rational v0.4.1
[INFO] [stderr]    Compiling utf8parse v0.2.1
[INFO] [stderr]    Compiling anstyle-parse v0.2.1
[INFO] [stderr]    Compiling is-terminal v0.4.9
[INFO] [stderr]    Compiling built v0.6.1
[INFO] [stderr]    Compiling num-iter v0.1.43
[INFO] [stderr]    Compiling anstyle-query v1.0.0
[INFO] [stderr]    Compiling anstyle v1.0.1
[INFO] [stderr]    Compiling radium v0.7.0
[INFO] [stderr]    Compiling colorchoice v1.0.0
[INFO] [stderr]    Compiling dirs-sys v0.3.7
[INFO] [stderr]    Compiling anstream v0.3.2
[INFO] [stderr]    Compiling proc-macro-error-attr v1.0.4
[INFO] [stderr]    Compiling tap v1.0.1
[INFO] [stderr]    Compiling strsim v0.10.0
[INFO] [stderr]    Compiling minimal-lexical v0.2.1
[INFO] [stderr]    Compiling smallvec v1.11.0
[INFO] [stderr]    Compiling clap_lex v0.5.0
[INFO] [stderr]    Compiling wyz v0.5.1
[INFO] [stderr]    Compiling nom v7.1.3
[INFO] [stderr]    Compiling clap_builder v4.3.21
[INFO] [stderr]    Compiling dirs v4.0.0
[INFO] [stderr]    Compiling num-complex v0.4.3
[INFO] [stderr]    Compiling proc-macro-error v1.0.4
[INFO] [stderr]    Compiling lock_api v0.4.10
[INFO] [stderr]    Compiling once_cell v1.18.0
[INFO] [stderr]    Compiling bytecount v0.6.3
[INFO] [stderr]    Compiling funty v2.0.0
[INFO] [stderr]    Compiling time-core v0.1.1
[INFO] [stderr]    Compiling deranged v0.3.7
[INFO] [stderr]    Compiling num v0.4.1
[INFO] [stderr]    Compiling proc-macro-crate v1.3.1
[INFO] [stderr]    Compiling resolve-path v0.1.0
[INFO] [stderr]    Compiling block-buffer v0.10.4
[INFO] [stderr]    Compiling bitvec v1.0.1
[INFO] [stderr]    Compiling crypto-common v0.1.6
[INFO] [stderr]    Compiling itertools v0.11.0
[INFO] [stderr]    Compiling aho-corasick v1.0.3
[INFO] [stderr]    Compiling time v0.3.25
[INFO] [stderr]    Compiling rle-decode-fast v1.0.3
[INFO] [stderr]    Compiling proc-macro-hack v0.5.20+deprecated
[INFO] [stderr]    Compiling regex-syntax v0.7.4
[INFO] [stderr]    Compiling smol_str v0.2.0
[INFO] [stderr]    Compiling nom_locate v4.1.0
[INFO] [stderr]    Compiling bitfield v0.14.0
[INFO] [stderr]    Compiling bitsets v0.1.1
[INFO] [stderr]    Compiling clap v4.3.21
[INFO] [stderr]    Compiling futures-core v0.3.28
[INFO] [stderr]    Compiling libflate_lz77 v1.2.0
[INFO] [stderr]    Compiling digest v0.10.7
[INFO] [stderr]    Compiling num_enum_derive v0.6.1
[INFO] [stderr]    Compiling cpclib-sna v0.7.0
[INFO] [stderr]    Compiling pin-project-internal v1.1.3
[INFO] [stderr]    Compiling regex-automata v0.3.6
[INFO] [stderr]    Compiling backtrace v0.3.68
[INFO] [stderr]    Compiling getrandom v0.2.10
[INFO] [stderr]    Compiling cpclib-common v0.7.0
[INFO] [stderr]    Compiling paste v1.0.14
[INFO] [stderr]    Compiling weezl v0.1.7
[INFO] [stderr]    Compiling cpufeatures v0.2.9
[INFO] [stderr]    Compiling failure_derive v0.1.8
[INFO] [stderr]    Compiling same-file v1.0.6
[INFO] [stderr]    Compiling gimli v0.27.3
[INFO] [stderr]    Compiling adler32 v1.2.0
[INFO] [stderr]    Compiling unicode-xid v0.2.4
[INFO] [stderr]    Compiling bytemuck v1.13.1
[INFO] [stderr]    Compiling pin-project v1.1.3
[INFO] [stderr]    Compiling synstructure v0.12.6
[INFO] [stderr]    Compiling libflate v1.4.0
[INFO] [stderr]    Compiling walkdir v2.3.3
[INFO] [stderr]    Compiling regex v1.9.3
[INFO] [stderr]    Compiling sha2 v0.10.7
[INFO] [stderr]    Compiling nanorand v0.7.0
[INFO] [stderr]    Compiling num_enum v0.6.1
[INFO] [stderr]    Compiling spin v0.9.8
[INFO] [stderr]    Compiling delegate v0.10.0
[INFO] [stderr]    Compiling cpclib-tokens v0.7.0
[INFO] [stderr]    Compiling flate2 v1.0.26
[INFO] [stderr]    Compiling object v0.31.1
[INFO] [stderr]    Compiling matches v0.1.10
[INFO] [stderr]    Compiling futures-sink v0.3.28
[INFO] [stderr]    Compiling rustc-demangle v0.1.23
[INFO] [stderr]    Compiling color_quant v1.1.0
[INFO] [stderr]    Compiling gif v0.12.0
[INFO] [stderr]    Compiling flume v0.10.14
[INFO] [stderr]    Compiling include-flate-codegen v0.1.4
[INFO] [stderr]    Compiling addr2line v0.20.0
[INFO] [stderr]    Compiling jpeg-decoder v0.3.0
[INFO] [stderr]    Compiling cpclib-disc v0.7.0
[INFO] [stderr]    Compiling remain v0.2.11
[INFO] [stderr]    Compiling ordered-float v3.7.0
[INFO] [stderr]    Compiling fdeflate v0.3.0
[INFO] [stderr]    Compiling zune-inflate v0.2.54
[INFO] [stderr]    Compiling portable-atomic v1.4.2
[INFO] [stderr]    Compiling glob v0.3.1
[INFO] [stderr]    Compiling anyhow v1.0.72
[INFO] [stderr]    Compiling evalexpr v11.0.1
[INFO] [stderr]    Compiling bit_field v0.10.2
[INFO] [stderr]    Compiling lebe v0.5.2
[INFO] [stderr]    Compiling bitflags v1.3.2
[INFO] [stderr]    Compiling unicode-width v0.1.10
[INFO] [stderr]    Compiling half v2.2.1
[INFO] [stderr]    Compiling png v0.17.9
[INFO] [stderr]    Compiling build-deps v0.1.4
[INFO] [stderr]    Compiling tiff v0.9.0
[INFO] [stdout] error[E0554]: `#![feature]` may not be used on the stable release channel
[INFO] [stdout]  --> /opt/rustwide/cargo-home/registry/src/index.crates.io-6f17d22bba15001f/cpclib-tokens-0.7.0/src/lib.rs:1:1
[INFO] [stdout]   |
[INFO] [stdout] 1 | #![feature(stmt_expr_attributes)]
[INFO] [stdout]   | ^^^^^^^^^^^^^^^^^^^^^^^^^^^^^^^^^
[INFO] [stdout] 
[INFO] [stdout] 
[INFO] [stdout] error[E0554]: `#![feature]` may not be used on the stable release channel
[INFO] [stdout]  --> /opt/rustwide/cargo-home/registry/src/index.crates.io-6f17d22bba15001f/cpclib-tokens-0.7.0/src/lib.rs:2:1
[INFO] [stdout]   |
[INFO] [stdout] 2 | #![feature(proc_macro_hygiene)]
[INFO] [stdout]   | ^^^^^^^^^^^^^^^^^^^^^^^^^^^^^^^
[INFO] [stdout] 
[INFO] [stdout] 
[INFO] [stdout] error[E0554]: `#![feature]` may not be used on the stable release channel
[INFO] [stdout]  --> /opt/rustwide/cargo-home/registry/src/index.crates.io-6f17d22bba15001f/cpclib-tokens-0.7.0/src/lib.rs:3:1
[INFO] [stdout]   |
[INFO] [stdout] 3 | #![feature(exclusive_range_pattern)]
[INFO] [stdout]   | ^^^^^^^^^^^^^^^^^^^^^^^^^^^^^^^^^^^^
[INFO] [stdout] 
[INFO] [stdout] 
[INFO] [stdout] error[E0554]: `#![feature]` may not be used on the stable release channel
[INFO] [stdout]  --> /opt/rustwide/cargo-home/registry/src/index.crates.io-6f17d22bba15001f/cpclib-tokens-0.7.0/src/lib.rs:4:1
[INFO] [stdout]   |
[INFO] [stdout] 4 | #![feature(box_patterns)]
[INFO] [stdout]   | ^^^^^^^^^^^^^^^^^^^^^^^^^
[INFO] [stdout] 
[INFO] [stdout] 
[INFO] [stderr]    Compiling exr v1.7.0
[INFO] [stderr]    Compiling include-flate-codegen-exports v0.1.4
[INFO] [stderr]    Compiling rust-embed-utils v7.8.1
[INFO] [stderr]    Compiling rgb v0.8.36
[INFO] [stdout] error: aborting due to 4 previous errors
[INFO] [stdout] 
[INFO] [stdout] 
[INFO] [stdout] For more information about this error, try `rustc --explain E0554`.
[INFO] [stdout] 
[INFO] [stderr] error: could not compile `cpclib-tokens` (lib) due to 5 previous errors
[INFO] [stderr] warning: build failed, waiting for other jobs to finish...
[INFO] running `Command { std: "docker" "inspect" "e930f70ef9c2c1b74a437e94c71c3fadde4cc663f2c54641822f8f823ba71d89", kill_on_drop: false }`
[INFO] running `Command { std: "docker" "rm" "-f" "e930f70ef9c2c1b74a437e94c71c3fadde4cc663f2c54641822f8f823ba71d89", kill_on_drop: false }`
[INFO] [stdout] e930f70ef9c2c1b74a437e94c71c3fadde4cc663f2c54641822f8f823ba71d89
[INFO] testing cpclib-asm-0.7.0 against beta-2023-12-22 for beta-1.76-1
[INFO] extracting crate cpclib-asm 0.7.0 into /workspace/builds/worker-4-tc2/source
[INFO] validating manifest of crates.io crate cpclib-asm 0.7.0 on toolchain beta-2023-12-22
[INFO] running `Command { std: CARGO_HOME="/workspace/cargo-home" RUSTUP_HOME="/workspace/rustup-home" "/workspace/cargo-home/bin/cargo" "+beta-2023-12-22" "metadata" "--manifest-path" "Cargo.toml" "--no-deps", kill_on_drop: false }`
[INFO] started tweaking crates.io crate cpclib-asm 0.7.0
[INFO] finished tweaking crates.io crate cpclib-asm 0.7.0
[INFO] tweaked toml for crates.io crate cpclib-asm 0.7.0 written to /workspace/builds/worker-4-tc2/source/Cargo.toml
[INFO] crate crates.io crate cpclib-asm 0.7.0 already has a lockfile, it will not be regenerated
[INFO] running `Command { std: CARGO_HOME="/workspace/cargo-home" RUSTUP_HOME="/workspace/rustup-home" "/workspace/cargo-home/bin/cargo" "+beta-2023-12-22" "fetch" "--manifest-path" "Cargo.toml", kill_on_drop: false }`
[INFO] running `Command { std: "docker" "create" "-v" "/var/lib/crater-agent-workspace/builds/worker-4-tc2/target:/opt/rustwide/target:rw,Z" "-v" "/var/lib/crater-agent-workspace/builds/worker-4-tc2/source:/opt/rustwide/workdir:ro,Z" "-v" "/var/lib/crater-agent-workspace/cargo-home:/opt/rustwide/cargo-home:ro,Z" "-v" "/var/lib/crater-agent-workspace/rustup-home:/opt/rustwide/rustup-home:ro,Z" "-e" "SOURCE_DIR=/opt/rustwide/workdir" "-e" "CARGO_TARGET_DIR=/opt/rustwide/target" "-e" "CARGO_HOME=/opt/rustwide/cargo-home" "-e" "RUSTUP_HOME=/opt/rustwide/rustup-home" "-w" "/opt/rustwide/workdir" "-m" "1610612736" "--user" "0:0" "--network" "none" "ghcr.io/rust-lang/crates-build-env/linux@sha256:2788e3201cd34a07e3172128adcd8b3090168a8e3bcc40d7c032b9dda1df7d1c" "/opt/rustwide/cargo-home/bin/cargo" "+beta-2023-12-22" "metadata" "--no-deps" "--format-version=1", kill_on_drop: false }`
[INFO] [stdout] 0244f53ac529fe661e0913543796ab1c311591ed4aaada5f78d55e9b301edf7d
[INFO] running `Command { std: "docker" "start" "-a" "0244f53ac529fe661e0913543796ab1c311591ed4aaada5f78d55e9b301edf7d", kill_on_drop: false }`
[INFO] running `Command { std: "docker" "inspect" "0244f53ac529fe661e0913543796ab1c311591ed4aaada5f78d55e9b301edf7d", kill_on_drop: false }`
[INFO] running `Command { std: "docker" "rm" "-f" "0244f53ac529fe661e0913543796ab1c311591ed4aaada5f78d55e9b301edf7d", kill_on_drop: false }`
[INFO] [stdout] 0244f53ac529fe661e0913543796ab1c311591ed4aaada5f78d55e9b301edf7d
[INFO] running `Command { std: "docker" "create" "-v" "/var/lib/crater-agent-workspace/builds/worker-4-tc2/target:/opt/rustwide/target:rw,Z" "-v" "/var/lib/crater-agent-workspace/builds/worker-4-tc2/source:/opt/rustwide/workdir:ro,Z" "-v" "/var/lib/crater-agent-workspace/cargo-home:/opt/rustwide/cargo-home:ro,Z" "-v" "/var/lib/crater-agent-workspace/rustup-home:/opt/rustwide/rustup-home:ro,Z" "-e" "SOURCE_DIR=/opt/rustwide/workdir" "-e" "CARGO_TARGET_DIR=/opt/rustwide/target" "-e" "CARGO_INCREMENTAL=0" "-e" "RUST_BACKTRACE=full" "-e" "RUSTFLAGS=--cap-lints=warn" "-e" "RUSTDOCFLAGS=--cap-lints=warn" "-e" "CARGO_HOME=/opt/rustwide/cargo-home" "-e" "RUSTUP_HOME=/opt/rustwide/rustup-home" "-w" "/opt/rustwide/workdir" "-m" "1610612736" "--user" "0:0" "--network" "none" "ghcr.io/rust-lang/crates-build-env/linux@sha256:2788e3201cd34a07e3172128adcd8b3090168a8e3bcc40d7c032b9dda1df7d1c" "/opt/rustwide/cargo-home/bin/cargo" "+beta-2023-12-22" "build" "--frozen" "--message-format=json", kill_on_drop: false }`
[INFO] [stdout] 453b043a0854d7aee163cc6ebc95009397695adc3928d402c9f1f5e0afe086a6
[INFO] running `Command { std: "docker" "start" "-a" "453b043a0854d7aee163cc6ebc95009397695adc3928d402c9f1f5e0afe086a6", kill_on_drop: false }`
[INFO] [stderr]    Compiling autocfg v1.1.0
[INFO] [stderr]    Compiling cfg-if v1.0.0
[INFO] [stderr]    Compiling proc-macro2 v1.0.66
[INFO] [stderr]    Compiling unicode-ident v1.0.11
[INFO] [stderr]    Compiling libc v0.2.147
[INFO] [stderr]    Compiling serde_derive v1.0.183
[INFO] [stderr]    Compiling serde v1.0.183
[INFO] [stderr]    Compiling hashbrown v0.14.0
[INFO] [stderr]    Compiling version_check v0.9.4
[INFO] [stderr]    Compiling equivalent v1.0.1
[INFO] [stderr]    Compiling winnow v0.5.10
[INFO] [stderr]    Compiling syn v1.0.109
[INFO] [stderr]    Compiling tinyvec_macros v0.1.1
[INFO] [stderr]    Compiling num-traits v0.2.16
[INFO] [stderr]    Compiling tinyvec v1.6.0
[INFO] [stderr]    Compiling unicode-bidi v0.3.13
[INFO] [stderr]    Compiling indexmap v2.0.0
[INFO] [stderr]    Compiling semver v1.0.18
[INFO] [stderr]    Compiling quote v1.0.32
[INFO] [stderr]    Compiling percent-encoding v2.3.0
[INFO] [stderr]    Compiling form_urlencoded v1.2.0
[INFO] [stderr]    Compiling memchr v2.5.0
[INFO] [stderr]    Compiling iana-time-zone v0.1.57
[INFO] [stderr]    Compiling unicode-normalization v0.1.22
[INFO] [stderr]    Compiling crossbeam-utils v0.8.16
[INFO] [stderr]    Compiling scopeguard v1.2.0
[INFO] [stderr]    Compiling syn v2.0.28
[INFO] [stderr]    Compiling memoffset v0.9.0
[INFO] [stderr]    Compiling idna v0.4.0
[INFO] [stderr]    Compiling crossbeam-epoch v0.9.15
[INFO] [stderr]    Compiling url v2.4.0
[INFO] [stderr]    Compiling chrono v0.4.26
[INFO] [stderr]    Compiling rayon-core v1.11.0
[INFO] [stderr]    Compiling crossbeam-channel v0.5.8
[INFO] [stderr]    Compiling crossbeam-deque v0.8.3
[INFO] [stderr]    Compiling num_cpus v1.16.0
[INFO] [stderr]    Compiling num-integer v0.1.45
[INFO] [stderr]    Compiling toml_datetime v0.6.3
[INFO] [stderr]    Compiling serde_spanned v0.6.3
[INFO] [stderr]    Compiling toml_edit v0.19.14
[INFO] [stderr]    Compiling rustix v0.38.8
[INFO] [stderr]    Compiling simd-adler32 v0.3.7
[INFO] [stderr]    Compiling crc32fast v1.3.2
[INFO] [stderr]    Compiling linux-raw-sys v0.4.5
[INFO] [stderr]    Compiling bitflags v2.4.0
[INFO] [stderr]    Compiling either v1.9.0
[INFO] [stderr]    Compiling cc v1.0.82
[INFO] [stderr]    Compiling num-bigint v0.4.3
[INFO] [stderr]    Compiling adler v1.0.2
[INFO] [stderr]    Compiling typenum v1.16.0
[INFO] [stderr]    Compiling miniz_oxide v0.7.1
[INFO] [stderr]    Compiling toml v0.7.6
[INFO] [stderr]    Compiling rayon v1.7.0
[INFO] [stderr]    Compiling generic-array v0.14.7
[INFO] [stderr]    Compiling cargo-lock v9.0.0
[INFO] [stderr]    Compiling num-rational v0.4.1
[INFO] [stderr]    Compiling utf8parse v0.2.1
[INFO] [stderr]    Compiling anstyle-parse v0.2.1
[INFO] [stderr]    Compiling built v0.6.1
[INFO] [stderr]    Compiling is-terminal v0.4.9
[INFO] [stderr]    Compiling num-iter v0.1.43
[INFO] [stderr]    Compiling radium v0.7.0
[INFO] [stderr]    Compiling anstyle v1.0.1
[INFO] [stderr]    Compiling anstyle-query v1.0.0
[INFO] [stderr]    Compiling colorchoice v1.0.0
[INFO] [stderr]    Compiling anstream v0.3.2
[INFO] [stderr]    Compiling dirs-sys v0.3.7
[INFO] [stderr]    Compiling proc-macro-error-attr v1.0.4
[INFO] [stderr]    Compiling clap_lex v0.5.0
[INFO] [stderr]    Compiling minimal-lexical v0.2.1
[INFO] [stderr]    Compiling strsim v0.10.0
[INFO] [stderr]    Compiling tap v1.0.1
[INFO] [stderr]    Compiling smallvec v1.11.0
[INFO] [stderr]    Compiling wyz v0.5.1
[INFO] [stderr]    Compiling nom v7.1.3
[INFO] [stderr]    Compiling clap_builder v4.3.21
[INFO] [stderr]    Compiling dirs v4.0.0
[INFO] [stderr]    Compiling num-complex v0.4.3
[INFO] [stderr]    Compiling proc-macro-error v1.0.4
[INFO] [stderr]    Compiling lock_api v0.4.10
[INFO] [stderr]    Compiling deranged v0.3.7
[INFO] [stderr]    Compiling bytecount v0.6.3
[INFO] [stderr]    Compiling time-core v0.1.1
[INFO] [stderr]    Compiling once_cell v1.18.0
[INFO] [stderr]    Compiling funty v2.0.0
[INFO] [stderr]    Compiling num v0.4.1
[INFO] [stderr]    Compiling resolve-path v0.1.0
[INFO] [stderr]    Compiling proc-macro-crate v1.3.1
[INFO] [stderr]    Compiling block-buffer v0.10.4
[INFO] [stderr]    Compiling crypto-common v0.1.6
[INFO] [stderr]    Compiling time v0.3.25
[INFO] [stderr]    Compiling itertools v0.11.0
[INFO] [stderr]    Compiling bitvec v1.0.1
[INFO] [stderr]    Compiling aho-corasick v1.0.3
[INFO] [stderr]    Compiling bitsets v0.1.1
[INFO] [stderr]    Compiling futures-core v0.3.28
[INFO] [stderr]    Compiling regex-syntax v0.7.4
[INFO] [stderr]    Compiling bitfield v0.14.0
[INFO] [stderr]    Compiling nom_locate v4.1.0
[INFO] [stderr]    Compiling proc-macro-hack v0.5.20+deprecated
[INFO] [stderr]    Compiling rle-decode-fast v1.0.3
[INFO] [stderr]    Compiling smol_str v0.2.0
[INFO] [stderr]    Compiling clap v4.3.21
[INFO] [stderr]    Compiling libflate_lz77 v1.2.0
[INFO] [stderr]    Compiling num_enum_derive v0.6.1
[INFO] [stderr]    Compiling digest v0.10.7
[INFO] [stderr]    Compiling cpclib-sna v0.7.0
[INFO] [stderr]    Compiling pin-project-internal v1.1.3
[INFO] [stderr]    Compiling backtrace v0.3.68
[INFO] [stderr]    Compiling cpclib-common v0.7.0
[INFO] [stderr]    Compiling regex-automata v0.3.6
[INFO] [stderr]    Compiling getrandom v0.2.10
[INFO] [stderr]    Compiling paste v1.0.14
[INFO] [stderr]    Compiling cpufeatures v0.2.9
[INFO] [stderr]    Compiling gimli v0.27.3
[INFO] [stderr]    Compiling failure_derive v0.1.8
[INFO] [stderr]    Compiling same-file v1.0.6
[INFO] [stderr]    Compiling bytemuck v1.13.1
[INFO] [stderr]    Compiling adler32 v1.2.0
[INFO] [stderr]    Compiling weezl v0.1.7
[INFO] [stderr]    Compiling unicode-xid v0.2.4
[INFO] [stderr]    Compiling synstructure v0.12.6
[INFO] [stderr]    Compiling pin-project v1.1.3
[INFO] [stderr]    Compiling libflate v1.4.0
[INFO] [stderr]    Compiling walkdir v2.3.3
[INFO] [stderr]    Compiling sha2 v0.10.7
[INFO] [stderr]    Compiling num_enum v0.6.1
[INFO] [stderr]    Compiling nanorand v0.7.0
[INFO] [stderr]    Compiling spin v0.9.8
[INFO] [stderr]    Compiling delegate v0.10.0
[INFO] [stderr]    Compiling cpclib-tokens v0.7.0
[INFO] [stderr]    Compiling flate2 v1.0.26
[INFO] [stderr]    Compiling regex v1.9.3
[INFO] [stderr]    Compiling object v0.31.1
[INFO] [stderr]    Compiling addr2line v0.20.0
[INFO] [stderr]    Compiling color_quant v1.1.0
[INFO] [stderr]    Compiling rustc-demangle v0.1.23
[INFO] [stderr]    Compiling matches v0.1.10
[INFO] [stderr]    Compiling futures-sink v0.3.28
[INFO] [stderr]    Compiling gif v0.12.0
[INFO] [stderr]    Compiling flume v0.10.14
[INFO] [stderr]    Compiling include-flate-codegen v0.1.4
[INFO] [stderr]    Compiling jpeg-decoder v0.3.0
[INFO] [stderr]    Compiling cpclib-disc v0.7.0
[INFO] [stderr]    Compiling remain v0.2.11
[INFO] [stderr]    Compiling fdeflate v0.3.0
[INFO] [stderr]    Compiling zune-inflate v0.2.54
[INFO] [stderr]    Compiling ordered-float v3.7.0
[INFO] [stderr]    Compiling lebe v0.5.2
[INFO] [stderr]    Compiling bitflags v1.3.2
[INFO] [stderr]    Compiling bit_field v0.10.2
[INFO] [stderr]    Compiling glob v0.3.1
[INFO] [stderr]    Compiling anyhow v1.0.72
[INFO] [stderr]    Compiling half v2.2.1
[INFO] [stderr]    Compiling evalexpr v11.0.1
[INFO] [stderr]    Compiling portable-atomic v1.4.2
[INFO] [stderr]    Compiling unicode-width v0.1.10
[INFO] [stderr]    Compiling exr v1.7.0
[INFO] [stderr]    Compiling build-deps v0.1.4
[INFO] [stderr]    Compiling png v0.17.9
[INFO] [stderr]    Compiling tiff v0.9.0
[INFO] [stdout] error[E0554]: `#![feature]` may not be used on the beta release channel
[INFO] [stdout]  --> /opt/rustwide/cargo-home/registry/src/index.crates.io-6f17d22bba15001f/cpclib-tokens-0.7.0/src/lib.rs:1:1
[INFO] [stdout]   |
[INFO] [stdout] 1 | #![feature(stmt_expr_attributes)]
[INFO] [stdout]   | ^^^^^^^^^^^^^^^^^^^^^^^^^^^^^^^^^
[INFO] [stdout] 
[INFO] [stdout] 
[INFO] [stdout] error[E0554]: `#![feature]` may not be used on the beta release channel
[INFO] [stdout]  --> /opt/rustwide/cargo-home/registry/src/index.crates.io-6f17d22bba15001f/cpclib-tokens-0.7.0/src/lib.rs:2:1
[INFO] [stdout]   |
[INFO] [stdout] 2 | #![feature(proc_macro_hygiene)]
[INFO] [stdout]   | ^^^^^^^^^^^^^^^^^^^^^^^^^^^^^^^
[INFO] [stdout] 
[INFO] [stdout] 
[INFO] [stdout] error[E0554]: `#![feature]` may not be used on the beta release channel
[INFO] [stdout]  --> /opt/rustwide/cargo-home/registry/src/index.crates.io-6f17d22bba15001f/cpclib-tokens-0.7.0/src/lib.rs:3:1
[INFO] [stdout]   |
[INFO] [stdout] 3 | #![feature(exclusive_range_pattern)]
[INFO] [stdout]   | ^^^^^^^^^^^^^^^^^^^^^^^^^^^^^^^^^^^^
[INFO] [stdout] 
[INFO] [stdout] 
[INFO] [stdout] error[E0554]: `#![feature]` may not be used on the beta release channel
[INFO] [stdout]  --> /opt/rustwide/cargo-home/registry/src/index.crates.io-6f17d22bba15001f/cpclib-tokens-0.7.0/src/lib.rs:4:1
[INFO] [stdout]   |
[INFO] [stdout] 4 | #![feature(box_patterns)]
[INFO] [stdout]   | ^^^^^^^^^^^^^^^^^^^^^^^^^
[INFO] [stdout] 
[INFO] [stdout] 
[INFO] [stderr]    Compiling include-flate-codegen-exports v0.1.4
[INFO] [stdout] error: aborting due to 4 previous errors
[INFO] [stdout] 
[INFO] [stdout] 
[INFO] [stdout] For more information about this error, try `rustc --explain E0554`.
[INFO] [stdout] 
[INFO] [stderr] error: could not compile `cpclib-tokens` (lib) due to 5 previous errors
[INFO] [stderr] warning: build failed, waiting for other jobs to finish...
[INFO] running `Command { std: "docker" "inspect" "453b043a0854d7aee163cc6ebc95009397695adc3928d402c9f1f5e0afe086a6", kill_on_drop: false }`
[INFO] running `Command { std: "docker" "rm" "-f" "453b043a0854d7aee163cc6ebc95009397695adc3928d402c9f1f5e0afe086a6", kill_on_drop: false }`
[INFO] [stdout] 453b043a0854d7aee163cc6ebc95009397695adc3928d402c9f1f5e0afe086a6
