[INFO] fetching crate cordon 0.2.0...
[INFO] testing cordon-0.2.0 against 1.75.0 for beta-1.76-1
[INFO] extracting crate cordon 0.2.0 into /workspace/builds/worker-5-tc1/source
[INFO] validating manifest of crates.io crate cordon 0.2.0 on toolchain 1.75.0
[INFO] running `Command { std: CARGO_HOME="/workspace/cargo-home" RUSTUP_HOME="/workspace/rustup-home" "/workspace/cargo-home/bin/cargo" "+1.75.0" "metadata" "--manifest-path" "Cargo.toml" "--no-deps", kill_on_drop: false }`
[INFO] started tweaking crates.io crate cordon 0.2.0
[INFO] finished tweaking crates.io crate cordon 0.2.0
[INFO] tweaked toml for crates.io crate cordon 0.2.0 written to /workspace/builds/worker-5-tc1/source/Cargo.toml
[INFO] crate crates.io crate cordon 0.2.0 already has a lockfile, it will not be regenerated
[INFO] running `Command { std: CARGO_HOME="/workspace/cargo-home" RUSTUP_HOME="/workspace/rustup-home" "/workspace/cargo-home/bin/cargo" "+1.75.0" "fetch" "--manifest-path" "Cargo.toml", kill_on_drop: false }`
[INFO] [stderr]     Updating crates.io index
[INFO] [stderr]  Downloading crates ...
[INFO] [stderr]   Downloaded alloc_counter_macro v0.0.2
[INFO] [stderr]   Downloaded dbus v0.9.7
[INFO] [stderr]   Downloaded alloc_counter v0.0.4
[INFO] [stderr]   Downloaded c_str_macro v1.0.3
[INFO] [stderr]   Downloaded libdbus-sys v0.2.5
[INFO] running `Command { std: "docker" "create" "-v" "/var/lib/crater-agent-workspace/builds/worker-5-tc1/target:/opt/rustwide/target:rw,Z" "-v" "/var/lib/crater-agent-workspace/builds/worker-5-tc1/source:/opt/rustwide/workdir:ro,Z" "-v" "/var/lib/crater-agent-workspace/cargo-home:/opt/rustwide/cargo-home:ro,Z" "-v" "/var/lib/crater-agent-workspace/rustup-home:/opt/rustwide/rustup-home:ro,Z" "-e" "SOURCE_DIR=/opt/rustwide/workdir" "-e" "CARGO_TARGET_DIR=/opt/rustwide/target" "-e" "CARGO_HOME=/opt/rustwide/cargo-home" "-e" "RUSTUP_HOME=/opt/rustwide/rustup-home" "-w" "/opt/rustwide/workdir" "-m" "1610612736" "--user" "0:0" "--network" "none" "ghcr.io/rust-lang/crates-build-env/linux@sha256:2788e3201cd34a07e3172128adcd8b3090168a8e3bcc40d7c032b9dda1df7d1c" "/opt/rustwide/cargo-home/bin/cargo" "+1.75.0" "metadata" "--no-deps" "--format-version=1", kill_on_drop: false }`
[INFO] [stdout] 0ff2ab184dabf44c84d3e66f57d379787c3dd5cd1f369d1151fda848eae860a5
[INFO] running `Command { std: "docker" "start" "-a" "0ff2ab184dabf44c84d3e66f57d379787c3dd5cd1f369d1151fda848eae860a5", kill_on_drop: false }`
[INFO] running `Command { std: "docker" "inspect" "0ff2ab184dabf44c84d3e66f57d379787c3dd5cd1f369d1151fda848eae860a5", kill_on_drop: false }`
[INFO] running `Command { std: "docker" "rm" "-f" "0ff2ab184dabf44c84d3e66f57d379787c3dd5cd1f369d1151fda848eae860a5", kill_on_drop: false }`
[INFO] [stdout] 0ff2ab184dabf44c84d3e66f57d379787c3dd5cd1f369d1151fda848eae860a5
[INFO] running `Command { std: "docker" "create" "-v" "/var/lib/crater-agent-workspace/builds/worker-5-tc1/target:/opt/rustwide/target:rw,Z" "-v" "/var/lib/crater-agent-workspace/builds/worker-5-tc1/source:/opt/rustwide/workdir:ro,Z" "-v" "/var/lib/crater-agent-workspace/cargo-home:/opt/rustwide/cargo-home:ro,Z" "-v" "/var/lib/crater-agent-workspace/rustup-home:/opt/rustwide/rustup-home:ro,Z" "-e" "SOURCE_DIR=/opt/rustwide/workdir" "-e" "CARGO_TARGET_DIR=/opt/rustwide/target" "-e" "CARGO_INCREMENTAL=0" "-e" "RUST_BACKTRACE=full" "-e" "RUSTFLAGS=--cap-lints=warn" "-e" "RUSTDOCFLAGS=--cap-lints=warn" "-e" "CARGO_HOME=/opt/rustwide/cargo-home" "-e" "RUSTUP_HOME=/opt/rustwide/rustup-home" "-w" "/opt/rustwide/workdir" "-m" "1610612736" "--user" "0:0" "--network" "none" "ghcr.io/rust-lang/crates-build-env/linux@sha256:2788e3201cd34a07e3172128adcd8b3090168a8e3bcc40d7c032b9dda1df7d1c" "/opt/rustwide/cargo-home/bin/cargo" "+1.75.0" "build" "--frozen" "--message-format=json", kill_on_drop: false }`
[INFO] [stdout] 057e0de2a00bcded7f458f2dda6645e1934e68c64bfc96248796b581c84802dd
[INFO] running `Command { std: "docker" "start" "-a" "057e0de2a00bcded7f458f2dda6645e1934e68c64bfc96248796b581c84802dd", kill_on_drop: false }`
[INFO] [stderr]    Compiling proc-macro2 v1.0.67
[INFO] [stderr]    Compiling libc v0.2.148
[INFO] [stderr]    Compiling once_cell v1.18.0
[INFO] [stderr]    Compiling pkg-config v0.3.27
[INFO] [stderr]    Compiling syn v1.0.109
[INFO] [stderr]    Compiling regex-syntax v0.7.5
[INFO] [stderr]    Compiling regex-syntax v0.6.29
[INFO] [stderr]    Compiling overload v0.1.1
[INFO] [stderr]    Compiling pin-project-lite v0.2.13
[INFO] [stderr]    Compiling ppv-lite86 v0.2.17
[INFO] [stderr]    Compiling thiserror v1.0.50
[INFO] [stderr]    Compiling pin-utils v0.1.0
[INFO] [stderr]    Compiling sharded-slab v0.1.7
[INFO] [stderr]    Compiling c_str_macro v1.0.3
[INFO] [stderr]    Compiling nu-ansi-term v0.46.0
[INFO] [stderr]    Compiling tracing-core v0.1.32
[INFO] [stderr]    Compiling thread_local v1.1.7
[INFO] [stderr]    Compiling libdbus-sys v0.2.5
[INFO] [stderr]    Compiling tracing-log v0.2.0
[INFO] [stderr]    Compiling quote v1.0.33
[INFO] [stderr]    Compiling getrandom v0.2.10
[INFO] [stderr]    Compiling dbus v0.9.7
[INFO] [stderr]    Compiling syn v2.0.39
[INFO] [stderr]    Compiling rand_core v0.6.4
[INFO] [stderr]    Compiling rand_chacha v0.3.1
[INFO] [stderr]    Compiling rand v0.8.5
[INFO] [stderr]    Compiling regex-automata v0.3.9
[INFO] [stderr]    Compiling regex-automata v0.1.10
[INFO] [stderr]    Compiling matchers v0.1.0
[INFO] [stderr]    Compiling regex v1.9.6
[INFO] [stderr]    Compiling alloc_counter_macro v0.0.2
[INFO] [stderr]    Compiling alloc_counter v0.0.4
[INFO] [stderr]    Compiling tracing-attributes v0.1.27
[INFO] [stderr]    Compiling thiserror-impl v1.0.50
[INFO] [stderr]    Compiling tracing v0.1.40
[INFO] [stderr]    Compiling tracing-subscriber v0.3.18
[INFO] [stderr]    Compiling cordon v0.2.0 (/opt/rustwide/workdir)
[INFO] [stdout] error[E0308]: mismatched types
[INFO] [stdout]    --> src/libc_util.rs:168:77
[INFO] [stdout]     |
[INFO] [stdout] 168 |     buf[..path_len + 1].copy_from_slice(unsafe { std::slice::from_raw_parts(path, path_len + 1) });
[INFO] [stdout]     |                                                  -------------------------- ^^^^ expected `*const u8`, found `*const i8`
[INFO] [stdout]     |                                                  |
[INFO] [stdout]     |                                                  arguments to this function are incorrect
[INFO] [stdout]     |
[INFO] [stdout]     = note: expected raw pointer `*const u8`
[INFO] [stdout]                found raw pointer `*const i8`
[INFO] [stdout] note: function defined here
[INFO] [stdout]    --> /rustc/82e1608dfa6e0b5569232559e3d385fea5a93112/library/core/src/slice/raw.rs:94:21
[INFO] [stdout] 
[INFO] [stdout] 
[INFO] [stdout] error[E0308]: mismatched types
[INFO] [stdout]    --> src/libc_util.rs:183:31
[INFO] [stdout]     |
[INFO] [stdout] 183 |         mkdir_ignoring_eexist(buf.as_ptr())?;
[INFO] [stdout]     |         --------------------- ^^^^^^^^^^^^ expected `*const i8`, found `*const u8`
[INFO] [stdout]     |         |
[INFO] [stdout]     |         arguments to this function are incorrect
[INFO] [stdout]     |
[INFO] [stdout]     = note: expected raw pointer `*const i8`
[INFO] [stdout]                found raw pointer `*const u8`
[INFO] [stdout] note: closure parameter defined here
[INFO] [stdout]    --> src/libc_util.rs:150:34
[INFO] [stdout]     |
[INFO] [stdout] 150 |     let mkdir_ignoring_eexist = |path: *const c_char| -> Result<()> {
[INFO] [stdout]     |                                  ^^^^^^^^^^^^^^^^^^^
[INFO] [stdout] 
[INFO] [stdout] 
[INFO] [stdout] error[E0308]: mismatched types
[INFO] [stdout]     --> src/spawn.rs:550:31
[INFO] [stdout]      |
[INFO] [stdout] 550  |         let 0 = libc::umount2(dot, libc::MNT_DETACH) else {
[INFO] [stdout]      |                 ------------- ^^^ expected `*const i8`, found `*const u8`
[INFO] [stdout]      |                 |
[INFO] [stdout]      |                 arguments to this function are incorrect
[INFO] [stdout]      |
[INFO] [stdout]      = note: expected raw pointer `*const i8`
[INFO] [stdout]                 found raw pointer `*const u8`
[INFO] [stdout] note: function defined here
[INFO] [stdout]     --> /opt/rustwide/cargo-home/registry/src/index.crates.io-6f17d22bba15001f/libc-0.2.148/src/unix/linux_like/linux/mod.rs:4591:12
[INFO] [stdout]      |
[INFO] [stdout] 4591 |     pub fn umount2(target: *const ::c_char, flags: ::c_int) -> ::c_int;
[INFO] [stdout]      |            ^^^^^^^
[INFO] [stdout] 
[INFO] [stdout] 
[INFO] [stdout] error[E0308]: mismatched types
[INFO] [stdout]    --> src/spawn.rs:555:29
[INFO] [stdout]     |
[INFO] [stdout] 555 |         let 0 = libc::chdir(b"/\0".as_ptr()) else {
[INFO] [stdout]     |                 ----------- ^^^^^^^^^^^^^^^ expected `*const i8`, found `*const u8`
[INFO] [stdout]     |                 |
[INFO] [stdout]     |                 arguments to this function are incorrect
[INFO] [stdout]     |
[INFO] [stdout]     = note: expected raw pointer `*const i8`
[INFO] [stdout]                found raw pointer `*const u8`
[INFO] [stdout] note: function defined here
[INFO] [stdout]    --> /opt/rustwide/cargo-home/registry/src/index.crates.io-6f17d22bba15001f/libc-0.2.148/src/unix/mod.rs:864:12
[INFO] [stdout]     |
[INFO] [stdout] 864 |     pub fn chdir(dir: *const c_char) -> ::c_int;
[INFO] [stdout]     |            ^^^^^
[INFO] [stdout] 
[INFO] [stdout] 
[INFO] [stdout] error: aborting due to 4 previous errors
[INFO] [stdout] 
[INFO] [stdout] 
[INFO] [stdout] For more information about this error, try `rustc --explain E0308`.
[INFO] [stdout] 
[INFO] [stderr] error: could not compile `cordon` (lib) due to 5 previous errors
[INFO] [stderr] warning: build failed, waiting for other jobs to finish...
[INFO] running `Command { std: "docker" "inspect" "057e0de2a00bcded7f458f2dda6645e1934e68c64bfc96248796b581c84802dd", kill_on_drop: false }`
[INFO] running `Command { std: "docker" "rm" "-f" "057e0de2a00bcded7f458f2dda6645e1934e68c64bfc96248796b581c84802dd", kill_on_drop: false }`
[INFO] [stdout] 057e0de2a00bcded7f458f2dda6645e1934e68c64bfc96248796b581c84802dd
[INFO] testing cordon-0.2.0 against beta-2023-12-22 for beta-1.76-1
[INFO] extracting crate cordon 0.2.0 into /workspace/builds/worker-5-tc2/source
[INFO] validating manifest of crates.io crate cordon 0.2.0 on toolchain beta-2023-12-22
[INFO] running `Command { std: CARGO_HOME="/workspace/cargo-home" RUSTUP_HOME="/workspace/rustup-home" "/workspace/cargo-home/bin/cargo" "+beta-2023-12-22" "metadata" "--manifest-path" "Cargo.toml" "--no-deps", kill_on_drop: false }`
[INFO] started tweaking crates.io crate cordon 0.2.0
[INFO] finished tweaking crates.io crate cordon 0.2.0
[INFO] tweaked toml for crates.io crate cordon 0.2.0 written to /workspace/builds/worker-5-tc2/source/Cargo.toml
[INFO] crate crates.io crate cordon 0.2.0 already has a lockfile, it will not be regenerated
[INFO] running `Command { std: CARGO_HOME="/workspace/cargo-home" RUSTUP_HOME="/workspace/rustup-home" "/workspace/cargo-home/bin/cargo" "+beta-2023-12-22" "fetch" "--manifest-path" "Cargo.toml", kill_on_drop: false }`
[INFO] running `Command { std: "docker" "create" "-v" "/var/lib/crater-agent-workspace/builds/worker-5-tc2/target:/opt/rustwide/target:rw,Z" "-v" "/var/lib/crater-agent-workspace/builds/worker-5-tc2/source:/opt/rustwide/workdir:ro,Z" "-v" "/var/lib/crater-agent-workspace/cargo-home:/opt/rustwide/cargo-home:ro,Z" "-v" "/var/lib/crater-agent-workspace/rustup-home:/opt/rustwide/rustup-home:ro,Z" "-e" "SOURCE_DIR=/opt/rustwide/workdir" "-e" "CARGO_TARGET_DIR=/opt/rustwide/target" "-e" "CARGO_HOME=/opt/rustwide/cargo-home" "-e" "RUSTUP_HOME=/opt/rustwide/rustup-home" "-w" "/opt/rustwide/workdir" "-m" "1610612736" "--user" "0:0" "--network" "none" "ghcr.io/rust-lang/crates-build-env/linux@sha256:2788e3201cd34a07e3172128adcd8b3090168a8e3bcc40d7c032b9dda1df7d1c" "/opt/rustwide/cargo-home/bin/cargo" "+beta-2023-12-22" "metadata" "--no-deps" "--format-version=1", kill_on_drop: false }`
[INFO] [stdout] 6ba50b773035a53d8b7ee5b890e7d6b38c7f1127d51affb8092a88735754979e
[INFO] running `Command { std: "docker" "start" "-a" "6ba50b773035a53d8b7ee5b890e7d6b38c7f1127d51affb8092a88735754979e", kill_on_drop: false }`
[INFO] running `Command { std: "docker" "inspect" "6ba50b773035a53d8b7ee5b890e7d6b38c7f1127d51affb8092a88735754979e", kill_on_drop: false }`
[INFO] running `Command { std: "docker" "rm" "-f" "6ba50b773035a53d8b7ee5b890e7d6b38c7f1127d51affb8092a88735754979e", kill_on_drop: false }`
[INFO] [stdout] 6ba50b773035a53d8b7ee5b890e7d6b38c7f1127d51affb8092a88735754979e
[INFO] running `Command { std: "docker" "create" "-v" "/var/lib/crater-agent-workspace/builds/worker-5-tc2/target:/opt/rustwide/target:rw,Z" "-v" "/var/lib/crater-agent-workspace/builds/worker-5-tc2/source:/opt/rustwide/workdir:ro,Z" "-v" "/var/lib/crater-agent-workspace/cargo-home:/opt/rustwide/cargo-home:ro,Z" "-v" "/var/lib/crater-agent-workspace/rustup-home:/opt/rustwide/rustup-home:ro,Z" "-e" "SOURCE_DIR=/opt/rustwide/workdir" "-e" "CARGO_TARGET_DIR=/opt/rustwide/target" "-e" "CARGO_INCREMENTAL=0" "-e" "RUST_BACKTRACE=full" "-e" "RUSTFLAGS=--cap-lints=warn" "-e" "RUSTDOCFLAGS=--cap-lints=warn" "-e" "CARGO_HOME=/opt/rustwide/cargo-home" "-e" "RUSTUP_HOME=/opt/rustwide/rustup-home" "-w" "/opt/rustwide/workdir" "-m" "1610612736" "--user" "0:0" "--network" "none" "ghcr.io/rust-lang/crates-build-env/linux@sha256:2788e3201cd34a07e3172128adcd8b3090168a8e3bcc40d7c032b9dda1df7d1c" "/opt/rustwide/cargo-home/bin/cargo" "+beta-2023-12-22" "build" "--frozen" "--message-format=json", kill_on_drop: false }`
[INFO] [stdout] d71bbb8e56924723a01f75a896ef03ff72f1f0f15fcf757fec3904fff9c43f8b
[INFO] running `Command { std: "docker" "start" "-a" "d71bbb8e56924723a01f75a896ef03ff72f1f0f15fcf757fec3904fff9c43f8b", kill_on_drop: false }`
[INFO] [stderr]    Compiling proc-macro2 v1.0.67
[INFO] [stderr]    Compiling libc v0.2.148
[INFO] [stderr]    Compiling once_cell v1.18.0
[INFO] [stderr]    Compiling pkg-config v0.3.27
[INFO] [stderr]    Compiling syn v1.0.109
[INFO] [stderr]    Compiling regex-syntax v0.7.5
[INFO] [stderr]    Compiling regex-syntax v0.6.29
[INFO] [stderr]    Compiling ppv-lite86 v0.2.17
[INFO] [stderr]    Compiling pin-project-lite v0.2.13
[INFO] [stderr]    Compiling overload v0.1.1
[INFO] [stderr]    Compiling thiserror v1.0.50
[INFO] [stderr]    Compiling pin-utils v0.1.0
[INFO] [stderr]    Compiling sharded-slab v0.1.7
[INFO] [stderr]    Compiling c_str_macro v1.0.3
[INFO] [stderr]    Compiling nu-ansi-term v0.46.0
[INFO] [stderr]    Compiling tracing-core v0.1.32
[INFO] [stderr]    Compiling thread_local v1.1.7
[INFO] [stderr]    Compiling libdbus-sys v0.2.5
[INFO] [stderr]    Compiling tracing-log v0.2.0
[INFO] [stderr]    Compiling quote v1.0.33
[INFO] [stderr]    Compiling syn v2.0.39
[INFO] [stderr]    Compiling getrandom v0.2.10
[INFO] [stderr]    Compiling dbus v0.9.7
[INFO] [stderr]    Compiling rand_core v0.6.4
[INFO] [stderr]    Compiling rand_chacha v0.3.1
[INFO] [stderr]    Compiling rand v0.8.5
[INFO] [stderr]    Compiling regex-automata v0.3.9
[INFO] [stderr]    Compiling regex-automata v0.1.10
[INFO] [stderr]    Compiling matchers v0.1.0
[INFO] [stderr]    Compiling regex v1.9.6
[INFO] [stderr]    Compiling alloc_counter_macro v0.0.2
[INFO] [stderr]    Compiling alloc_counter v0.0.4
[INFO] [stderr]    Compiling tracing-attributes v0.1.27
[INFO] [stderr]    Compiling thiserror-impl v1.0.50
[INFO] [stderr]    Compiling tracing v0.1.40
[INFO] [stderr]    Compiling tracing-subscriber v0.3.18
[INFO] [stderr]    Compiling cordon v0.2.0 (/opt/rustwide/workdir)
[INFO] [stdout] error[E0308]: mismatched types
[INFO] [stdout]    --> src/libc_util.rs:168:77
[INFO] [stdout]     |
[INFO] [stdout] 168 |     buf[..path_len + 1].copy_from_slice(unsafe { std::slice::from_raw_parts(path, path_len + 1) });
[INFO] [stdout]     |                                                  -------------------------- ^^^^ expected `*const u8`, found `*const i8`
[INFO] [stdout]     |                                                  |
[INFO] [stdout]     |                                                  arguments to this function are incorrect
[INFO] [stdout]     |
[INFO] [stdout]     = note: expected raw pointer `*const u8`
[INFO] [stdout]                found raw pointer `*const i8`
[INFO] [stdout] note: function defined here
[INFO] [stdout]    --> /rustc/0e09125c6c3c2fd70d7de961bcf0e51575235fad/library/core/src/slice/raw.rs:94:21
[INFO] [stdout] 
[INFO] [stdout] 
[INFO] [stdout] error[E0308]: mismatched types
[INFO] [stdout]    --> src/libc_util.rs:183:31
[INFO] [stdout]     |
[INFO] [stdout] 183 |         mkdir_ignoring_eexist(buf.as_ptr())?;
[INFO] [stdout]     |         --------------------- ^^^^^^^^^^^^ expected `*const i8`, found `*const u8`
[INFO] [stdout]     |         |
[INFO] [stdout]     |         arguments to this function are incorrect
[INFO] [stdout]     |
[INFO] [stdout]     = note: expected raw pointer `*const i8`
[INFO] [stdout]                found raw pointer `*const u8`
[INFO] [stdout] note: closure parameter defined here
[INFO] [stdout]    --> src/libc_util.rs:150:34
[INFO] [stdout]     |
[INFO] [stdout] 150 |     let mkdir_ignoring_eexist = |path: *const c_char| -> Result<()> {
[INFO] [stdout]     |                                  ^^^^^^^^^^^^^^^^^^^
[INFO] [stdout] 
[INFO] [stdout] 
[INFO] [stdout] error[E0308]: mismatched types
[INFO] [stdout]     --> src/spawn.rs:550:31
[INFO] [stdout]      |
[INFO] [stdout] 550  |         let 0 = libc::umount2(dot, libc::MNT_DETACH) else {
[INFO] [stdout]      |                 ------------- ^^^ expected `*const i8`, found `*const u8`
[INFO] [stdout]      |                 |
[INFO] [stdout]      |                 arguments to this function are incorrect
[INFO] [stdout]      |
[INFO] [stdout]      = note: expected raw pointer `*const i8`
[INFO] [stdout]                 found raw pointer `*const u8`
[INFO] [stdout] note: function defined here
[INFO] [stdout]     --> /opt/rustwide/cargo-home/registry/src/index.crates.io-6f17d22bba15001f/libc-0.2.148/src/unix/linux_like/linux/mod.rs:4591:12
[INFO] [stdout]      |
[INFO] [stdout] 4591 |     pub fn umount2(target: *const ::c_char, flags: ::c_int) -> ::c_int;
[INFO] [stdout]      |            ^^^^^^^
[INFO] [stdout] 
[INFO] [stdout] 
[INFO] [stdout] error[E0308]: mismatched types
[INFO] [stdout]    --> src/spawn.rs:555:29
[INFO] [stdout]     |
[INFO] [stdout] 555 |         let 0 = libc::chdir(b"/\0".as_ptr()) else {
[INFO] [stdout]     |                 ----------- ^^^^^^^^^^^^^^^ expected `*const i8`, found `*const u8`
[INFO] [stdout]     |                 |
[INFO] [stdout]     |                 arguments to this function are incorrect
[INFO] [stdout]     |
[INFO] [stdout]     = note: expected raw pointer `*const i8`
[INFO] [stdout]                found raw pointer `*const u8`
[INFO] [stdout] note: function defined here
[INFO] [stdout]    --> /opt/rustwide/cargo-home/registry/src/index.crates.io-6f17d22bba15001f/libc-0.2.148/src/unix/mod.rs:864:12
[INFO] [stdout]     |
[INFO] [stdout] 864 |     pub fn chdir(dir: *const c_char) -> ::c_int;
[INFO] [stdout]     |            ^^^^^
[INFO] [stdout] 
[INFO] [stdout] 
[INFO] [stdout] error: aborting due to 4 previous errors
[INFO] [stdout] 
[INFO] [stdout] 
[INFO] [stdout] For more information about this error, try `rustc --explain E0308`.
[INFO] [stdout] 
[INFO] [stderr] error: could not compile `cordon` (lib) due to 5 previous errors
[INFO] [stderr] warning: build failed, waiting for other jobs to finish...
[INFO] running `Command { std: "docker" "inspect" "d71bbb8e56924723a01f75a896ef03ff72f1f0f15fcf757fec3904fff9c43f8b", kill_on_drop: false }`
[INFO] running `Command { std: "docker" "rm" "-f" "d71bbb8e56924723a01f75a896ef03ff72f1f0f15fcf757fec3904fff9c43f8b", kill_on_drop: false }`
[INFO] [stdout] d71bbb8e56924723a01f75a896ef03ff72f1f0f15fcf757fec3904fff9c43f8b
