[INFO] fetching crate contract-utils 0.1.0...
[INFO] testing contract-utils-0.1.0 against 1.75.0 for beta-1.76-1
[INFO] extracting crate contract-utils 0.1.0 into /workspace/builds/worker-1-tc1/source
[INFO] validating manifest of crates.io crate contract-utils 0.1.0 on toolchain 1.75.0
[INFO] running `Command { std: CARGO_HOME="/workspace/cargo-home" RUSTUP_HOME="/workspace/rustup-home" "/workspace/cargo-home/bin/cargo" "+1.75.0" "metadata" "--manifest-path" "Cargo.toml" "--no-deps", kill_on_drop: false }`
[INFO] started tweaking crates.io crate contract-utils 0.1.0
[INFO] finished tweaking crates.io crate contract-utils 0.1.0
[INFO] tweaked toml for crates.io crate contract-utils 0.1.0 written to /workspace/builds/worker-1-tc1/source/Cargo.toml
[INFO] running `Command { std: CARGO_HOME="/workspace/cargo-home" RUSTUP_HOME="/workspace/rustup-home" "/workspace/cargo-home/bin/cargo" "+1.75.0" "generate-lockfile" "--manifest-path" "Cargo.toml", kill_on_drop: false }`
[INFO] [stderr]     Updating crates.io index
[INFO] running `Command { std: CARGO_HOME="/workspace/cargo-home" RUSTUP_HOME="/workspace/rustup-home" "/workspace/cargo-home/bin/cargo" "+1.75.0" "fetch" "--manifest-path" "Cargo.toml", kill_on_drop: false }`
[INFO] [stderr]  Downloading crates ...
[INFO] [stderr]   Downloaded signature v1.2.2
[INFO] [stderr]   Downloaded ed25519 v1.2.0
[INFO] [stderr]   Downloaded base16 v0.2.1
[INFO] [stderr]   Downloaded blake2 v0.9.2
[INFO] [stderr]   Downloaded radium v0.3.0
[INFO] [stderr]   Downloaded wee_alloc v0.4.5
[INFO] [stderr]   Downloaded hex_fmt v0.3.0
[INFO] [stderr]   Downloaded ecdsa v0.10.2
[INFO] [stderr]   Downloaded k256 v0.7.3
[INFO] [stderr]   Downloaded casper-types v1.5.0
[INFO] [stderr]   Downloaded elliptic-curve v0.8.5
[INFO] [stderr]   Downloaded bitvec v0.18.5
[INFO] [stderr]   Downloaded ff v0.8.0
[INFO] [stderr]   Downloaded group v0.8.0
[INFO] [stderr]   Downloaded memory_units v0.4.0
[INFO] [stderr]   Downloaded casper-contract v1.4.4
[INFO] running `Command { std: "docker" "create" "-v" "/var/lib/crater-agent-workspace/builds/worker-1-tc1/target:/opt/rustwide/target:rw,Z" "-v" "/var/lib/crater-agent-workspace/builds/worker-1-tc1/source:/opt/rustwide/workdir:ro,Z" "-v" "/var/lib/crater-agent-workspace/cargo-home:/opt/rustwide/cargo-home:ro,Z" "-v" "/var/lib/crater-agent-workspace/rustup-home:/opt/rustwide/rustup-home:ro,Z" "-e" "SOURCE_DIR=/opt/rustwide/workdir" "-e" "CARGO_TARGET_DIR=/opt/rustwide/target" "-e" "CARGO_HOME=/opt/rustwide/cargo-home" "-e" "RUSTUP_HOME=/opt/rustwide/rustup-home" "-w" "/opt/rustwide/workdir" "-m" "1610612736" "--user" "0:0" "--network" "none" "ghcr.io/rust-lang/crates-build-env/linux@sha256:2788e3201cd34a07e3172128adcd8b3090168a8e3bcc40d7c032b9dda1df7d1c" "/opt/rustwide/cargo-home/bin/cargo" "+1.75.0" "metadata" "--no-deps" "--format-version=1", kill_on_drop: false }`
[INFO] [stdout] 150bc1bf10cebff214e951c76c29a9929d779cc947211590af7e76f1cb1165b9
[INFO] running `Command { std: "docker" "start" "-a" "150bc1bf10cebff214e951c76c29a9929d779cc947211590af7e76f1cb1165b9", kill_on_drop: false }`
[INFO] running `Command { std: "docker" "inspect" "150bc1bf10cebff214e951c76c29a9929d779cc947211590af7e76f1cb1165b9", kill_on_drop: false }`
[INFO] running `Command { std: "docker" "rm" "-f" "150bc1bf10cebff214e951c76c29a9929d779cc947211590af7e76f1cb1165b9", kill_on_drop: false }`
[INFO] [stdout] 150bc1bf10cebff214e951c76c29a9929d779cc947211590af7e76f1cb1165b9
[INFO] running `Command { std: "docker" "create" "-v" "/var/lib/crater-agent-workspace/builds/worker-1-tc1/target:/opt/rustwide/target:rw,Z" "-v" "/var/lib/crater-agent-workspace/builds/worker-1-tc1/source:/opt/rustwide/workdir:ro,Z" "-v" "/var/lib/crater-agent-workspace/cargo-home:/opt/rustwide/cargo-home:ro,Z" "-v" "/var/lib/crater-agent-workspace/rustup-home:/opt/rustwide/rustup-home:ro,Z" "-e" "SOURCE_DIR=/opt/rustwide/workdir" "-e" "CARGO_TARGET_DIR=/opt/rustwide/target" "-e" "CARGO_INCREMENTAL=0" "-e" "RUST_BACKTRACE=full" "-e" "RUSTFLAGS=--cap-lints=warn" "-e" "RUSTDOCFLAGS=--cap-lints=warn" "-e" "CARGO_HOME=/opt/rustwide/cargo-home" "-e" "RUSTUP_HOME=/opt/rustwide/rustup-home" "-w" "/opt/rustwide/workdir" "-m" "1610612736" "--user" "0:0" "--network" "none" "ghcr.io/rust-lang/crates-build-env/linux@sha256:2788e3201cd34a07e3172128adcd8b3090168a8e3bcc40d7c032b9dda1df7d1c" "/opt/rustwide/cargo-home/bin/cargo" "+1.75.0" "build" "--frozen" "--message-format=json", kill_on_drop: false }`
[INFO] [stdout] 0f04fca1722f1ba5ffc55fe546cedb5c82488d2d8f32dcda043bc49acd915cc1
[INFO] running `Command { std: "docker" "start" "-a" "0f04fca1722f1ba5ffc55fe546cedb5c82488d2d8f32dcda043bc49acd915cc1", kill_on_drop: false }`
[INFO] [stderr]    Compiling typenum v1.17.0
[INFO] [stderr]    Compiling proc-macro2 v1.0.75
[INFO] [stderr]    Compiling version_check v0.9.4
[INFO] [stderr]    Compiling autocfg v1.1.0
[INFO] [stderr]    Compiling unicode-ident v1.0.12
[INFO] [stderr]    Compiling rand_core v0.5.1
[INFO] [stderr]    Compiling subtle v2.4.1
[INFO] [stderr]    Compiling radium v0.3.0
[INFO] [stderr]    Compiling wyz v0.2.0
[INFO] [stderr]    Compiling funty v1.1.0
[INFO] [stderr]    Compiling serde v1.0.194
[INFO] [stderr]    Compiling byteorder v1.5.0
[INFO] [stderr]    Compiling cfg-if v1.0.0
[INFO] [stderr]    Compiling crunchy v0.2.2
[INFO] [stderr]    Compiling opaque-debug v0.3.0
[INFO] [stderr]    Compiling generic-array v0.14.7
[INFO] [stderr]    Compiling num-traits v0.2.17
[INFO] [stderr]    Compiling num-integer v0.1.45
[INFO] [stderr]    Compiling num-bigint v0.4.4
[INFO] [stderr]    Compiling bitvec v0.18.5
[INFO] [stderr]    Compiling num-iter v0.1.43
[INFO] [stderr]    Compiling num-rational v0.4.1
[INFO] [stderr]    Compiling ppv-lite86 v0.2.17
[INFO] [stderr]    Compiling quote v1.0.35
[INFO] [stderr]    Compiling syn v1.0.109
[INFO] [stderr]    Compiling syn v2.0.48
[INFO] [stderr]    Compiling rand_chacha v0.2.2
[INFO] [stderr]    Compiling serde_json v1.0.111
[INFO] [stderr]    Compiling cpufeatures v0.2.12
[INFO] [stderr]    Compiling libc v0.2.151
[INFO] [stderr]    Compiling rand v0.7.3
[INFO] [stderr]    Compiling num-complex v0.4.4
[INFO] [stderr]    Compiling hex v0.4.3
[INFO] [stderr]    Compiling rand_core v0.6.4
[INFO] [stderr]    Compiling digest v0.9.0
[INFO] [stderr]    Compiling signature v1.2.2
[INFO] [stderr]    Compiling crypto-mac v0.10.1
[INFO] [stderr]    Compiling block-buffer v0.9.0
[INFO] [stderr]    Compiling hmac v0.10.1
[INFO] [stderr]    Compiling sha2 v0.9.9
[INFO] [stderr]    Compiling ed25519 v1.2.0
[INFO] [stderr]    Compiling crypto-mac v0.8.0
[INFO] [stderr]    Compiling itoa v1.0.10
[INFO] [stderr]    Compiling static_assertions v1.1.0
[INFO] [stderr]    Compiling wee_alloc v0.4.5
[INFO] [stderr]    Compiling ryu v1.0.16
[INFO] [stderr]    Compiling uint v0.9.5
[INFO] [stderr]    Compiling blake2 v0.9.2
[INFO] [stderr]    Compiling rand v0.8.5
[INFO] [stderr]    Compiling ff v0.8.0
[INFO] [stderr]    Compiling memory_units v0.4.0
[INFO] [stderr]    Compiling group v0.8.0
[INFO] [stderr]    Compiling base64 v0.13.1
[INFO] [stderr]    Compiling base16 v0.2.1
[INFO] [stderr]    Compiling hex_fmt v0.3.0
[INFO] [stderr]    Compiling cfg-if v0.1.10
[INFO] [stderr]    Compiling bitflags v1.3.2
[INFO] [stderr]    Compiling num-derive v0.3.3
[INFO] [stderr]    Compiling num v0.4.1
[INFO] [stderr]    Compiling zeroize_derive v1.4.2
[INFO] [stderr]    Compiling serde_derive v1.0.194
[INFO] [stderr]    Compiling zeroize v1.3.0
[INFO] [stderr]    Compiling elliptic-curve v0.8.5
[INFO] [stderr]    Compiling curve25519-dalek v3.2.1
[INFO] [stderr]    Compiling ecdsa v0.10.2
[INFO] [stderr]    Compiling ed25519-dalek v1.0.1
[INFO] [stderr]    Compiling k256 v0.7.3
[INFO] [stderr]    Compiling serde_bytes v0.11.14
[INFO] [stderr]    Compiling casper-types v1.5.0
[INFO] [stderr]    Compiling casper-contract v1.4.4
[INFO] [stdout] error[E0554]: `#![feature]` may not be used on the stable release channel
[INFO] [stdout]   --> /opt/rustwide/cargo-home/registry/src/index.crates.io-6f17d22bba15001f/casper-contract-1.4.4/src/lib.rs:51:5
[INFO] [stdout]    |
[INFO] [stdout] 51 |     feature(alloc_error_handler, core_intrinsics, lang_items)
[INFO] [stdout]    |     ^^^^^^^^^^^^^^^^^^^^^^^^^^^^^^^^^^^^^^^^^^^^^^^^^^^^^^^^^
[INFO] [stdout] 
[INFO] [stdout] 
[INFO] [stdout] error[E0554]: `#![feature]` may not be used on the stable release channel
[INFO] [stdout]   --> /opt/rustwide/cargo-home/registry/src/index.crates.io-6f17d22bba15001f/casper-contract-1.4.4/src/lib.rs:51:34
[INFO] [stdout]    |
[INFO] [stdout] 51 |     feature(alloc_error_handler, core_intrinsics, lang_items)
[INFO] [stdout]    |                                  ^^^^^^^^^^^^^^^
[INFO] [stdout] 
[INFO] [stdout] 
[INFO] [stdout] error: aborting due to 2 previous errors
[INFO] [stdout] 
[INFO] [stdout] 
[INFO] [stdout] For more information about this error, try `rustc --explain E0554`.
[INFO] [stdout] 
[INFO] [stderr] error: could not compile `casper-contract` (lib) due to 3 previous errors
[INFO] [stderr] warning: build failed, waiting for other jobs to finish...
[INFO] running `Command { std: "docker" "inspect" "0f04fca1722f1ba5ffc55fe546cedb5c82488d2d8f32dcda043bc49acd915cc1", kill_on_drop: false }`
[INFO] running `Command { std: "docker" "rm" "-f" "0f04fca1722f1ba5ffc55fe546cedb5c82488d2d8f32dcda043bc49acd915cc1", kill_on_drop: false }`
[INFO] [stdout] 0f04fca1722f1ba5ffc55fe546cedb5c82488d2d8f32dcda043bc49acd915cc1
[INFO] testing contract-utils-0.1.0 against beta-2023-12-22 for beta-1.76-1
[INFO] extracting crate contract-utils 0.1.0 into /workspace/builds/worker-1-tc2/source
[INFO] validating manifest of crates.io crate contract-utils 0.1.0 on toolchain beta-2023-12-22
[INFO] running `Command { std: CARGO_HOME="/workspace/cargo-home" RUSTUP_HOME="/workspace/rustup-home" "/workspace/cargo-home/bin/cargo" "+beta-2023-12-22" "metadata" "--manifest-path" "Cargo.toml" "--no-deps", kill_on_drop: false }`
[INFO] started tweaking crates.io crate contract-utils 0.1.0
[INFO] finished tweaking crates.io crate contract-utils 0.1.0
[INFO] tweaked toml for crates.io crate contract-utils 0.1.0 written to /workspace/builds/worker-1-tc2/source/Cargo.toml
[INFO] running `Command { std: CARGO_HOME="/workspace/cargo-home" RUSTUP_HOME="/workspace/rustup-home" "/workspace/cargo-home/bin/cargo" "+beta-2023-12-22" "generate-lockfile" "--manifest-path" "Cargo.toml", kill_on_drop: false }`
[INFO] [stderr]     Updating crates.io index
[INFO] running `Command { std: CARGO_HOME="/workspace/cargo-home" RUSTUP_HOME="/workspace/rustup-home" "/workspace/cargo-home/bin/cargo" "+beta-2023-12-22" "fetch" "--manifest-path" "Cargo.toml", kill_on_drop: false }`
[INFO] running `Command { std: "docker" "create" "-v" "/var/lib/crater-agent-workspace/builds/worker-1-tc2/target:/opt/rustwide/target:rw,Z" "-v" "/var/lib/crater-agent-workspace/builds/worker-1-tc2/source:/opt/rustwide/workdir:ro,Z" "-v" "/var/lib/crater-agent-workspace/cargo-home:/opt/rustwide/cargo-home:ro,Z" "-v" "/var/lib/crater-agent-workspace/rustup-home:/opt/rustwide/rustup-home:ro,Z" "-e" "SOURCE_DIR=/opt/rustwide/workdir" "-e" "CARGO_TARGET_DIR=/opt/rustwide/target" "-e" "CARGO_HOME=/opt/rustwide/cargo-home" "-e" "RUSTUP_HOME=/opt/rustwide/rustup-home" "-w" "/opt/rustwide/workdir" "-m" "1610612736" "--user" "0:0" "--network" "none" "ghcr.io/rust-lang/crates-build-env/linux@sha256:2788e3201cd34a07e3172128adcd8b3090168a8e3bcc40d7c032b9dda1df7d1c" "/opt/rustwide/cargo-home/bin/cargo" "+beta-2023-12-22" "metadata" "--no-deps" "--format-version=1", kill_on_drop: false }`
[INFO] [stdout] 123c543972355c64fd2067ab371eef3a48f0ce36595bd6597300661d8d053f7f
[INFO] running `Command { std: "docker" "start" "-a" "123c543972355c64fd2067ab371eef3a48f0ce36595bd6597300661d8d053f7f", kill_on_drop: false }`
[INFO] running `Command { std: "docker" "inspect" "123c543972355c64fd2067ab371eef3a48f0ce36595bd6597300661d8d053f7f", kill_on_drop: false }`
[INFO] running `Command { std: "docker" "rm" "-f" "123c543972355c64fd2067ab371eef3a48f0ce36595bd6597300661d8d053f7f", kill_on_drop: false }`
[INFO] [stdout] 123c543972355c64fd2067ab371eef3a48f0ce36595bd6597300661d8d053f7f
[INFO] running `Command { std: "docker" "create" "-v" "/var/lib/crater-agent-workspace/builds/worker-1-tc2/target:/opt/rustwide/target:rw,Z" "-v" "/var/lib/crater-agent-workspace/builds/worker-1-tc2/source:/opt/rustwide/workdir:ro,Z" "-v" "/var/lib/crater-agent-workspace/cargo-home:/opt/rustwide/cargo-home:ro,Z" "-v" "/var/lib/crater-agent-workspace/rustup-home:/opt/rustwide/rustup-home:ro,Z" "-e" "SOURCE_DIR=/opt/rustwide/workdir" "-e" "CARGO_TARGET_DIR=/opt/rustwide/target" "-e" "CARGO_INCREMENTAL=0" "-e" "RUST_BACKTRACE=full" "-e" "RUSTFLAGS=--cap-lints=warn" "-e" "RUSTDOCFLAGS=--cap-lints=warn" "-e" "CARGO_HOME=/opt/rustwide/cargo-home" "-e" "RUSTUP_HOME=/opt/rustwide/rustup-home" "-w" "/opt/rustwide/workdir" "-m" "1610612736" "--user" "0:0" "--network" "none" "ghcr.io/rust-lang/crates-build-env/linux@sha256:2788e3201cd34a07e3172128adcd8b3090168a8e3bcc40d7c032b9dda1df7d1c" "/opt/rustwide/cargo-home/bin/cargo" "+beta-2023-12-22" "build" "--frozen" "--message-format=json", kill_on_drop: false }`
[INFO] [stdout] 4cb3aaad16083533bee1aad012d4b0890b210a8d5da11af309626408725edb5d
[INFO] running `Command { std: "docker" "start" "-a" "4cb3aaad16083533bee1aad012d4b0890b210a8d5da11af309626408725edb5d", kill_on_drop: false }`
[INFO] [stderr]    Compiling typenum v1.17.0
[INFO] [stderr]    Compiling version_check v0.9.4
[INFO] [stderr]    Compiling autocfg v1.1.0
[INFO] [stderr]    Compiling proc-macro2 v1.0.75
[INFO] [stderr]    Compiling unicode-ident v1.0.12
[INFO] [stderr]    Compiling rand_core v0.5.1
[INFO] [stderr]    Compiling subtle v2.4.1
[INFO] [stderr]    Compiling funty v1.1.0
[INFO] [stderr]    Compiling radium v0.3.0
[INFO] [stderr]    Compiling wyz v0.2.0
[INFO] [stderr]    Compiling serde v1.0.194
[INFO] [stderr]    Compiling ppv-lite86 v0.2.17
[INFO] [stderr]    Compiling syn v1.0.109
[INFO] [stderr]    Compiling num-traits v0.2.17
[INFO] [stderr]    Compiling generic-array v0.14.7
[INFO] [stderr]    Compiling num-integer v0.1.45
[INFO] [stderr]    Compiling bitvec v0.18.5
[INFO] [stderr]    Compiling num-bigint v0.4.4
[INFO] [stderr]    Compiling quote v1.0.35
[INFO] [stderr]    Compiling num-rational v0.4.1
[INFO] [stderr]    Compiling num-iter v0.1.43
[INFO] [stderr]    Compiling syn v2.0.48
[INFO] [stderr]    Compiling byteorder v1.5.0
[INFO] [stderr]    Compiling crunchy v0.2.2
[INFO] [stderr]    Compiling opaque-debug v0.3.0
[INFO] [stderr]    Compiling cfg-if v1.0.0
[INFO] [stderr]    Compiling rand_chacha v0.2.2
[INFO] [stderr]    Compiling libc v0.2.151
[INFO] [stderr]    Compiling cpufeatures v0.2.12
[INFO] [stderr]    Compiling serde_json v1.0.111
[INFO] [stderr]    Compiling rand v0.7.3
[INFO] [stderr]    Compiling itoa v1.0.10
[INFO] [stderr]    Compiling hex v0.4.3
[INFO] [stderr]    Compiling rand_core v0.6.4
[INFO] [stderr]    Compiling digest v0.9.0
[INFO] [stderr]    Compiling crypto-mac v0.10.1
[INFO] [stderr]    Compiling signature v1.2.2
[INFO] [stderr]    Compiling hmac v0.10.1
[INFO] [stderr]    Compiling block-buffer v0.9.0
[INFO] [stderr]    Compiling num-complex v0.4.4
[INFO] [stderr]    Compiling sha2 v0.9.9
[INFO] [stderr]    Compiling ed25519 v1.2.0
[INFO] [stderr]    Compiling crypto-mac v0.8.0
[INFO] [stderr]    Compiling wee_alloc v0.4.5
[INFO] [stderr]    Compiling ryu v1.0.16
[INFO] [stderr]    Compiling static_assertions v1.1.0
[INFO] [stderr]    Compiling uint v0.9.5
[INFO] [stderr]    Compiling ff v0.8.0
[INFO] [stderr]    Compiling blake2 v0.9.2
[INFO] [stderr]    Compiling rand v0.8.5
[INFO] [stderr]    Compiling group v0.8.0
[INFO] [stderr]    Compiling base16 v0.2.1
[INFO] [stderr]    Compiling base64 v0.13.1
[INFO] [stderr]    Compiling memory_units v0.4.0
[INFO] [stderr]    Compiling bitflags v1.3.2
[INFO] [stderr]    Compiling hex_fmt v0.3.0
[INFO] [stderr]    Compiling cfg-if v0.1.10
[INFO] [stderr]    Compiling num-derive v0.3.3
[INFO] [stderr]    Compiling num v0.4.1
[INFO] [stderr]    Compiling zeroize_derive v1.4.2
[INFO] [stderr]    Compiling serde_derive v1.0.194
[INFO] [stderr]    Compiling zeroize v1.3.0
[INFO] [stderr]    Compiling elliptic-curve v0.8.5
[INFO] [stderr]    Compiling curve25519-dalek v3.2.1
[INFO] [stderr]    Compiling ecdsa v0.10.2
[INFO] [stderr]    Compiling ed25519-dalek v1.0.1
[INFO] [stderr]    Compiling k256 v0.7.3
[INFO] [stderr]    Compiling serde_bytes v0.11.14
[INFO] [stderr]    Compiling casper-types v1.5.0
[INFO] [stderr]    Compiling casper-contract v1.4.4
[INFO] [stdout] error[E0554]: `#![feature]` may not be used on the beta release channel
[INFO] [stdout]   --> /opt/rustwide/cargo-home/registry/src/index.crates.io-6f17d22bba15001f/casper-contract-1.4.4/src/lib.rs:51:5
[INFO] [stdout]    |
[INFO] [stdout] 51 |     feature(alloc_error_handler, core_intrinsics, lang_items)
[INFO] [stdout]    |     ^^^^^^^^^^^^^^^^^^^^^^^^^^^^^^^^^^^^^^^^^^^^^^^^^^^^^^^^^
[INFO] [stdout] 
[INFO] [stdout] 
[INFO] [stdout] error[E0554]: `#![feature]` may not be used on the beta release channel
[INFO] [stdout]   --> /opt/rustwide/cargo-home/registry/src/index.crates.io-6f17d22bba15001f/casper-contract-1.4.4/src/lib.rs:51:34
[INFO] [stdout]    |
[INFO] [stdout] 51 |     feature(alloc_error_handler, core_intrinsics, lang_items)
[INFO] [stdout]    |                                  ^^^^^^^^^^^^^^^
[INFO] [stdout] 
[INFO] [stdout] 
[INFO] [stdout] error: aborting due to 2 previous errors
[INFO] [stdout] 
[INFO] [stdout] 
[INFO] [stderr] error: could not compile `casper-contract` (lib) due to 3 previous errors
[INFO] [stdout] For more information about this error, try `rustc --explain E0554`.
[INFO] [stdout] 
[INFO] [stderr] warning: build failed, waiting for other jobs to finish...
[INFO] running `Command { std: "docker" "inspect" "4cb3aaad16083533bee1aad012d4b0890b210a8d5da11af309626408725edb5d", kill_on_drop: false }`
[INFO] running `Command { std: "docker" "rm" "-f" "4cb3aaad16083533bee1aad012d4b0890b210a8d5da11af309626408725edb5d", kill_on_drop: false }`
[INFO] [stdout] 4cb3aaad16083533bee1aad012d4b0890b210a8d5da11af309626408725edb5d
