[INFO] fetching crate context-rs 0.2.2...
[INFO] testing context-rs-0.2.2 against 1.75.0 for beta-1.76-1
[INFO] extracting crate context-rs 0.2.2 into /workspace/builds/worker-2-tc1/source
[INFO] validating manifest of crates.io crate context-rs 0.2.2 on toolchain 1.75.0
[INFO] running `Command { std: CARGO_HOME="/workspace/cargo-home" RUSTUP_HOME="/workspace/rustup-home" "/workspace/cargo-home/bin/cargo" "+1.75.0" "metadata" "--manifest-path" "Cargo.toml" "--no-deps", kill_on_drop: false }`
[INFO] started tweaking crates.io crate context-rs 0.2.2
[INFO] finished tweaking crates.io crate context-rs 0.2.2
[INFO] tweaked toml for crates.io crate context-rs 0.2.2 written to /workspace/builds/worker-2-tc1/source/Cargo.toml
[INFO] running `Command { std: CARGO_HOME="/workspace/cargo-home" RUSTUP_HOME="/workspace/rustup-home" "/workspace/cargo-home/bin/cargo" "+1.75.0" "generate-lockfile" "--manifest-path" "Cargo.toml", kill_on_drop: false }`
[INFO] [stderr]     Updating crates.io index
[INFO] running `Command { std: CARGO_HOME="/workspace/cargo-home" RUSTUP_HOME="/workspace/rustup-home" "/workspace/cargo-home/bin/cargo" "+1.75.0" "fetch" "--manifest-path" "Cargo.toml", kill_on_drop: false }`
[INFO] running `Command { std: "docker" "create" "-v" "/var/lib/crater-agent-workspace/builds/worker-2-tc1/target:/opt/rustwide/target:rw,Z" "-v" "/var/lib/crater-agent-workspace/builds/worker-2-tc1/source:/opt/rustwide/workdir:ro,Z" "-v" "/var/lib/crater-agent-workspace/cargo-home:/opt/rustwide/cargo-home:ro,Z" "-v" "/var/lib/crater-agent-workspace/rustup-home:/opt/rustwide/rustup-home:ro,Z" "-e" "SOURCE_DIR=/opt/rustwide/workdir" "-e" "CARGO_TARGET_DIR=/opt/rustwide/target" "-e" "CARGO_HOME=/opt/rustwide/cargo-home" "-e" "RUSTUP_HOME=/opt/rustwide/rustup-home" "-w" "/opt/rustwide/workdir" "-m" "1610612736" "--user" "0:0" "--network" "none" "ghcr.io/rust-lang/crates-build-env/linux@sha256:2788e3201cd34a07e3172128adcd8b3090168a8e3bcc40d7c032b9dda1df7d1c" "/opt/rustwide/cargo-home/bin/cargo" "+1.75.0" "metadata" "--no-deps" "--format-version=1", kill_on_drop: false }`
[INFO] [stdout] 0ced1e17ac97836e029eec9ee989c08d064d43ab57eea786bd396125d10256a5
[INFO] running `Command { std: "docker" "start" "-a" "0ced1e17ac97836e029eec9ee989c08d064d43ab57eea786bd396125d10256a5", kill_on_drop: false }`
[INFO] running `Command { std: "docker" "inspect" "0ced1e17ac97836e029eec9ee989c08d064d43ab57eea786bd396125d10256a5", kill_on_drop: false }`
[INFO] running `Command { std: "docker" "rm" "-f" "0ced1e17ac97836e029eec9ee989c08d064d43ab57eea786bd396125d10256a5", kill_on_drop: false }`
[INFO] [stdout] 0ced1e17ac97836e029eec9ee989c08d064d43ab57eea786bd396125d10256a5
[INFO] running `Command { std: "docker" "create" "-v" "/var/lib/crater-agent-workspace/builds/worker-2-tc1/target:/opt/rustwide/target:rw,Z" "-v" "/var/lib/crater-agent-workspace/builds/worker-2-tc1/source:/opt/rustwide/workdir:ro,Z" "-v" "/var/lib/crater-agent-workspace/cargo-home:/opt/rustwide/cargo-home:ro,Z" "-v" "/var/lib/crater-agent-workspace/rustup-home:/opt/rustwide/rustup-home:ro,Z" "-e" "SOURCE_DIR=/opt/rustwide/workdir" "-e" "CARGO_TARGET_DIR=/opt/rustwide/target" "-e" "CARGO_INCREMENTAL=0" "-e" "RUST_BACKTRACE=full" "-e" "RUSTFLAGS=--cap-lints=warn" "-e" "RUSTDOCFLAGS=--cap-lints=warn" "-e" "CARGO_HOME=/opt/rustwide/cargo-home" "-e" "RUSTUP_HOME=/opt/rustwide/rustup-home" "-w" "/opt/rustwide/workdir" "-m" "1610612736" "--user" "0:0" "--network" "none" "ghcr.io/rust-lang/crates-build-env/linux@sha256:2788e3201cd34a07e3172128adcd8b3090168a8e3bcc40d7c032b9dda1df7d1c" "/opt/rustwide/cargo-home/bin/cargo" "+1.75.0" "build" "--frozen" "--message-format=json", kill_on_drop: false }`
[INFO] [stdout] 74a23de8079c6bad183da448a56dc48ae84492934a666913936d2cc0586e6695
[INFO] running `Command { std: "docker" "start" "-a" "74a23de8079c6bad183da448a56dc48ae84492934a666913936d2cc0586e6695", kill_on_drop: false }`
[INFO] [stderr]    Compiling tokio v1.35.1
[INFO] [stderr]    Compiling context-rs v0.2.2 (/opt/rustwide/workdir)
[INFO] [stdout] error[E0432]: unresolved import `core::any::Provider`
[INFO] [stdout]  --> src/provider.rs:2:5
[INFO] [stdout]   |
[INFO] [stdout] 2 |     any::Provider,
[INFO] [stdout]   |     ^^^^^^^^^^^^^ no `Provider` in `any`
[INFO] [stdout] 
[INFO] [stdout] 
[INFO] [stdout] error[E0432]: unresolved import `core::any::Provider`
[INFO] [stdout]  --> src/waker.rs:2:5
[INFO] [stdout]   |
[INFO] [stdout] 2 |     any::Provider,
[INFO] [stdout]   |     ^^^^^^^^^^^^^ no `Provider` in `any`
[INFO] [stdout] 
[INFO] [stdout] 
[INFO] [stdout] error[E0432]: unresolved import `core::any::Provider`
[INFO] [stdout]  --> src/well_known.rs:5:12
[INFO] [stdout]   |
[INFO] [stdout] 5 | use core::{any::Provider, future::Future};
[INFO] [stdout]   |            ^^^^^^^^^^^^^ no `Provider` in `any`
[INFO] [stdout] 
[INFO] [stdout] 
[INFO] [stdout] error[E0432]: unresolved import `core::any::Provider`
[INFO] [stdout]  --> src/well_known/shutdown.rs:5:12
[INFO] [stdout]   |
[INFO] [stdout] 5 | use core::{any::Provider, sync::atomic::AtomicBool};
[INFO] [stdout]   |            ^^^^^^^^^^^^^ no `Provider` in `any`
[INFO] [stdout]   |
[INFO] [stdout]   = help: consider importing this unresolved item through its public re-export instead:
[INFO] [stdout]           crate::well_known::Provider
[INFO] [stdout] 
[INFO] [stdout] 
[INFO] [stdout] error[E0425]: cannot find function `request_ref` in module `core::any`
[INFO] [stdout]   --> src/demand.rs:11:72
[INFO] [stdout]    |
[INFO] [stdout] 11 |     ProviderWaker::from_waker_ref(cx.waker()).and_then(|cx| core::any::request_ref(cx))
[INFO] [stdout]    |                                                                        ^^^^^^^^^^^ not found in `core::any`
[INFO] [stdout]    |
[INFO] [stdout] help: consider importing one of these items
[INFO] [stdout]    |
[INFO] [stdout] 1  + use core::error::request_ref;
[INFO] [stdout]    |
[INFO] [stdout] 1  + use std::error::request_ref;
[INFO] [stdout]    |
[INFO] [stdout] help: if you import `request_ref`, refer to it directly
[INFO] [stdout]    |
[INFO] [stdout] 11 -     ProviderWaker::from_waker_ref(cx.waker()).and_then(|cx| core::any::request_ref(cx))
[INFO] [stdout] 11 +     ProviderWaker::from_waker_ref(cx.waker()).and_then(|cx| request_ref(cx))
[INFO] [stdout]    |
[INFO] [stdout] 
[INFO] [stdout] 
[INFO] [stdout] error[E0412]: cannot find type `Demand` in module `core::any`
[INFO] [stdout]   --> src/provider.rs:37:54
[INFO] [stdout]    |
[INFO] [stdout] 37 |     fn provide<'a>(&'a self, demand: &mut core::any::Demand<'a>) {
[INFO] [stdout]    |                                                      ^^^^^^ not found in `core::any`
[INFO] [stdout] 
[INFO] [stdout] 
[INFO] [stdout] error[E0412]: cannot find type `Demand` in module `core::any`
[INFO] [stdout]   --> src/waker.rs:72:54
[INFO] [stdout]    |
[INFO] [stdout] 72 |     fn provide<'a>(&'a self, demand: &mut core::any::Demand<'a>) {
[INFO] [stdout]    |                                                      ^^^^^^ not found in `core::any`
[INFO] [stdout] 
[INFO] [stdout] 
[INFO] [stdout] error[E0412]: cannot find type `Demand` in module `core::any`
[INFO] [stdout]   --> src/well_known/shutdown.rs:18:54
[INFO] [stdout]    |
[INFO] [stdout] 18 |     fn provide<'a>(&'a self, demand: &mut core::any::Demand<'a>) {
[INFO] [stdout]    |                                                      ^^^^^^ not found in `core::any`
[INFO] [stdout] 
[INFO] [stdout] 
[INFO] [stdout] error[E0412]: cannot find type `Demand` in module `core::any`
[INFO] [stdout]    --> src/well_known.rs:103:54
[INFO] [stdout]     |
[INFO] [stdout] 103 |     fn provide<'a>(&'a self, demand: &mut core::any::Demand<'a>) {
[INFO] [stdout]     |                                                      ^^^^^^ not found in `core::any`
[INFO] [stdout] 
[INFO] [stdout] 
[INFO] [stdout] error[E0554]: `#![feature]` may not be used on the stable release channel
[INFO] [stdout]  --> src/lib.rs:1:12
[INFO] [stdout]   |
[INFO] [stdout] 1 | #![feature(waker_getters, provide_any)]
[INFO] [stdout]   |            ^^^^^^^^^^^^^
[INFO] [stdout] 
[INFO] [stdout] 
[INFO] [stdout] error[E0554]: `#![feature]` may not be used on the stable release channel
[INFO] [stdout]  --> src/lib.rs:1:27
[INFO] [stdout]   |
[INFO] [stdout] 1 | #![feature(waker_getters, provide_any)]
[INFO] [stdout]   |                           ^^^^^^^^^^^
[INFO] [stdout] 
[INFO] [stdout] 
[INFO] [stdout] error[E0635]: unknown feature `provide_any`
[INFO] [stdout]  --> src/lib.rs:1:27
[INFO] [stdout]   |
[INFO] [stdout] 1 | #![feature(waker_getters, provide_any)]
[INFO] [stdout]   |                           ^^^^^^^^^^^
[INFO] [stdout] 
[INFO] [stdout] 
[INFO] [stdout] error: aborting due to 12 previous errors
[INFO] [stdout] 
[INFO] [stdout] 
[INFO] [stdout] Some errors have detailed explanations: E0412, E0425, E0432, E0554, E0635.
[INFO] [stdout] 
[INFO] [stdout] For more information about an error, try `rustc --explain E0412`.
[INFO] [stdout] 
[INFO] [stderr] error: could not compile `context-rs` (lib) due to 13 previous errors
[INFO] [stderr] warning: build failed, waiting for other jobs to finish...
[INFO] running `Command { std: "docker" "inspect" "74a23de8079c6bad183da448a56dc48ae84492934a666913936d2cc0586e6695", kill_on_drop: false }`
[INFO] running `Command { std: "docker" "rm" "-f" "74a23de8079c6bad183da448a56dc48ae84492934a666913936d2cc0586e6695", kill_on_drop: false }`
[INFO] [stdout] 74a23de8079c6bad183da448a56dc48ae84492934a666913936d2cc0586e6695
[INFO] testing context-rs-0.2.2 against beta-2023-12-22 for beta-1.76-1
[INFO] extracting crate context-rs 0.2.2 into /workspace/builds/worker-2-tc2/source
[INFO] validating manifest of crates.io crate context-rs 0.2.2 on toolchain beta-2023-12-22
[INFO] running `Command { std: CARGO_HOME="/workspace/cargo-home" RUSTUP_HOME="/workspace/rustup-home" "/workspace/cargo-home/bin/cargo" "+beta-2023-12-22" "metadata" "--manifest-path" "Cargo.toml" "--no-deps", kill_on_drop: false }`
[INFO] started tweaking crates.io crate context-rs 0.2.2
[INFO] finished tweaking crates.io crate context-rs 0.2.2
[INFO] tweaked toml for crates.io crate context-rs 0.2.2 written to /workspace/builds/worker-2-tc2/source/Cargo.toml
[INFO] running `Command { std: CARGO_HOME="/workspace/cargo-home" RUSTUP_HOME="/workspace/rustup-home" "/workspace/cargo-home/bin/cargo" "+beta-2023-12-22" "generate-lockfile" "--manifest-path" "Cargo.toml", kill_on_drop: false }`
[INFO] [stderr]     Updating crates.io index
[INFO] running `Command { std: CARGO_HOME="/workspace/cargo-home" RUSTUP_HOME="/workspace/rustup-home" "/workspace/cargo-home/bin/cargo" "+beta-2023-12-22" "fetch" "--manifest-path" "Cargo.toml", kill_on_drop: false }`
[INFO] running `Command { std: "docker" "create" "-v" "/var/lib/crater-agent-workspace/builds/worker-2-tc2/target:/opt/rustwide/target:rw,Z" "-v" "/var/lib/crater-agent-workspace/builds/worker-2-tc2/source:/opt/rustwide/workdir:ro,Z" "-v" "/var/lib/crater-agent-workspace/cargo-home:/opt/rustwide/cargo-home:ro,Z" "-v" "/var/lib/crater-agent-workspace/rustup-home:/opt/rustwide/rustup-home:ro,Z" "-e" "SOURCE_DIR=/opt/rustwide/workdir" "-e" "CARGO_TARGET_DIR=/opt/rustwide/target" "-e" "CARGO_HOME=/opt/rustwide/cargo-home" "-e" "RUSTUP_HOME=/opt/rustwide/rustup-home" "-w" "/opt/rustwide/workdir" "-m" "1610612736" "--user" "0:0" "--network" "none" "ghcr.io/rust-lang/crates-build-env/linux@sha256:2788e3201cd34a07e3172128adcd8b3090168a8e3bcc40d7c032b9dda1df7d1c" "/opt/rustwide/cargo-home/bin/cargo" "+beta-2023-12-22" "metadata" "--no-deps" "--format-version=1", kill_on_drop: false }`
[INFO] [stdout] ed50a2c2a495b4f84168f707ce42c449183f08842808b7a7d93b8658e53a34ea
[INFO] running `Command { std: "docker" "start" "-a" "ed50a2c2a495b4f84168f707ce42c449183f08842808b7a7d93b8658e53a34ea", kill_on_drop: false }`
[INFO] running `Command { std: "docker" "inspect" "ed50a2c2a495b4f84168f707ce42c449183f08842808b7a7d93b8658e53a34ea", kill_on_drop: false }`
[INFO] running `Command { std: "docker" "rm" "-f" "ed50a2c2a495b4f84168f707ce42c449183f08842808b7a7d93b8658e53a34ea", kill_on_drop: false }`
[INFO] [stdout] ed50a2c2a495b4f84168f707ce42c449183f08842808b7a7d93b8658e53a34ea
[INFO] running `Command { std: "docker" "create" "-v" "/var/lib/crater-agent-workspace/builds/worker-2-tc2/target:/opt/rustwide/target:rw,Z" "-v" "/var/lib/crater-agent-workspace/builds/worker-2-tc2/source:/opt/rustwide/workdir:ro,Z" "-v" "/var/lib/crater-agent-workspace/cargo-home:/opt/rustwide/cargo-home:ro,Z" "-v" "/var/lib/crater-agent-workspace/rustup-home:/opt/rustwide/rustup-home:ro,Z" "-e" "SOURCE_DIR=/opt/rustwide/workdir" "-e" "CARGO_TARGET_DIR=/opt/rustwide/target" "-e" "CARGO_INCREMENTAL=0" "-e" "RUST_BACKTRACE=full" "-e" "RUSTFLAGS=--cap-lints=warn" "-e" "RUSTDOCFLAGS=--cap-lints=warn" "-e" "CARGO_HOME=/opt/rustwide/cargo-home" "-e" "RUSTUP_HOME=/opt/rustwide/rustup-home" "-w" "/opt/rustwide/workdir" "-m" "1610612736" "--user" "0:0" "--network" "none" "ghcr.io/rust-lang/crates-build-env/linux@sha256:2788e3201cd34a07e3172128adcd8b3090168a8e3bcc40d7c032b9dda1df7d1c" "/opt/rustwide/cargo-home/bin/cargo" "+beta-2023-12-22" "build" "--frozen" "--message-format=json", kill_on_drop: false }`
[INFO] [stdout] 7b25679745997b702a9b7585c08d9e0baa0c29579d2d87dc9bba3ce2ab399335
[INFO] running `Command { std: "docker" "start" "-a" "7b25679745997b702a9b7585c08d9e0baa0c29579d2d87dc9bba3ce2ab399335", kill_on_drop: false }`
[INFO] [stderr]    Compiling tokio v1.35.1
[INFO] [stderr]    Compiling context-rs v0.2.2 (/opt/rustwide/workdir)
[INFO] [stdout] error[E0432]: unresolved import `core::any::Provider`
[INFO] [stdout]  --> src/provider.rs:2:5
[INFO] [stdout]   |
[INFO] [stdout] 2 |     any::Provider,
[INFO] [stdout]   |     ^^^^^^^^^^^^^ no `Provider` in `any`
[INFO] [stdout] 
[INFO] [stdout] 
[INFO] [stdout] error[E0432]: unresolved import `core::any::Provider`
[INFO] [stdout]  --> src/waker.rs:2:5
[INFO] [stdout]   |
[INFO] [stdout] 2 |     any::Provider,
[INFO] [stdout]   |     ^^^^^^^^^^^^^ no `Provider` in `any`
[INFO] [stdout] 
[INFO] [stdout] 
[INFO] [stdout] error[E0432]: unresolved import `core::any::Provider`
[INFO] [stdout]  --> src/well_known.rs:5:12
[INFO] [stdout]   |
[INFO] [stdout] 5 | use core::{any::Provider, future::Future};
[INFO] [stdout]   |            ^^^^^^^^^^^^^ no `Provider` in `any`
[INFO] [stdout] 
[INFO] [stdout] 
[INFO] [stdout] error[E0432]: unresolved import `core::any::Provider`
[INFO] [stdout]  --> src/well_known/shutdown.rs:5:12
[INFO] [stdout]   |
[INFO] [stdout] 5 | use core::{any::Provider, sync::atomic::AtomicBool};
[INFO] [stdout]   |            ^^^^^^^^^^^^^ no `Provider` in `any`
[INFO] [stdout]   |
[INFO] [stdout]   = help: consider importing this unresolved item through its public re-export instead:
[INFO] [stdout]           crate::well_known::Provider
[INFO] [stdout] 
[INFO] [stdout] 
[INFO] [stdout] error[E0425]: cannot find function `request_ref` in module `core::any`
[INFO] [stdout]   --> src/demand.rs:11:72
[INFO] [stdout]    |
[INFO] [stdout] 11 |     ProviderWaker::from_waker_ref(cx.waker()).and_then(|cx| core::any::request_ref(cx))
[INFO] [stdout]    |                                                                        ^^^^^^^^^^^ not found in `core::any`
[INFO] [stdout]    |
[INFO] [stdout] help: consider importing one of these items
[INFO] [stdout]    |
[INFO] [stdout] 1  + use core::error::request_ref;
[INFO] [stdout]    |
[INFO] [stdout] 1  + use std::error::request_ref;
[INFO] [stdout]    |
[INFO] [stdout] help: if you import `request_ref`, refer to it directly
[INFO] [stdout]    |
[INFO] [stdout] 11 -     ProviderWaker::from_waker_ref(cx.waker()).and_then(|cx| core::any::request_ref(cx))
[INFO] [stdout] 11 +     ProviderWaker::from_waker_ref(cx.waker()).and_then(|cx| request_ref(cx))
[INFO] [stdout]    |
[INFO] [stdout] 
[INFO] [stdout] 
[INFO] [stdout] error[E0412]: cannot find type `Demand` in module `core::any`
[INFO] [stdout]   --> src/provider.rs:37:54
[INFO] [stdout]    |
[INFO] [stdout] 37 |     fn provide<'a>(&'a self, demand: &mut core::any::Demand<'a>) {
[INFO] [stdout]    |                                                      ^^^^^^ not found in `core::any`
[INFO] [stdout] 
[INFO] [stdout] 
[INFO] [stdout] error[E0412]: cannot find type `Demand` in module `core::any`
[INFO] [stdout]   --> src/waker.rs:72:54
[INFO] [stdout]    |
[INFO] [stdout] 72 |     fn provide<'a>(&'a self, demand: &mut core::any::Demand<'a>) {
[INFO] [stdout]    |                                                      ^^^^^^ not found in `core::any`
[INFO] [stdout] 
[INFO] [stdout] 
[INFO] [stdout] error[E0412]: cannot find type `Demand` in module `core::any`
[INFO] [stdout]   --> src/well_known/shutdown.rs:18:54
[INFO] [stdout]    |
[INFO] [stdout] 18 |     fn provide<'a>(&'a self, demand: &mut core::any::Demand<'a>) {
[INFO] [stdout]    |                                                      ^^^^^^ not found in `core::any`
[INFO] [stdout] 
[INFO] [stdout] 
[INFO] [stdout] error[E0412]: cannot find type `Demand` in module `core::any`
[INFO] [stdout]    --> src/well_known.rs:103:54
[INFO] [stdout]     |
[INFO] [stdout] 103 |     fn provide<'a>(&'a self, demand: &mut core::any::Demand<'a>) {
[INFO] [stdout]     |                                                      ^^^^^^ not found in `core::any`
[INFO] [stdout] 
[INFO] [stdout] 
[INFO] [stdout] error[E0554]: `#![feature]` may not be used on the beta release channel
[INFO] [stdout]  --> src/lib.rs:1:12
[INFO] [stdout]   |
[INFO] [stdout] 1 | #![feature(waker_getters, provide_any)]
[INFO] [stdout]   |            ^^^^^^^^^^^^^
[INFO] [stdout] 
[INFO] [stdout] 
[INFO] [stdout] error[E0554]: `#![feature]` may not be used on the beta release channel
[INFO] [stdout]  --> src/lib.rs:1:27
[INFO] [stdout]   |
[INFO] [stdout] 1 | #![feature(waker_getters, provide_any)]
[INFO] [stdout]   |                           ^^^^^^^^^^^
[INFO] [stdout] 
[INFO] [stdout] 
[INFO] [stdout] error[E0635]: unknown feature `provide_any`
[INFO] [stdout]  --> src/lib.rs:1:27
[INFO] [stdout]   |
[INFO] [stdout] 1 | #![feature(waker_getters, provide_any)]
[INFO] [stdout]   |                           ^^^^^^^^^^^
[INFO] [stdout] 
[INFO] [stdout] 
[INFO] [stdout] error: aborting due to 12 previous errors
[INFO] [stdout] 
[INFO] [stdout] 
[INFO] [stdout] Some errors have detailed explanations: E0412, E0425, E0432, E0554, E0635.
[INFO] [stdout] 
[INFO] [stdout] For more information about an error, try `rustc --explain E0412`.
[INFO] [stdout] 
[INFO] [stderr] error: could not compile `context-rs` (lib) due to 13 previous errors
[INFO] [stderr] warning: build failed, waiting for other jobs to finish...
[INFO] running `Command { std: "docker" "inspect" "7b25679745997b702a9b7585c08d9e0baa0c29579d2d87dc9bba3ce2ab399335", kill_on_drop: false }`
[INFO] running `Command { std: "docker" "rm" "-f" "7b25679745997b702a9b7585c08d9e0baa0c29579d2d87dc9bba3ce2ab399335", kill_on_drop: false }`
[INFO] [stdout] 7b25679745997b702a9b7585c08d9e0baa0c29579d2d87dc9bba3ce2ab399335
