[INFO] fetching crate context-allocator 0.2.3...
[INFO] testing context-allocator-0.2.3 against 1.75.0 for beta-1.76-1
[INFO] extracting crate context-allocator 0.2.3 into /workspace/builds/worker-1-tc1/source
[INFO] validating manifest of crates.io crate context-allocator 0.2.3 on toolchain 1.75.0
[INFO] running `Command { std: CARGO_HOME="/workspace/cargo-home" RUSTUP_HOME="/workspace/rustup-home" "/workspace/cargo-home/bin/cargo" "+1.75.0" "metadata" "--manifest-path" "Cargo.toml" "--no-deps", kill_on_drop: false }`
[INFO] started tweaking crates.io crate context-allocator 0.2.3
[INFO] finished tweaking crates.io crate context-allocator 0.2.3
[INFO] tweaked toml for crates.io crate context-allocator 0.2.3 written to /workspace/builds/worker-1-tc1/source/Cargo.toml
[INFO] running `Command { std: CARGO_HOME="/workspace/cargo-home" RUSTUP_HOME="/workspace/rustup-home" "/workspace/cargo-home/bin/cargo" "+1.75.0" "generate-lockfile" "--manifest-path" "Cargo.toml", kill_on_drop: false }`
[INFO] [stderr]     Updating crates.io index
[INFO] running `Command { std: CARGO_HOME="/workspace/cargo-home" RUSTUP_HOME="/workspace/rustup-home" "/workspace/cargo-home/bin/cargo" "+1.75.0" "fetch" "--manifest-path" "Cargo.toml", kill_on_drop: false }`
[INFO] [stderr]  Downloading crates ...
[INFO] [stderr]   Downloaded likely v0.1.0
[INFO] [stderr]   Downloaded syscall-alt v0.0.14
[INFO] running `Command { std: "docker" "create" "-v" "/var/lib/crater-agent-workspace/builds/worker-1-tc1/target:/opt/rustwide/target:rw,Z" "-v" "/var/lib/crater-agent-workspace/builds/worker-1-tc1/source:/opt/rustwide/workdir:ro,Z" "-v" "/var/lib/crater-agent-workspace/cargo-home:/opt/rustwide/cargo-home:ro,Z" "-v" "/var/lib/crater-agent-workspace/rustup-home:/opt/rustwide/rustup-home:ro,Z" "-e" "SOURCE_DIR=/opt/rustwide/workdir" "-e" "CARGO_TARGET_DIR=/opt/rustwide/target" "-e" "CARGO_HOME=/opt/rustwide/cargo-home" "-e" "RUSTUP_HOME=/opt/rustwide/rustup-home" "-w" "/opt/rustwide/workdir" "-m" "1610612736" "--user" "0:0" "--network" "none" "ghcr.io/rust-lang/crates-build-env/linux@sha256:2788e3201cd34a07e3172128adcd8b3090168a8e3bcc40d7c032b9dda1df7d1c" "/opt/rustwide/cargo-home/bin/cargo" "+1.75.0" "metadata" "--no-deps" "--format-version=1", kill_on_drop: false }`
[INFO] [stdout] 4a90cec06c535dedc48343db41eee4dfffb670106bb38be2be54de71533aea8f
[INFO] running `Command { std: "docker" "start" "-a" "4a90cec06c535dedc48343db41eee4dfffb670106bb38be2be54de71533aea8f", kill_on_drop: false }`
[INFO] running `Command { std: "docker" "inspect" "4a90cec06c535dedc48343db41eee4dfffb670106bb38be2be54de71533aea8f", kill_on_drop: false }`
[INFO] running `Command { std: "docker" "rm" "-f" "4a90cec06c535dedc48343db41eee4dfffb670106bb38be2be54de71533aea8f", kill_on_drop: false }`
[INFO] [stdout] 4a90cec06c535dedc48343db41eee4dfffb670106bb38be2be54de71533aea8f
[INFO] running `Command { std: "docker" "create" "-v" "/var/lib/crater-agent-workspace/builds/worker-1-tc1/target:/opt/rustwide/target:rw,Z" "-v" "/var/lib/crater-agent-workspace/builds/worker-1-tc1/source:/opt/rustwide/workdir:ro,Z" "-v" "/var/lib/crater-agent-workspace/cargo-home:/opt/rustwide/cargo-home:ro,Z" "-v" "/var/lib/crater-agent-workspace/rustup-home:/opt/rustwide/rustup-home:ro,Z" "-e" "SOURCE_DIR=/opt/rustwide/workdir" "-e" "CARGO_TARGET_DIR=/opt/rustwide/target" "-e" "CARGO_INCREMENTAL=0" "-e" "RUST_BACKTRACE=full" "-e" "RUSTFLAGS=--cap-lints=warn" "-e" "RUSTDOCFLAGS=--cap-lints=warn" "-e" "CARGO_HOME=/opt/rustwide/cargo-home" "-e" "RUSTUP_HOME=/opt/rustwide/rustup-home" "-w" "/opt/rustwide/workdir" "-m" "1610612736" "--user" "0:0" "--network" "none" "ghcr.io/rust-lang/crates-build-env/linux@sha256:2788e3201cd34a07e3172128adcd8b3090168a8e3bcc40d7c032b9dda1df7d1c" "/opt/rustwide/cargo-home/bin/cargo" "+1.75.0" "build" "--frozen" "--message-format=json", kill_on_drop: false }`
[INFO] [stdout] dc101332c216ecabab0a7a526a2fb9817e1a584c1f1aec088737620884e47863
[INFO] running `Command { std: "docker" "start" "-a" "dc101332c216ecabab0a7a526a2fb9817e1a584c1f1aec088737620884e47863", kill_on_drop: false }`
[INFO] [stderr]    Compiling libc v0.2.151
[INFO] [stderr]    Compiling likely v0.1.0
[INFO] [stderr]    Compiling syscall-alt v0.0.14
[INFO] [stderr]    Compiling either v1.9.0
[INFO] [stdout] error[E0557]: feature has been removed
[INFO] [stdout]  --> /opt/rustwide/cargo-home/registry/src/index.crates.io-6f17d22bba15001f/syscall-alt-0.0.14/src/lib.rs:9:12
[INFO] [stdout]   |
[INFO] [stdout] 9 | #![feature(const_fn)]
[INFO] [stdout]   |            ^^^^^^^^ feature has been removed
[INFO] [stdout]   |
[INFO] [stdout]   = note: split into finer-grained feature gates
[INFO] [stdout] 
[INFO] [stdout] 
[INFO] [stdout] error: cannot find macro `asm` in this scope
[INFO] [stdout]  --> /opt/rustwide/cargo-home/registry/src/index.crates.io-6f17d22bba15001f/syscall-alt-0.0.14/src/syscalls/linux_like/x86_64/syscall0.rs:9:2
[INFO] [stdout]   |
[INFO] [stdout] 9 |     asm!
[INFO] [stdout]   |     ^^^
[INFO] [stdout]   |
[INFO] [stdout] help: consider importing this macro
[INFO] [stdout]  --> /opt/rustwide/cargo-home/registry/src/index.crates.io-6f17d22bba15001f/syscall-alt-0.0.14/src/syscalls/linux_like/x86_64/mod.rs:5:1
[INFO] [stdout]   |
[INFO] [stdout] 5 + use core::arch::asm;
[INFO] [stdout]   |
[INFO] [stdout] 
[INFO] [stdout] 
[INFO] [stdout] error: cannot find macro `asm` in this scope
[INFO] [stdout]  --> /opt/rustwide/cargo-home/registry/src/index.crates.io-6f17d22bba15001f/syscall-alt-0.0.14/src/syscalls/linux_like/x86_64/syscall1.rs:9:2
[INFO] [stdout]   |
[INFO] [stdout] 9 |     asm!
[INFO] [stdout]   |     ^^^
[INFO] [stdout]   |
[INFO] [stdout] help: consider importing this macro
[INFO] [stdout]  --> /opt/rustwide/cargo-home/registry/src/index.crates.io-6f17d22bba15001f/syscall-alt-0.0.14/src/syscalls/linux_like/x86_64/mod.rs:5:1
[INFO] [stdout]   |
[INFO] [stdout] 5 + use core::arch::asm;
[INFO] [stdout]   |
[INFO] [stdout] 
[INFO] [stdout] 
[INFO] [stdout] error: cannot find macro `asm` in this scope
[INFO] [stdout]  --> /opt/rustwide/cargo-home/registry/src/index.crates.io-6f17d22bba15001f/syscall-alt-0.0.14/src/syscalls/linux_like/x86_64/syscall2.rs:9:2
[INFO] [stdout]   |
[INFO] [stdout] 9 |     asm!
[INFO] [stdout]   |     ^^^
[INFO] [stdout]   |
[INFO] [stdout] help: consider importing this macro
[INFO] [stdout]  --> /opt/rustwide/cargo-home/registry/src/index.crates.io-6f17d22bba15001f/syscall-alt-0.0.14/src/syscalls/linux_like/x86_64/mod.rs:5:1
[INFO] [stdout]   |
[INFO] [stdout] 5 + use core::arch::asm;
[INFO] [stdout]   |
[INFO] [stdout] 
[INFO] [stdout] 
[INFO] [stdout] error: cannot find macro `asm` in this scope
[INFO] [stdout]  --> /opt/rustwide/cargo-home/registry/src/index.crates.io-6f17d22bba15001f/syscall-alt-0.0.14/src/syscalls/linux_like/x86_64/syscall3.rs:9:2
[INFO] [stdout]   |
[INFO] [stdout] 9 |     asm!
[INFO] [stdout]   |     ^^^
[INFO] [stdout]   |
[INFO] [stdout] help: consider importing this macro
[INFO] [stdout]  --> /opt/rustwide/cargo-home/registry/src/index.crates.io-6f17d22bba15001f/syscall-alt-0.0.14/src/syscalls/linux_like/x86_64/mod.rs:5:1
[INFO] [stdout]   |
[INFO] [stdout] 5 + use core::arch::asm;
[INFO] [stdout]   |
[INFO] [stdout] 
[INFO] [stdout] 
[INFO] [stdout] error: cannot find macro `asm` in this scope
[INFO] [stdout]  --> /opt/rustwide/cargo-home/registry/src/index.crates.io-6f17d22bba15001f/syscall-alt-0.0.14/src/syscalls/linux_like/x86_64/syscall4.rs:9:2
[INFO] [stdout]   |
[INFO] [stdout] 9 |     asm!
[INFO] [stdout]   |     ^^^
[INFO] [stdout]   |
[INFO] [stdout] help: consider importing this macro
[INFO] [stdout]  --> /opt/rustwide/cargo-home/registry/src/index.crates.io-6f17d22bba15001f/syscall-alt-0.0.14/src/syscalls/linux_like/x86_64/mod.rs:5:1
[INFO] [stdout]   |
[INFO] [stdout] 5 + use core::arch::asm;
[INFO] [stdout]   |
[INFO] [stdout] 
[INFO] [stdout] 
[INFO] [stdout] error: cannot find macro `asm` in this scope
[INFO] [stdout]  --> /opt/rustwide/cargo-home/registry/src/index.crates.io-6f17d22bba15001f/syscall-alt-0.0.14/src/syscalls/linux_like/x86_64/syscall5.rs:9:2
[INFO] [stdout]   |
[INFO] [stdout] 9 |     asm!
[INFO] [stdout]   |     ^^^
[INFO] [stdout]   |
[INFO] [stdout] help: consider importing this macro
[INFO] [stdout]  --> /opt/rustwide/cargo-home/registry/src/index.crates.io-6f17d22bba15001f/syscall-alt-0.0.14/src/syscalls/linux_like/x86_64/mod.rs:5:1
[INFO] [stdout]   |
[INFO] [stdout] 5 + use core::arch::asm;
[INFO] [stdout]   |
[INFO] [stdout] 
[INFO] [stdout] 
[INFO] [stdout] error: cannot find macro `asm` in this scope
[INFO] [stdout]  --> /opt/rustwide/cargo-home/registry/src/index.crates.io-6f17d22bba15001f/syscall-alt-0.0.14/src/syscalls/linux_like/x86_64/syscall6.rs:9:2
[INFO] [stdout]   |
[INFO] [stdout] 9 |     asm!
[INFO] [stdout]   |     ^^^
[INFO] [stdout]   |
[INFO] [stdout] help: consider importing this macro
[INFO] [stdout]  --> /opt/rustwide/cargo-home/registry/src/index.crates.io-6f17d22bba15001f/syscall-alt-0.0.14/src/syscalls/linux_like/x86_64/mod.rs:5:1
[INFO] [stdout]   |
[INFO] [stdout] 5 + use core::arch::asm;
[INFO] [stdout]   |
[INFO] [stdout] 
[INFO] [stdout] 
[INFO] [stdout] error[E0554]: `#![feature]` may not be used on the stable release channel
[INFO] [stdout]  --> /opt/rustwide/cargo-home/registry/src/index.crates.io-6f17d22bba15001f/syscall-alt-0.0.14/src/lib.rs:7:1
[INFO] [stdout]   |
[INFO] [stdout] 7 | #![feature(asm)]
[INFO] [stdout]   | ^^^^^^^^^^^^^^^^
[INFO] [stdout] 
[INFO] [stdout] 
[INFO] [stdout] error[E0554]: `#![feature]` may not be used on the stable release channel
[INFO] [stdout]  --> /opt/rustwide/cargo-home/registry/src/index.crates.io-6f17d22bba15001f/syscall-alt-0.0.14/src/lib.rs:8:1
[INFO] [stdout]   |
[INFO] [stdout] 8 | #![feature(associated_consts)]
[INFO] [stdout]   | ^^^^^^^^^^^^^^^^^^^^^^^^^^^^^^ help: remove the attribute
[INFO] [stdout]   |
[INFO] [stdout]   = help: the feature `associated_consts` has been stable since `1.20.0` and no longer requires an attribute to enable
[INFO] [stdout] 
[INFO] [stdout] 
[INFO] [stdout] error[E0554]: `#![feature]` may not be used on the stable release channel
[INFO] [stdout]  --> /opt/rustwide/cargo-home/registry/src/index.crates.io-6f17d22bba15001f/syscall-alt-0.0.14/src/lib.rs:9:1
[INFO] [stdout]   |
[INFO] [stdout] 9 | #![feature(const_fn)]
[INFO] [stdout]   | ^^^^^^^^^^^^^^^^^^^^^
[INFO] [stdout] 
[INFO] [stdout] 
[INFO] [stdout] error[E0554]: `#![feature]` may not be used on the stable release channel
[INFO] [stdout]  --> /opt/rustwide/cargo-home/registry/src/index.crates.io-6f17d22bba15001f/syscall-alt-0.0.14/src/lib.rs:7:12
[INFO] [stdout]   |
[INFO] [stdout] 7 | #![feature(asm)]
[INFO] [stdout]   |            ^^^
[INFO] [stdout] 
[INFO] [stdout] 
[INFO] [stdout] error: aborting due to 12 previous errors
[INFO] [stdout] 
[INFO] [stdout] 
[INFO] [stdout] Some errors have detailed explanations: E0554, E0557.
[INFO] [stdout] 
[INFO] [stdout] For more information about an error, try `rustc --explain E0554`.
[INFO] [stdout] 
[INFO] [stderr] error: could not compile `syscall-alt` (lib) due to 13 previous errors
[INFO] [stderr] warning: build failed, waiting for other jobs to finish...
[INFO] running `Command { std: "docker" "inspect" "dc101332c216ecabab0a7a526a2fb9817e1a584c1f1aec088737620884e47863", kill_on_drop: false }`
[INFO] running `Command { std: "docker" "rm" "-f" "dc101332c216ecabab0a7a526a2fb9817e1a584c1f1aec088737620884e47863", kill_on_drop: false }`
[INFO] [stdout] dc101332c216ecabab0a7a526a2fb9817e1a584c1f1aec088737620884e47863
[INFO] testing context-allocator-0.2.3 against beta-2023-12-22 for beta-1.76-1
[INFO] extracting crate context-allocator 0.2.3 into /workspace/builds/worker-1-tc2/source
[INFO] validating manifest of crates.io crate context-allocator 0.2.3 on toolchain beta-2023-12-22
[INFO] running `Command { std: CARGO_HOME="/workspace/cargo-home" RUSTUP_HOME="/workspace/rustup-home" "/workspace/cargo-home/bin/cargo" "+beta-2023-12-22" "metadata" "--manifest-path" "Cargo.toml" "--no-deps", kill_on_drop: false }`
[INFO] started tweaking crates.io crate context-allocator 0.2.3
[INFO] finished tweaking crates.io crate context-allocator 0.2.3
[INFO] tweaked toml for crates.io crate context-allocator 0.2.3 written to /workspace/builds/worker-1-tc2/source/Cargo.toml
[INFO] running `Command { std: CARGO_HOME="/workspace/cargo-home" RUSTUP_HOME="/workspace/rustup-home" "/workspace/cargo-home/bin/cargo" "+beta-2023-12-22" "generate-lockfile" "--manifest-path" "Cargo.toml", kill_on_drop: false }`
[INFO] [stderr]     Updating crates.io index
[INFO] running `Command { std: CARGO_HOME="/workspace/cargo-home" RUSTUP_HOME="/workspace/rustup-home" "/workspace/cargo-home/bin/cargo" "+beta-2023-12-22" "fetch" "--manifest-path" "Cargo.toml", kill_on_drop: false }`
[INFO] running `Command { std: "docker" "create" "-v" "/var/lib/crater-agent-workspace/builds/worker-1-tc2/target:/opt/rustwide/target:rw,Z" "-v" "/var/lib/crater-agent-workspace/builds/worker-1-tc2/source:/opt/rustwide/workdir:ro,Z" "-v" "/var/lib/crater-agent-workspace/cargo-home:/opt/rustwide/cargo-home:ro,Z" "-v" "/var/lib/crater-agent-workspace/rustup-home:/opt/rustwide/rustup-home:ro,Z" "-e" "SOURCE_DIR=/opt/rustwide/workdir" "-e" "CARGO_TARGET_DIR=/opt/rustwide/target" "-e" "CARGO_HOME=/opt/rustwide/cargo-home" "-e" "RUSTUP_HOME=/opt/rustwide/rustup-home" "-w" "/opt/rustwide/workdir" "-m" "1610612736" "--user" "0:0" "--network" "none" "ghcr.io/rust-lang/crates-build-env/linux@sha256:2788e3201cd34a07e3172128adcd8b3090168a8e3bcc40d7c032b9dda1df7d1c" "/opt/rustwide/cargo-home/bin/cargo" "+beta-2023-12-22" "metadata" "--no-deps" "--format-version=1", kill_on_drop: false }`
[INFO] [stdout] 34777452e17f843875cbd7ccc2178d561aa5ee02473678a4a4613266893419df
[INFO] running `Command { std: "docker" "start" "-a" "34777452e17f843875cbd7ccc2178d561aa5ee02473678a4a4613266893419df", kill_on_drop: false }`
[INFO] running `Command { std: "docker" "inspect" "34777452e17f843875cbd7ccc2178d561aa5ee02473678a4a4613266893419df", kill_on_drop: false }`
[INFO] running `Command { std: "docker" "rm" "-f" "34777452e17f843875cbd7ccc2178d561aa5ee02473678a4a4613266893419df", kill_on_drop: false }`
[INFO] [stdout] 34777452e17f843875cbd7ccc2178d561aa5ee02473678a4a4613266893419df
[INFO] running `Command { std: "docker" "create" "-v" "/var/lib/crater-agent-workspace/builds/worker-1-tc2/target:/opt/rustwide/target:rw,Z" "-v" "/var/lib/crater-agent-workspace/builds/worker-1-tc2/source:/opt/rustwide/workdir:ro,Z" "-v" "/var/lib/crater-agent-workspace/cargo-home:/opt/rustwide/cargo-home:ro,Z" "-v" "/var/lib/crater-agent-workspace/rustup-home:/opt/rustwide/rustup-home:ro,Z" "-e" "SOURCE_DIR=/opt/rustwide/workdir" "-e" "CARGO_TARGET_DIR=/opt/rustwide/target" "-e" "CARGO_INCREMENTAL=0" "-e" "RUST_BACKTRACE=full" "-e" "RUSTFLAGS=--cap-lints=warn" "-e" "RUSTDOCFLAGS=--cap-lints=warn" "-e" "CARGO_HOME=/opt/rustwide/cargo-home" "-e" "RUSTUP_HOME=/opt/rustwide/rustup-home" "-w" "/opt/rustwide/workdir" "-m" "1610612736" "--user" "0:0" "--network" "none" "ghcr.io/rust-lang/crates-build-env/linux@sha256:2788e3201cd34a07e3172128adcd8b3090168a8e3bcc40d7c032b9dda1df7d1c" "/opt/rustwide/cargo-home/bin/cargo" "+beta-2023-12-22" "build" "--frozen" "--message-format=json", kill_on_drop: false }`
[INFO] [stdout] ed1afef862a4eb7f64b9a0b946fd572b7a10fadfc1a2cc1067cdc3615cb2173c
[INFO] running `Command { std: "docker" "start" "-a" "ed1afef862a4eb7f64b9a0b946fd572b7a10fadfc1a2cc1067cdc3615cb2173c", kill_on_drop: false }`
[INFO] [stderr]    Compiling libc v0.2.151
[INFO] [stderr]    Compiling either v1.9.0
[INFO] [stderr]    Compiling syscall-alt v0.0.14
[INFO] [stderr]    Compiling likely v0.1.0
[INFO] [stdout] error[E0557]: feature has been removed
[INFO] [stdout]  --> /opt/rustwide/cargo-home/registry/src/index.crates.io-6f17d22bba15001f/syscall-alt-0.0.14/src/lib.rs:9:12
[INFO] [stdout]   |
[INFO] [stdout] 9 | #![feature(const_fn)]
[INFO] [stdout]   |            ^^^^^^^^ feature has been removed
[INFO] [stdout]   |
[INFO] [stdout]   = note: split into finer-grained feature gates
[INFO] [stdout] 
[INFO] [stdout] 
[INFO] [stdout] error: cannot find macro `asm` in this scope
[INFO] [stdout]  --> /opt/rustwide/cargo-home/registry/src/index.crates.io-6f17d22bba15001f/syscall-alt-0.0.14/src/syscalls/linux_like/x86_64/syscall0.rs:9:2
[INFO] [stdout]   |
[INFO] [stdout] 9 |     asm!
[INFO] [stdout]   |     ^^^
[INFO] [stdout]   |
[INFO] [stdout] help: consider importing this macro
[INFO] [stdout]  --> /opt/rustwide/cargo-home/registry/src/index.crates.io-6f17d22bba15001f/syscall-alt-0.0.14/src/syscalls/linux_like/x86_64/mod.rs:5:1
[INFO] [stdout]   |
[INFO] [stdout] 5 + use core::arch::asm;
[INFO] [stdout]   |
[INFO] [stdout] 
[INFO] [stdout] 
[INFO] [stdout] error: cannot find macro `asm` in this scope
[INFO] [stdout]  --> /opt/rustwide/cargo-home/registry/src/index.crates.io-6f17d22bba15001f/syscall-alt-0.0.14/src/syscalls/linux_like/x86_64/syscall1.rs:9:2
[INFO] [stdout]   |
[INFO] [stdout] 9 |     asm!
[INFO] [stdout]   |     ^^^
[INFO] [stdout]   |
[INFO] [stdout] help: consider importing this macro
[INFO] [stdout]  --> /opt/rustwide/cargo-home/registry/src/index.crates.io-6f17d22bba15001f/syscall-alt-0.0.14/src/syscalls/linux_like/x86_64/mod.rs:5:1
[INFO] [stdout]   |
[INFO] [stdout] 5 + use core::arch::asm;
[INFO] [stdout]   |
[INFO] [stdout] 
[INFO] [stdout] 
[INFO] [stdout] error: cannot find macro `asm` in this scope
[INFO] [stdout]  --> /opt/rustwide/cargo-home/registry/src/index.crates.io-6f17d22bba15001f/syscall-alt-0.0.14/src/syscalls/linux_like/x86_64/syscall2.rs:9:2
[INFO] [stdout]   |
[INFO] [stdout] 9 |     asm!
[INFO] [stdout]   |     ^^^
[INFO] [stdout]   |
[INFO] [stdout] help: consider importing this macro
[INFO] [stdout]  --> /opt/rustwide/cargo-home/registry/src/index.crates.io-6f17d22bba15001f/syscall-alt-0.0.14/src/syscalls/linux_like/x86_64/mod.rs:5:1
[INFO] [stdout]   |
[INFO] [stdout] 5 + use core::arch::asm;
[INFO] [stdout]   |
[INFO] [stdout] 
[INFO] [stdout] 
[INFO] [stdout] error: cannot find macro `asm` in this scope
[INFO] [stdout]  --> /opt/rustwide/cargo-home/registry/src/index.crates.io-6f17d22bba15001f/syscall-alt-0.0.14/src/syscalls/linux_like/x86_64/syscall3.rs:9:2
[INFO] [stdout]   |
[INFO] [stdout] 9 |     asm!
[INFO] [stdout]   |     ^^^
[INFO] [stdout]   |
[INFO] [stdout] help: consider importing this macro
[INFO] [stdout]  --> /opt/rustwide/cargo-home/registry/src/index.crates.io-6f17d22bba15001f/syscall-alt-0.0.14/src/syscalls/linux_like/x86_64/mod.rs:5:1
[INFO] [stdout]   |
[INFO] [stdout] 5 + use core::arch::asm;
[INFO] [stdout]   |
[INFO] [stdout] 
[INFO] [stdout] 
[INFO] [stdout] error: cannot find macro `asm` in this scope
[INFO] [stdout]  --> /opt/rustwide/cargo-home/registry/src/index.crates.io-6f17d22bba15001f/syscall-alt-0.0.14/src/syscalls/linux_like/x86_64/syscall4.rs:9:2
[INFO] [stdout]   |
[INFO] [stdout] 9 |     asm!
[INFO] [stdout]   |     ^^^
[INFO] [stdout]   |
[INFO] [stdout] help: consider importing this macro
[INFO] [stdout]  --> /opt/rustwide/cargo-home/registry/src/index.crates.io-6f17d22bba15001f/syscall-alt-0.0.14/src/syscalls/linux_like/x86_64/mod.rs:5:1
[INFO] [stdout]   |
[INFO] [stdout] 5 + use core::arch::asm;
[INFO] [stdout]   |
[INFO] [stdout] 
[INFO] [stdout] 
[INFO] [stdout] error: cannot find macro `asm` in this scope
[INFO] [stdout]  --> /opt/rustwide/cargo-home/registry/src/index.crates.io-6f17d22bba15001f/syscall-alt-0.0.14/src/syscalls/linux_like/x86_64/syscall5.rs:9:2
[INFO] [stdout]   |
[INFO] [stdout] 9 |     asm!
[INFO] [stdout]   |     ^^^
[INFO] [stdout]   |
[INFO] [stdout] help: consider importing this macro
[INFO] [stdout]  --> /opt/rustwide/cargo-home/registry/src/index.crates.io-6f17d22bba15001f/syscall-alt-0.0.14/src/syscalls/linux_like/x86_64/mod.rs:5:1
[INFO] [stdout]   |
[INFO] [stdout] 5 + use core::arch::asm;
[INFO] [stdout]   |
[INFO] [stdout] 
[INFO] [stdout] 
[INFO] [stdout] error: cannot find macro `asm` in this scope
[INFO] [stdout]  --> /opt/rustwide/cargo-home/registry/src/index.crates.io-6f17d22bba15001f/syscall-alt-0.0.14/src/syscalls/linux_like/x86_64/syscall6.rs:9:2
[INFO] [stdout]   |
[INFO] [stdout] 9 |     asm!
[INFO] [stdout]   |     ^^^
[INFO] [stdout]   |
[INFO] [stdout] help: consider importing this macro
[INFO] [stdout]  --> /opt/rustwide/cargo-home/registry/src/index.crates.io-6f17d22bba15001f/syscall-alt-0.0.14/src/syscalls/linux_like/x86_64/mod.rs:5:1
[INFO] [stdout]   |
[INFO] [stdout] 5 + use core::arch::asm;
[INFO] [stdout]   |
[INFO] [stdout] 
[INFO] [stdout] 
[INFO] [stdout] error[E0554]: `#![feature]` may not be used on the beta release channel
[INFO] [stdout]  --> /opt/rustwide/cargo-home/registry/src/index.crates.io-6f17d22bba15001f/syscall-alt-0.0.14/src/lib.rs:7:1
[INFO] [stdout]   |
[INFO] [stdout] 7 | #![feature(asm)]
[INFO] [stdout]   | ^^^^^^^^^^^^^^^^
[INFO] [stdout] 
[INFO] [stdout] 
[INFO] [stdout] error[E0554]: `#![feature]` may not be used on the beta release channel
[INFO] [stdout]  --> /opt/rustwide/cargo-home/registry/src/index.crates.io-6f17d22bba15001f/syscall-alt-0.0.14/src/lib.rs:8:1
[INFO] [stdout]   |
[INFO] [stdout] 8 | #![feature(associated_consts)]
[INFO] [stdout]   | ^^^^^^^^^^^^^^^^^^^^^^^^^^^^^^ help: remove the attribute
[INFO] [stdout]   |
[INFO] [stdout]   = help: the feature `associated_consts` has been stable since `1.20.0` and no longer requires an attribute to enable
[INFO] [stdout] 
[INFO] [stdout] 
[INFO] [stdout] error[E0554]: `#![feature]` may not be used on the beta release channel
[INFO] [stdout]  --> /opt/rustwide/cargo-home/registry/src/index.crates.io-6f17d22bba15001f/syscall-alt-0.0.14/src/lib.rs:9:1
[INFO] [stdout]   |
[INFO] [stdout] 9 | #![feature(const_fn)]
[INFO] [stdout]   | ^^^^^^^^^^^^^^^^^^^^^
[INFO] [stdout] 
[INFO] [stdout] 
[INFO] [stdout] error[E0554]: `#![feature]` may not be used on the beta release channel
[INFO] [stdout]  --> /opt/rustwide/cargo-home/registry/src/index.crates.io-6f17d22bba15001f/syscall-alt-0.0.14/src/lib.rs:7:12
[INFO] [stdout]   |
[INFO] [stdout] 7 | #![feature(asm)]
[INFO] [stdout]   |            ^^^
[INFO] [stdout] 
[INFO] [stdout] 
[INFO] [stdout] error: aborting due to 12 previous errors
[INFO] [stdout] 
[INFO] [stdout] 
[INFO] [stdout] Some errors have detailed explanations: E0554, E0557.
[INFO] [stdout] 
[INFO] [stdout] For more information about an error, try `rustc --explain E0554`.
[INFO] [stdout] 
[INFO] [stderr] error: could not compile `syscall-alt` (lib) due to 13 previous errors
[INFO] [stderr] warning: build failed, waiting for other jobs to finish...
[INFO] running `Command { std: "docker" "inspect" "ed1afef862a4eb7f64b9a0b946fd572b7a10fadfc1a2cc1067cdc3615cb2173c", kill_on_drop: false }`
[INFO] running `Command { std: "docker" "rm" "-f" "ed1afef862a4eb7f64b9a0b946fd572b7a10fadfc1a2cc1067cdc3615cb2173c", kill_on_drop: false }`
[INFO] [stdout] ed1afef862a4eb7f64b9a0b946fd572b7a10fadfc1a2cc1067cdc3615cb2173c
