[INFO] fetching crate contained-turing 0.1.4...
[INFO] testing contained-turing-0.1.4 against 1.75.0 for beta-1.76-1
[INFO] extracting crate contained-turing 0.1.4 into /workspace/builds/worker-2-tc1/source
[INFO] validating manifest of crates.io crate contained-turing 0.1.4 on toolchain 1.75.0
[INFO] running `Command { std: CARGO_HOME="/workspace/cargo-home" RUSTUP_HOME="/workspace/rustup-home" "/workspace/cargo-home/bin/cargo" "+1.75.0" "metadata" "--manifest-path" "Cargo.toml" "--no-deps", kill_on_drop: false }`
[INFO] started tweaking crates.io crate contained-turing 0.1.4
[INFO] finished tweaking crates.io crate contained-turing 0.1.4
[INFO] tweaked toml for crates.io crate contained-turing 0.1.4 written to /workspace/builds/worker-2-tc1/source/Cargo.toml
[INFO] running `Command { std: CARGO_HOME="/workspace/cargo-home" RUSTUP_HOME="/workspace/rustup-home" "/workspace/cargo-home/bin/cargo" "+1.75.0" "generate-lockfile" "--manifest-path" "Cargo.toml", kill_on_drop: false }`
[INFO] [stderr]     Updating crates.io index
[INFO] running `Command { std: CARGO_HOME="/workspace/cargo-home" RUSTUP_HOME="/workspace/rustup-home" "/workspace/cargo-home/bin/cargo" "+1.75.0" "fetch" "--manifest-path" "Cargo.toml", kill_on_drop: false }`
[INFO] [stderr]  Downloading crates ...
[INFO] [stderr]   Downloaded algae-graph v0.1.19
[INFO] [stderr]   Downloaded algae v0.1.19
[INFO] [stderr]   Downloaded predicates v3.0.4
[INFO] [stderr]   Downloaded contained-core v0.1.4
[INFO] running `Command { std: "docker" "create" "-v" "/var/lib/crater-agent-workspace/builds/worker-2-tc1/target:/opt/rustwide/target:rw,Z" "-v" "/var/lib/crater-agent-workspace/builds/worker-2-tc1/source:/opt/rustwide/workdir:ro,Z" "-v" "/var/lib/crater-agent-workspace/cargo-home:/opt/rustwide/cargo-home:ro,Z" "-v" "/var/lib/crater-agent-workspace/rustup-home:/opt/rustwide/rustup-home:ro,Z" "-e" "SOURCE_DIR=/opt/rustwide/workdir" "-e" "CARGO_TARGET_DIR=/opt/rustwide/target" "-e" "CARGO_HOME=/opt/rustwide/cargo-home" "-e" "RUSTUP_HOME=/opt/rustwide/rustup-home" "-w" "/opt/rustwide/workdir" "-m" "1610612736" "--user" "0:0" "--network" "none" "ghcr.io/rust-lang/crates-build-env/linux@sha256:2788e3201cd34a07e3172128adcd8b3090168a8e3bcc40d7c032b9dda1df7d1c" "/opt/rustwide/cargo-home/bin/cargo" "+1.75.0" "metadata" "--no-deps" "--format-version=1", kill_on_drop: false }`
[INFO] [stdout] fe96961f666395f44f3c33c765982947b87b99253b91c544bd24721f1ab477d9
[INFO] running `Command { std: "docker" "start" "-a" "fe96961f666395f44f3c33c765982947b87b99253b91c544bd24721f1ab477d9", kill_on_drop: false }`
[INFO] running `Command { std: "docker" "inspect" "fe96961f666395f44f3c33c765982947b87b99253b91c544bd24721f1ab477d9", kill_on_drop: false }`
[INFO] running `Command { std: "docker" "rm" "-f" "fe96961f666395f44f3c33c765982947b87b99253b91c544bd24721f1ab477d9", kill_on_drop: false }`
[INFO] [stdout] fe96961f666395f44f3c33c765982947b87b99253b91c544bd24721f1ab477d9
[INFO] running `Command { std: "docker" "create" "-v" "/var/lib/crater-agent-workspace/builds/worker-2-tc1/target:/opt/rustwide/target:rw,Z" "-v" "/var/lib/crater-agent-workspace/builds/worker-2-tc1/source:/opt/rustwide/workdir:ro,Z" "-v" "/var/lib/crater-agent-workspace/cargo-home:/opt/rustwide/cargo-home:ro,Z" "-v" "/var/lib/crater-agent-workspace/rustup-home:/opt/rustwide/rustup-home:ro,Z" "-e" "SOURCE_DIR=/opt/rustwide/workdir" "-e" "CARGO_TARGET_DIR=/opt/rustwide/target" "-e" "CARGO_INCREMENTAL=0" "-e" "RUST_BACKTRACE=full" "-e" "RUSTFLAGS=--cap-lints=warn" "-e" "RUSTDOCFLAGS=--cap-lints=warn" "-e" "CARGO_HOME=/opt/rustwide/cargo-home" "-e" "RUSTUP_HOME=/opt/rustwide/rustup-home" "-w" "/opt/rustwide/workdir" "-m" "1610612736" "--user" "0:0" "--network" "none" "ghcr.io/rust-lang/crates-build-env/linux@sha256:2788e3201cd34a07e3172128adcd8b3090168a8e3bcc40d7c032b9dda1df7d1c" "/opt/rustwide/cargo-home/bin/cargo" "+1.75.0" "build" "--frozen" "--message-format=json", kill_on_drop: false }`
[INFO] [stdout] 6c45a4440dba25bf5b73254208bac462359e30bcbf91dbc9bc8259e47166c89b
[INFO] running `Command { std: "docker" "start" "-a" "6c45a4440dba25bf5b73254208bac462359e30bcbf91dbc9bc8259e47166c89b", kill_on_drop: false }`
[INFO] [stderr]    Compiling rustversion v1.0.14
[INFO] [stderr]    Compiling num-traits v0.2.17
[INFO] [stderr]    Compiling cc v1.0.83
[INFO] [stderr]    Compiling getrandom v0.2.11
[INFO] [stderr]    Compiling syn v2.0.48
[INFO] [stderr]    Compiling generic-array v0.14.7
[INFO] [stderr]    Compiling ppv-lite86 v0.2.17
[INFO] [stderr]    Compiling smart-default v0.6.0
[INFO] [stderr]    Compiling rand_core v0.6.4
[INFO] [stderr]    Compiling futures-sink v0.3.30
[INFO] [stderr]    Compiling rand_chacha v0.3.1
[INFO] [stderr]    Compiling arrayref v0.3.7
[INFO] [stderr]    Compiling futures-core v0.3.30
[INFO] [stderr]    Compiling arrayvec v0.7.4
[INFO] [stderr]    Compiling constant_time_eq v0.3.0
[INFO] [stderr]    Compiling rand v0.8.5
[INFO] [stderr]    Compiling futures-channel v0.3.30
[INFO] [stderr]    Compiling aho-corasick v1.1.2
[INFO] [stderr]    Compiling regex-syntax v0.8.2
[INFO] [stderr]    Compiling itertools v0.11.0
[INFO] [stderr]    Compiling strum_macros v0.24.3
[INFO] [stderr]    Compiling ring v0.16.20
[INFO] [stderr]    Compiling blake3 v1.5.0
[INFO] [stderr]    Compiling float-cmp v0.9.0
[INFO] [stderr]    Compiling signal-hook-registry v1.4.1
[INFO] [stderr]    Compiling fixedbitset v0.4.2
[INFO] [stderr]    Compiling difflib v0.4.0
[INFO] [stderr]    Compiling anstyle v1.0.4
[INFO] [stderr]    Compiling regex-automata v0.4.3
[INFO] [stderr]    Compiling predicates-core v1.0.6
[INFO] [stderr]    Compiling chrono v0.4.31
[INFO] [stderr]    Compiling strum v0.24.1
[INFO] [stderr]    Compiling petgraph v0.6.4
[INFO] [stderr]    Compiling atoi v2.0.0
[INFO] [stderr]    Compiling serde_derive v1.0.194
[INFO] [stderr]    Compiling futures-macro v0.3.30
[INFO] [stderr]    Compiling tokio-macros v2.2.0
[INFO] [stderr]    Compiling async-trait v0.1.77
[INFO] [stderr]    Compiling regex v1.10.2
[INFO] [stderr]    Compiling predicates v3.0.4
[INFO] [stderr]    Compiling tokio v1.35.1
[INFO] [stderr]    Compiling futures-util v0.3.30
[INFO] [stderr]    Compiling serde v1.0.194
[INFO] [stderr]    Compiling futures-executor v0.3.30
[INFO] [stderr]    Compiling futures v0.3.30
[INFO] [stderr]    Compiling serde_json v1.0.111
[INFO] [stderr]    Compiling decanter-derive v0.1.6
[INFO] [stderr]    Compiling decanter-crypto v0.1.5
[INFO] [stderr]    Compiling decanter v0.1.5
[INFO] [stderr]    Compiling algae-graph v0.1.19
[INFO] [stderr]    Compiling algae v0.1.19
[INFO] [stderr]    Compiling contained-core v0.1.4
[INFO] [stdout] error[E0425]: cannot find function `hash_serialize` in module `decanter::hash`
[INFO] [stdout]   --> /opt/rustwide/cargo-home/registry/src/index.crates.io-6f17d22bba15001f/contained-core-0.1.4/src/epoch.rs:18:48
[INFO] [stdout]    |
[INFO] [stdout] 18 |     Clone, Copy, Debug, Deserialize, Eq, Hash, Hashable, Ord, PartialEq, PartialOrd, Serialize,
[INFO] [stdout]    |                                                ^^^^^^^^ not found in `decanter::hash`
[INFO] [stdout]    |
[INFO] [stdout]    = note: this error originates in the derive macro `Hashable` (in Nightly builds, run with -Z macro-backtrace for more info)
[INFO] [stdout] 
[INFO] [stdout] 
[INFO] [stdout] error[E0425]: cannot find function `hash_serialize` in module `decanter::hash`
[INFO] [stdout]   --> /opt/rustwide/cargo-home/registry/src/index.crates.io-6f17d22bba15001f/contained-core-0.1.4/src/states/state.rs:21:5
[INFO] [stdout]    |
[INFO] [stdout] 21 |     Hashable,
[INFO] [stdout]    |     ^^^^^^^^ not found in `decanter::hash`
[INFO] [stdout]    |
[INFO] [stdout]    = note: this error originates in the derive macro `Hashable` (in Nightly builds, run with -Z macro-backtrace for more info)
[INFO] [stdout] 
[INFO] [stdout] 
[INFO] [stdout] error: aborting due to 2 previous errors
[INFO] [stdout] 
[INFO] [stdout] 
[INFO] [stdout] For more information about this error, try `rustc --explain E0425`.
[INFO] [stdout] 
[INFO] [stderr] error: could not compile `contained-core` (lib) due to 3 previous errors
[INFO] running `Command { std: "docker" "inspect" "6c45a4440dba25bf5b73254208bac462359e30bcbf91dbc9bc8259e47166c89b", kill_on_drop: false }`
[INFO] running `Command { std: "docker" "rm" "-f" "6c45a4440dba25bf5b73254208bac462359e30bcbf91dbc9bc8259e47166c89b", kill_on_drop: false }`
[INFO] [stdout] 6c45a4440dba25bf5b73254208bac462359e30bcbf91dbc9bc8259e47166c89b
[INFO] testing contained-turing-0.1.4 against beta-2023-12-22 for beta-1.76-1
[INFO] extracting crate contained-turing 0.1.4 into /workspace/builds/worker-2-tc2/source
[INFO] validating manifest of crates.io crate contained-turing 0.1.4 on toolchain beta-2023-12-22
[INFO] running `Command { std: CARGO_HOME="/workspace/cargo-home" RUSTUP_HOME="/workspace/rustup-home" "/workspace/cargo-home/bin/cargo" "+beta-2023-12-22" "metadata" "--manifest-path" "Cargo.toml" "--no-deps", kill_on_drop: false }`
[INFO] started tweaking crates.io crate contained-turing 0.1.4
[INFO] finished tweaking crates.io crate contained-turing 0.1.4
[INFO] tweaked toml for crates.io crate contained-turing 0.1.4 written to /workspace/builds/worker-2-tc2/source/Cargo.toml
[INFO] running `Command { std: CARGO_HOME="/workspace/cargo-home" RUSTUP_HOME="/workspace/rustup-home" "/workspace/cargo-home/bin/cargo" "+beta-2023-12-22" "generate-lockfile" "--manifest-path" "Cargo.toml", kill_on_drop: false }`
[INFO] [stderr]     Updating crates.io index
[INFO] running `Command { std: CARGO_HOME="/workspace/cargo-home" RUSTUP_HOME="/workspace/rustup-home" "/workspace/cargo-home/bin/cargo" "+beta-2023-12-22" "fetch" "--manifest-path" "Cargo.toml", kill_on_drop: false }`
[INFO] running `Command { std: "docker" "create" "-v" "/var/lib/crater-agent-workspace/builds/worker-2-tc2/target:/opt/rustwide/target:rw,Z" "-v" "/var/lib/crater-agent-workspace/builds/worker-2-tc2/source:/opt/rustwide/workdir:ro,Z" "-v" "/var/lib/crater-agent-workspace/cargo-home:/opt/rustwide/cargo-home:ro,Z" "-v" "/var/lib/crater-agent-workspace/rustup-home:/opt/rustwide/rustup-home:ro,Z" "-e" "SOURCE_DIR=/opt/rustwide/workdir" "-e" "CARGO_TARGET_DIR=/opt/rustwide/target" "-e" "CARGO_HOME=/opt/rustwide/cargo-home" "-e" "RUSTUP_HOME=/opt/rustwide/rustup-home" "-w" "/opt/rustwide/workdir" "-m" "1610612736" "--user" "0:0" "--network" "none" "ghcr.io/rust-lang/crates-build-env/linux@sha256:2788e3201cd34a07e3172128adcd8b3090168a8e3bcc40d7c032b9dda1df7d1c" "/opt/rustwide/cargo-home/bin/cargo" "+beta-2023-12-22" "metadata" "--no-deps" "--format-version=1", kill_on_drop: false }`
[INFO] [stdout] 551fd7efd7fad462e511d84b6b64c505ff767194d923e6f850ecc5191e3fe1c9
[INFO] running `Command { std: "docker" "start" "-a" "551fd7efd7fad462e511d84b6b64c505ff767194d923e6f850ecc5191e3fe1c9", kill_on_drop: false }`
[INFO] running `Command { std: "docker" "inspect" "551fd7efd7fad462e511d84b6b64c505ff767194d923e6f850ecc5191e3fe1c9", kill_on_drop: false }`
[INFO] running `Command { std: "docker" "rm" "-f" "551fd7efd7fad462e511d84b6b64c505ff767194d923e6f850ecc5191e3fe1c9", kill_on_drop: false }`
[INFO] [stdout] 551fd7efd7fad462e511d84b6b64c505ff767194d923e6f850ecc5191e3fe1c9
[INFO] running `Command { std: "docker" "create" "-v" "/var/lib/crater-agent-workspace/builds/worker-2-tc2/target:/opt/rustwide/target:rw,Z" "-v" "/var/lib/crater-agent-workspace/builds/worker-2-tc2/source:/opt/rustwide/workdir:ro,Z" "-v" "/var/lib/crater-agent-workspace/cargo-home:/opt/rustwide/cargo-home:ro,Z" "-v" "/var/lib/crater-agent-workspace/rustup-home:/opt/rustwide/rustup-home:ro,Z" "-e" "SOURCE_DIR=/opt/rustwide/workdir" "-e" "CARGO_TARGET_DIR=/opt/rustwide/target" "-e" "CARGO_INCREMENTAL=0" "-e" "RUST_BACKTRACE=full" "-e" "RUSTFLAGS=--cap-lints=warn" "-e" "RUSTDOCFLAGS=--cap-lints=warn" "-e" "CARGO_HOME=/opt/rustwide/cargo-home" "-e" "RUSTUP_HOME=/opt/rustwide/rustup-home" "-w" "/opt/rustwide/workdir" "-m" "1610612736" "--user" "0:0" "--network" "none" "ghcr.io/rust-lang/crates-build-env/linux@sha256:2788e3201cd34a07e3172128adcd8b3090168a8e3bcc40d7c032b9dda1df7d1c" "/opt/rustwide/cargo-home/bin/cargo" "+beta-2023-12-22" "build" "--frozen" "--message-format=json", kill_on_drop: false }`
[INFO] [stdout] 2aa9c7e8b861cade5cd734a998c8c8cf57fa5cd2afaac36042d054fa737e2521
[INFO] running `Command { std: "docker" "start" "-a" "2aa9c7e8b861cade5cd734a998c8c8cf57fa5cd2afaac36042d054fa737e2521", kill_on_drop: false }`
[INFO] [stderr]    Compiling rustversion v1.0.14
[INFO] [stderr]    Compiling num-traits v0.2.17
[INFO] [stderr]    Compiling cc v1.0.83
[INFO] [stderr]    Compiling getrandom v0.2.11
[INFO] [stderr]    Compiling syn v2.0.48
[INFO] [stderr]    Compiling generic-array v0.14.7
[INFO] [stderr]    Compiling ppv-lite86 v0.2.17
[INFO] [stderr]    Compiling smart-default v0.6.0
[INFO] [stderr]    Compiling rand_core v0.6.4
[INFO] [stderr]    Compiling arrayref v0.3.7
[INFO] [stderr]    Compiling futures-sink v0.3.30
[INFO] [stderr]    Compiling rand_chacha v0.3.1
[INFO] [stderr]    Compiling arrayvec v0.7.4
[INFO] [stderr]    Compiling futures-core v0.3.30
[INFO] [stderr]    Compiling constant_time_eq v0.3.0
[INFO] [stderr]    Compiling rand v0.8.5
[INFO] [stderr]    Compiling futures-channel v0.3.30
[INFO] [stderr]    Compiling aho-corasick v1.1.2
[INFO] [stderr]    Compiling regex-syntax v0.8.2
[INFO] [stderr]    Compiling strum_macros v0.24.3
[INFO] [stderr]    Compiling itertools v0.11.0
[INFO] [stderr]    Compiling ring v0.16.20
[INFO] [stderr]    Compiling blake3 v1.5.0
[INFO] [stderr]    Compiling float-cmp v0.9.0
[INFO] [stderr]    Compiling signal-hook-registry v1.4.1
[INFO] [stderr]    Compiling difflib v0.4.0
[INFO] [stderr]    Compiling fixedbitset v0.4.2
[INFO] [stderr]    Compiling regex-automata v0.4.3
[INFO] [stderr]    Compiling predicates-core v1.0.6
[INFO] [stderr]    Compiling anstyle v1.0.4
[INFO] [stderr]    Compiling strum v0.24.1
[INFO] [stderr]    Compiling chrono v0.4.31
[INFO] [stderr]    Compiling petgraph v0.6.4
[INFO] [stderr]    Compiling atoi v2.0.0
[INFO] [stderr]    Compiling serde_derive v1.0.194
[INFO] [stderr]    Compiling futures-macro v0.3.30
[INFO] [stderr]    Compiling tokio-macros v2.2.0
[INFO] [stderr]    Compiling async-trait v0.1.77
[INFO] [stderr]    Compiling regex v1.10.2
[INFO] [stderr]    Compiling tokio v1.35.1
[INFO] [stderr]    Compiling predicates v3.0.4
[INFO] [stderr]    Compiling futures-util v0.3.30
[INFO] [stderr]    Compiling serde v1.0.194
[INFO] [stderr]    Compiling futures-executor v0.3.30
[INFO] [stderr]    Compiling futures v0.3.30
[INFO] [stderr]    Compiling serde_json v1.0.111
[INFO] [stderr]    Compiling decanter-derive v0.1.6
[INFO] [stderr]    Compiling decanter-crypto v0.1.5
[INFO] [stderr]    Compiling decanter v0.1.5
[INFO] [stderr]    Compiling algae-graph v0.1.19
[INFO] [stderr]    Compiling algae v0.1.19
[INFO] [stderr]    Compiling contained-core v0.1.4
[INFO] [stdout] error[E0425]: cannot find function `hash_serialize` in module `decanter::hash`
[INFO] [stdout]   --> /opt/rustwide/cargo-home/registry/src/index.crates.io-6f17d22bba15001f/contained-core-0.1.4/src/epoch.rs:18:48
[INFO] [stdout]    |
[INFO] [stdout] 18 |     Clone, Copy, Debug, Deserialize, Eq, Hash, Hashable, Ord, PartialEq, PartialOrd, Serialize,
[INFO] [stdout]    |                                                ^^^^^^^^ not found in `decanter::hash`
[INFO] [stdout]    |
[INFO] [stdout]    = note: this error originates in the derive macro `Hashable` (in Nightly builds, run with -Z macro-backtrace for more info)
[INFO] [stdout] 
[INFO] [stdout] 
[INFO] [stdout] error[E0425]: cannot find function `hash_serialize` in module `decanter::hash`
[INFO] [stdout]   --> /opt/rustwide/cargo-home/registry/src/index.crates.io-6f17d22bba15001f/contained-core-0.1.4/src/states/state.rs:21:5
[INFO] [stdout]    |
[INFO] [stdout] 21 |     Hashable,
[INFO] [stdout]    |     ^^^^^^^^ not found in `decanter::hash`
[INFO] [stdout]    |
[INFO] [stdout]    = note: this error originates in the derive macro `Hashable` (in Nightly builds, run with -Z macro-backtrace for more info)
[INFO] [stdout] 
[INFO] [stdout] 
[INFO] [stdout] error: aborting due to 2 previous errors
[INFO] [stdout] 
[INFO] [stdout] 
[INFO] [stdout] For more information about this error, try `rustc --explain E0425`.
[INFO] [stdout] 
[INFO] [stderr] error: could not compile `contained-core` (lib) due to 3 previous errors
[INFO] running `Command { std: "docker" "inspect" "2aa9c7e8b861cade5cd734a998c8c8cf57fa5cd2afaac36042d054fa737e2521", kill_on_drop: false }`
[INFO] running `Command { std: "docker" "rm" "-f" "2aa9c7e8b861cade5cd734a998c8c8cf57fa5cd2afaac36042d054fa737e2521", kill_on_drop: false }`
[INFO] [stdout] 2aa9c7e8b861cade5cd734a998c8c8cf57fa5cd2afaac36042d054fa737e2521
