[INFO] fetching crate contained-core 0.1.4...
[INFO] testing contained-core-0.1.4 against 1.75.0 for beta-1.76-1
[INFO] extracting crate contained-core 0.1.4 into /workspace/builds/worker-1-tc1/source
[INFO] validating manifest of crates.io crate contained-core 0.1.4 on toolchain 1.75.0
[INFO] running `Command { std: CARGO_HOME="/workspace/cargo-home" RUSTUP_HOME="/workspace/rustup-home" "/workspace/cargo-home/bin/cargo" "+1.75.0" "metadata" "--manifest-path" "Cargo.toml" "--no-deps", kill_on_drop: false }`
[INFO] started tweaking crates.io crate contained-core 0.1.4
[INFO] finished tweaking crates.io crate contained-core 0.1.4
[INFO] tweaked toml for crates.io crate contained-core 0.1.4 written to /workspace/builds/worker-1-tc1/source/Cargo.toml
[INFO] running `Command { std: CARGO_HOME="/workspace/cargo-home" RUSTUP_HOME="/workspace/rustup-home" "/workspace/cargo-home/bin/cargo" "+1.75.0" "generate-lockfile" "--manifest-path" "Cargo.toml", kill_on_drop: false }`
[INFO] [stderr]     Updating crates.io index
[INFO] running `Command { std: CARGO_HOME="/workspace/cargo-home" RUSTUP_HOME="/workspace/rustup-home" "/workspace/cargo-home/bin/cargo" "+1.75.0" "fetch" "--manifest-path" "Cargo.toml", kill_on_drop: false }`
[INFO] [stderr]  Downloading crates ...
[INFO] [stderr]   Downloaded atoi v2.0.0
[INFO] [stderr]   Downloaded algae-graph v0.1.19
[INFO] [stderr]   Downloaded algae v0.1.19
[INFO] running `Command { std: "docker" "create" "-v" "/var/lib/crater-agent-workspace/builds/worker-1-tc1/target:/opt/rustwide/target:rw,Z" "-v" "/var/lib/crater-agent-workspace/builds/worker-1-tc1/source:/opt/rustwide/workdir:ro,Z" "-v" "/var/lib/crater-agent-workspace/cargo-home:/opt/rustwide/cargo-home:ro,Z" "-v" "/var/lib/crater-agent-workspace/rustup-home:/opt/rustwide/rustup-home:ro,Z" "-e" "SOURCE_DIR=/opt/rustwide/workdir" "-e" "CARGO_TARGET_DIR=/opt/rustwide/target" "-e" "CARGO_HOME=/opt/rustwide/cargo-home" "-e" "RUSTUP_HOME=/opt/rustwide/rustup-home" "-w" "/opt/rustwide/workdir" "-m" "1610612736" "--user" "0:0" "--network" "none" "ghcr.io/rust-lang/crates-build-env/linux@sha256:2788e3201cd34a07e3172128adcd8b3090168a8e3bcc40d7c032b9dda1df7d1c" "/opt/rustwide/cargo-home/bin/cargo" "+1.75.0" "metadata" "--no-deps" "--format-version=1", kill_on_drop: false }`
[INFO] [stdout] c96ca74d1f2ccad849c3778019354f1fbcbe44e147f49d0a809231d987f5a364
[INFO] running `Command { std: "docker" "start" "-a" "c96ca74d1f2ccad849c3778019354f1fbcbe44e147f49d0a809231d987f5a364", kill_on_drop: false }`
[INFO] running `Command { std: "docker" "inspect" "c96ca74d1f2ccad849c3778019354f1fbcbe44e147f49d0a809231d987f5a364", kill_on_drop: false }`
[INFO] running `Command { std: "docker" "rm" "-f" "c96ca74d1f2ccad849c3778019354f1fbcbe44e147f49d0a809231d987f5a364", kill_on_drop: false }`
[INFO] [stdout] c96ca74d1f2ccad849c3778019354f1fbcbe44e147f49d0a809231d987f5a364
[INFO] running `Command { std: "docker" "create" "-v" "/var/lib/crater-agent-workspace/builds/worker-1-tc1/target:/opt/rustwide/target:rw,Z" "-v" "/var/lib/crater-agent-workspace/builds/worker-1-tc1/source:/opt/rustwide/workdir:ro,Z" "-v" "/var/lib/crater-agent-workspace/cargo-home:/opt/rustwide/cargo-home:ro,Z" "-v" "/var/lib/crater-agent-workspace/rustup-home:/opt/rustwide/rustup-home:ro,Z" "-e" "SOURCE_DIR=/opt/rustwide/workdir" "-e" "CARGO_TARGET_DIR=/opt/rustwide/target" "-e" "CARGO_INCREMENTAL=0" "-e" "RUST_BACKTRACE=full" "-e" "RUSTFLAGS=--cap-lints=warn" "-e" "RUSTDOCFLAGS=--cap-lints=warn" "-e" "CARGO_HOME=/opt/rustwide/cargo-home" "-e" "RUSTUP_HOME=/opt/rustwide/rustup-home" "-w" "/opt/rustwide/workdir" "-m" "1610612736" "--user" "0:0" "--network" "none" "ghcr.io/rust-lang/crates-build-env/linux@sha256:2788e3201cd34a07e3172128adcd8b3090168a8e3bcc40d7c032b9dda1df7d1c" "/opt/rustwide/cargo-home/bin/cargo" "+1.75.0" "build" "--frozen" "--message-format=json", kill_on_drop: false }`
[INFO] [stdout] 3563966e2b6685c3b82d26562592619781ac14d3718b81bededb1ab37a73a9dd
[INFO] running `Command { std: "docker" "start" "-a" "3563966e2b6685c3b82d26562592619781ac14d3718b81bededb1ab37a73a9dd", kill_on_drop: false }`
[INFO] [stderr]    Compiling cc v1.0.83
[INFO] [stderr]    Compiling syn v2.0.48
[INFO] [stderr]    Compiling syn v1.0.109
[INFO] [stderr]    Compiling float-cmp v0.9.0
[INFO] [stderr]    Compiling fixedbitset v0.4.2
[INFO] [stderr]    Compiling difflib v0.4.0
[INFO] [stderr]    Compiling anstyle v1.0.4
[INFO] [stderr]    Compiling normalize-line-endings v0.3.0
[INFO] [stderr]    Compiling predicates-core v1.0.6
[INFO] [stderr]    Compiling chrono v0.4.31
[INFO] [stderr]    Compiling atoi v2.0.0
[INFO] [stderr]    Compiling petgraph v0.6.4
[INFO] [stderr]    Compiling predicates v3.0.4
[INFO] [stderr]    Compiling ring v0.16.20
[INFO] [stderr]    Compiling blake3 v1.5.0
[INFO] [stderr]    Compiling serde_derive v1.0.194
[INFO] [stderr]    Compiling futures-macro v0.3.30
[INFO] [stderr]    Compiling tokio-macros v2.2.0
[INFO] [stderr]    Compiling async-trait v0.1.77
[INFO] [stderr]    Compiling strum_macros v0.24.3
[INFO] [stderr]    Compiling smart-default v0.6.0
[INFO] [stderr]    Compiling tokio v1.35.1
[INFO] [stderr]    Compiling futures-util v0.3.30
[INFO] [stderr]    Compiling strum v0.24.1
[INFO] [stderr]    Compiling serde v1.0.194
[INFO] [stderr]    Compiling futures-executor v0.3.30
[INFO] [stderr]    Compiling futures v0.3.30
[INFO] [stderr]    Compiling serde_json v1.0.111
[INFO] [stderr]    Compiling decanter-derive v0.1.6
[INFO] [stderr]    Compiling decanter-crypto v0.1.5
[INFO] [stderr]    Compiling decanter v0.1.5
[INFO] [stderr]    Compiling algae-graph v0.1.19
[INFO] [stderr]    Compiling algae v0.1.19
[INFO] [stderr]    Compiling contained-core v0.1.4 (/opt/rustwide/workdir)
[INFO] [stdout] error[E0425]: cannot find function `hash_serialize` in module `decanter::hash`
[INFO] [stdout]   --> src/epoch.rs:18:48
[INFO] [stdout]    |
[INFO] [stdout] 18 |     Clone, Copy, Debug, Deserialize, Eq, Hash, Hashable, Ord, PartialEq, PartialOrd, Serialize,
[INFO] [stdout]    |                                                ^^^^^^^^ not found in `decanter::hash`
[INFO] [stdout]    |
[INFO] [stdout]    = note: this error originates in the derive macro `Hashable` (in Nightly builds, run with -Z macro-backtrace for more info)
[INFO] [stdout] 
[INFO] [stdout] 
[INFO] [stdout] error[E0425]: cannot find function `hash_serialize` in module `decanter::hash`
[INFO] [stdout]   --> src/states/state.rs:21:5
[INFO] [stdout]    |
[INFO] [stdout] 21 |     Hashable,
[INFO] [stdout]    |     ^^^^^^^^ not found in `decanter::hash`
[INFO] [stdout]    |
[INFO] [stdout]    = note: this error originates in the derive macro `Hashable` (in Nightly builds, run with -Z macro-backtrace for more info)
[INFO] [stdout] 
[INFO] [stdout] 
[INFO] [stdout] warning: unused import: `constants::*`
[INFO] [stdout]  --> src/primitives.rs:6:16
[INFO] [stdout]   |
[INFO] [stdout] 6 | pub use self::{constants::*, types::*};
[INFO] [stdout]   |                ^^^^^^^^^^^^
[INFO] [stdout]   |
[INFO] [stdout]   = note: `#[warn(unused_imports)]` on by default
[INFO] [stdout] 
[INFO] [stdout] 
[INFO] [stdout] warning: unused import: `manager::*`
[INFO] [stdout]  --> src/tasks/mod.rs:6:16
[INFO] [stdout]   |
[INFO] [stdout] 6 | pub use self::{manager::*, registry::*};
[INFO] [stdout]   |                ^^^^^^^^^^
[INFO] [stdout] 
[INFO] [stdout] 
[INFO] [stdout] error: aborting due to 2 previous errors; 2 warnings emitted
[INFO] [stdout] 
[INFO] [stdout] 
[INFO] [stdout] For more information about this error, try `rustc --explain E0425`.
[INFO] [stdout] 
[INFO] [stderr] error: could not compile `contained-core` (lib) due to 3 previous errors; 2 warnings emitted
[INFO] running `Command { std: "docker" "inspect" "3563966e2b6685c3b82d26562592619781ac14d3718b81bededb1ab37a73a9dd", kill_on_drop: false }`
[INFO] running `Command { std: "docker" "rm" "-f" "3563966e2b6685c3b82d26562592619781ac14d3718b81bededb1ab37a73a9dd", kill_on_drop: false }`
[INFO] [stdout] 3563966e2b6685c3b82d26562592619781ac14d3718b81bededb1ab37a73a9dd
[INFO] testing contained-core-0.1.4 against beta-2023-12-22 for beta-1.76-1
[INFO] extracting crate contained-core 0.1.4 into /workspace/builds/worker-1-tc2/source
[INFO] validating manifest of crates.io crate contained-core 0.1.4 on toolchain beta-2023-12-22
[INFO] running `Command { std: CARGO_HOME="/workspace/cargo-home" RUSTUP_HOME="/workspace/rustup-home" "/workspace/cargo-home/bin/cargo" "+beta-2023-12-22" "metadata" "--manifest-path" "Cargo.toml" "--no-deps", kill_on_drop: false }`
[INFO] started tweaking crates.io crate contained-core 0.1.4
[INFO] finished tweaking crates.io crate contained-core 0.1.4
[INFO] tweaked toml for crates.io crate contained-core 0.1.4 written to /workspace/builds/worker-1-tc2/source/Cargo.toml
[INFO] running `Command { std: CARGO_HOME="/workspace/cargo-home" RUSTUP_HOME="/workspace/rustup-home" "/workspace/cargo-home/bin/cargo" "+beta-2023-12-22" "generate-lockfile" "--manifest-path" "Cargo.toml", kill_on_drop: false }`
[INFO] [stderr]     Updating crates.io index
[INFO] running `Command { std: CARGO_HOME="/workspace/cargo-home" RUSTUP_HOME="/workspace/rustup-home" "/workspace/cargo-home/bin/cargo" "+beta-2023-12-22" "fetch" "--manifest-path" "Cargo.toml", kill_on_drop: false }`
[INFO] running `Command { std: "docker" "create" "-v" "/var/lib/crater-agent-workspace/builds/worker-1-tc2/target:/opt/rustwide/target:rw,Z" "-v" "/var/lib/crater-agent-workspace/builds/worker-1-tc2/source:/opt/rustwide/workdir:ro,Z" "-v" "/var/lib/crater-agent-workspace/cargo-home:/opt/rustwide/cargo-home:ro,Z" "-v" "/var/lib/crater-agent-workspace/rustup-home:/opt/rustwide/rustup-home:ro,Z" "-e" "SOURCE_DIR=/opt/rustwide/workdir" "-e" "CARGO_TARGET_DIR=/opt/rustwide/target" "-e" "CARGO_HOME=/opt/rustwide/cargo-home" "-e" "RUSTUP_HOME=/opt/rustwide/rustup-home" "-w" "/opt/rustwide/workdir" "-m" "1610612736" "--user" "0:0" "--network" "none" "ghcr.io/rust-lang/crates-build-env/linux@sha256:2788e3201cd34a07e3172128adcd8b3090168a8e3bcc40d7c032b9dda1df7d1c" "/opt/rustwide/cargo-home/bin/cargo" "+beta-2023-12-22" "metadata" "--no-deps" "--format-version=1", kill_on_drop: false }`
[INFO] [stdout] a1a7fd4e1290505417cd069bb02ff2584f6ed450cb5c57b460be05a49b9ab81e
[INFO] running `Command { std: "docker" "start" "-a" "a1a7fd4e1290505417cd069bb02ff2584f6ed450cb5c57b460be05a49b9ab81e", kill_on_drop: false }`
[INFO] running `Command { std: "docker" "inspect" "a1a7fd4e1290505417cd069bb02ff2584f6ed450cb5c57b460be05a49b9ab81e", kill_on_drop: false }`
[INFO] running `Command { std: "docker" "rm" "-f" "a1a7fd4e1290505417cd069bb02ff2584f6ed450cb5c57b460be05a49b9ab81e", kill_on_drop: false }`
[INFO] [stdout] a1a7fd4e1290505417cd069bb02ff2584f6ed450cb5c57b460be05a49b9ab81e
[INFO] running `Command { std: "docker" "create" "-v" "/var/lib/crater-agent-workspace/builds/worker-1-tc2/target:/opt/rustwide/target:rw,Z" "-v" "/var/lib/crater-agent-workspace/builds/worker-1-tc2/source:/opt/rustwide/workdir:ro,Z" "-v" "/var/lib/crater-agent-workspace/cargo-home:/opt/rustwide/cargo-home:ro,Z" "-v" "/var/lib/crater-agent-workspace/rustup-home:/opt/rustwide/rustup-home:ro,Z" "-e" "SOURCE_DIR=/opt/rustwide/workdir" "-e" "CARGO_TARGET_DIR=/opt/rustwide/target" "-e" "CARGO_INCREMENTAL=0" "-e" "RUST_BACKTRACE=full" "-e" "RUSTFLAGS=--cap-lints=warn" "-e" "RUSTDOCFLAGS=--cap-lints=warn" "-e" "CARGO_HOME=/opt/rustwide/cargo-home" "-e" "RUSTUP_HOME=/opt/rustwide/rustup-home" "-w" "/opt/rustwide/workdir" "-m" "1610612736" "--user" "0:0" "--network" "none" "ghcr.io/rust-lang/crates-build-env/linux@sha256:2788e3201cd34a07e3172128adcd8b3090168a8e3bcc40d7c032b9dda1df7d1c" "/opt/rustwide/cargo-home/bin/cargo" "+beta-2023-12-22" "build" "--frozen" "--message-format=json", kill_on_drop: false }`
[INFO] [stdout] 1cd852cd7bb4172cd078053235d56a0d884d359329f6947acadbeb11a5269c42
[INFO] running `Command { std: "docker" "start" "-a" "1cd852cd7bb4172cd078053235d56a0d884d359329f6947acadbeb11a5269c42", kill_on_drop: false }`
[INFO] [stderr]    Compiling cc v1.0.83
[INFO] [stderr]    Compiling syn v2.0.48
[INFO] [stderr]    Compiling syn v1.0.109
[INFO] [stderr]    Compiling float-cmp v0.9.0
[INFO] [stderr]    Compiling anstyle v1.0.4
[INFO] [stderr]    Compiling normalize-line-endings v0.3.0
[INFO] [stderr]    Compiling predicates-core v1.0.6
[INFO] [stderr]    Compiling fixedbitset v0.4.2
[INFO] [stderr]    Compiling difflib v0.4.0
[INFO] [stderr]    Compiling chrono v0.4.31
[INFO] [stderr]    Compiling atoi v2.0.0
[INFO] [stderr]    Compiling petgraph v0.6.4
[INFO] [stderr]    Compiling predicates v3.0.4
[INFO] [stderr]    Compiling ring v0.16.20
[INFO] [stderr]    Compiling blake3 v1.5.0
[INFO] [stderr]    Compiling serde_derive v1.0.194
[INFO] [stderr]    Compiling futures-macro v0.3.30
[INFO] [stderr]    Compiling tokio-macros v2.2.0
[INFO] [stderr]    Compiling async-trait v0.1.77
[INFO] [stderr]    Compiling strum_macros v0.24.3
[INFO] [stderr]    Compiling smart-default v0.6.0
[INFO] [stderr]    Compiling tokio v1.35.1
[INFO] [stderr]    Compiling futures-util v0.3.30
[INFO] [stderr]    Compiling strum v0.24.1
[INFO] [stderr]    Compiling serde v1.0.194
[INFO] [stderr]    Compiling futures-executor v0.3.30
[INFO] [stderr]    Compiling futures v0.3.30
[INFO] [stderr]    Compiling serde_json v1.0.111
[INFO] [stderr]    Compiling decanter-crypto v0.1.5
[INFO] [stderr]    Compiling decanter-derive v0.1.6
[INFO] [stderr]    Compiling decanter v0.1.5
[INFO] [stderr]    Compiling algae-graph v0.1.19
[INFO] [stderr]    Compiling algae v0.1.19
[INFO] [stderr]    Compiling contained-core v0.1.4 (/opt/rustwide/workdir)
[INFO] [stdout] error[E0425]: cannot find function `hash_serialize` in module `decanter::hash`
[INFO] [stdout]   --> src/epoch.rs:18:48
[INFO] [stdout]    |
[INFO] [stdout] 18 |     Clone, Copy, Debug, Deserialize, Eq, Hash, Hashable, Ord, PartialEq, PartialOrd, Serialize,
[INFO] [stdout]    |                                                ^^^^^^^^ not found in `decanter::hash`
[INFO] [stdout]    |
[INFO] [stdout]    = note: this error originates in the derive macro `Hashable` (in Nightly builds, run with -Z macro-backtrace for more info)
[INFO] [stdout] 
[INFO] [stdout] 
[INFO] [stdout] error[E0425]: cannot find function `hash_serialize` in module `decanter::hash`
[INFO] [stdout]   --> src/states/state.rs:21:5
[INFO] [stdout]    |
[INFO] [stdout] 21 |     Hashable,
[INFO] [stdout]    |     ^^^^^^^^ not found in `decanter::hash`
[INFO] [stdout]    |
[INFO] [stdout]    = note: this error originates in the derive macro `Hashable` (in Nightly builds, run with -Z macro-backtrace for more info)
[INFO] [stdout] 
[INFO] [stdout] 
[INFO] [stdout] warning: unused import: `constants::*`
[INFO] [stdout]  --> src/primitives.rs:6:16
[INFO] [stdout]   |
[INFO] [stdout] 6 | pub use self::{constants::*, types::*};
[INFO] [stdout]   |                ^^^^^^^^^^^^
[INFO] [stdout]   |
[INFO] [stdout]   = note: `#[warn(unused_imports)]` on by default
[INFO] [stdout] 
[INFO] [stdout] 
[INFO] [stdout] warning: unused import: `manager::*`
[INFO] [stdout]  --> src/tasks/mod.rs:6:16
[INFO] [stdout]   |
[INFO] [stdout] 6 | pub use self::{manager::*, registry::*};
[INFO] [stdout]   |                ^^^^^^^^^^
[INFO] [stdout] 
[INFO] [stdout] 
[INFO] [stdout] error: aborting due to 2 previous errors; 2 warnings emitted
[INFO] [stdout] 
[INFO] [stdout] 
[INFO] [stdout] For more information about this error, try `rustc --explain E0425`.
[INFO] [stdout] 
[INFO] [stderr] error: could not compile `contained-core` (lib) due to 3 previous errors; 2 warnings emitted
[INFO] running `Command { std: "docker" "inspect" "1cd852cd7bb4172cd078053235d56a0d884d359329f6947acadbeb11a5269c42", kill_on_drop: false }`
[INFO] running `Command { std: "docker" "rm" "-f" "1cd852cd7bb4172cd078053235d56a0d884d359329f6947acadbeb11a5269c42", kill_on_drop: false }`
[INFO] [stdout] 1cd852cd7bb4172cd078053235d56a0d884d359329f6947acadbeb11a5269c42
