[INFO] fetching crate constexpr 0.0.1-alpha1...
[INFO] testing constexpr-0.0.1-alpha1 against 1.75.0 for beta-1.76-1
[INFO] extracting crate constexpr 0.0.1-alpha1 into /workspace/builds/worker-7-tc1/source
[INFO] validating manifest of crates.io crate constexpr 0.0.1-alpha1 on toolchain 1.75.0
[INFO] running `Command { std: CARGO_HOME="/workspace/cargo-home" RUSTUP_HOME="/workspace/rustup-home" "/workspace/cargo-home/bin/cargo" "+1.75.0" "metadata" "--manifest-path" "Cargo.toml" "--no-deps", kill_on_drop: false }`
[INFO] started tweaking crates.io crate constexpr 0.0.1-alpha1
[INFO] finished tweaking crates.io crate constexpr 0.0.1-alpha1
[INFO] tweaked toml for crates.io crate constexpr 0.0.1-alpha1 written to /workspace/builds/worker-7-tc1/source/Cargo.toml
[INFO] running `Command { std: CARGO_HOME="/workspace/cargo-home" RUSTUP_HOME="/workspace/rustup-home" "/workspace/cargo-home/bin/cargo" "+1.75.0" "generate-lockfile" "--manifest-path" "Cargo.toml", kill_on_drop: false }`
[INFO] [stderr]     Updating crates.io index
[INFO] running `Command { std: CARGO_HOME="/workspace/cargo-home" RUSTUP_HOME="/workspace/rustup-home" "/workspace/cargo-home/bin/cargo" "+1.75.0" "fetch" "--manifest-path" "Cargo.toml", kill_on_drop: false }`
[INFO] [stderr]     Blocking waiting for file lock on package cache
[INFO] [stderr]  Downloading crates ...
[INFO] [stderr]   Downloaded constexpr-macros v0.0.1-alpha1
[INFO] [stderr]   Downloaded proc-macro-hack v0.4.3
[INFO] [stderr]   Downloaded proc-macro-hack-impl v0.4.3
[INFO] running `Command { std: "docker" "create" "-v" "/var/lib/crater-agent-workspace/builds/worker-7-tc1/target:/opt/rustwide/target:rw,Z" "-v" "/var/lib/crater-agent-workspace/builds/worker-7-tc1/source:/opt/rustwide/workdir:ro,Z" "-v" "/var/lib/crater-agent-workspace/cargo-home:/opt/rustwide/cargo-home:ro,Z" "-v" "/var/lib/crater-agent-workspace/rustup-home:/opt/rustwide/rustup-home:ro,Z" "-e" "SOURCE_DIR=/opt/rustwide/workdir" "-e" "CARGO_TARGET_DIR=/opt/rustwide/target" "-e" "CARGO_HOME=/opt/rustwide/cargo-home" "-e" "RUSTUP_HOME=/opt/rustwide/rustup-home" "-w" "/opt/rustwide/workdir" "-m" "1610612736" "--user" "0:0" "--network" "none" "ghcr.io/rust-lang/crates-build-env/linux@sha256:2788e3201cd34a07e3172128adcd8b3090168a8e3bcc40d7c032b9dda1df7d1c" "/opt/rustwide/cargo-home/bin/cargo" "+1.75.0" "metadata" "--no-deps" "--format-version=1", kill_on_drop: false }`
[INFO] [stdout] dbfe171255556c0f427dd3d6432167d418a6313abeb6d2c3c105cf7881df530e
[INFO] running `Command { std: "docker" "start" "-a" "dbfe171255556c0f427dd3d6432167d418a6313abeb6d2c3c105cf7881df530e", kill_on_drop: false }`
[INFO] running `Command { std: "docker" "inspect" "dbfe171255556c0f427dd3d6432167d418a6313abeb6d2c3c105cf7881df530e", kill_on_drop: false }`
[INFO] running `Command { std: "docker" "rm" "-f" "dbfe171255556c0f427dd3d6432167d418a6313abeb6d2c3c105cf7881df530e", kill_on_drop: false }`
[INFO] [stdout] dbfe171255556c0f427dd3d6432167d418a6313abeb6d2c3c105cf7881df530e
[INFO] running `Command { std: "docker" "create" "-v" "/var/lib/crater-agent-workspace/builds/worker-7-tc1/target:/opt/rustwide/target:rw,Z" "-v" "/var/lib/crater-agent-workspace/builds/worker-7-tc1/source:/opt/rustwide/workdir:ro,Z" "-v" "/var/lib/crater-agent-workspace/cargo-home:/opt/rustwide/cargo-home:ro,Z" "-v" "/var/lib/crater-agent-workspace/rustup-home:/opt/rustwide/rustup-home:ro,Z" "-e" "SOURCE_DIR=/opt/rustwide/workdir" "-e" "CARGO_TARGET_DIR=/opt/rustwide/target" "-e" "CARGO_INCREMENTAL=0" "-e" "RUST_BACKTRACE=full" "-e" "RUSTFLAGS=--cap-lints=warn" "-e" "RUSTDOCFLAGS=--cap-lints=warn" "-e" "CARGO_HOME=/opt/rustwide/cargo-home" "-e" "RUSTUP_HOME=/opt/rustwide/rustup-home" "-w" "/opt/rustwide/workdir" "-m" "1610612736" "--user" "0:0" "--network" "none" "ghcr.io/rust-lang/crates-build-env/linux@sha256:2788e3201cd34a07e3172128adcd8b3090168a8e3bcc40d7c032b9dda1df7d1c" "/opt/rustwide/cargo-home/bin/cargo" "+1.75.0" "build" "--frozen" "--message-format=json", kill_on_drop: false }`
[INFO] [stdout] 30867776164a36c76aaaf5ca27b1b8e3f820826f29775457a089dbd8273954cc
[INFO] running `Command { std: "docker" "start" "-a" "30867776164a36c76aaaf5ca27b1b8e3f820826f29775457a089dbd8273954cc", kill_on_drop: false }`
[INFO] [stderr]    Compiling unicode-xid v0.0.4
[INFO] [stderr]    Compiling quote v0.3.15
[INFO] [stderr]    Compiling proc-macro-hack-impl v0.4.3
[INFO] [stderr]    Compiling pest v1.0.6
[INFO] [stderr]    Compiling synom v0.11.3
[INFO] [stderr]    Compiling syn v0.11.11
[INFO] [stderr]    Compiling proc-macro-hack v0.4.3
[INFO] [stderr]    Compiling pest_derive v1.0.8
[INFO] [stderr]    Compiling constexpr-macros v0.0.1-alpha1
[INFO] [stderr]    Compiling constexpr v0.0.1-alpha1 (/opt/rustwide/workdir)
[INFO] [stderr]     Finished dev [unoptimized + debuginfo] target(s) in 1.92s
[INFO] running `Command { std: "docker" "inspect" "30867776164a36c76aaaf5ca27b1b8e3f820826f29775457a089dbd8273954cc", kill_on_drop: false }`
[INFO] running `Command { std: "docker" "rm" "-f" "30867776164a36c76aaaf5ca27b1b8e3f820826f29775457a089dbd8273954cc", kill_on_drop: false }`
[INFO] [stdout] 30867776164a36c76aaaf5ca27b1b8e3f820826f29775457a089dbd8273954cc
[INFO] running `Command { std: "docker" "create" "-v" "/var/lib/crater-agent-workspace/builds/worker-7-tc1/target:/opt/rustwide/target:rw,Z" "-v" "/var/lib/crater-agent-workspace/builds/worker-7-tc1/source:/opt/rustwide/workdir:ro,Z" "-v" "/var/lib/crater-agent-workspace/cargo-home:/opt/rustwide/cargo-home:ro,Z" "-v" "/var/lib/crater-agent-workspace/rustup-home:/opt/rustwide/rustup-home:ro,Z" "-e" "SOURCE_DIR=/opt/rustwide/workdir" "-e" "CARGO_TARGET_DIR=/opt/rustwide/target" "-e" "CARGO_INCREMENTAL=0" "-e" "RUST_BACKTRACE=full" "-e" "RUSTFLAGS=--cap-lints=warn" "-e" "RUSTDOCFLAGS=--cap-lints=warn" "-e" "CARGO_HOME=/opt/rustwide/cargo-home" "-e" "RUSTUP_HOME=/opt/rustwide/rustup-home" "-w" "/opt/rustwide/workdir" "-m" "1610612736" "--user" "0:0" "--network" "none" "ghcr.io/rust-lang/crates-build-env/linux@sha256:2788e3201cd34a07e3172128adcd8b3090168a8e3bcc40d7c032b9dda1df7d1c" "/opt/rustwide/cargo-home/bin/cargo" "+1.75.0" "test" "--frozen" "--no-run" "--message-format=json", kill_on_drop: false }`
[INFO] [stdout] d399b12caf56ff09a64534302cab1f3acec34daef61cfd94d84582c9395ca76b
[INFO] running `Command { std: "docker" "start" "-a" "d399b12caf56ff09a64534302cab1f3acec34daef61cfd94d84582c9395ca76b", kill_on_drop: false }`
[INFO] [stderr]    Compiling constexpr v0.0.1-alpha1 (/opt/rustwide/workdir)
[INFO] [stdout] error[E0463]: can't find crate for `templates`
[INFO] [stdout]  --> tests/template_test.rs:2:1
[INFO] [stdout]   |
[INFO] [stdout] 2 | extern crate templates;
[INFO] [stdout]   | ^^^^^^^^^^^^^^^^^^^^^^^ can't find crate
[INFO] [stdout] 
[INFO] [stdout] 
[INFO] [stdout] error[E0463]: can't find crate for `templates`
[INFO] [stdout]  --> examples/bar_baz.rs:2:1
[INFO] [stdout]   |
[INFO] [stdout] 2 | extern crate templates;
[INFO] [stdout]   | ^^^^^^^^^^^^^^^^^^^^^^^ can't find crate
[INFO] [stdout] 
[INFO] [stdout] 
[INFO] [stdout] error: cannot find macro `template` in this scope
[INFO] [stdout]  --> examples/bar_baz.rs:4:1
[INFO] [stdout]   |
[INFO] [stdout] 4 | template!{
[INFO] [stdout]   | ^^^^^^^^
[INFO] [stdout] 
[INFO] [stdout] 
[INFO] [stdout] error: cannot find macro `get_val` in this scope
[INFO] [stdout]   --> examples/bar_baz.rs:27:20
[INFO] [stdout]    |
[INFO] [stdout] 27 |     println!("{}", get_val!(Foo));
[INFO] [stdout]    |                    ^^^^^^^
[INFO] [stdout] 
[INFO] [stdout] 
[INFO] [stdout] error: cannot find macro `get_val` in this scope
[INFO] [stdout]   --> examples/bar_baz.rs:28:20
[INFO] [stdout]    |
[INFO] [stdout] 28 |     println!("{}", get_val!(Baz{x: 12}));
[INFO] [stdout]    |                    ^^^^^^^
[INFO] [stdout] 
[INFO] [stdout] 
[INFO] [stdout] error: cannot find macro `template` in this scope
[INFO] [stdout]  --> tests/template_test.rs:4:1
[INFO] [stdout]   |
[INFO] [stdout] 4 | template!{
[INFO] [stdout]   | ^^^^^^^^
[INFO] [stdout] 
[INFO] [stdout] 
[INFO] [stdout] error: cannot find macro `print_some` in this scope
[INFO] [stdout]   --> tests/template_test.rs:13:16
[INFO] [stdout]    |
[INFO] [stdout] 13 |     assert_eq!(print_some!(12), x)
[INFO] [stdout]    |                ^^^^^^^^^^
[INFO] [stdout] 
[INFO] [stdout] 
[INFO] [stdout] error: aborting due to 4 previous errors
[INFO] [stdout] 
[INFO] [stdout] 
[INFO] [stdout] For more information about this error, try `rustc --explain E0463`.
[INFO] [stdout] 
[INFO] [stdout] error: aborting due to 3 previous errors
[INFO] [stdout] 
[INFO] [stdout] 
[INFO] [stdout] For more information about this error, try `rustc --explain E0463`.
[INFO] [stdout] 
[INFO] [stderr] error: could not compile `constexpr` (example "bar_baz") due to 5 previous errors
[INFO] [stderr] warning: build failed, waiting for other jobs to finish...
[INFO] [stderr] error: could not compile `constexpr` (test "template_test") due to 4 previous errors
[INFO] running `Command { std: "docker" "inspect" "d399b12caf56ff09a64534302cab1f3acec34daef61cfd94d84582c9395ca76b", kill_on_drop: false }`
[INFO] running `Command { std: "docker" "rm" "-f" "d399b12caf56ff09a64534302cab1f3acec34daef61cfd94d84582c9395ca76b", kill_on_drop: false }`
[INFO] [stdout] d399b12caf56ff09a64534302cab1f3acec34daef61cfd94d84582c9395ca76b
[INFO] testing constexpr-0.0.1-alpha1 against beta-2023-12-22 for beta-1.76-1
[INFO] extracting crate constexpr 0.0.1-alpha1 into /workspace/builds/worker-7-tc2/source
[INFO] validating manifest of crates.io crate constexpr 0.0.1-alpha1 on toolchain beta-2023-12-22
[INFO] running `Command { std: CARGO_HOME="/workspace/cargo-home" RUSTUP_HOME="/workspace/rustup-home" "/workspace/cargo-home/bin/cargo" "+beta-2023-12-22" "metadata" "--manifest-path" "Cargo.toml" "--no-deps", kill_on_drop: false }`
[INFO] started tweaking crates.io crate constexpr 0.0.1-alpha1
[INFO] finished tweaking crates.io crate constexpr 0.0.1-alpha1
[INFO] tweaked toml for crates.io crate constexpr 0.0.1-alpha1 written to /workspace/builds/worker-7-tc2/source/Cargo.toml
[INFO] running `Command { std: CARGO_HOME="/workspace/cargo-home" RUSTUP_HOME="/workspace/rustup-home" "/workspace/cargo-home/bin/cargo" "+beta-2023-12-22" "generate-lockfile" "--manifest-path" "Cargo.toml", kill_on_drop: false }`
[INFO] [stderr]     Updating crates.io index
[INFO] running `Command { std: CARGO_HOME="/workspace/cargo-home" RUSTUP_HOME="/workspace/rustup-home" "/workspace/cargo-home/bin/cargo" "+beta-2023-12-22" "fetch" "--manifest-path" "Cargo.toml", kill_on_drop: false }`
[INFO] running `Command { std: "docker" "create" "-v" "/var/lib/crater-agent-workspace/builds/worker-7-tc2/target:/opt/rustwide/target:rw,Z" "-v" "/var/lib/crater-agent-workspace/builds/worker-7-tc2/source:/opt/rustwide/workdir:ro,Z" "-v" "/var/lib/crater-agent-workspace/cargo-home:/opt/rustwide/cargo-home:ro,Z" "-v" "/var/lib/crater-agent-workspace/rustup-home:/opt/rustwide/rustup-home:ro,Z" "-e" "SOURCE_DIR=/opt/rustwide/workdir" "-e" "CARGO_TARGET_DIR=/opt/rustwide/target" "-e" "CARGO_HOME=/opt/rustwide/cargo-home" "-e" "RUSTUP_HOME=/opt/rustwide/rustup-home" "-w" "/opt/rustwide/workdir" "-m" "1610612736" "--user" "0:0" "--network" "none" "ghcr.io/rust-lang/crates-build-env/linux@sha256:2788e3201cd34a07e3172128adcd8b3090168a8e3bcc40d7c032b9dda1df7d1c" "/opt/rustwide/cargo-home/bin/cargo" "+beta-2023-12-22" "metadata" "--no-deps" "--format-version=1", kill_on_drop: false }`
[INFO] [stdout] a284b23104e720bd6f255136baa4635a5bdb45cb8fdec6a8b9e518eb8606dc60
[INFO] running `Command { std: "docker" "start" "-a" "a284b23104e720bd6f255136baa4635a5bdb45cb8fdec6a8b9e518eb8606dc60", kill_on_drop: false }`
[INFO] running `Command { std: "docker" "inspect" "a284b23104e720bd6f255136baa4635a5bdb45cb8fdec6a8b9e518eb8606dc60", kill_on_drop: false }`
[INFO] running `Command { std: "docker" "rm" "-f" "a284b23104e720bd6f255136baa4635a5bdb45cb8fdec6a8b9e518eb8606dc60", kill_on_drop: false }`
[INFO] [stdout] a284b23104e720bd6f255136baa4635a5bdb45cb8fdec6a8b9e518eb8606dc60
[INFO] running `Command { std: "docker" "create" "-v" "/var/lib/crater-agent-workspace/builds/worker-7-tc2/target:/opt/rustwide/target:rw,Z" "-v" "/var/lib/crater-agent-workspace/builds/worker-7-tc2/source:/opt/rustwide/workdir:ro,Z" "-v" "/var/lib/crater-agent-workspace/cargo-home:/opt/rustwide/cargo-home:ro,Z" "-v" "/var/lib/crater-agent-workspace/rustup-home:/opt/rustwide/rustup-home:ro,Z" "-e" "SOURCE_DIR=/opt/rustwide/workdir" "-e" "CARGO_TARGET_DIR=/opt/rustwide/target" "-e" "CARGO_INCREMENTAL=0" "-e" "RUST_BACKTRACE=full" "-e" "RUSTFLAGS=--cap-lints=warn" "-e" "RUSTDOCFLAGS=--cap-lints=warn" "-e" "CARGO_HOME=/opt/rustwide/cargo-home" "-e" "RUSTUP_HOME=/opt/rustwide/rustup-home" "-w" "/opt/rustwide/workdir" "-m" "1610612736" "--user" "0:0" "--network" "none" "ghcr.io/rust-lang/crates-build-env/linux@sha256:2788e3201cd34a07e3172128adcd8b3090168a8e3bcc40d7c032b9dda1df7d1c" "/opt/rustwide/cargo-home/bin/cargo" "+beta-2023-12-22" "build" "--frozen" "--message-format=json", kill_on_drop: false }`
[INFO] [stdout] 9a1fec64528603d8d21c8d6320e9387b995e90c3c5acacb9be725b6d2eea8019
[INFO] running `Command { std: "docker" "start" "-a" "9a1fec64528603d8d21c8d6320e9387b995e90c3c5acacb9be725b6d2eea8019", kill_on_drop: false }`
[INFO] [stderr]    Compiling unicode-xid v0.0.4
[INFO] [stderr]    Compiling quote v0.3.15
[INFO] [stderr]    Compiling pest v1.0.6
[INFO] [stderr]    Compiling proc-macro-hack-impl v0.4.3
[INFO] [stderr]    Compiling synom v0.11.3
[INFO] [stderr]    Compiling syn v0.11.11
[INFO] [stderr]    Compiling proc-macro-hack v0.4.3
[INFO] [stderr]    Compiling pest_derive v1.0.8
[INFO] [stderr]    Compiling constexpr-macros v0.0.1-alpha1
[INFO] [stderr]    Compiling constexpr v0.0.1-alpha1 (/opt/rustwide/workdir)
[INFO] [stderr]     Finished dev [unoptimized + debuginfo] target(s) in 1.86s
[INFO] running `Command { std: "docker" "inspect" "9a1fec64528603d8d21c8d6320e9387b995e90c3c5acacb9be725b6d2eea8019", kill_on_drop: false }`
[INFO] running `Command { std: "docker" "rm" "-f" "9a1fec64528603d8d21c8d6320e9387b995e90c3c5acacb9be725b6d2eea8019", kill_on_drop: false }`
[INFO] [stdout] 9a1fec64528603d8d21c8d6320e9387b995e90c3c5acacb9be725b6d2eea8019
[INFO] running `Command { std: "docker" "create" "-v" "/var/lib/crater-agent-workspace/builds/worker-7-tc2/target:/opt/rustwide/target:rw,Z" "-v" "/var/lib/crater-agent-workspace/builds/worker-7-tc2/source:/opt/rustwide/workdir:ro,Z" "-v" "/var/lib/crater-agent-workspace/cargo-home:/opt/rustwide/cargo-home:ro,Z" "-v" "/var/lib/crater-agent-workspace/rustup-home:/opt/rustwide/rustup-home:ro,Z" "-e" "SOURCE_DIR=/opt/rustwide/workdir" "-e" "CARGO_TARGET_DIR=/opt/rustwide/target" "-e" "CARGO_INCREMENTAL=0" "-e" "RUST_BACKTRACE=full" "-e" "RUSTFLAGS=--cap-lints=warn" "-e" "RUSTDOCFLAGS=--cap-lints=warn" "-e" "CARGO_HOME=/opt/rustwide/cargo-home" "-e" "RUSTUP_HOME=/opt/rustwide/rustup-home" "-w" "/opt/rustwide/workdir" "-m" "1610612736" "--user" "0:0" "--network" "none" "ghcr.io/rust-lang/crates-build-env/linux@sha256:2788e3201cd34a07e3172128adcd8b3090168a8e3bcc40d7c032b9dda1df7d1c" "/opt/rustwide/cargo-home/bin/cargo" "+beta-2023-12-22" "test" "--frozen" "--no-run" "--message-format=json", kill_on_drop: false }`
[INFO] [stdout] 21763deff52604e4e9eb91ca4cb77023938ca7beec0ffc1d0a05eed3f1d92401
[INFO] running `Command { std: "docker" "start" "-a" "21763deff52604e4e9eb91ca4cb77023938ca7beec0ffc1d0a05eed3f1d92401", kill_on_drop: false }`
[INFO] [stderr]    Compiling constexpr v0.0.1-alpha1 (/opt/rustwide/workdir)
[INFO] [stdout] error[E0463]: can't find crate for `templates`
[INFO] [stdout]  --> tests/template_test.rs:2:1
[INFO] [stdout]   |
[INFO] [stdout] 2 | extern crate templates;
[INFO] [stdout]   | ^^^^^^^^^^^^^^^^^^^^^^^ can't find crate
[INFO] [stdout] 
[INFO] [stdout] 
[INFO] [stdout] error[E0463]: can't find crate for `templates`
[INFO] [stdout]  --> examples/bar_baz.rs:2:1
[INFO] [stdout]   |
[INFO] [stdout] 2 | extern crate templates;
[INFO] [stdout]   | ^^^^^^^^^^^^^^^^^^^^^^^ can't find crate
[INFO] [stdout] 
[INFO] [stdout] 
[INFO] [stdout] error: cannot find macro `template` in this scope
[INFO] [stdout]  --> examples/bar_baz.rs:4:1
[INFO] [stdout]   |
[INFO] [stdout] 4 | template!{
[INFO] [stdout]   | ^^^^^^^^
[INFO] [stdout] 
[INFO] [stdout] 
[INFO] [stdout] error: cannot find macro `template` in this scope
[INFO] [stdout]  --> tests/template_test.rs:4:1
[INFO] [stdout]   |
[INFO] [stdout] 4 | template!{
[INFO] [stdout]   | ^^^^^^^^
[INFO] [stdout] 
[INFO] [stdout] 
[INFO] [stdout] error: cannot find macro `get_val` in this scope
[INFO] [stdout]   --> examples/bar_baz.rs:27:20
[INFO] [stdout]    |
[INFO] [stdout] 27 |     println!("{}", get_val!(Foo));
[INFO] [stdout]    |                    ^^^^^^^
[INFO] [stdout] 
[INFO] [stdout] 
[INFO] [stdout] error: cannot find macro `print_some` in this scope
[INFO] [stdout]   --> tests/template_test.rs:13:16
[INFO] [stdout]    |
[INFO] [stdout] 13 |     assert_eq!(print_some!(12), x)
[INFO] [stdout]    |                ^^^^^^^^^^
[INFO] [stdout] 
[INFO] [stdout] 
[INFO] [stdout] error: cannot find macro `get_val` in this scope
[INFO] [stdout]   --> examples/bar_baz.rs:28:20
[INFO] [stdout]    |
[INFO] [stdout] 28 |     println!("{}", get_val!(Baz{x: 12}));
[INFO] [stdout]    |                    ^^^^^^^
[INFO] [stdout] 
[INFO] [stdout] 
[INFO] [stdout] error: aborting due to 4 previous errors
[INFO] [stdout] 
[INFO] [stdout] 
[INFO] [stdout] For more information about this error, try `rustc --explain E0463`.
[INFO] [stdout] 
[INFO] [stdout] error: aborting due to 3 previous errors
[INFO] [stdout] 
[INFO] [stdout] 
[INFO] [stdout] For more information about this error, try `rustc --explain E0463`.
[INFO] [stdout] 
[INFO] [stderr] error: could not compile `constexpr` (example "bar_baz") due to 5 previous errors
[INFO] [stderr] warning: build failed, waiting for other jobs to finish...
[INFO] [stderr] error: could not compile `constexpr` (test "template_test") due to 4 previous errors
[INFO] running `Command { std: "docker" "inspect" "21763deff52604e4e9eb91ca4cb77023938ca7beec0ffc1d0a05eed3f1d92401", kill_on_drop: false }`
[INFO] running `Command { std: "docker" "rm" "-f" "21763deff52604e4e9eb91ca4cb77023938ca7beec0ffc1d0a05eed3f1d92401", kill_on_drop: false }`
[INFO] [stdout] 21763deff52604e4e9eb91ca4cb77023938ca7beec0ffc1d0a05eed3f1d92401
