[INFO] fetching crate confik 0.11.3...
[INFO] testing confik-0.11.3 against 1.75.0 for beta-1.76-1
[INFO] extracting crate confik 0.11.3 into /workspace/builds/worker-2-tc1/source
[INFO] validating manifest of crates.io crate confik 0.11.3 on toolchain 1.75.0
[INFO] running `Command { std: CARGO_HOME="/workspace/cargo-home" RUSTUP_HOME="/workspace/rustup-home" "/workspace/cargo-home/bin/cargo" "+1.75.0" "metadata" "--manifest-path" "Cargo.toml" "--no-deps", kill_on_drop: false }`
[INFO] started tweaking crates.io crate confik 0.11.3
[INFO] removed 0 missing examples
[INFO] finished tweaking crates.io crate confik 0.11.3
[INFO] tweaked toml for crates.io crate confik 0.11.3 written to /workspace/builds/worker-2-tc1/source/Cargo.toml
[INFO] crate crates.io crate confik 0.11.3 already has a lockfile, it will not be regenerated
[INFO] running `Command { std: CARGO_HOME="/workspace/cargo-home" RUSTUP_HOME="/workspace/rustup-home" "/workspace/cargo-home/bin/cargo" "+1.75.0" "fetch" "--manifest-path" "Cargo.toml", kill_on_drop: false }`
[INFO] [stderr]     Updating crates.io index
[INFO] [stderr]  Downloading crates ...
[INFO] [stderr]   Downloaded confik-macros v0.11.0
[INFO] [stderr]   Downloaded rend v0.4.0
[INFO] [stderr]   Downloaded toml v0.8.2
[INFO] [stderr]   Downloaded serde_json v1.0.105
[INFO] [stderr]   Downloaded rust_decimal v1.32.0
[INFO] [stderr]   Downloaded rkyv v0.7.42
[INFO] [stderr]   Downloaded chrono v0.4.28
[INFO] [stderr]   Downloaded rkyv_derive v0.7.42
[INFO] [stderr]   Downloaded envious v0.2.2
[INFO] running `Command { std: "docker" "create" "-v" "/var/lib/crater-agent-workspace/builds/worker-2-tc1/target:/opt/rustwide/target:rw,Z" "-v" "/var/lib/crater-agent-workspace/builds/worker-2-tc1/source:/opt/rustwide/workdir:ro,Z" "-v" "/var/lib/crater-agent-workspace/cargo-home:/opt/rustwide/cargo-home:ro,Z" "-v" "/var/lib/crater-agent-workspace/rustup-home:/opt/rustwide/rustup-home:ro,Z" "-e" "SOURCE_DIR=/opt/rustwide/workdir" "-e" "CARGO_TARGET_DIR=/opt/rustwide/target" "-e" "CARGO_HOME=/opt/rustwide/cargo-home" "-e" "RUSTUP_HOME=/opt/rustwide/rustup-home" "-w" "/opt/rustwide/workdir" "-m" "1610612736" "--user" "0:0" "--network" "none" "ghcr.io/rust-lang/crates-build-env/linux@sha256:2788e3201cd34a07e3172128adcd8b3090168a8e3bcc40d7c032b9dda1df7d1c" "/opt/rustwide/cargo-home/bin/cargo" "+1.75.0" "metadata" "--no-deps" "--format-version=1", kill_on_drop: false }`
[INFO] [stdout] ba52b903e591d021c785a7f31131c4ea0e4abc5dac300be29a977badc4082630
[INFO] running `Command { std: "docker" "start" "-a" "ba52b903e591d021c785a7f31131c4ea0e4abc5dac300be29a977badc4082630", kill_on_drop: false }`
[INFO] running `Command { std: "docker" "inspect" "ba52b903e591d021c785a7f31131c4ea0e4abc5dac300be29a977badc4082630", kill_on_drop: false }`
[INFO] running `Command { std: "docker" "rm" "-f" "ba52b903e591d021c785a7f31131c4ea0e4abc5dac300be29a977badc4082630", kill_on_drop: false }`
[INFO] [stdout] ba52b903e591d021c785a7f31131c4ea0e4abc5dac300be29a977badc4082630
[INFO] running `Command { std: "docker" "create" "-v" "/var/lib/crater-agent-workspace/builds/worker-2-tc1/target:/opt/rustwide/target:rw,Z" "-v" "/var/lib/crater-agent-workspace/builds/worker-2-tc1/source:/opt/rustwide/workdir:ro,Z" "-v" "/var/lib/crater-agent-workspace/cargo-home:/opt/rustwide/cargo-home:ro,Z" "-v" "/var/lib/crater-agent-workspace/rustup-home:/opt/rustwide/rustup-home:ro,Z" "-e" "SOURCE_DIR=/opt/rustwide/workdir" "-e" "CARGO_TARGET_DIR=/opt/rustwide/target" "-e" "CARGO_INCREMENTAL=0" "-e" "RUST_BACKTRACE=full" "-e" "RUSTFLAGS=--cap-lints=warn" "-e" "RUSTDOCFLAGS=--cap-lints=warn" "-e" "CARGO_HOME=/opt/rustwide/cargo-home" "-e" "RUSTUP_HOME=/opt/rustwide/rustup-home" "-w" "/opt/rustwide/workdir" "-m" "1610612736" "--user" "0:0" "--network" "none" "ghcr.io/rust-lang/crates-build-env/linux@sha256:2788e3201cd34a07e3172128adcd8b3090168a8e3bcc40d7c032b9dda1df7d1c" "/opt/rustwide/cargo-home/bin/cargo" "+1.75.0" "build" "--frozen" "--message-format=json", kill_on_drop: false }`
[INFO] [stdout] 82859615a2c7b7132b11a06a9db32f0ead7a9c9100ea9883678b8484c0860702
[INFO] running `Command { std: "docker" "start" "-a" "82859615a2c7b7132b11a06a9db32f0ead7a9c9100ea9883678b8484c0860702", kill_on_drop: false }`
[INFO] [stderr]    Compiling serde v1.0.188
[INFO] [stderr]    Compiling fnv v1.0.7
[INFO] [stderr]    Compiling strsim v0.10.0
[INFO] [stderr]    Compiling thiserror v1.0.47
[INFO] [stderr]    Compiling hashbrown v0.14.0
[INFO] [stderr]    Compiling winnow v0.5.15
[INFO] [stderr]    Compiling quote v1.0.33
[INFO] [stderr]    Compiling syn v2.0.29
[INFO] [stderr]    Compiling indexmap v2.0.0
[INFO] [stderr]    Compiling darling_core v0.20.3
[INFO] [stderr]    Compiling serde_derive v1.0.188
[INFO] [stderr]    Compiling thiserror-impl v1.0.47
[INFO] [stderr]    Compiling darling_macro v0.20.3
[INFO] [stderr]    Compiling darling v0.20.3
[INFO] [stderr]    Compiling confik-macros v0.11.0
[INFO] [stderr]    Compiling toml_datetime v0.6.3
[INFO] [stderr]    Compiling serde_spanned v0.6.3
[INFO] [stderr]    Compiling envious v0.2.2
[INFO] [stderr]    Compiling toml_edit v0.20.2
[INFO] [stderr]    Compiling toml v0.8.2
[INFO] [stderr]    Compiling confik v0.11.3 (/opt/rustwide/workdir)
[INFO] [stderr]     Finished dev [unoptimized + debuginfo] target(s) in 13.80s
[INFO] running `Command { std: "docker" "inspect" "82859615a2c7b7132b11a06a9db32f0ead7a9c9100ea9883678b8484c0860702", kill_on_drop: false }`
[INFO] running `Command { std: "docker" "rm" "-f" "82859615a2c7b7132b11a06a9db32f0ead7a9c9100ea9883678b8484c0860702", kill_on_drop: false }`
[INFO] [stdout] 82859615a2c7b7132b11a06a9db32f0ead7a9c9100ea9883678b8484c0860702
[INFO] running `Command { std: "docker" "create" "-v" "/var/lib/crater-agent-workspace/builds/worker-2-tc1/target:/opt/rustwide/target:rw,Z" "-v" "/var/lib/crater-agent-workspace/builds/worker-2-tc1/source:/opt/rustwide/workdir:ro,Z" "-v" "/var/lib/crater-agent-workspace/cargo-home:/opt/rustwide/cargo-home:ro,Z" "-v" "/var/lib/crater-agent-workspace/rustup-home:/opt/rustwide/rustup-home:ro,Z" "-e" "SOURCE_DIR=/opt/rustwide/workdir" "-e" "CARGO_TARGET_DIR=/opt/rustwide/target" "-e" "CARGO_INCREMENTAL=0" "-e" "RUST_BACKTRACE=full" "-e" "RUSTFLAGS=--cap-lints=warn" "-e" "RUSTDOCFLAGS=--cap-lints=warn" "-e" "CARGO_HOME=/opt/rustwide/cargo-home" "-e" "RUSTUP_HOME=/opt/rustwide/rustup-home" "-w" "/opt/rustwide/workdir" "-m" "1610612736" "--user" "0:0" "--network" "none" "ghcr.io/rust-lang/crates-build-env/linux@sha256:2788e3201cd34a07e3172128adcd8b3090168a8e3bcc40d7c032b9dda1df7d1c" "/opt/rustwide/cargo-home/bin/cargo" "+1.75.0" "test" "--frozen" "--no-run" "--message-format=json", kill_on_drop: false }`
[INFO] [stdout] 6c4d172ca7bc10ea72859d6e23413cb2a3e6e96e34c6f49abe48eb5efdcc1ec3
[INFO] running `Command { std: "docker" "start" "-a" "6c4d172ca7bc10ea72859d6e23413cb2a3e6e96e34c6f49abe48eb5efdcc1ec3", kill_on_drop: false }`
[INFO] [stderr]    Compiling confik v0.11.3 (/opt/rustwide/workdir)
[INFO] [stdout] error[E0432]: unresolved import `indoc`
[INFO] [stdout]  --> examples/simple.rs:2:5
[INFO] [stdout]   |
[INFO] [stdout] 2 | use indoc::indoc;
[INFO] [stdout]   |     ^^^^^ use of undeclared crate or module `indoc`
[INFO] [stdout] 
[INFO] [stdout] 
[INFO] [stdout] error: cannot determine resolution for the macro `indoc`
[INFO] [stdout]   --> examples/simple.rs:17:16
[INFO] [stdout]    |
[INFO] [stdout] 17 |     let toml = indoc! {r#"
[INFO] [stdout]    |                ^^^^^
[INFO] [stdout]    |
[INFO] [stdout]    = note: import resolution is stuck, try simplifying macro imports
[INFO] [stdout] 
[INFO] [stdout] 
[INFO] [stdout] error: aborting due to 2 previous errors
[INFO] [stdout] 
[INFO] [stdout] 
[INFO] [stdout] error[E0433]: failed to resolve: use of undeclared crate or module `tempfile`
[INFO] [stdout]    --> src/sources/file_source.rs:153:19
[INFO] [stdout]     |
[INFO] [stdout] 153 |         let dir = tempfile::TempDir::new().unwrap();
[INFO] [stdout]     |                   ^^^^^^^^ use of undeclared crate or module `tempfile`
[INFO] [stdout] 
[INFO] [stdout] 
[INFO] [stdout] For more information about this error, try `rustc --explain E0432`.
[INFO] [stdout] 
[INFO] [stdout] error[E0433]: failed to resolve: use of undeclared crate or module `tempfile`
[INFO] [stdout]    --> src/sources/file_source.rs:194:19
[INFO] [stdout]     |
[INFO] [stdout] 194 |         let dir = tempfile::TempDir::new().unwrap();
[INFO] [stdout]     |                   ^^^^^^^^ use of undeclared crate or module `tempfile`
[INFO] [stdout] 
[INFO] [stdout] 
[INFO] [stderr] error: could not compile `confik` (example "simple") due to 3 previous errors
[INFO] [stderr] warning: build failed, waiting for other jobs to finish...
[INFO] [stdout] error[E0432]: unresolved import `assert_matches`
[INFO] [stdout]   --> tests/complex_enums/mod.rs:17:9
[INFO] [stdout]    |
[INFO] [stdout] 17 |     use assert_matches::assert_matches;
[INFO] [stdout]    |         ^^^^^^^^^^^^^^ help: a similar path exists: `std::assert_matches`
[INFO] [stdout] 
[INFO] [stdout] 
[INFO] [stdout] error[E0432]: unresolved import `assert_matches`
[INFO] [stdout]    --> tests/option_builder/mod.rs:109:13
[INFO] [stdout]     |
[INFO] [stdout] 109 |         use assert_matches::assert_matches;
[INFO] [stdout]     |             ^^^^^^^^^^^^^^ help: a similar path exists: `std::assert_matches`
[INFO] [stdout] 
[INFO] [stdout] 
[INFO] [stdout] error[E0432]: unresolved import `assert_matches`
[INFO] [stdout]   --> tests/secret/mod.rs:74:9
[INFO] [stdout]    |
[INFO] [stdout] 74 |     use assert_matches::assert_matches;
[INFO] [stdout]    |         ^^^^^^^^^^^^^^ help: a similar path exists: `std::assert_matches`
[INFO] [stdout] 
[INFO] [stdout] 
[INFO] [stdout] error[E0432]: unresolved import `indoc`
[INFO] [stdout]   --> tests/secret/mod.rs:76:9
[INFO] [stdout]    |
[INFO] [stdout] 76 |     use indoc::indoc;
[INFO] [stdout]    |         ^^^^^ use of undeclared crate or module `indoc`
[INFO] [stdout] 
[INFO] [stdout] 
[INFO] [stdout] error[E0432]: unresolved import `assert_matches`
[INFO] [stdout]   --> tests/singly_nested_tests/mod.rs:35:9
[INFO] [stdout]    |
[INFO] [stdout] 35 |     use assert_matches::assert_matches;
[INFO] [stdout]    |         ^^^^^^^^^^^^^^ help: a similar path exists: `std::assert_matches`
[INFO] [stdout] 
[INFO] [stdout] 
[INFO] [stdout] error[E0432]: unresolved import `assert_matches`
[INFO] [stdout]   --> tests/main.rs:15:5
[INFO] [stdout]    |
[INFO] [stdout] 15 | use assert_matches::assert_matches;
[INFO] [stdout]    |     ^^^^^^^^^^^^^^ help: a similar path exists: `std::assert_matches`
[INFO] [stdout] 
[INFO] [stdout] 
[INFO] [stdout] error: cannot determine resolution for the macro `assert_matches`
[INFO] [stdout]   --> tests/main.rs:33:5
[INFO] [stdout]    |
[INFO] [stdout] 33 |     assert_matches!(
[INFO] [stdout]    |     ^^^^^^^^^^^^^^
[INFO] [stdout]    |
[INFO] [stdout]    = note: import resolution is stuck, try simplifying macro imports
[INFO] [stdout] 
[INFO] [stdout] 
[INFO] [stdout] error: cannot determine resolution for the macro `assert_matches`
[INFO] [stdout]   --> tests/singly_nested_tests/mod.rs:55:9
[INFO] [stdout]    |
[INFO] [stdout] 55 |         assert_matches!(
[INFO] [stdout]    |         ^^^^^^^^^^^^^^
[INFO] [stdout]    |
[INFO] [stdout]    = note: import resolution is stuck, try simplifying macro imports
[INFO] [stdout] 
[INFO] [stdout] 
[INFO] [stdout] error: cannot determine resolution for the macro `assert_matches`
[INFO] [stdout]    --> tests/secret/mod.rs:146:9
[INFO] [stdout]     |
[INFO] [stdout] 146 |         assert_matches!(
[INFO] [stdout]     |         ^^^^^^^^^^^^^^
[INFO] [stdout]     |
[INFO] [stdout]     = note: import resolution is stuck, try simplifying macro imports
[INFO] [stdout] 
[INFO] [stdout] 
[INFO] [stdout] error: cannot determine resolution for the macro `indoc`
[INFO] [stdout]    --> tests/secret/mod.rs:137:44
[INFO] [stdout]     |
[INFO] [stdout] 137 |             .override_with(TomlSource::new(indoc! {r#"
[INFO] [stdout]     |                                            ^^^^^
[INFO] [stdout]     |
[INFO] [stdout]     = note: import resolution is stuck, try simplifying macro imports
[INFO] [stdout] 
[INFO] [stdout] 
[INFO] [stdout] error: cannot determine resolution for the macro `assert_matches`
[INFO] [stdout]    --> tests/secret/mod.rs:114:9
[INFO] [stdout]     |
[INFO] [stdout] 114 |         assert_matches!(
[INFO] [stdout]     |         ^^^^^^^^^^^^^^
[INFO] [stdout]     |
[INFO] [stdout]     = note: import resolution is stuck, try simplifying macro imports
[INFO] [stdout] 
[INFO] [stdout] 
[INFO] [stdout] error: cannot determine resolution for the macro `indoc`
[INFO] [stdout]    --> tests/secret/mod.rs:105:44
[INFO] [stdout]     |
[INFO] [stdout] 105 |             .override_with(TomlSource::new(indoc! {r#"
[INFO] [stdout]     |                                            ^^^^^
[INFO] [stdout]     |
[INFO] [stdout]     = note: import resolution is stuck, try simplifying macro imports
[INFO] [stdout] 
[INFO] [stdout] 
[INFO] [stdout] error: cannot determine resolution for the macro `assert_matches`
[INFO] [stdout]   --> tests/secret/mod.rs:90:9
[INFO] [stdout]    |
[INFO] [stdout] 90 |         assert_matches!(
[INFO] [stdout]    |         ^^^^^^^^^^^^^^
[INFO] [stdout]    |
[INFO] [stdout]    = note: import resolution is stuck, try simplifying macro imports
[INFO] [stdout] 
[INFO] [stdout] 
[INFO] [stdout] error: cannot determine resolution for the macro `assert_matches`
[INFO] [stdout]    --> tests/option_builder/mod.rs:137:13
[INFO] [stdout]     |
[INFO] [stdout] 137 |             assert_matches!(
[INFO] [stdout]     |             ^^^^^^^^^^^^^^
[INFO] [stdout]     |
[INFO] [stdout]     = note: import resolution is stuck, try simplifying macro imports
[INFO] [stdout] 
[INFO] [stdout] 
[INFO] [stdout] error: cannot determine resolution for the macro `assert_matches`
[INFO] [stdout]   --> tests/complex_enums/mod.rs:28:9
[INFO] [stdout]    |
[INFO] [stdout] 28 |         assert_matches!(
[INFO] [stdout]    |         ^^^^^^^^^^^^^^
[INFO] [stdout]    |
[INFO] [stdout]    = note: import resolution is stuck, try simplifying macro imports
[INFO] [stdout] 
[INFO] [stdout] 
[INFO] [stdout] error: aborting due to 2 previous errors
[INFO] [stdout] 
[INFO] [stdout] 
[INFO] [stdout] For more information about this error, try `rustc --explain E0433`.
[INFO] [stdout] 
[INFO] [stderr] error: could not compile `confik` (lib test) due to 3 previous errors
[INFO] [stdout] warning: unused import: `Error`
[INFO] [stdout]   --> tests/complex_enums/mod.rs:18:33
[INFO] [stdout]    |
[INFO] [stdout] 18 |     use confik::{ConfigBuilder, Error, TomlSource};
[INFO] [stdout]    |                                 ^^^^^
[INFO] [stdout]    |
[INFO] [stdout]    = note: `#[warn(unused_imports)]` on by default
[INFO] [stdout] 
[INFO] [stdout] 
[INFO] [stdout] warning: unused import: `Error`
[INFO] [stdout]    --> tests/option_builder/mod.rs:110:37
[INFO] [stdout]     |
[INFO] [stdout] 110 |         use confik::{Configuration, Error, TomlSource};
[INFO] [stdout]     |                                     ^^^^^
[INFO] [stdout] 
[INFO] [stdout] 
[INFO] [stdout] warning: unused import: `confik::Error`
[INFO] [stdout]   --> tests/secret/mod.rs:83:13
[INFO] [stdout]    |
[INFO] [stdout] 83 |         use confik::Error;
[INFO] [stdout]    |             ^^^^^^^^^^^^^
[INFO] [stdout] 
[INFO] [stdout] 
[INFO] [stdout] warning: unused import: `confik::Error`
[INFO] [stdout]    --> tests/secret/mod.rs:102:13
[INFO] [stdout]     |
[INFO] [stdout] 102 |         use confik::Error;
[INFO] [stdout]     |             ^^^^^^^^^^^^^
[INFO] [stdout] 
[INFO] [stdout] 
[INFO] [stdout] warning: unused import: `confik::Error`
[INFO] [stdout]    --> tests/secret/mod.rs:134:13
[INFO] [stdout]     |
[INFO] [stdout] 134 |         use confik::Error;
[INFO] [stdout]     |             ^^^^^^^^^^^^^
[INFO] [stdout] 
[INFO] [stdout] 
[INFO] [stdout] warning: unused import: `Error`
[INFO] [stdout]   --> tests/singly_nested_tests/mod.rs:36:33
[INFO] [stdout]    |
[INFO] [stdout] 36 |     use confik::{ConfigBuilder, Error, TomlSource};
[INFO] [stdout]    |                                 ^^^^^
[INFO] [stdout] 
[INFO] [stdout] 
[INFO] [stdout] warning: unused imports: `ConfigBuilder`, `Error`
[INFO] [stdout]   --> tests/main.rs:16:14
[INFO] [stdout]    |
[INFO] [stdout] 16 | use confik::{ConfigBuilder, Configuration, Error};
[INFO] [stdout]    |              ^^^^^^^^^^^^^                 ^^^^^
[INFO] [stdout] 
[INFO] [stdout] 
[INFO] [stdout] error[E0433]: failed to resolve: use of undeclared crate or module `temp_env`
[INFO] [stdout]    --> tests/option_builder/mod.rs:185:26
[INFO] [stdout]     |
[INFO] [stdout] 185 |             let config = temp_env::with_var("inner__param", Some("5"), || {
[INFO] [stdout]     |                          ^^^^^^^^ use of undeclared crate or module `temp_env`
[INFO] [stdout] 
[INFO] [stdout] 
[INFO] [stdout] error[E0433]: failed to resolve: use of undeclared crate or module `temp_env`
[INFO] [stdout]    --> tests/secret/mod.rs:171:22
[INFO] [stdout]     |
[INFO] [stdout] 171 |         let result = temp_env::with_vars(
[INFO] [stdout]     |                      ^^^^^^^^ use of undeclared crate or module `temp_env`
[INFO] [stdout] 
[INFO] [stdout] 
[INFO] [stdout] error[E0433]: failed to resolve: use of undeclared crate or module `temp_env`
[INFO] [stdout]    --> tests/secret/mod.rs:198:26
[INFO] [stdout]     |
[INFO] [stdout] 198 |             let result = temp_env::with_vars(vec![("public__secret", Some("5"))], || {
[INFO] [stdout]     |                          ^^^^^^^^ use of undeclared crate or module `temp_env`
[INFO] [stdout] 
[INFO] [stdout] 
[INFO] [stdout] error[E0433]: failed to resolve: use of undeclared crate or module `temp_env`
[INFO] [stdout]    --> tests/secret/mod.rs:219:17
[INFO] [stdout]     |
[INFO] [stdout] 219 |                 temp_env::with_vars(vec![("my_prefix_public__secret", Some("5"))], move || {
[INFO] [stdout]     |                 ^^^^^^^^ use of undeclared crate or module `temp_env`
[INFO] [stdout] 
[INFO] [stdout] 
[INFO] [stdout] error[E0433]: failed to resolve: use of undeclared crate or module `humantime_serde`
[INFO] [stdout]   --> tests/main.rs:87:43
[INFO] [stdout]    |
[INFO] [stdout] 87 |             #[confik(forward_serde(with = "humantime_serde"))]
[INFO] [stdout]    |                                           ^^^^^^^^^^^^^^^^^ use of undeclared crate or module `humantime_serde`
[INFO] [stdout] 
[INFO] [stdout] 
[INFO] [stdout] error: aborting due to 20 previous errors; 7 warnings emitted
[INFO] [stdout] 
[INFO] [stdout] 
[INFO] [stdout] Some errors have detailed explanations: E0432, E0433.
[INFO] [stdout] 
[INFO] [stdout] For more information about an error, try `rustc --explain E0432`.
[INFO] [stdout] 
[INFO] [stderr] error: could not compile `confik` (test "main") due to 21 previous errors; 7 warnings emitted
[INFO] running `Command { std: "docker" "inspect" "6c4d172ca7bc10ea72859d6e23413cb2a3e6e96e34c6f49abe48eb5efdcc1ec3", kill_on_drop: false }`
[INFO] running `Command { std: "docker" "rm" "-f" "6c4d172ca7bc10ea72859d6e23413cb2a3e6e96e34c6f49abe48eb5efdcc1ec3", kill_on_drop: false }`
[INFO] [stdout] 6c4d172ca7bc10ea72859d6e23413cb2a3e6e96e34c6f49abe48eb5efdcc1ec3
[INFO] testing confik-0.11.3 against beta-2023-12-22 for beta-1.76-1
[INFO] extracting crate confik 0.11.3 into /workspace/builds/worker-2-tc2/source
[INFO] validating manifest of crates.io crate confik 0.11.3 on toolchain beta-2023-12-22
[INFO] running `Command { std: CARGO_HOME="/workspace/cargo-home" RUSTUP_HOME="/workspace/rustup-home" "/workspace/cargo-home/bin/cargo" "+beta-2023-12-22" "metadata" "--manifest-path" "Cargo.toml" "--no-deps", kill_on_drop: false }`
[INFO] started tweaking crates.io crate confik 0.11.3
[INFO] removed 0 missing examples
[INFO] finished tweaking crates.io crate confik 0.11.3
[INFO] tweaked toml for crates.io crate confik 0.11.3 written to /workspace/builds/worker-2-tc2/source/Cargo.toml
[INFO] crate crates.io crate confik 0.11.3 already has a lockfile, it will not be regenerated
[INFO] running `Command { std: CARGO_HOME="/workspace/cargo-home" RUSTUP_HOME="/workspace/rustup-home" "/workspace/cargo-home/bin/cargo" "+beta-2023-12-22" "fetch" "--manifest-path" "Cargo.toml", kill_on_drop: false }`
[INFO] running `Command { std: "docker" "create" "-v" "/var/lib/crater-agent-workspace/builds/worker-2-tc2/target:/opt/rustwide/target:rw,Z" "-v" "/var/lib/crater-agent-workspace/builds/worker-2-tc2/source:/opt/rustwide/workdir:ro,Z" "-v" "/var/lib/crater-agent-workspace/cargo-home:/opt/rustwide/cargo-home:ro,Z" "-v" "/var/lib/crater-agent-workspace/rustup-home:/opt/rustwide/rustup-home:ro,Z" "-e" "SOURCE_DIR=/opt/rustwide/workdir" "-e" "CARGO_TARGET_DIR=/opt/rustwide/target" "-e" "CARGO_HOME=/opt/rustwide/cargo-home" "-e" "RUSTUP_HOME=/opt/rustwide/rustup-home" "-w" "/opt/rustwide/workdir" "-m" "1610612736" "--user" "0:0" "--network" "none" "ghcr.io/rust-lang/crates-build-env/linux@sha256:2788e3201cd34a07e3172128adcd8b3090168a8e3bcc40d7c032b9dda1df7d1c" "/opt/rustwide/cargo-home/bin/cargo" "+beta-2023-12-22" "metadata" "--no-deps" "--format-version=1", kill_on_drop: false }`
[INFO] [stdout] 44136ca95ba3bff95d4a31618c771c3b91face8a90864aec433409fc3614df72
[INFO] running `Command { std: "docker" "start" "-a" "44136ca95ba3bff95d4a31618c771c3b91face8a90864aec433409fc3614df72", kill_on_drop: false }`
[INFO] running `Command { std: "docker" "inspect" "44136ca95ba3bff95d4a31618c771c3b91face8a90864aec433409fc3614df72", kill_on_drop: false }`
[INFO] running `Command { std: "docker" "rm" "-f" "44136ca95ba3bff95d4a31618c771c3b91face8a90864aec433409fc3614df72", kill_on_drop: false }`
[INFO] [stdout] 44136ca95ba3bff95d4a31618c771c3b91face8a90864aec433409fc3614df72
[INFO] running `Command { std: "docker" "create" "-v" "/var/lib/crater-agent-workspace/builds/worker-2-tc2/target:/opt/rustwide/target:rw,Z" "-v" "/var/lib/crater-agent-workspace/builds/worker-2-tc2/source:/opt/rustwide/workdir:ro,Z" "-v" "/var/lib/crater-agent-workspace/cargo-home:/opt/rustwide/cargo-home:ro,Z" "-v" "/var/lib/crater-agent-workspace/rustup-home:/opt/rustwide/rustup-home:ro,Z" "-e" "SOURCE_DIR=/opt/rustwide/workdir" "-e" "CARGO_TARGET_DIR=/opt/rustwide/target" "-e" "CARGO_INCREMENTAL=0" "-e" "RUST_BACKTRACE=full" "-e" "RUSTFLAGS=--cap-lints=warn" "-e" "RUSTDOCFLAGS=--cap-lints=warn" "-e" "CARGO_HOME=/opt/rustwide/cargo-home" "-e" "RUSTUP_HOME=/opt/rustwide/rustup-home" "-w" "/opt/rustwide/workdir" "-m" "1610612736" "--user" "0:0" "--network" "none" "ghcr.io/rust-lang/crates-build-env/linux@sha256:2788e3201cd34a07e3172128adcd8b3090168a8e3bcc40d7c032b9dda1df7d1c" "/opt/rustwide/cargo-home/bin/cargo" "+beta-2023-12-22" "build" "--frozen" "--message-format=json", kill_on_drop: false }`
[INFO] [stdout] db865ba32e40c1e26035a218f59d2957a7fcd0b4a109711d19c14c880eec09b4
[INFO] running `Command { std: "docker" "start" "-a" "db865ba32e40c1e26035a218f59d2957a7fcd0b4a109711d19c14c880eec09b4", kill_on_drop: false }`
[INFO] [stderr]    Compiling serde v1.0.188
[INFO] [stderr]    Compiling fnv v1.0.7
[INFO] [stderr]    Compiling strsim v0.10.0
[INFO] [stderr]    Compiling hashbrown v0.14.0
[INFO] [stderr]    Compiling thiserror v1.0.47
[INFO] [stderr]    Compiling winnow v0.5.15
[INFO] [stderr]    Compiling quote v1.0.33
[INFO] [stderr]    Compiling syn v2.0.29
[INFO] [stderr]    Compiling indexmap v2.0.0
[INFO] [stderr]    Compiling darling_core v0.20.3
[INFO] [stderr]    Compiling serde_derive v1.0.188
[INFO] [stderr]    Compiling thiserror-impl v1.0.47
[INFO] [stderr]    Compiling darling_macro v0.20.3
[INFO] [stderr]    Compiling darling v0.20.3
[INFO] [stderr]    Compiling confik-macros v0.11.0
[INFO] [stderr]    Compiling serde_spanned v0.6.3
[INFO] [stderr]    Compiling toml_datetime v0.6.3
[INFO] [stderr]    Compiling envious v0.2.2
[INFO] [stderr]    Compiling toml_edit v0.20.2
[INFO] [stderr]    Compiling toml v0.8.2
[INFO] [stderr]    Compiling confik v0.11.3 (/opt/rustwide/workdir)
[INFO] [stderr]     Finished dev [unoptimized + debuginfo] target(s) in 9.11s
[INFO] running `Command { std: "docker" "inspect" "db865ba32e40c1e26035a218f59d2957a7fcd0b4a109711d19c14c880eec09b4", kill_on_drop: false }`
[INFO] running `Command { std: "docker" "rm" "-f" "db865ba32e40c1e26035a218f59d2957a7fcd0b4a109711d19c14c880eec09b4", kill_on_drop: false }`
[INFO] [stdout] db865ba32e40c1e26035a218f59d2957a7fcd0b4a109711d19c14c880eec09b4
[INFO] running `Command { std: "docker" "create" "-v" "/var/lib/crater-agent-workspace/builds/worker-2-tc2/target:/opt/rustwide/target:rw,Z" "-v" "/var/lib/crater-agent-workspace/builds/worker-2-tc2/source:/opt/rustwide/workdir:ro,Z" "-v" "/var/lib/crater-agent-workspace/cargo-home:/opt/rustwide/cargo-home:ro,Z" "-v" "/var/lib/crater-agent-workspace/rustup-home:/opt/rustwide/rustup-home:ro,Z" "-e" "SOURCE_DIR=/opt/rustwide/workdir" "-e" "CARGO_TARGET_DIR=/opt/rustwide/target" "-e" "CARGO_INCREMENTAL=0" "-e" "RUST_BACKTRACE=full" "-e" "RUSTFLAGS=--cap-lints=warn" "-e" "RUSTDOCFLAGS=--cap-lints=warn" "-e" "CARGO_HOME=/opt/rustwide/cargo-home" "-e" "RUSTUP_HOME=/opt/rustwide/rustup-home" "-w" "/opt/rustwide/workdir" "-m" "1610612736" "--user" "0:0" "--network" "none" "ghcr.io/rust-lang/crates-build-env/linux@sha256:2788e3201cd34a07e3172128adcd8b3090168a8e3bcc40d7c032b9dda1df7d1c" "/opt/rustwide/cargo-home/bin/cargo" "+beta-2023-12-22" "test" "--frozen" "--no-run" "--message-format=json", kill_on_drop: false }`
[INFO] [stdout] 93d11dfef884fd1a10dbcfd59eb894ad456539ce7acff03412e29d44bbed6783
[INFO] running `Command { std: "docker" "start" "-a" "93d11dfef884fd1a10dbcfd59eb894ad456539ce7acff03412e29d44bbed6783", kill_on_drop: false }`
[INFO] [stderr]    Compiling confik v0.11.3 (/opt/rustwide/workdir)
[INFO] [stdout] error[E0432]: unresolved import `indoc`
[INFO] [stdout]  --> examples/simple.rs:2:5
[INFO] [stdout]   |
[INFO] [stdout] 2 | use indoc::indoc;
[INFO] [stdout]   |     ^^^^^ use of undeclared crate or module `indoc`
[INFO] [stdout] 
[INFO] [stdout] 
[INFO] [stdout] error: cannot determine resolution for the macro `indoc`
[INFO] [stdout]   --> examples/simple.rs:17:16
[INFO] [stdout]    |
[INFO] [stdout] 17 |     let toml = indoc! {r#"
[INFO] [stdout]    |                ^^^^^
[INFO] [stdout]    |
[INFO] [stdout]    = note: import resolution is stuck, try simplifying macro imports
[INFO] [stdout] 
[INFO] [stdout] 
[INFO] [stdout] error[E0433]: failed to resolve: use of undeclared crate or module `tempfile`
[INFO] [stdout]    --> src/sources/file_source.rs:153:19
[INFO] [stdout]     |
[INFO] [stdout] 153 |         let dir = tempfile::TempDir::new().unwrap();
[INFO] [stdout]     |                   ^^^^^^^^ use of undeclared crate or module `tempfile`
[INFO] [stdout] 
[INFO] [stdout] 
[INFO] [stdout] error[E0433]: failed to resolve: use of undeclared crate or module `tempfile`
[INFO] [stdout]    --> src/sources/file_source.rs:194:19
[INFO] [stdout]     |
[INFO] [stdout] 194 |         let dir = tempfile::TempDir::new().unwrap();
[INFO] [stdout]     |                   ^^^^^^^^ use of undeclared crate or module `tempfile`
[INFO] [stdout] 
[INFO] [stdout] 
[INFO] [stdout] error: aborting due to 2 previous errors
[INFO] [stdout] 
[INFO] [stdout] 
[INFO] [stdout] For more information about this error, try `rustc --explain E0432`.
[INFO] [stdout] 
[INFO] [stderr] error: could not compile `confik` (example "simple") due to 3 previous errors
[INFO] [stderr] warning: build failed, waiting for other jobs to finish...
[INFO] [stdout] error[E0432]: unresolved import `assert_matches`
[INFO] [stdout]   --> tests/complex_enums/mod.rs:17:9
[INFO] [stdout]    |
[INFO] [stdout] 17 |     use assert_matches::assert_matches;
[INFO] [stdout]    |         ^^^^^^^^^^^^^^ help: a similar path exists: `std::assert_matches`
[INFO] [stdout] 
[INFO] [stdout] 
[INFO] [stdout] error[E0432]: unresolved import `assert_matches`
[INFO] [stdout]    --> tests/option_builder/mod.rs:109:13
[INFO] [stdout]     |
[INFO] [stdout] 109 |         use assert_matches::assert_matches;
[INFO] [stdout]     |             ^^^^^^^^^^^^^^ help: a similar path exists: `std::assert_matches`
[INFO] [stdout] 
[INFO] [stdout] 
[INFO] [stdout] error[E0432]: unresolved import `assert_matches`
[INFO] [stdout]   --> tests/secret/mod.rs:74:9
[INFO] [stdout]    |
[INFO] [stdout] 74 |     use assert_matches::assert_matches;
[INFO] [stdout]    |         ^^^^^^^^^^^^^^ help: a similar path exists: `std::assert_matches`
[INFO] [stdout] 
[INFO] [stdout] 
[INFO] [stdout] error[E0432]: unresolved import `indoc`
[INFO] [stdout]   --> tests/secret/mod.rs:76:9
[INFO] [stdout]    |
[INFO] [stdout] 76 |     use indoc::indoc;
[INFO] [stdout]    |         ^^^^^ use of undeclared crate or module `indoc`
[INFO] [stdout] 
[INFO] [stdout] 
[INFO] [stdout] error[E0432]: unresolved import `assert_matches`
[INFO] [stdout]   --> tests/singly_nested_tests/mod.rs:35:9
[INFO] [stdout]    |
[INFO] [stdout] 35 |     use assert_matches::assert_matches;
[INFO] [stdout]    |         ^^^^^^^^^^^^^^ help: a similar path exists: `std::assert_matches`
[INFO] [stdout] 
[INFO] [stdout] 
[INFO] [stdout] error[E0432]: unresolved import `assert_matches`
[INFO] [stdout]   --> tests/main.rs:15:5
[INFO] [stdout]    |
[INFO] [stdout] 15 | use assert_matches::assert_matches;
[INFO] [stdout]    |     ^^^^^^^^^^^^^^ help: a similar path exists: `std::assert_matches`
[INFO] [stdout] 
[INFO] [stdout] 
[INFO] [stdout] error: cannot determine resolution for the macro `assert_matches`
[INFO] [stdout]   --> tests/main.rs:33:5
[INFO] [stdout]    |
[INFO] [stdout] 33 |     assert_matches!(
[INFO] [stdout]    |     ^^^^^^^^^^^^^^
[INFO] [stdout]    |
[INFO] [stdout]    = note: import resolution is stuck, try simplifying macro imports
[INFO] [stdout] 
[INFO] [stdout] 
[INFO] [stdout] error: cannot determine resolution for the macro `assert_matches`
[INFO] [stdout]   --> tests/singly_nested_tests/mod.rs:55:9
[INFO] [stdout]    |
[INFO] [stdout] 55 |         assert_matches!(
[INFO] [stdout]    |         ^^^^^^^^^^^^^^
[INFO] [stdout]    |
[INFO] [stdout]    = note: import resolution is stuck, try simplifying macro imports
[INFO] [stdout] 
[INFO] [stdout] 
[INFO] [stdout] error: cannot determine resolution for the macro `assert_matches`
[INFO] [stdout]    --> tests/secret/mod.rs:146:9
[INFO] [stdout]     |
[INFO] [stdout] 146 |         assert_matches!(
[INFO] [stdout]     |         ^^^^^^^^^^^^^^
[INFO] [stdout]     |
[INFO] [stdout]     = note: import resolution is stuck, try simplifying macro imports
[INFO] [stdout] 
[INFO] [stdout] 
[INFO] [stdout] error: cannot determine resolution for the macro `indoc`
[INFO] [stdout]    --> tests/secret/mod.rs:137:44
[INFO] [stdout]     |
[INFO] [stdout] 137 |             .override_with(TomlSource::new(indoc! {r#"
[INFO] [stdout]     |                                            ^^^^^
[INFO] [stdout]     |
[INFO] [stdout]     = note: import resolution is stuck, try simplifying macro imports
[INFO] [stdout] 
[INFO] [stdout] 
[INFO] [stdout] error: cannot determine resolution for the macro `assert_matches`
[INFO] [stdout]    --> tests/secret/mod.rs:114:9
[INFO] [stdout]     |
[INFO] [stdout] 114 |         assert_matches!(
[INFO] [stdout]     |         ^^^^^^^^^^^^^^
[INFO] [stdout]     |
[INFO] [stdout]     = note: import resolution is stuck, try simplifying macro imports
[INFO] [stdout] 
[INFO] [stdout] 
[INFO] [stdout] error: cannot determine resolution for the macro `indoc`
[INFO] [stdout]    --> tests/secret/mod.rs:105:44
[INFO] [stdout]     |
[INFO] [stdout] 105 |             .override_with(TomlSource::new(indoc! {r#"
[INFO] [stdout]     |                                            ^^^^^
[INFO] [stdout]     |
[INFO] [stdout]     = note: import resolution is stuck, try simplifying macro imports
[INFO] [stdout] 
[INFO] [stdout] 
[INFO] [stdout] error: cannot determine resolution for the macro `assert_matches`
[INFO] [stdout]   --> tests/secret/mod.rs:90:9
[INFO] [stdout]    |
[INFO] [stdout] 90 |         assert_matches!(
[INFO] [stdout]    |         ^^^^^^^^^^^^^^
[INFO] [stdout]    |
[INFO] [stdout]    = note: import resolution is stuck, try simplifying macro imports
[INFO] [stdout] 
[INFO] [stdout] 
[INFO] [stdout] error: cannot determine resolution for the macro `assert_matches`
[INFO] [stdout]    --> tests/option_builder/mod.rs:137:13
[INFO] [stdout]     |
[INFO] [stdout] 137 |             assert_matches!(
[INFO] [stdout]     |             ^^^^^^^^^^^^^^
[INFO] [stdout]     |
[INFO] [stdout]     = note: import resolution is stuck, try simplifying macro imports
[INFO] [stdout] 
[INFO] [stdout] 
[INFO] [stdout] error: cannot determine resolution for the macro `assert_matches`
[INFO] [stdout]   --> tests/complex_enums/mod.rs:28:9
[INFO] [stdout]    |
[INFO] [stdout] 28 |         assert_matches!(
[INFO] [stdout]    |         ^^^^^^^^^^^^^^
[INFO] [stdout]    |
[INFO] [stdout]    = note: import resolution is stuck, try simplifying macro imports
[INFO] [stdout] 
[INFO] [stdout] 
[INFO] [stdout] error: aborting due to 2 previous errors
[INFO] [stdout] 
[INFO] [stdout] 
[INFO] [stdout] For more information about this error, try `rustc --explain E0433`.
[INFO] [stdout] 
[INFO] [stderr] error: could not compile `confik` (lib test) due to 3 previous errors
[INFO] [stdout] warning: unused import: `Error`
[INFO] [stdout]   --> tests/complex_enums/mod.rs:18:33
[INFO] [stdout]    |
[INFO] [stdout] 18 |     use confik::{ConfigBuilder, Error, TomlSource};
[INFO] [stdout]    |                                 ^^^^^
[INFO] [stdout]    |
[INFO] [stdout]    = note: `#[warn(unused_imports)]` on by default
[INFO] [stdout] 
[INFO] [stdout] 
[INFO] [stdout] warning: unused import: `Error`
[INFO] [stdout]    --> tests/option_builder/mod.rs:110:37
[INFO] [stdout]     |
[INFO] [stdout] 110 |         use confik::{Configuration, Error, TomlSource};
[INFO] [stdout]     |                                     ^^^^^
[INFO] [stdout] 
[INFO] [stdout] 
[INFO] [stdout] warning: unused import: `confik::Error`
[INFO] [stdout]   --> tests/secret/mod.rs:83:13
[INFO] [stdout]    |
[INFO] [stdout] 83 |         use confik::Error;
[INFO] [stdout]    |             ^^^^^^^^^^^^^
[INFO] [stdout] 
[INFO] [stdout] 
[INFO] [stdout] warning: unused import: `confik::Error`
[INFO] [stdout]    --> tests/secret/mod.rs:102:13
[INFO] [stdout]     |
[INFO] [stdout] 102 |         use confik::Error;
[INFO] [stdout]     |             ^^^^^^^^^^^^^
[INFO] [stdout] 
[INFO] [stdout] 
[INFO] [stdout] warning: unused import: `confik::Error`
[INFO] [stdout]    --> tests/secret/mod.rs:134:13
[INFO] [stdout]     |
[INFO] [stdout] 134 |         use confik::Error;
[INFO] [stdout]     |             ^^^^^^^^^^^^^
[INFO] [stdout] 
[INFO] [stdout] 
[INFO] [stdout] warning: unused import: `Error`
[INFO] [stdout]   --> tests/singly_nested_tests/mod.rs:36:33
[INFO] [stdout]    |
[INFO] [stdout] 36 |     use confik::{ConfigBuilder, Error, TomlSource};
[INFO] [stdout]    |                                 ^^^^^
[INFO] [stdout] 
[INFO] [stdout] 
[INFO] [stdout] warning: unused imports: `ConfigBuilder`, `Error`
[INFO] [stdout]   --> tests/main.rs:16:14
[INFO] [stdout]    |
[INFO] [stdout] 16 | use confik::{ConfigBuilder, Configuration, Error};
[INFO] [stdout]    |              ^^^^^^^^^^^^^                 ^^^^^
[INFO] [stdout] 
[INFO] [stdout] 
[INFO] [stdout] error[E0433]: failed to resolve: use of undeclared crate or module `temp_env`
[INFO] [stdout]    --> tests/option_builder/mod.rs:185:26
[INFO] [stdout]     |
[INFO] [stdout] 185 |             let config = temp_env::with_var("inner__param", Some("5"), || {
[INFO] [stdout]     |                          ^^^^^^^^ use of undeclared crate or module `temp_env`
[INFO] [stdout] 
[INFO] [stdout] 
[INFO] [stdout] error[E0433]: failed to resolve: use of undeclared crate or module `temp_env`
[INFO] [stdout]    --> tests/secret/mod.rs:171:22
[INFO] [stdout]     |
[INFO] [stdout] 171 |         let result = temp_env::with_vars(
[INFO] [stdout]     |                      ^^^^^^^^ use of undeclared crate or module `temp_env`
[INFO] [stdout] 
[INFO] [stdout] 
[INFO] [stdout] error[E0433]: failed to resolve: use of undeclared crate or module `temp_env`
[INFO] [stdout]    --> tests/secret/mod.rs:198:26
[INFO] [stdout]     |
[INFO] [stdout] 198 |             let result = temp_env::with_vars(vec![("public__secret", Some("5"))], || {
[INFO] [stdout]     |                          ^^^^^^^^ use of undeclared crate or module `temp_env`
[INFO] [stdout] 
[INFO] [stdout] 
[INFO] [stdout] error[E0433]: failed to resolve: use of undeclared crate or module `temp_env`
[INFO] [stdout]    --> tests/secret/mod.rs:219:17
[INFO] [stdout]     |
[INFO] [stdout] 219 |                 temp_env::with_vars(vec![("my_prefix_public__secret", Some("5"))], move || {
[INFO] [stdout]     |                 ^^^^^^^^ use of undeclared crate or module `temp_env`
[INFO] [stdout] 
[INFO] [stdout] 
[INFO] [stdout] error[E0433]: failed to resolve: use of undeclared crate or module `humantime_serde`
[INFO] [stdout]   --> tests/main.rs:87:43
[INFO] [stdout]    |
[INFO] [stdout] 87 |             #[confik(forward_serde(with = "humantime_serde"))]
[INFO] [stdout]    |                                           ^^^^^^^^^^^^^^^^^ use of undeclared crate or module `humantime_serde`
[INFO] [stdout] 
[INFO] [stdout] 
[INFO] [stdout] error: aborting due to 20 previous errors; 7 warnings emitted
[INFO] [stdout] 
[INFO] [stdout] 
[INFO] [stdout] Some errors have detailed explanations: E0432, E0433.
[INFO] [stdout] 
[INFO] [stdout] For more information about an error, try `rustc --explain E0432`.
[INFO] [stdout] 
[INFO] [stderr] error: could not compile `confik` (test "main") due to 21 previous errors; 7 warnings emitted
[INFO] running `Command { std: "docker" "inspect" "93d11dfef884fd1a10dbcfd59eb894ad456539ce7acff03412e29d44bbed6783", kill_on_drop: false }`
[INFO] running `Command { std: "docker" "rm" "-f" "93d11dfef884fd1a10dbcfd59eb894ad456539ce7acff03412e29d44bbed6783", kill_on_drop: false }`
[INFO] [stdout] 93d11dfef884fd1a10dbcfd59eb894ad456539ce7acff03412e29d44bbed6783
