[INFO] fetching crate config-spirit-fork 0.1.0...
[INFO] testing config-spirit-fork-0.1.0 against 1.75.0 for beta-1.76-1
[INFO] extracting crate config-spirit-fork 0.1.0 into /workspace/builds/worker-5-tc1/source
[INFO] validating manifest of crates.io crate config-spirit-fork 0.1.0 on toolchain 1.75.0
[INFO] running `Command { std: CARGO_HOME="/workspace/cargo-home" RUSTUP_HOME="/workspace/rustup-home" "/workspace/cargo-home/bin/cargo" "+1.75.0" "metadata" "--manifest-path" "Cargo.toml" "--no-deps", kill_on_drop: false }`
[INFO] started tweaking crates.io crate config-spirit-fork 0.1.0
[INFO] finished tweaking crates.io crate config-spirit-fork 0.1.0
[INFO] tweaked toml for crates.io crate config-spirit-fork 0.1.0 written to /workspace/builds/worker-5-tc1/source/Cargo.toml
[INFO] running `Command { std: CARGO_HOME="/workspace/cargo-home" RUSTUP_HOME="/workspace/rustup-home" "/workspace/cargo-home/bin/cargo" "+1.75.0" "generate-lockfile" "--manifest-path" "Cargo.toml", kill_on_drop: false }`
[INFO] [stderr]     Updating crates.io index
[INFO] running `Command { std: CARGO_HOME="/workspace/cargo-home" RUSTUP_HOME="/workspace/rustup-home" "/workspace/cargo-home/bin/cargo" "+1.75.0" "fetch" "--manifest-path" "Cargo.toml", kill_on_drop: false }`
[INFO] [stderr]  Downloading crates ...
[INFO] [stderr]   Downloaded serde_test v0.8.23
[INFO] [stderr]   Downloaded linked-hash-map v0.3.0
[INFO] [stderr]   Downloaded float-cmp v0.4.0
[INFO] running `Command { std: "docker" "create" "-v" "/var/lib/crater-agent-workspace/builds/worker-5-tc1/target:/opt/rustwide/target:rw,Z" "-v" "/var/lib/crater-agent-workspace/builds/worker-5-tc1/source:/opt/rustwide/workdir:ro,Z" "-v" "/var/lib/crater-agent-workspace/cargo-home:/opt/rustwide/cargo-home:ro,Z" "-v" "/var/lib/crater-agent-workspace/rustup-home:/opt/rustwide/rustup-home:ro,Z" "-e" "SOURCE_DIR=/opt/rustwide/workdir" "-e" "CARGO_TARGET_DIR=/opt/rustwide/target" "-e" "CARGO_HOME=/opt/rustwide/cargo-home" "-e" "RUSTUP_HOME=/opt/rustwide/rustup-home" "-w" "/opt/rustwide/workdir" "-m" "1610612736" "--user" "0:0" "--network" "none" "ghcr.io/rust-lang/crates-build-env/linux@sha256:2788e3201cd34a07e3172128adcd8b3090168a8e3bcc40d7c032b9dda1df7d1c" "/opt/rustwide/cargo-home/bin/cargo" "+1.75.0" "metadata" "--no-deps" "--format-version=1", kill_on_drop: false }`
[INFO] [stdout] 76dbc27167f3eb8cc01f1fb039fd9d5a620dbd332be427d9f8ca577e8e80e862
[INFO] running `Command { std: "docker" "start" "-a" "76dbc27167f3eb8cc01f1fb039fd9d5a620dbd332be427d9f8ca577e8e80e862", kill_on_drop: false }`
[INFO] running `Command { std: "docker" "inspect" "76dbc27167f3eb8cc01f1fb039fd9d5a620dbd332be427d9f8ca577e8e80e862", kill_on_drop: false }`
[INFO] running `Command { std: "docker" "rm" "-f" "76dbc27167f3eb8cc01f1fb039fd9d5a620dbd332be427d9f8ca577e8e80e862", kill_on_drop: false }`
[INFO] [stdout] 76dbc27167f3eb8cc01f1fb039fd9d5a620dbd332be427d9f8ca577e8e80e862
[INFO] running `Command { std: "docker" "create" "-v" "/var/lib/crater-agent-workspace/builds/worker-5-tc1/target:/opt/rustwide/target:rw,Z" "-v" "/var/lib/crater-agent-workspace/builds/worker-5-tc1/source:/opt/rustwide/workdir:ro,Z" "-v" "/var/lib/crater-agent-workspace/cargo-home:/opt/rustwide/cargo-home:ro,Z" "-v" "/var/lib/crater-agent-workspace/rustup-home:/opt/rustwide/rustup-home:ro,Z" "-e" "SOURCE_DIR=/opt/rustwide/workdir" "-e" "CARGO_TARGET_DIR=/opt/rustwide/target" "-e" "CARGO_INCREMENTAL=0" "-e" "RUST_BACKTRACE=full" "-e" "RUSTFLAGS=--cap-lints=warn" "-e" "RUSTDOCFLAGS=--cap-lints=warn" "-e" "CARGO_HOME=/opt/rustwide/cargo-home" "-e" "RUSTUP_HOME=/opt/rustwide/rustup-home" "-w" "/opt/rustwide/workdir" "-m" "1610612736" "--user" "0:0" "--network" "none" "ghcr.io/rust-lang/crates-build-env/linux@sha256:2788e3201cd34a07e3172128adcd8b3090168a8e3bcc40d7c032b9dda1df7d1c" "/opt/rustwide/cargo-home/bin/cargo" "+1.75.0" "build" "--frozen" "--message-format=json", kill_on_drop: false }`
[INFO] [stdout] a7dc918823ba67638debff0798971d28239c6272119b40e0780dd0d1e03199a0
[INFO] running `Command { std: "docker" "start" "-a" "a7dc918823ba67638debff0798971d28239c6272119b40e0780dd0d1e03199a0", kill_on_drop: false }`
[INFO] [stderr]    Compiling memchr v2.7.1
[INFO] [stderr]    Compiling num-traits v0.2.17
[INFO] [stderr]    Compiling serde v1.0.194
[INFO] [stderr]    Compiling version_check v0.1.5
[INFO] [stderr]    Compiling regex-syntax v0.8.2
[INFO] [stderr]    Compiling serde v0.8.23
[INFO] [stderr]    Compiling rust-ini v0.13.0
[INFO] [stderr]    Compiling nom v4.2.3
[INFO] [stderr]    Compiling aho-corasick v1.1.2
[INFO] [stderr]    Compiling num-traits v0.1.43
[INFO] [stderr]    Compiling serde_test v0.8.23
[INFO] [stderr]    Compiling linked-hash-map v0.3.0
[INFO] [stderr]    Compiling regex-automata v0.4.3
[INFO] [stderr]    Compiling serde_json v1.0.111
[INFO] [stderr]    Compiling toml v0.5.11
[INFO] [stderr]    Compiling regex v1.10.2
[INFO] [stderr]    Compiling serde-hjson v0.9.1
[INFO] [stderr]    Compiling config-spirit-fork v0.1.0 (/opt/rustwide/workdir)
[INFO] [stdout] warning: use of deprecated macro `try`: use the `?` operator instead
[INFO] [stdout]    --> src/value.rs:503:40
[INFO] [stdout]     |
[INFO] [stdout] 503 |                 while let Some(elem) = try!(visitor.next_element()) {
[INFO] [stdout]     |                                        ^^^
[INFO] [stdout]     |
[INFO] [stdout]     = note: `#[warn(deprecated)]` on by default
[INFO] [stdout] 
[INFO] [stdout] 
[INFO] [stdout] warning: use of deprecated macro `try`: use the `?` operator instead
[INFO] [stdout]    --> src/value.rs:516:48
[INFO] [stdout]     |
[INFO] [stdout] 516 |                 while let Some((key, value)) = try!(visitor.next_entry()) {
[INFO] [stdout]     |                                                ^^^
[INFO] [stdout] 
[INFO] [stdout] 
[INFO] [stdout] warning: trait objects without an explicit `dyn` are deprecated
[INFO] [stdout]   --> src/config.rs:21:26
[INFO] [stdout]    |
[INFO] [stdout] 21 |         sources: Vec<Box<Source + Send + Sync>>,
[INFO] [stdout]    |                          ^^^^^^^^^^^^^^^^^^^^
[INFO] [stdout]    |
[INFO] [stdout]    = warning: this is accepted in the current edition (Rust 2015) but is a hard error in Rust 2021!
[INFO] [stdout]    = note: for more information, see <https://doc.rust-lang.org/nightly/edition-guide/rust-2021/warnings-promoted-to-error.html>
[INFO] [stdout]    = note: `#[warn(bare_trait_objects)]` on by default
[INFO] [stdout] help: use `dyn`
[INFO] [stdout]    |
[INFO] [stdout] 21 |         sources: Vec<Box<dyn Source + Send + Sync>>,
[INFO] [stdout]    |                          +++
[INFO] [stdout] 
[INFO] [stdout] 
[INFO] [stdout] warning: trait objects without an explicit `dyn` are deprecated
[INFO] [stdout]   --> src/error.rs:54:20
[INFO] [stdout]    |
[INFO] [stdout] 54 |         cause: Box<Error + Send + Sync>,
[INFO] [stdout]    |                    ^^^^^^^^^^^^^^^^^^^
[INFO] [stdout]    |
[INFO] [stdout]    = warning: this is accepted in the current edition (Rust 2015) but is a hard error in Rust 2021!
[INFO] [stdout]    = note: for more information, see <https://doc.rust-lang.org/nightly/edition-guide/rust-2021/warnings-promoted-to-error.html>
[INFO] [stdout] help: use `dyn`
[INFO] [stdout]    |
[INFO] [stdout] 54 |         cause: Box<dyn Error + Send + Sync>,
[INFO] [stdout]    |                    +++
[INFO] [stdout] 
[INFO] [stdout] 
[INFO] [stdout] warning: trait objects without an explicit `dyn` are deprecated
[INFO] [stdout]   --> src/error.rs:79:17
[INFO] [stdout]    |
[INFO] [stdout] 79 |     Foreign(Box<Error + Send + Sync>),
[INFO] [stdout]    |                 ^^^^^^^^^^^^^^^^^^^
[INFO] [stdout]    |
[INFO] [stdout]    = warning: this is accepted in the current edition (Rust 2015) but is a hard error in Rust 2021!
[INFO] [stdout]    = note: for more information, see <https://doc.rust-lang.org/nightly/edition-guide/rust-2021/warnings-promoted-to-error.html>
[INFO] [stdout] help: use `dyn`
[INFO] [stdout]    |
[INFO] [stdout] 79 |     Foreign(Box<dyn Error + Send + Sync>),
[INFO] [stdout]    |                 +++
[INFO] [stdout] 
[INFO] [stdout] 
[INFO] [stdout] warning: trait objects without an explicit `dyn` are deprecated
[INFO] [stdout]    --> src/config.rs:215:37
[INFO] [stdout]     |
[INFO] [stdout] 215 |     fn clone_into_box(&self) -> Box<Source + Send + Sync> {
[INFO] [stdout]     |                                     ^^^^^^^^^^^^^^^^^^^^
[INFO] [stdout]     |
[INFO] [stdout]     = warning: this is accepted in the current edition (Rust 2015) but is a hard error in Rust 2021!
[INFO] [stdout]     = note: for more information, see <https://doc.rust-lang.org/nightly/edition-guide/rust-2021/warnings-promoted-to-error.html>
[INFO] [stdout] help: use `dyn`
[INFO] [stdout]     |
[INFO] [stdout] 215 |     fn clone_into_box(&self) -> Box<dyn Source + Send + Sync> {
[INFO] [stdout]     |                                     +++
[INFO] [stdout] 
[INFO] [stdout] 
[INFO] [stdout] warning: trait objects without an explicit `dyn` are deprecated
[INFO] [stdout]   --> src/env.rs:66:37
[INFO] [stdout]    |
[INFO] [stdout] 66 |     fn clone_into_box(&self) -> Box<Source + Send + Sync> {
[INFO] [stdout]    |                                     ^^^^^^^^^^^^^^^^^^^^
[INFO] [stdout]    |
[INFO] [stdout]    = warning: this is accepted in the current edition (Rust 2015) but is a hard error in Rust 2021!
[INFO] [stdout]    = note: for more information, see <https://doc.rust-lang.org/nightly/edition-guide/rust-2021/warnings-promoted-to-error.html>
[INFO] [stdout] help: use `dyn`
[INFO] [stdout]    |
[INFO] [stdout] 66 |     fn clone_into_box(&self) -> Box<dyn Source + Send + Sync> {
[INFO] [stdout]    |                                     +++
[INFO] [stdout] 
[INFO] [stdout] 
[INFO] [stdout] warning: trait objects without an explicit `dyn` are deprecated
[INFO] [stdout]    --> src/error.rs:226:32
[INFO] [stdout]     |
[INFO] [stdout] 226 |     fn cause(&self) -> Option<&Error> {
[INFO] [stdout]     |                                ^^^^^
[INFO] [stdout]     |
[INFO] [stdout]     = warning: this is accepted in the current edition (Rust 2015) but is a hard error in Rust 2021!
[INFO] [stdout]     = note: for more information, see <https://doc.rust-lang.org/nightly/edition-guide/rust-2021/warnings-promoted-to-error.html>
[INFO] [stdout] help: use `dyn`
[INFO] [stdout]     |
[INFO] [stdout] 226 |     fn cause(&self) -> Option<&dyn Error> {
[INFO] [stdout]     |                                +++
[INFO] [stdout] 
[INFO] [stdout] 
[INFO] [stdout] warning: trait objects without an explicit `dyn` are deprecated
[INFO] [stdout]   --> src/file/mod.rs:97:37
[INFO] [stdout]    |
[INFO] [stdout] 97 |     fn clone_into_box(&self) -> Box<Source + Send + Sync> {
[INFO] [stdout]    |                                     ^^^^^^^^^^^^^^^^^^^^
[INFO] [stdout]    |
[INFO] [stdout]    = warning: this is accepted in the current edition (Rust 2015) but is a hard error in Rust 2021!
[INFO] [stdout]    = note: for more information, see <https://doc.rust-lang.org/nightly/edition-guide/rust-2021/warnings-promoted-to-error.html>
[INFO] [stdout] help: use `dyn`
[INFO] [stdout]    |
[INFO] [stdout] 97 |     fn clone_into_box(&self) -> Box<dyn Source + Send + Sync> {
[INFO] [stdout]    |                                     +++
[INFO] [stdout] 
[INFO] [stdout] 
[INFO] [stdout] warning: trait objects without an explicit `dyn` are deprecated
[INFO] [stdout]   --> src/file/format/mod.rs:89:45
[INFO] [stdout]    |
[INFO] [stdout] 89 |     ) -> Result<HashMap<String, Value>, Box<Error + Send + Sync>> {
[INFO] [stdout]    |                                             ^^^^^^^^^^^^^^^^^^^
[INFO] [stdout]    |
[INFO] [stdout]    = warning: this is accepted in the current edition (Rust 2015) but is a hard error in Rust 2021!
[INFO] [stdout]    = note: for more information, see <https://doc.rust-lang.org/nightly/edition-guide/rust-2021/warnings-promoted-to-error.html>
[INFO] [stdout] help: use `dyn`
[INFO] [stdout]    |
[INFO] [stdout] 89 |     ) -> Result<HashMap<String, Value>, Box<dyn Error + Send + Sync>> {
[INFO] [stdout]    |                                             +++
[INFO] [stdout] 
[INFO] [stdout] 
[INFO] [stdout] warning: trait objects without an explicit `dyn` are deprecated
[INFO] [stdout]   --> src/file/format/toml.rs:10:41
[INFO] [stdout]    |
[INFO] [stdout] 10 | ) -> Result<HashMap<String, Value>, Box<Error + Send + Sync>> {
[INFO] [stdout]    |                                         ^^^^^^^^^^^^^^^^^^^
[INFO] [stdout]    |
[INFO] [stdout]    = warning: this is accepted in the current edition (Rust 2015) but is a hard error in Rust 2021!
[INFO] [stdout]    = note: for more information, see <https://doc.rust-lang.org/nightly/edition-guide/rust-2021/warnings-promoted-to-error.html>
[INFO] [stdout] help: use `dyn`
[INFO] [stdout]    |
[INFO] [stdout] 10 | ) -> Result<HashMap<String, Value>, Box<dyn Error + Send + Sync>> {
[INFO] [stdout]    |                                         +++
[INFO] [stdout] 
[INFO] [stdout] 
[INFO] [stdout] warning: trait objects without an explicit `dyn` are deprecated
[INFO] [stdout]   --> src/file/format/json.rs:10:41
[INFO] [stdout]    |
[INFO] [stdout] 10 | ) -> Result<HashMap<String, Value>, Box<Error + Send + Sync>> {
[INFO] [stdout]    |                                         ^^^^^^^^^^^^^^^^^^^
[INFO] [stdout]    |
[INFO] [stdout]    = warning: this is accepted in the current edition (Rust 2015) but is a hard error in Rust 2021!
[INFO] [stdout]    = note: for more information, see <https://doc.rust-lang.org/nightly/edition-guide/rust-2021/warnings-promoted-to-error.html>
[INFO] [stdout] help: use `dyn`
[INFO] [stdout]    |
[INFO] [stdout] 10 | ) -> Result<HashMap<String, Value>, Box<dyn Error + Send + Sync>> {
[INFO] [stdout]    |                                         +++
[INFO] [stdout] 
[INFO] [stdout] 
[INFO] [stdout] warning: trait objects without an explicit `dyn` are deprecated
[INFO] [stdout]   --> src/file/format/yaml.rs:12:41
[INFO] [stdout]    |
[INFO] [stdout] 12 | ) -> Result<HashMap<String, Value>, Box<Error + Send + Sync>> {
[INFO] [stdout]    |                                         ^^^^^^^^^^^^^^^^^^^
[INFO] [stdout]    |
[INFO] [stdout]    = warning: this is accepted in the current edition (Rust 2015) but is a hard error in Rust 2021!
[INFO] [stdout]    = note: for more information, see <https://doc.rust-lang.org/nightly/edition-guide/rust-2021/warnings-promoted-to-error.html>
[INFO] [stdout] help: use `dyn`
[INFO] [stdout]    |
[INFO] [stdout] 12 | ) -> Result<HashMap<String, Value>, Box<dyn Error + Send + Sync>> {
[INFO] [stdout]    |                                         +++
[INFO] [stdout] 
[INFO] [stdout] 
[INFO] [stdout] warning: trait objects without an explicit `dyn` are deprecated
[INFO] [stdout]   --> src/file/format/hjson.rs:10:41
[INFO] [stdout]    |
[INFO] [stdout] 10 | ) -> Result<HashMap<String, Value>, Box<Error + Send + Sync>> {
[INFO] [stdout]    |                                         ^^^^^^^^^^^^^^^^^^^
[INFO] [stdout]    |
[INFO] [stdout]    = warning: this is accepted in the current edition (Rust 2015) but is a hard error in Rust 2021!
[INFO] [stdout]    = note: for more information, see <https://doc.rust-lang.org/nightly/edition-guide/rust-2021/warnings-promoted-to-error.html>
[INFO] [stdout] help: use `dyn`
[INFO] [stdout]    |
[INFO] [stdout] 10 | ) -> Result<HashMap<String, Value>, Box<dyn Error + Send + Sync>> {
[INFO] [stdout]    |                                         +++
[INFO] [stdout] 
[INFO] [stdout] 
[INFO] [stdout] warning: trait objects without an explicit `dyn` are deprecated
[INFO] [stdout]   --> src/file/format/ini.rs:10:41
[INFO] [stdout]    |
[INFO] [stdout] 10 | ) -> Result<HashMap<String, Value>, Box<Error + Send + Sync>> {
[INFO] [stdout]    |                                         ^^^^^^^^^^^^^^^^^^^
[INFO] [stdout]    |
[INFO] [stdout]    = warning: this is accepted in the current edition (Rust 2015) but is a hard error in Rust 2021!
[INFO] [stdout]    = note: for more information, see <https://doc.rust-lang.org/nightly/edition-guide/rust-2021/warnings-promoted-to-error.html>
[INFO] [stdout] help: use `dyn`
[INFO] [stdout]    |
[INFO] [stdout] 10 | ) -> Result<HashMap<String, Value>, Box<dyn Error + Send + Sync>> {
[INFO] [stdout]    |                                         +++
[INFO] [stdout] 
[INFO] [stdout] 
[INFO] [stdout] warning: trait objects without an explicit `dyn` are deprecated
[INFO] [stdout]   --> src/file/source/mod.rs:15:59
[INFO] [stdout]    |
[INFO] [stdout] 15 |     ) -> Result<(Option<String>, String, FileFormat), Box<Error + Send + Sync>>;
[INFO] [stdout]    |                                                           ^^^^^^^^^^^^^^^^^^^
[INFO] [stdout]    |
[INFO] [stdout]    = warning: this is accepted in the current edition (Rust 2015) but is a hard error in Rust 2021!
[INFO] [stdout]    = note: for more information, see <https://doc.rust-lang.org/nightly/edition-guide/rust-2021/warnings-promoted-to-error.html>
[INFO] [stdout] help: use `dyn`
[INFO] [stdout]    |
[INFO] [stdout] 15 |     ) -> Result<(Option<String>, String, FileFormat), Box<dyn Error + Send + Sync>>;
[INFO] [stdout]    |                                                           +++
[INFO] [stdout] 
[INFO] [stdout] 
[INFO] [stdout] warning: trait objects without an explicit `dyn` are deprecated
[INFO] [stdout]   --> src/file/source/file.rs:30:44
[INFO] [stdout]    |
[INFO] [stdout] 30 |     ) -> Result<(PathBuf, FileFormat), Box<Error + Send + Sync>> {
[INFO] [stdout]    |                                            ^^^^^^^^^^^^^^^^^^^
[INFO] [stdout]    |
[INFO] [stdout]    = warning: this is accepted in the current edition (Rust 2015) but is a hard error in Rust 2021!
[INFO] [stdout]    = note: for more information, see <https://doc.rust-lang.org/nightly/edition-guide/rust-2021/warnings-promoted-to-error.html>
[INFO] [stdout] help: use `dyn`
[INFO] [stdout]    |
[INFO] [stdout] 30 |     ) -> Result<(PathBuf, FileFormat), Box<dyn Error + Send + Sync>> {
[INFO] [stdout]    |                                            +++
[INFO] [stdout] 
[INFO] [stdout] 
[INFO] [stdout] warning: trait objects without an explicit `dyn` are deprecated
[INFO] [stdout]   --> src/file/source/file.rs:94:59
[INFO] [stdout]    |
[INFO] [stdout] 94 |     ) -> Result<(Option<String>, String, FileFormat), Box<Error + Send + Sync>> {
[INFO] [stdout]    |                                                           ^^^^^^^^^^^^^^^^^^^
[INFO] [stdout]    |
[INFO] [stdout]    = warning: this is accepted in the current edition (Rust 2015) but is a hard error in Rust 2021!
[INFO] [stdout]    = note: for more information, see <https://doc.rust-lang.org/nightly/edition-guide/rust-2021/warnings-promoted-to-error.html>
[INFO] [stdout] help: use `dyn`
[INFO] [stdout]    |
[INFO] [stdout] 94 |     ) -> Result<(Option<String>, String, FileFormat), Box<dyn Error + Send + Sync>> {
[INFO] [stdout]    |                                                           +++
[INFO] [stdout] 
[INFO] [stdout] 
[INFO] [stdout] warning: trait objects without an explicit `dyn` are deprecated
[INFO] [stdout]   --> src/file/source/string.rs:22:59
[INFO] [stdout]    |
[INFO] [stdout] 22 |     ) -> Result<(Option<String>, String, FileFormat), Box<Error + Send + Sync>> {
[INFO] [stdout]    |                                                           ^^^^^^^^^^^^^^^^^^^
[INFO] [stdout]    |
[INFO] [stdout]    = warning: this is accepted in the current edition (Rust 2015) but is a hard error in Rust 2021!
[INFO] [stdout]    = note: for more information, see <https://doc.rust-lang.org/nightly/edition-guide/rust-2021/warnings-promoted-to-error.html>
[INFO] [stdout] help: use `dyn`
[INFO] [stdout]    |
[INFO] [stdout] 22 |     ) -> Result<(Option<String>, String, FileFormat), Box<dyn Error + Send + Sync>> {
[INFO] [stdout]    |                                                           +++
[INFO] [stdout] 
[INFO] [stdout] 
[INFO] [stdout] warning: trait objects without an explicit `dyn` are deprecated
[INFO] [stdout]   --> src/path/parser.rs:29:37
[INFO] [stdout]    |
[INFO] [stdout] 29 | fn postfix(expr: Expression) -> Box<Fn(CompleteStr) -> IResult<CompleteStr, Expression>> {
[INFO] [stdout]    |                                     ^^^^^^^^^^^^^^^^^^^^^^^^^^^^^^^^^^^^^^^^^^^^^^^^^^^
[INFO] [stdout]    |
[INFO] [stdout]    = warning: this is accepted in the current edition (Rust 2015) but is a hard error in Rust 2021!
[INFO] [stdout]    = note: for more information, see <https://doc.rust-lang.org/nightly/edition-guide/rust-2021/warnings-promoted-to-error.html>
[INFO] [stdout] help: use `dyn`
[INFO] [stdout]    |
[INFO] [stdout] 29 | fn postfix(expr: Expression) -> Box<dyn Fn(CompleteStr) -> IResult<CompleteStr, Expression>> {
[INFO] [stdout]    |                                     +++
[INFO] [stdout] 
[INFO] [stdout] 
[INFO] [stdout] warning: trait objects without an explicit `dyn` are deprecated
[INFO] [stdout]   --> src/source.rs:38:20
[INFO] [stdout]    |
[INFO] [stdout] 38 | impl Clone for Box<Source + Send + Sync> {
[INFO] [stdout]    |                    ^^^^^^^^^^^^^^^^^^^^
[INFO] [stdout]    |
[INFO] [stdout]    = warning: this is accepted in the current edition (Rust 2015) but is a hard error in Rust 2021!
[INFO] [stdout]    = note: for more information, see <https://doc.rust-lang.org/nightly/edition-guide/rust-2021/warnings-promoted-to-error.html>
[INFO] [stdout] help: use `dyn`
[INFO] [stdout]    |
[INFO] [stdout] 38 | impl Clone for Box<dyn Source + Send + Sync> {
[INFO] [stdout]    |                    +++
[INFO] [stdout] 
[INFO] [stdout] 
[INFO] [stdout] warning: trait objects without an explicit `dyn` are deprecated
[INFO] [stdout]   --> src/source.rs:44:25
[INFO] [stdout]    |
[INFO] [stdout] 44 | impl Source for Vec<Box<Source + Send + Sync>> {
[INFO] [stdout]    |                         ^^^^^^^^^^^^^^^^^^^^
[INFO] [stdout]    |
[INFO] [stdout]    = warning: this is accepted in the current edition (Rust 2015) but is a hard error in Rust 2021!
[INFO] [stdout]    = note: for more information, see <https://doc.rust-lang.org/nightly/edition-guide/rust-2021/warnings-promoted-to-error.html>
[INFO] [stdout] help: use `dyn`
[INFO] [stdout]    |
[INFO] [stdout] 44 | impl Source for Vec<Box<dyn Source + Send + Sync>> {
[INFO] [stdout]    |                         +++
[INFO] [stdout] 
[INFO] [stdout] 
[INFO] [stdout] warning: trait objects without an explicit `dyn` are deprecated
[INFO] [stdout]   --> src/source.rs:10:37
[INFO] [stdout]    |
[INFO] [stdout] 10 |     fn clone_into_box(&self) -> Box<Source + Send + Sync>;
[INFO] [stdout]    |                                     ^^^^^^^^^^^^^^^^^^^^
[INFO] [stdout]    |
[INFO] [stdout]    = warning: this is accepted in the current edition (Rust 2015) but is a hard error in Rust 2021!
[INFO] [stdout]    = note: for more information, see <https://doc.rust-lang.org/nightly/edition-guide/rust-2021/warnings-promoted-to-error.html>
[INFO] [stdout] help: use `dyn`
[INFO] [stdout]    |
[INFO] [stdout] 10 |     fn clone_into_box(&self) -> Box<dyn Source + Send + Sync>;
[INFO] [stdout]    |                                     +++
[INFO] [stdout] 
[INFO] [stdout] 
[INFO] [stdout] warning: trait objects without an explicit `dyn` are deprecated
[INFO] [stdout]   --> src/source.rs:39:28
[INFO] [stdout]    |
[INFO] [stdout] 39 |     fn clone(&self) -> Box<Source + Send + Sync> {
[INFO] [stdout]    |                            ^^^^^^^^^^^^^^^^^^^^
[INFO] [stdout]    |
[INFO] [stdout]    = warning: this is accepted in the current edition (Rust 2015) but is a hard error in Rust 2021!
[INFO] [stdout]    = note: for more information, see <https://doc.rust-lang.org/nightly/edition-guide/rust-2021/warnings-promoted-to-error.html>
[INFO] [stdout] help: use `dyn`
[INFO] [stdout]    |
[INFO] [stdout] 39 |     fn clone(&self) -> Box<dyn Source + Send + Sync> {
[INFO] [stdout]    |                            +++
[INFO] [stdout] 
[INFO] [stdout] 
[INFO] [stdout] warning: trait objects without an explicit `dyn` are deprecated
[INFO] [stdout]   --> src/source.rs:45:37
[INFO] [stdout]    |
[INFO] [stdout] 45 |     fn clone_into_box(&self) -> Box<Source + Send + Sync> {
[INFO] [stdout]    |                                     ^^^^^^^^^^^^^^^^^^^^
[INFO] [stdout]    |
[INFO] [stdout]    = warning: this is accepted in the current edition (Rust 2015) but is a hard error in Rust 2021!
[INFO] [stdout]    = note: for more information, see <https://doc.rust-lang.org/nightly/edition-guide/rust-2021/warnings-promoted-to-error.html>
[INFO] [stdout] help: use `dyn`
[INFO] [stdout]    |
[INFO] [stdout] 45 |     fn clone_into_box(&self) -> Box<dyn Source + Send + Sync> {
[INFO] [stdout]    |                                     +++
[INFO] [stdout] 
[INFO] [stdout] 
[INFO] [stdout] warning: trait objects without an explicit `dyn` are deprecated
[INFO] [stdout]   --> src/source.rs:70:37
[INFO] [stdout]    |
[INFO] [stdout] 70 |     fn clone_into_box(&self) -> Box<Source + Send + Sync> {
[INFO] [stdout]    |                                     ^^^^^^^^^^^^^^^^^^^^
[INFO] [stdout]    |
[INFO] [stdout]    = warning: this is accepted in the current edition (Rust 2015) but is a hard error in Rust 2021!
[INFO] [stdout]    = note: for more information, see <https://doc.rust-lang.org/nightly/edition-guide/rust-2021/warnings-promoted-to-error.html>
[INFO] [stdout] help: use `dyn`
[INFO] [stdout]    |
[INFO] [stdout] 70 |     fn clone_into_box(&self) -> Box<dyn Source + Send + Sync> {
[INFO] [stdout]    |                                     +++
[INFO] [stdout] 
[INFO] [stdout] 
[INFO] [stdout] warning: use of deprecated method `std::error::Error::description`: use the Display impl or to_string()
[INFO] [stdout]    --> src/error.rs:169:85
[INFO] [stdout]     |
[INFO] [stdout] 169 |             ConfigError::Frozen | ConfigError::PathParse(_) => write!(f, "{}", self.description()),
[INFO] [stdout]     |                                                                                     ^^^^^^^^^^^
[INFO] [stdout] 
[INFO] [stdout] 
[INFO] [stdout] warning: use of deprecated method `std::error::Error::description`: use the Display impl or to_string()
[INFO] [stdout]    --> src/error.rs:218:23
[INFO] [stdout]     |
[INFO] [stdout] 218 |                 cause.description()
[INFO] [stdout]     |                       ^^^^^^^^^^^
[INFO] [stdout] 
[INFO] [stdout] 
[INFO] [stdout] warning: variable does not need to be mutable
[INFO] [stdout]    --> src/path/mod.rs:155:21
[INFO] [stdout]     |
[INFO] [stdout] 155 |                 let mut do_again = false;
[INFO] [stdout]     |                     ----^^^^^^^^
[INFO] [stdout]     |                     |
[INFO] [stdout]     |                     help: remove this `mut`
[INFO] [stdout]     |
[INFO] [stdout]     = note: `#[warn(unused_mut)]` on by default
[INFO] [stdout] 
[INFO] [stdout] 
[INFO] [stdout] warning: 29 warnings emitted
[INFO] [stdout] 
[INFO] [stdout] 
[INFO] [stderr]     Finished dev [unoptimized + debuginfo] target(s) in 4.44s
[INFO] [stderr] warning: the following packages contain code that will be rejected by a future version of Rust: nom v4.2.3
[INFO] [stderr] note: to see what the problems were, use the option `--future-incompat-report`, or run `cargo report future-incompatibilities --id 1`
[INFO] running `Command { std: "docker" "inspect" "a7dc918823ba67638debff0798971d28239c6272119b40e0780dd0d1e03199a0", kill_on_drop: false }`
[INFO] running `Command { std: "docker" "rm" "-f" "a7dc918823ba67638debff0798971d28239c6272119b40e0780dd0d1e03199a0", kill_on_drop: false }`
[INFO] [stdout] a7dc918823ba67638debff0798971d28239c6272119b40e0780dd0d1e03199a0
[INFO] running `Command { std: "docker" "create" "-v" "/var/lib/crater-agent-workspace/builds/worker-5-tc1/target:/opt/rustwide/target:rw,Z" "-v" "/var/lib/crater-agent-workspace/builds/worker-5-tc1/source:/opt/rustwide/workdir:ro,Z" "-v" "/var/lib/crater-agent-workspace/cargo-home:/opt/rustwide/cargo-home:ro,Z" "-v" "/var/lib/crater-agent-workspace/rustup-home:/opt/rustwide/rustup-home:ro,Z" "-e" "SOURCE_DIR=/opt/rustwide/workdir" "-e" "CARGO_TARGET_DIR=/opt/rustwide/target" "-e" "CARGO_INCREMENTAL=0" "-e" "RUST_BACKTRACE=full" "-e" "RUSTFLAGS=--cap-lints=warn" "-e" "RUSTDOCFLAGS=--cap-lints=warn" "-e" "CARGO_HOME=/opt/rustwide/cargo-home" "-e" "RUSTUP_HOME=/opt/rustwide/rustup-home" "-w" "/opt/rustwide/workdir" "-m" "1610612736" "--user" "0:0" "--network" "none" "ghcr.io/rust-lang/crates-build-env/linux@sha256:2788e3201cd34a07e3172128adcd8b3090168a8e3bcc40d7c032b9dda1df7d1c" "/opt/rustwide/cargo-home/bin/cargo" "+1.75.0" "test" "--frozen" "--no-run" "--message-format=json", kill_on_drop: false }`
[INFO] [stdout] cfff8b1f64999d7831a6e3291f73e2d137a03a0bcf0fc36c34700f755887a05e
[INFO] running `Command { std: "docker" "start" "-a" "cfff8b1f64999d7831a6e3291f73e2d137a03a0bcf0fc36c34700f755887a05e", kill_on_drop: false }`
[INFO] [stderr]    Compiling iana-time-zone v0.1.59
[INFO] [stderr]    Compiling float-cmp v0.4.0
[INFO] [stderr]    Compiling syn v2.0.48
[INFO] [stdout] warning: use of deprecated macro `try`: use the `?` operator instead
[INFO] [stdout]    --> src/value.rs:503:40
[INFO] [stdout]     |
[INFO] [stdout] 503 |                 while let Some(elem) = try!(visitor.next_element()) {
[INFO] [stdout]     |                                        ^^^
[INFO] [stdout]     |
[INFO] [stdout]     = note: `#[warn(deprecated)]` on by default
[INFO] [stdout] 
[INFO] [stdout] 
[INFO] [stdout] warning: use of deprecated macro `try`: use the `?` operator instead
[INFO] [stdout]    --> src/value.rs:516:48
[INFO] [stdout]     |
[INFO] [stdout] 516 |                 while let Some((key, value)) = try!(visitor.next_entry()) {
[INFO] [stdout]     |                                                ^^^
[INFO] [stdout] 
[INFO] [stdout] 
[INFO] [stdout] warning: trait objects without an explicit `dyn` are deprecated
[INFO] [stdout]   --> src/config.rs:21:26
[INFO] [stdout]    |
[INFO] [stdout] 21 |         sources: Vec<Box<Source + Send + Sync>>,
[INFO] [stdout]    |                          ^^^^^^^^^^^^^^^^^^^^
[INFO] [stdout]    |
[INFO] [stdout]    = warning: this is accepted in the current edition (Rust 2015) but is a hard error in Rust 2021!
[INFO] [stdout]    = note: for more information, see <https://doc.rust-lang.org/nightly/edition-guide/rust-2021/warnings-promoted-to-error.html>
[INFO] [stdout]    = note: `#[warn(bare_trait_objects)]` on by default
[INFO] [stdout] help: use `dyn`
[INFO] [stdout]    |
[INFO] [stdout] 21 |         sources: Vec<Box<dyn Source + Send + Sync>>,
[INFO] [stdout]    |                          +++
[INFO] [stdout] 
[INFO] [stdout] 
[INFO] [stdout] warning: trait objects without an explicit `dyn` are deprecated
[INFO] [stdout]   --> src/error.rs:54:20
[INFO] [stdout]    |
[INFO] [stdout] 54 |         cause: Box<Error + Send + Sync>,
[INFO] [stdout]    |                    ^^^^^^^^^^^^^^^^^^^
[INFO] [stdout]    |
[INFO] [stdout]    = warning: this is accepted in the current edition (Rust 2015) but is a hard error in Rust 2021!
[INFO] [stdout]    = note: for more information, see <https://doc.rust-lang.org/nightly/edition-guide/rust-2021/warnings-promoted-to-error.html>
[INFO] [stdout] help: use `dyn`
[INFO] [stdout]    |
[INFO] [stdout] 54 |         cause: Box<dyn Error + Send + Sync>,
[INFO] [stdout]    |                    +++
[INFO] [stdout] 
[INFO] [stdout] 
[INFO] [stdout] warning: trait objects without an explicit `dyn` are deprecated
[INFO] [stdout]   --> src/error.rs:79:17
[INFO] [stdout]    |
[INFO] [stdout] 79 |     Foreign(Box<Error + Send + Sync>),
[INFO] [stdout]    |                 ^^^^^^^^^^^^^^^^^^^
[INFO] [stdout]    |
[INFO] [stdout]    = warning: this is accepted in the current edition (Rust 2015) but is a hard error in Rust 2021!
[INFO] [stdout]    = note: for more information, see <https://doc.rust-lang.org/nightly/edition-guide/rust-2021/warnings-promoted-to-error.html>
[INFO] [stdout] help: use `dyn`
[INFO] [stdout]    |
[INFO] [stdout] 79 |     Foreign(Box<dyn Error + Send + Sync>),
[INFO] [stdout]    |                 +++
[INFO] [stdout] 
[INFO] [stdout] 
[INFO] [stdout] warning: trait objects without an explicit `dyn` are deprecated
[INFO] [stdout]    --> src/config.rs:215:37
[INFO] [stdout]     |
[INFO] [stdout] 215 |     fn clone_into_box(&self) -> Box<Source + Send + Sync> {
[INFO] [stdout]     |                                     ^^^^^^^^^^^^^^^^^^^^
[INFO] [stdout]     |
[INFO] [stdout]     = warning: this is accepted in the current edition (Rust 2015) but is a hard error in Rust 2021!
[INFO] [stdout]     = note: for more information, see <https://doc.rust-lang.org/nightly/edition-guide/rust-2021/warnings-promoted-to-error.html>
[INFO] [stdout] help: use `dyn`
[INFO] [stdout]     |
[INFO] [stdout] 215 |     fn clone_into_box(&self) -> Box<dyn Source + Send + Sync> {
[INFO] [stdout]     |                                     +++
[INFO] [stdout] 
[INFO] [stdout] 
[INFO] [stdout] warning: trait objects without an explicit `dyn` are deprecated
[INFO] [stdout]   --> src/env.rs:66:37
[INFO] [stdout]    |
[INFO] [stdout] 66 |     fn clone_into_box(&self) -> Box<Source + Send + Sync> {
[INFO] [stdout]    |                                     ^^^^^^^^^^^^^^^^^^^^
[INFO] [stdout]    |
[INFO] [stdout]    = warning: this is accepted in the current edition (Rust 2015) but is a hard error in Rust 2021!
[INFO] [stdout]    = note: for more information, see <https://doc.rust-lang.org/nightly/edition-guide/rust-2021/warnings-promoted-to-error.html>
[INFO] [stdout] help: use `dyn`
[INFO] [stdout]    |
[INFO] [stdout] 66 |     fn clone_into_box(&self) -> Box<dyn Source + Send + Sync> {
[INFO] [stdout]    |                                     +++
[INFO] [stdout] 
[INFO] [stdout] 
[INFO] [stdout] warning: trait objects without an explicit `dyn` are deprecated
[INFO] [stdout]    --> src/error.rs:226:32
[INFO] [stdout]     |
[INFO] [stdout] 226 |     fn cause(&self) -> Option<&Error> {
[INFO] [stdout]     |                                ^^^^^
[INFO] [stdout]     |
[INFO] [stdout]     = warning: this is accepted in the current edition (Rust 2015) but is a hard error in Rust 2021!
[INFO] [stdout]     = note: for more information, see <https://doc.rust-lang.org/nightly/edition-guide/rust-2021/warnings-promoted-to-error.html>
[INFO] [stdout] help: use `dyn`
[INFO] [stdout]     |
[INFO] [stdout] 226 |     fn cause(&self) -> Option<&dyn Error> {
[INFO] [stdout]     |                                +++
[INFO] [stdout] 
[INFO] [stdout] 
[INFO] [stdout] warning: trait objects without an explicit `dyn` are deprecated
[INFO] [stdout]   --> src/file/mod.rs:97:37
[INFO] [stdout]    |
[INFO] [stdout] 97 |     fn clone_into_box(&self) -> Box<Source + Send + Sync> {
[INFO] [stdout]    |                                     ^^^^^^^^^^^^^^^^^^^^
[INFO] [stdout]    |
[INFO] [stdout]    = warning: this is accepted in the current edition (Rust 2015) but is a hard error in Rust 2021!
[INFO] [stdout]    = note: for more information, see <https://doc.rust-lang.org/nightly/edition-guide/rust-2021/warnings-promoted-to-error.html>
[INFO] [stdout] help: use `dyn`
[INFO] [stdout]    |
[INFO] [stdout] 97 |     fn clone_into_box(&self) -> Box<dyn Source + Send + Sync> {
[INFO] [stdout]    |                                     +++
[INFO] [stdout] 
[INFO] [stdout] 
[INFO] [stdout] warning: trait objects without an explicit `dyn` are deprecated
[INFO] [stdout]   --> src/file/format/mod.rs:89:45
[INFO] [stdout]    |
[INFO] [stdout] 89 |     ) -> Result<HashMap<String, Value>, Box<Error + Send + Sync>> {
[INFO] [stdout]    |                                             ^^^^^^^^^^^^^^^^^^^
[INFO] [stdout]    |
[INFO] [stdout]    = warning: this is accepted in the current edition (Rust 2015) but is a hard error in Rust 2021!
[INFO] [stdout]    = note: for more information, see <https://doc.rust-lang.org/nightly/edition-guide/rust-2021/warnings-promoted-to-error.html>
[INFO] [stdout] help: use `dyn`
[INFO] [stdout]    |
[INFO] [stdout] 89 |     ) -> Result<HashMap<String, Value>, Box<dyn Error + Send + Sync>> {
[INFO] [stdout]    |                                             +++
[INFO] [stdout] 
[INFO] [stdout] 
[INFO] [stdout] warning: trait objects without an explicit `dyn` are deprecated
[INFO] [stdout]   --> src/file/format/toml.rs:10:41
[INFO] [stdout]    |
[INFO] [stdout] 10 | ) -> Result<HashMap<String, Value>, Box<Error + Send + Sync>> {
[INFO] [stdout]    |                                         ^^^^^^^^^^^^^^^^^^^
[INFO] [stdout]    |
[INFO] [stdout]    = warning: this is accepted in the current edition (Rust 2015) but is a hard error in Rust 2021!
[INFO] [stdout]    = note: for more information, see <https://doc.rust-lang.org/nightly/edition-guide/rust-2021/warnings-promoted-to-error.html>
[INFO] [stdout] help: use `dyn`
[INFO] [stdout]    |
[INFO] [stdout] 10 | ) -> Result<HashMap<String, Value>, Box<dyn Error + Send + Sync>> {
[INFO] [stdout]    |                                         +++
[INFO] [stdout] 
[INFO] [stdout] 
[INFO] [stdout] warning: trait objects without an explicit `dyn` are deprecated
[INFO] [stdout]   --> src/file/format/json.rs:10:41
[INFO] [stdout]    |
[INFO] [stdout] 10 | ) -> Result<HashMap<String, Value>, Box<Error + Send + Sync>> {
[INFO] [stdout]    |                                         ^^^^^^^^^^^^^^^^^^^
[INFO] [stdout]    |
[INFO] [stdout]    = warning: this is accepted in the current edition (Rust 2015) but is a hard error in Rust 2021!
[INFO] [stdout]    = note: for more information, see <https://doc.rust-lang.org/nightly/edition-guide/rust-2021/warnings-promoted-to-error.html>
[INFO] [stdout] help: use `dyn`
[INFO] [stdout]    |
[INFO] [stdout] 10 | ) -> Result<HashMap<String, Value>, Box<dyn Error + Send + Sync>> {
[INFO] [stdout]    |                                         +++
[INFO] [stdout] 
[INFO] [stdout] 
[INFO] [stdout] warning: trait objects without an explicit `dyn` are deprecated
[INFO] [stdout]   --> src/file/format/yaml.rs:12:41
[INFO] [stdout]    |
[INFO] [stdout] 12 | ) -> Result<HashMap<String, Value>, Box<Error + Send + Sync>> {
[INFO] [stdout]    |                                         ^^^^^^^^^^^^^^^^^^^
[INFO] [stdout]    |
[INFO] [stdout]    = warning: this is accepted in the current edition (Rust 2015) but is a hard error in Rust 2021!
[INFO] [stdout]    = note: for more information, see <https://doc.rust-lang.org/nightly/edition-guide/rust-2021/warnings-promoted-to-error.html>
[INFO] [stdout] help: use `dyn`
[INFO] [stdout]    |
[INFO] [stdout] 12 | ) -> Result<HashMap<String, Value>, Box<dyn Error + Send + Sync>> {
[INFO] [stdout]    |                                         +++
[INFO] [stdout] 
[INFO] [stdout] 
[INFO] [stdout] warning: trait objects without an explicit `dyn` are deprecated
[INFO] [stdout]   --> src/file/format/hjson.rs:10:41
[INFO] [stdout]    |
[INFO] [stdout] 10 | ) -> Result<HashMap<String, Value>, Box<Error + Send + Sync>> {
[INFO] [stdout]    |                                         ^^^^^^^^^^^^^^^^^^^
[INFO] [stdout]    |
[INFO] [stdout]    = warning: this is accepted in the current edition (Rust 2015) but is a hard error in Rust 2021!
[INFO] [stdout]    = note: for more information, see <https://doc.rust-lang.org/nightly/edition-guide/rust-2021/warnings-promoted-to-error.html>
[INFO] [stdout] help: use `dyn`
[INFO] [stdout]    |
[INFO] [stdout] 10 | ) -> Result<HashMap<String, Value>, Box<dyn Error + Send + Sync>> {
[INFO] [stdout]    |                                         +++
[INFO] [stdout] 
[INFO] [stdout] 
[INFO] [stdout] warning: trait objects without an explicit `dyn` are deprecated
[INFO] [stdout]   --> src/file/format/ini.rs:10:41
[INFO] [stdout]    |
[INFO] [stdout] 10 | ) -> Result<HashMap<String, Value>, Box<Error + Send + Sync>> {
[INFO] [stdout]    |                                         ^^^^^^^^^^^^^^^^^^^
[INFO] [stdout]    |
[INFO] [stdout]    = warning: this is accepted in the current edition (Rust 2015) but is a hard error in Rust 2021!
[INFO] [stdout]    = note: for more information, see <https://doc.rust-lang.org/nightly/edition-guide/rust-2021/warnings-promoted-to-error.html>
[INFO] [stdout] help: use `dyn`
[INFO] [stdout]    |
[INFO] [stdout] 10 | ) -> Result<HashMap<String, Value>, Box<dyn Error + Send + Sync>> {
[INFO] [stdout]    |                                         +++
[INFO] [stdout] 
[INFO] [stdout] 
[INFO] [stdout] warning: trait objects without an explicit `dyn` are deprecated
[INFO] [stdout]   --> src/file/source/mod.rs:15:59
[INFO] [stdout]    |
[INFO] [stdout] 15 |     ) -> Result<(Option<String>, String, FileFormat), Box<Error + Send + Sync>>;
[INFO] [stdout]    |                                                           ^^^^^^^^^^^^^^^^^^^
[INFO] [stdout]    |
[INFO] [stdout]    = warning: this is accepted in the current edition (Rust 2015) but is a hard error in Rust 2021!
[INFO] [stdout]    = note: for more information, see <https://doc.rust-lang.org/nightly/edition-guide/rust-2021/warnings-promoted-to-error.html>
[INFO] [stdout] help: use `dyn`
[INFO] [stdout]    |
[INFO] [stdout] 15 |     ) -> Result<(Option<String>, String, FileFormat), Box<dyn Error + Send + Sync>>;
[INFO] [stdout]    |                                                           +++
[INFO] [stdout] 
[INFO] [stdout] 
[INFO] [stdout] warning: trait objects without an explicit `dyn` are deprecated
[INFO] [stdout]   --> src/file/source/file.rs:30:44
[INFO] [stdout]    |
[INFO] [stdout] 30 |     ) -> Result<(PathBuf, FileFormat), Box<Error + Send + Sync>> {
[INFO] [stdout]    |                                            ^^^^^^^^^^^^^^^^^^^
[INFO] [stdout]    |
[INFO] [stdout]    = warning: this is accepted in the current edition (Rust 2015) but is a hard error in Rust 2021!
[INFO] [stdout]    = note: for more information, see <https://doc.rust-lang.org/nightly/edition-guide/rust-2021/warnings-promoted-to-error.html>
[INFO] [stdout] help: use `dyn`
[INFO] [stdout]    |
[INFO] [stdout] 30 |     ) -> Result<(PathBuf, FileFormat), Box<dyn Error + Send + Sync>> {
[INFO] [stdout]    |                                            +++
[INFO] [stdout] 
[INFO] [stdout] 
[INFO] [stdout] warning: trait objects without an explicit `dyn` are deprecated
[INFO] [stdout]   --> src/file/source/file.rs:94:59
[INFO] [stdout]    |
[INFO] [stdout] 94 |     ) -> Result<(Option<String>, String, FileFormat), Box<Error + Send + Sync>> {
[INFO] [stdout]    |                                                           ^^^^^^^^^^^^^^^^^^^
[INFO] [stdout]    |
[INFO] [stdout]    = warning: this is accepted in the current edition (Rust 2015) but is a hard error in Rust 2021!
[INFO] [stdout]    = note: for more information, see <https://doc.rust-lang.org/nightly/edition-guide/rust-2021/warnings-promoted-to-error.html>
[INFO] [stdout] help: use `dyn`
[INFO] [stdout]    |
[INFO] [stdout] 94 |     ) -> Result<(Option<String>, String, FileFormat), Box<dyn Error + Send + Sync>> {
[INFO] [stdout]    |                                                           +++
[INFO] [stdout] 
[INFO] [stdout] 
[INFO] [stdout] warning: trait objects without an explicit `dyn` are deprecated
[INFO] [stdout]   --> src/file/source/string.rs:22:59
[INFO] [stdout]    |
[INFO] [stdout] 22 |     ) -> Result<(Option<String>, String, FileFormat), Box<Error + Send + Sync>> {
[INFO] [stdout]    |                                                           ^^^^^^^^^^^^^^^^^^^
[INFO] [stdout]    |
[INFO] [stdout]    = warning: this is accepted in the current edition (Rust 2015) but is a hard error in Rust 2021!
[INFO] [stdout]    = note: for more information, see <https://doc.rust-lang.org/nightly/edition-guide/rust-2021/warnings-promoted-to-error.html>
[INFO] [stdout] help: use `dyn`
[INFO] [stdout]    |
[INFO] [stdout] 22 |     ) -> Result<(Option<String>, String, FileFormat), Box<dyn Error + Send + Sync>> {
[INFO] [stdout]    |                                                           +++
[INFO] [stdout] 
[INFO] [stdout] 
[INFO] [stdout] warning: trait objects without an explicit `dyn` are deprecated
[INFO] [stdout]   --> src/path/parser.rs:29:37
[INFO] [stdout]    |
[INFO] [stdout] 29 | fn postfix(expr: Expression) -> Box<Fn(CompleteStr) -> IResult<CompleteStr, Expression>> {
[INFO] [stdout]    |                                     ^^^^^^^^^^^^^^^^^^^^^^^^^^^^^^^^^^^^^^^^^^^^^^^^^^^
[INFO] [stdout]    |
[INFO] [stdout]    = warning: this is accepted in the current edition (Rust 2015) but is a hard error in Rust 2021!
[INFO] [stdout]    = note: for more information, see <https://doc.rust-lang.org/nightly/edition-guide/rust-2021/warnings-promoted-to-error.html>
[INFO] [stdout] help: use `dyn`
[INFO] [stdout]    |
[INFO] [stdout] 29 | fn postfix(expr: Expression) -> Box<dyn Fn(CompleteStr) -> IResult<CompleteStr, Expression>> {
[INFO] [stdout]    |                                     +++
[INFO] [stdout] 
[INFO] [stdout] 
[INFO] [stdout] warning: trait objects without an explicit `dyn` are deprecated
[INFO] [stdout]   --> src/source.rs:38:20
[INFO] [stdout]    |
[INFO] [stdout] 38 | impl Clone for Box<Source + Send + Sync> {
[INFO] [stdout]    |                    ^^^^^^^^^^^^^^^^^^^^
[INFO] [stdout]    |
[INFO] [stdout]    = warning: this is accepted in the current edition (Rust 2015) but is a hard error in Rust 2021!
[INFO] [stdout]    = note: for more information, see <https://doc.rust-lang.org/nightly/edition-guide/rust-2021/warnings-promoted-to-error.html>
[INFO] [stdout] help: use `dyn`
[INFO] [stdout]    |
[INFO] [stdout] 38 | impl Clone for Box<dyn Source + Send + Sync> {
[INFO] [stdout]    |                    +++
[INFO] [stdout] 
[INFO] [stdout] 
[INFO] [stdout] warning: trait objects without an explicit `dyn` are deprecated
[INFO] [stdout]   --> src/source.rs:44:25
[INFO] [stdout]    |
[INFO] [stdout] 44 | impl Source for Vec<Box<Source + Send + Sync>> {
[INFO] [stdout]    |                         ^^^^^^^^^^^^^^^^^^^^
[INFO] [stdout]    |
[INFO] [stdout]    = warning: this is accepted in the current edition (Rust 2015) but is a hard error in Rust 2021!
[INFO] [stdout]    = note: for more information, see <https://doc.rust-lang.org/nightly/edition-guide/rust-2021/warnings-promoted-to-error.html>
[INFO] [stdout] help: use `dyn`
[INFO] [stdout]    |
[INFO] [stdout] 44 | impl Source for Vec<Box<dyn Source + Send + Sync>> {
[INFO] [stdout]    |                         +++
[INFO] [stdout] 
[INFO] [stdout] 
[INFO] [stdout] warning: trait objects without an explicit `dyn` are deprecated
[INFO] [stdout]   --> src/source.rs:10:37
[INFO] [stdout]    |
[INFO] [stdout] 10 |     fn clone_into_box(&self) -> Box<Source + Send + Sync>;
[INFO] [stdout]    |                                     ^^^^^^^^^^^^^^^^^^^^
[INFO] [stdout]    |
[INFO] [stdout]    = warning: this is accepted in the current edition (Rust 2015) but is a hard error in Rust 2021!
[INFO] [stdout]    = note: for more information, see <https://doc.rust-lang.org/nightly/edition-guide/rust-2021/warnings-promoted-to-error.html>
[INFO] [stdout] help: use `dyn`
[INFO] [stdout]    |
[INFO] [stdout] 10 |     fn clone_into_box(&self) -> Box<dyn Source + Send + Sync>;
[INFO] [stdout]    |                                     +++
[INFO] [stdout] 
[INFO] [stdout] 
[INFO] [stdout] warning: trait objects without an explicit `dyn` are deprecated
[INFO] [stdout]   --> src/source.rs:39:28
[INFO] [stdout]    |
[INFO] [stdout] 39 |     fn clone(&self) -> Box<Source + Send + Sync> {
[INFO] [stdout]    |                            ^^^^^^^^^^^^^^^^^^^^
[INFO] [stdout]    |
[INFO] [stdout]    = warning: this is accepted in the current edition (Rust 2015) but is a hard error in Rust 2021!
[INFO] [stdout]    = note: for more information, see <https://doc.rust-lang.org/nightly/edition-guide/rust-2021/warnings-promoted-to-error.html>
[INFO] [stdout] help: use `dyn`
[INFO] [stdout]    |
[INFO] [stdout] 39 |     fn clone(&self) -> Box<dyn Source + Send + Sync> {
[INFO] [stdout]    |                            +++
[INFO] [stdout] 
[INFO] [stdout] 
[INFO] [stdout] warning: trait objects without an explicit `dyn` are deprecated
[INFO] [stdout]   --> src/source.rs:45:37
[INFO] [stdout]    |
[INFO] [stdout] 45 |     fn clone_into_box(&self) -> Box<Source + Send + Sync> {
[INFO] [stdout]    |                                     ^^^^^^^^^^^^^^^^^^^^
[INFO] [stdout]    |
[INFO] [stdout]    = warning: this is accepted in the current edition (Rust 2015) but is a hard error in Rust 2021!
[INFO] [stdout]    = note: for more information, see <https://doc.rust-lang.org/nightly/edition-guide/rust-2021/warnings-promoted-to-error.html>
[INFO] [stdout] help: use `dyn`
[INFO] [stdout]    |
[INFO] [stdout] 45 |     fn clone_into_box(&self) -> Box<dyn Source + Send + Sync> {
[INFO] [stdout]    |                                     +++
[INFO] [stdout] 
[INFO] [stdout] 
[INFO] [stdout] warning: trait objects without an explicit `dyn` are deprecated
[INFO] [stdout]   --> src/source.rs:70:37
[INFO] [stdout]    |
[INFO] [stdout] 70 |     fn clone_into_box(&self) -> Box<Source + Send + Sync> {
[INFO] [stdout]    |                                     ^^^^^^^^^^^^^^^^^^^^
[INFO] [stdout]    |
[INFO] [stdout]    = warning: this is accepted in the current edition (Rust 2015) but is a hard error in Rust 2021!
[INFO] [stdout]    = note: for more information, see <https://doc.rust-lang.org/nightly/edition-guide/rust-2021/warnings-promoted-to-error.html>
[INFO] [stdout] help: use `dyn`
[INFO] [stdout]    |
[INFO] [stdout] 70 |     fn clone_into_box(&self) -> Box<dyn Source + Send + Sync> {
[INFO] [stdout]    |                                     +++
[INFO] [stdout] 
[INFO] [stdout] 
[INFO] [stdout] warning: use of deprecated method `std::error::Error::description`: use the Display impl or to_string()
[INFO] [stdout]    --> src/error.rs:169:85
[INFO] [stdout]     |
[INFO] [stdout] 169 |             ConfigError::Frozen | ConfigError::PathParse(_) => write!(f, "{}", self.description()),
[INFO] [stdout]     |                                                                                     ^^^^^^^^^^^
[INFO] [stdout] 
[INFO] [stdout] 
[INFO] [stdout] warning: use of deprecated method `std::error::Error::description`: use the Display impl or to_string()
[INFO] [stdout]    --> src/error.rs:218:23
[INFO] [stdout]     |
[INFO] [stdout] 218 |                 cause.description()
[INFO] [stdout]     |                       ^^^^^^^^^^^
[INFO] [stdout] 
[INFO] [stdout] 
[INFO] [stdout] warning: variable does not need to be mutable
[INFO] [stdout]    --> src/path/mod.rs:155:21
[INFO] [stdout]     |
[INFO] [stdout] 155 |                 let mut do_again = false;
[INFO] [stdout]     |                     ----^^^^^^^^
[INFO] [stdout]     |                     |
[INFO] [stdout]     |                     help: remove this `mut`
[INFO] [stdout]     |
[INFO] [stdout]     = note: `#[warn(unused_mut)]` on by default
[INFO] [stdout] 
[INFO] [stdout] 
[INFO] [stdout] warning: 29 warnings emitted
[INFO] [stdout] 
[INFO] [stdout] 
[INFO] [stderr]    Compiling chrono v0.4.31
[INFO] [stderr]    Compiling serde_derive v1.0.194
[INFO] [stderr]    Compiling config-spirit-fork v0.1.0 (/opt/rustwide/workdir)
[INFO] [stdout] warning: use of deprecated method `chrono::TimeZone::ymd`: use `with_ymd_and_hms()` instead
[INFO] [stdout]   --> tests/datetime.rs:96:26
[INFO] [stdout]    |
[INFO] [stdout] 96 |     assert_eq!(date, Utc.ymd(2017, 5, 10).and_hms(2, 14, 53));
[INFO] [stdout]    |                          ^^^
[INFO] [stdout]    |
[INFO] [stdout]    = note: `#[warn(deprecated)]` on by default
[INFO] [stdout] 
[INFO] [stdout] 
[INFO] [stdout] warning: use of deprecated method `chrono::Date::<Tz>::and_hms`: Use and_hms_opt() instead
[INFO] [stdout]   --> tests/datetime.rs:96:43
[INFO] [stdout]    |
[INFO] [stdout] 96 |     assert_eq!(date, Utc.ymd(2017, 5, 10).and_hms(2, 14, 53));
[INFO] [stdout]    |                                           ^^^^^^^
[INFO] [stdout] 
[INFO] [stdout] 
[INFO] [stdout] warning: use of deprecated method `chrono::TimeZone::ymd`: use `with_ymd_and_hms()` instead
[INFO] [stdout]    --> tests/datetime.rs:101:26
[INFO] [stdout]     |
[INFO] [stdout] 101 |     assert_eq!(date, Utc.ymd(2017, 5, 11).and_hms(14, 55, 15));
[INFO] [stdout]     |                          ^^^
[INFO] [stdout] 
[INFO] [stdout] 
[INFO] [stdout] warning: use of deprecated method `chrono::Date::<Tz>::and_hms`: Use and_hms_opt() instead
[INFO] [stdout]    --> tests/datetime.rs:101:43
[INFO] [stdout]     |
[INFO] [stdout] 101 |     assert_eq!(date, Utc.ymd(2017, 5, 11).and_hms(14, 55, 15));
[INFO] [stdout]     |                                           ^^^^^^^
[INFO] [stdout] 
[INFO] [stdout] 
[INFO] [stdout] warning: use of deprecated method `chrono::TimeZone::ymd`: use `with_ymd_and_hms()` instead
[INFO] [stdout]    --> tests/datetime.rs:106:26
[INFO] [stdout]     |
[INFO] [stdout] 106 |     assert_eq!(date, Utc.ymd(2017, 6, 12).and_hms(10, 58, 30));
[INFO] [stdout]     |                          ^^^
[INFO] [stdout] 
[INFO] [stdout] 
[INFO] [stdout] warning: use of deprecated method `chrono::Date::<Tz>::and_hms`: Use and_hms_opt() instead
[INFO] [stdout]    --> tests/datetime.rs:106:43
[INFO] [stdout]     |
[INFO] [stdout] 106 |     assert_eq!(date, Utc.ymd(2017, 6, 12).and_hms(10, 58, 30));
[INFO] [stdout]     |                                           ^^^^^^^
[INFO] [stdout] 
[INFO] [stdout] 
[INFO] [stdout] warning: use of deprecated method `chrono::TimeZone::ymd`: use `with_ymd_and_hms()` instead
[INFO] [stdout]    --> tests/datetime.rs:111:26
[INFO] [stdout]     |
[INFO] [stdout] 111 |     assert_eq!(date, Utc.ymd(2017, 5, 10).and_hms(2, 14, 53));
[INFO] [stdout]     |                          ^^^
[INFO] [stdout] 
[INFO] [stdout] 
[INFO] [stdout] warning: use of deprecated method `chrono::Date::<Tz>::and_hms`: Use and_hms_opt() instead
[INFO] [stdout]    --> tests/datetime.rs:111:43
[INFO] [stdout]     |
[INFO] [stdout] 111 |     assert_eq!(date, Utc.ymd(2017, 5, 10).and_hms(2, 14, 53));
[INFO] [stdout]     |                                           ^^^^^^^
[INFO] [stdout] 
[INFO] [stdout] 
[INFO] [stdout] warning: use of deprecated method `chrono::TimeZone::ymd`: use `with_ymd_and_hms()` instead
[INFO] [stdout]    --> tests/datetime.rs:116:26
[INFO] [stdout]     |
[INFO] [stdout] 116 |     assert_eq!(date, Utc.ymd(2017, 5, 10).and_hms(2, 14, 53));
[INFO] [stdout]     |                          ^^^
[INFO] [stdout] 
[INFO] [stdout] 
[INFO] [stdout] warning: use of deprecated method `chrono::Date::<Tz>::and_hms`: Use and_hms_opt() instead
[INFO] [stdout]    --> tests/datetime.rs:116:43
[INFO] [stdout]     |
[INFO] [stdout] 116 |     assert_eq!(date, Utc.ymd(2017, 5, 10).and_hms(2, 14, 53));
[INFO] [stdout]     |                                           ^^^^^^^
[INFO] [stdout] 
[INFO] [stdout] 
[INFO] [stdout] warning: use of deprecated macro `try`: use the `?` operator instead
[INFO] [stdout]    --> src/value.rs:503:40
[INFO] [stdout]     |
[INFO] [stdout] 503 |                 while let Some(elem) = try!(visitor.next_element()) {
[INFO] [stdout]     |                                        ^^^
[INFO] [stdout]     |
[INFO] [stdout]     = note: `#[warn(deprecated)]` on by default
[INFO] [stdout] 
[INFO] [stdout] 
[INFO] [stdout] warning: use of deprecated macro `try`: use the `?` operator instead
[INFO] [stdout]    --> src/value.rs:516:48
[INFO] [stdout]     |
[INFO] [stdout] 516 |                 while let Some((key, value)) = try!(visitor.next_entry()) {
[INFO] [stdout]     |                                                ^^^
[INFO] [stdout] 
[INFO] [stdout] 
[INFO] [stdout] warning: trait objects without an explicit `dyn` are deprecated
[INFO] [stdout]   --> src/config.rs:21:26
[INFO] [stdout]    |
[INFO] [stdout] 21 |         sources: Vec<Box<Source + Send + Sync>>,
[INFO] [stdout]    |                          ^^^^^^^^^^^^^^^^^^^^
[INFO] [stdout]    |
[INFO] [stdout]    = warning: this is accepted in the current edition (Rust 2015) but is a hard error in Rust 2021!
[INFO] [stdout]    = note: for more information, see <https://doc.rust-lang.org/nightly/edition-guide/rust-2021/warnings-promoted-to-error.html>
[INFO] [stdout]    = note: `#[warn(bare_trait_objects)]` on by default
[INFO] [stdout] help: use `dyn`
[INFO] [stdout]    |
[INFO] [stdout] 21 |         sources: Vec<Box<dyn Source + Send + Sync>>,
[INFO] [stdout]    |                          +++
[INFO] [stdout] 
[INFO] [stdout] 
[INFO] [stdout] warning: trait objects without an explicit `dyn` are deprecated
[INFO] [stdout]   --> src/error.rs:54:20
[INFO] [stdout]    |
[INFO] [stdout] 54 |         cause: Box<Error + Send + Sync>,
[INFO] [stdout]    |                    ^^^^^^^^^^^^^^^^^^^
[INFO] [stdout]    |
[INFO] [stdout]    = warning: this is accepted in the current edition (Rust 2015) but is a hard error in Rust 2021!
[INFO] [stdout]    = note: for more information, see <https://doc.rust-lang.org/nightly/edition-guide/rust-2021/warnings-promoted-to-error.html>
[INFO] [stdout] help: use `dyn`
[INFO] [stdout]    |
[INFO] [stdout] 54 |         cause: Box<dyn Error + Send + Sync>,
[INFO] [stdout]    |                    +++
[INFO] [stdout] 
[INFO] [stdout] 
[INFO] [stdout] warning: trait objects without an explicit `dyn` are deprecated
[INFO] [stdout]   --> src/error.rs:79:17
[INFO] [stdout]    |
[INFO] [stdout] 79 |     Foreign(Box<Error + Send + Sync>),
[INFO] [stdout]    |                 ^^^^^^^^^^^^^^^^^^^
[INFO] [stdout]    |
[INFO] [stdout]    = warning: this is accepted in the current edition (Rust 2015) but is a hard error in Rust 2021!
[INFO] [stdout]    = note: for more information, see <https://doc.rust-lang.org/nightly/edition-guide/rust-2021/warnings-promoted-to-error.html>
[INFO] [stdout] help: use `dyn`
[INFO] [stdout]    |
[INFO] [stdout] 79 |     Foreign(Box<dyn Error + Send + Sync>),
[INFO] [stdout]    |                 +++
[INFO] [stdout] 
[INFO] [stdout] 
[INFO] [stdout] warning: trait objects without an explicit `dyn` are deprecated
[INFO] [stdout]    --> src/config.rs:215:37
[INFO] [stdout]     |
[INFO] [stdout] 215 |     fn clone_into_box(&self) -> Box<Source + Send + Sync> {
[INFO] [stdout]     |                                     ^^^^^^^^^^^^^^^^^^^^
[INFO] [stdout]     |
[INFO] [stdout]     = warning: this is accepted in the current edition (Rust 2015) but is a hard error in Rust 2021!
[INFO] [stdout]     = note: for more information, see <https://doc.rust-lang.org/nightly/edition-guide/rust-2021/warnings-promoted-to-error.html>
[INFO] [stdout] help: use `dyn`
[INFO] [stdout]     |
[INFO] [stdout] 215 |     fn clone_into_box(&self) -> Box<dyn Source + Send + Sync> {
[INFO] [stdout]     |                                     +++
[INFO] [stdout] 
[INFO] [stdout] 
[INFO] [stdout] warning: trait objects without an explicit `dyn` are deprecated
[INFO] [stdout]   --> src/env.rs:66:37
[INFO] [stdout]    |
[INFO] [stdout] 66 |     fn clone_into_box(&self) -> Box<Source + Send + Sync> {
[INFO] [stdout]    |                                     ^^^^^^^^^^^^^^^^^^^^
[INFO] [stdout]    |
[INFO] [stdout]    = warning: this is accepted in the current edition (Rust 2015) but is a hard error in Rust 2021!
[INFO] [stdout]    = note: for more information, see <https://doc.rust-lang.org/nightly/edition-guide/rust-2021/warnings-promoted-to-error.html>
[INFO] [stdout] help: use `dyn`
[INFO] [stdout]    |
[INFO] [stdout] 66 |     fn clone_into_box(&self) -> Box<dyn Source + Send + Sync> {
[INFO] [stdout]    |                                     +++
[INFO] [stdout] 
[INFO] [stdout] 
[INFO] [stdout] warning: trait objects without an explicit `dyn` are deprecated
[INFO] [stdout]    --> src/error.rs:226:32
[INFO] [stdout]     |
[INFO] [stdout] 226 |     fn cause(&self) -> Option<&Error> {
[INFO] [stdout]     |                                ^^^^^
[INFO] [stdout]     |
[INFO] [stdout]     = warning: this is accepted in the current edition (Rust 2015) but is a hard error in Rust 2021!
[INFO] [stdout]     = note: for more information, see <https://doc.rust-lang.org/nightly/edition-guide/rust-2021/warnings-promoted-to-error.html>
[INFO] [stdout] help: use `dyn`
[INFO] [stdout]     |
[INFO] [stdout] 226 |     fn cause(&self) -> Option<&dyn Error> {
[INFO] [stdout]     |                                +++
[INFO] [stdout] 
[INFO] [stdout] 
[INFO] [stdout] warning: trait objects without an explicit `dyn` are deprecated
[INFO] [stdout]   --> src/file/mod.rs:97:37
[INFO] [stdout]    |
[INFO] [stdout] 97 |     fn clone_into_box(&self) -> Box<Source + Send + Sync> {
[INFO] [stdout]    |                                     ^^^^^^^^^^^^^^^^^^^^
[INFO] [stdout]    |
[INFO] [stdout]    = warning: this is accepted in the current edition (Rust 2015) but is a hard error in Rust 2021!
[INFO] [stdout]    = note: for more information, see <https://doc.rust-lang.org/nightly/edition-guide/rust-2021/warnings-promoted-to-error.html>
[INFO] [stdout] help: use `dyn`
[INFO] [stdout]    |
[INFO] [stdout] 97 |     fn clone_into_box(&self) -> Box<dyn Source + Send + Sync> {
[INFO] [stdout]    |                                     +++
[INFO] [stdout] 
[INFO] [stdout] 
[INFO] [stdout] warning: trait objects without an explicit `dyn` are deprecated
[INFO] [stdout]   --> src/file/format/mod.rs:89:45
[INFO] [stdout]    |
[INFO] [stdout] 89 |     ) -> Result<HashMap<String, Value>, Box<Error + Send + Sync>> {
[INFO] [stdout]    |                                             ^^^^^^^^^^^^^^^^^^^
[INFO] [stdout]    |
[INFO] [stdout]    = warning: this is accepted in the current edition (Rust 2015) but is a hard error in Rust 2021!
[INFO] [stdout]    = note: for more information, see <https://doc.rust-lang.org/nightly/edition-guide/rust-2021/warnings-promoted-to-error.html>
[INFO] [stdout] help: use `dyn`
[INFO] [stdout]    |
[INFO] [stdout] 89 |     ) -> Result<HashMap<String, Value>, Box<dyn Error + Send + Sync>> {
[INFO] [stdout]    |                                             +++
[INFO] [stdout] 
[INFO] [stdout] 
[INFO] [stdout] warning: trait objects without an explicit `dyn` are deprecated
[INFO] [stdout]   --> src/file/format/toml.rs:10:41
[INFO] [stdout]    |
[INFO] [stdout] 10 | ) -> Result<HashMap<String, Value>, Box<Error + Send + Sync>> {
[INFO] [stdout]    |                                         ^^^^^^^^^^^^^^^^^^^
[INFO] [stdout]    |
[INFO] [stdout]    = warning: this is accepted in the current edition (Rust 2015) but is a hard error in Rust 2021!
[INFO] [stdout]    = note: for more information, see <https://doc.rust-lang.org/nightly/edition-guide/rust-2021/warnings-promoted-to-error.html>
[INFO] [stdout] help: use `dyn`
[INFO] [stdout]    |
[INFO] [stdout] 10 | ) -> Result<HashMap<String, Value>, Box<dyn Error + Send + Sync>> {
[INFO] [stdout]    |                                         +++
[INFO] [stdout] 
[INFO] [stdout] 
[INFO] [stdout] warning: trait objects without an explicit `dyn` are deprecated
[INFO] [stdout]   --> src/file/format/json.rs:10:41
[INFO] [stdout]    |
[INFO] [stdout] 10 | ) -> Result<HashMap<String, Value>, Box<Error + Send + Sync>> {
[INFO] [stdout]    |                                         ^^^^^^^^^^^^^^^^^^^
[INFO] [stdout]    |
[INFO] [stdout]    = warning: this is accepted in the current edition (Rust 2015) but is a hard error in Rust 2021!
[INFO] [stdout]    = note: for more information, see <https://doc.rust-lang.org/nightly/edition-guide/rust-2021/warnings-promoted-to-error.html>
[INFO] [stdout] help: use `dyn`
[INFO] [stdout]    |
[INFO] [stdout] 10 | ) -> Result<HashMap<String, Value>, Box<dyn Error + Send + Sync>> {
[INFO] [stdout]    |                                         +++
[INFO] [stdout] 
[INFO] [stdout] 
[INFO] [stdout] warning: trait objects without an explicit `dyn` are deprecated
[INFO] [stdout]   --> src/file/format/yaml.rs:12:41
[INFO] [stdout]    |
[INFO] [stdout] 12 | ) -> Result<HashMap<String, Value>, Box<Error + Send + Sync>> {
[INFO] [stdout]    |                                         ^^^^^^^^^^^^^^^^^^^
[INFO] [stdout]    |
[INFO] [stdout]    = warning: this is accepted in the current edition (Rust 2015) but is a hard error in Rust 2021!
[INFO] [stdout]    = note: for more information, see <https://doc.rust-lang.org/nightly/edition-guide/rust-2021/warnings-promoted-to-error.html>
[INFO] [stdout] help: use `dyn`
[INFO] [stdout]    |
[INFO] [stdout] 12 | ) -> Result<HashMap<String, Value>, Box<dyn Error + Send + Sync>> {
[INFO] [stdout]    |                                         +++
[INFO] [stdout] 
[INFO] [stdout] 
[INFO] [stdout] warning: trait objects without an explicit `dyn` are deprecated
[INFO] [stdout]   --> src/file/format/hjson.rs:10:41
[INFO] [stdout]    |
[INFO] [stdout] 10 | ) -> Result<HashMap<String, Value>, Box<Error + Send + Sync>> {
[INFO] [stdout]    |                                         ^^^^^^^^^^^^^^^^^^^
[INFO] [stdout]    |
[INFO] [stdout]    = warning: this is accepted in the current edition (Rust 2015) but is a hard error in Rust 2021!
[INFO] [stdout]    = note: for more information, see <https://doc.rust-lang.org/nightly/edition-guide/rust-2021/warnings-promoted-to-error.html>
[INFO] [stdout] help: use `dyn`
[INFO] [stdout]    |
[INFO] [stdout] 10 | ) -> Result<HashMap<String, Value>, Box<dyn Error + Send + Sync>> {
[INFO] [stdout]    |                                         +++
[INFO] [stdout] 
[INFO] [stdout] 
[INFO] [stdout] warning: trait objects without an explicit `dyn` are deprecated
[INFO] [stdout]   --> src/file/format/ini.rs:10:41
[INFO] [stdout]    |
[INFO] [stdout] 10 | ) -> Result<HashMap<String, Value>, Box<Error + Send + Sync>> {
[INFO] [stdout]    |                                         ^^^^^^^^^^^^^^^^^^^
[INFO] [stdout]    |
[INFO] [stdout]    = warning: this is accepted in the current edition (Rust 2015) but is a hard error in Rust 2021!
[INFO] [stdout]    = note: for more information, see <https://doc.rust-lang.org/nightly/edition-guide/rust-2021/warnings-promoted-to-error.html>
[INFO] [stdout] help: use `dyn`
[INFO] [stdout]    |
[INFO] [stdout] 10 | ) -> Result<HashMap<String, Value>, Box<dyn Error + Send + Sync>> {
[INFO] [stdout]    |                                         +++
[INFO] [stdout] 
[INFO] [stdout] 
[INFO] [stdout] warning: trait objects without an explicit `dyn` are deprecated
[INFO] [stdout]   --> src/file/source/mod.rs:15:59
[INFO] [stdout]    |
[INFO] [stdout] 15 |     ) -> Result<(Option<String>, String, FileFormat), Box<Error + Send + Sync>>;
[INFO] [stdout]    |                                                           ^^^^^^^^^^^^^^^^^^^
[INFO] [stdout]    |
[INFO] [stdout]    = warning: this is accepted in the current edition (Rust 2015) but is a hard error in Rust 2021!
[INFO] [stdout]    = note: for more information, see <https://doc.rust-lang.org/nightly/edition-guide/rust-2021/warnings-promoted-to-error.html>
[INFO] [stdout] help: use `dyn`
[INFO] [stdout]    |
[INFO] [stdout] 15 |     ) -> Result<(Option<String>, String, FileFormat), Box<dyn Error + Send + Sync>>;
[INFO] [stdout]    |                                                           +++
[INFO] [stdout] 
[INFO] [stdout] 
[INFO] [stdout] warning: trait objects without an explicit `dyn` are deprecated
[INFO] [stdout]   --> src/file/source/file.rs:30:44
[INFO] [stdout]    |
[INFO] [stdout] 30 |     ) -> Result<(PathBuf, FileFormat), Box<Error + Send + Sync>> {
[INFO] [stdout]    |                                            ^^^^^^^^^^^^^^^^^^^
[INFO] [stdout]    |
[INFO] [stdout]    = warning: this is accepted in the current edition (Rust 2015) but is a hard error in Rust 2021!
[INFO] [stdout]    = note: for more information, see <https://doc.rust-lang.org/nightly/edition-guide/rust-2021/warnings-promoted-to-error.html>
[INFO] [stdout] help: use `dyn`
[INFO] [stdout]    |
[INFO] [stdout] 30 |     ) -> Result<(PathBuf, FileFormat), Box<dyn Error + Send + Sync>> {
[INFO] [stdout]    |                                            +++
[INFO] [stdout] 
[INFO] [stdout] 
[INFO] [stdout] warning: trait objects without an explicit `dyn` are deprecated
[INFO] [stdout]   --> src/file/source/file.rs:94:59
[INFO] [stdout]    |
[INFO] [stdout] 94 |     ) -> Result<(Option<String>, String, FileFormat), Box<Error + Send + Sync>> {
[INFO] [stdout]    |                                                           ^^^^^^^^^^^^^^^^^^^
[INFO] [stdout]    |
[INFO] [stdout]    = warning: this is accepted in the current edition (Rust 2015) but is a hard error in Rust 2021!
[INFO] [stdout]    = note: for more information, see <https://doc.rust-lang.org/nightly/edition-guide/rust-2021/warnings-promoted-to-error.html>
[INFO] [stdout] help: use `dyn`
[INFO] [stdout]    |
[INFO] [stdout] 94 |     ) -> Result<(Option<String>, String, FileFormat), Box<dyn Error + Send + Sync>> {
[INFO] [stdout]    |                                                           +++
[INFO] [stdout] 
[INFO] [stdout] 
[INFO] [stdout] warning: trait objects without an explicit `dyn` are deprecated
[INFO] [stdout]   --> src/file/source/string.rs:22:59
[INFO] [stdout]    |
[INFO] [stdout] 22 |     ) -> Result<(Option<String>, String, FileFormat), Box<Error + Send + Sync>> {
[INFO] [stdout]    |                                                           ^^^^^^^^^^^^^^^^^^^
[INFO] [stdout]    |
[INFO] [stdout]    = warning: this is accepted in the current edition (Rust 2015) but is a hard error in Rust 2021!
[INFO] [stdout]    = note: for more information, see <https://doc.rust-lang.org/nightly/edition-guide/rust-2021/warnings-promoted-to-error.html>
[INFO] [stdout] help: use `dyn`
[INFO] [stdout]    |
[INFO] [stdout] 22 |     ) -> Result<(Option<String>, String, FileFormat), Box<dyn Error + Send + Sync>> {
[INFO] [stdout]    |                                                           +++
[INFO] [stdout] 
[INFO] [stdout] 
[INFO] [stdout] warning: trait objects without an explicit `dyn` are deprecated
[INFO] [stdout]   --> src/path/parser.rs:29:37
[INFO] [stdout]    |
[INFO] [stdout] 29 | fn postfix(expr: Expression) -> Box<Fn(CompleteStr) -> IResult<CompleteStr, Expression>> {
[INFO] [stdout]    |                                     ^^^^^^^^^^^^^^^^^^^^^^^^^^^^^^^^^^^^^^^^^^^^^^^^^^^
[INFO] [stdout]    |
[INFO] [stdout]    = warning: this is accepted in the current edition (Rust 2015) but is a hard error in Rust 2021!
[INFO] [stdout]    = note: for more information, see <https://doc.rust-lang.org/nightly/edition-guide/rust-2021/warnings-promoted-to-error.html>
[INFO] [stdout] help: use `dyn`
[INFO] [stdout]    |
[INFO] [stdout] 29 | fn postfix(expr: Expression) -> Box<dyn Fn(CompleteStr) -> IResult<CompleteStr, Expression>> {
[INFO] [stdout]    |                                     +++
[INFO] [stdout] 
[INFO] [stdout] 
[INFO] [stdout] warning: trait objects without an explicit `dyn` are deprecated
[INFO] [stdout]   --> src/source.rs:38:20
[INFO] [stdout]    |
[INFO] [stdout] 38 | impl Clone for Box<Source + Send + Sync> {
[INFO] [stdout]    |                    ^^^^^^^^^^^^^^^^^^^^
[INFO] [stdout]    |
[INFO] [stdout]    = warning: this is accepted in the current edition (Rust 2015) but is a hard error in Rust 2021!
[INFO] [stdout]    = note: for more information, see <https://doc.rust-lang.org/nightly/edition-guide/rust-2021/warnings-promoted-to-error.html>
[INFO] [stdout] help: use `dyn`
[INFO] [stdout]    |
[INFO] [stdout] 38 | impl Clone for Box<dyn Source + Send + Sync> {
[INFO] [stdout]    |                    +++
[INFO] [stdout] 
[INFO] [stdout] 
[INFO] [stdout] warning: trait objects without an explicit `dyn` are deprecated
[INFO] [stdout]   --> src/source.rs:44:25
[INFO] [stdout]    |
[INFO] [stdout] 44 | impl Source for Vec<Box<Source + Send + Sync>> {
[INFO] [stdout]    |                         ^^^^^^^^^^^^^^^^^^^^
[INFO] [stdout]    |
[INFO] [stdout]    = warning: this is accepted in the current edition (Rust 2015) but is a hard error in Rust 2021!
[INFO] [stdout]    = note: for more information, see <https://doc.rust-lang.org/nightly/edition-guide/rust-2021/warnings-promoted-to-error.html>
[INFO] [stdout] help: use `dyn`
[INFO] [stdout]    |
[INFO] [stdout] 44 | impl Source for Vec<Box<dyn Source + Send + Sync>> {
[INFO] [stdout]    |                         +++
[INFO] [stdout] 
[INFO] [stdout] 
[INFO] [stdout] warning: trait objects without an explicit `dyn` are deprecated
[INFO] [stdout]   --> src/source.rs:10:37
[INFO] [stdout]    |
[INFO] [stdout] 10 |     fn clone_into_box(&self) -> Box<Source + Send + Sync>;
[INFO] [stdout]    |                                     ^^^^^^^^^^^^^^^^^^^^
[INFO] [stdout]    |
[INFO] [stdout]    = warning: this is accepted in the current edition (Rust 2015) but is a hard error in Rust 2021!
[INFO] [stdout]    = note: for more information, see <https://doc.rust-lang.org/nightly/edition-guide/rust-2021/warnings-promoted-to-error.html>
[INFO] [stdout] help: use `dyn`
[INFO] [stdout]    |
[INFO] [stdout] 10 |     fn clone_into_box(&self) -> Box<dyn Source + Send + Sync>;
[INFO] [stdout]    |                                     +++
[INFO] [stdout] 
[INFO] [stdout] 
[INFO] [stdout] warning: trait objects without an explicit `dyn` are deprecated
[INFO] [stdout]   --> src/source.rs:39:28
[INFO] [stdout]    |
[INFO] [stdout] 39 |     fn clone(&self) -> Box<Source + Send + Sync> {
[INFO] [stdout]    |                            ^^^^^^^^^^^^^^^^^^^^
[INFO] [stdout]    |
[INFO] [stdout]    = warning: this is accepted in the current edition (Rust 2015) but is a hard error in Rust 2021!
[INFO] [stdout]    = note: for more information, see <https://doc.rust-lang.org/nightly/edition-guide/rust-2021/warnings-promoted-to-error.html>
[INFO] [stdout] help: use `dyn`
[INFO] [stdout]    |
[INFO] [stdout] 39 |     fn clone(&self) -> Box<dyn Source + Send + Sync> {
[INFO] [stdout]    |                            +++
[INFO] [stdout] 
[INFO] [stdout] 
[INFO] [stdout] warning: trait objects without an explicit `dyn` are deprecated
[INFO] [stdout]   --> src/source.rs:45:37
[INFO] [stdout]    |
[INFO] [stdout] 45 |     fn clone_into_box(&self) -> Box<Source + Send + Sync> {
[INFO] [stdout]    |                                     ^^^^^^^^^^^^^^^^^^^^
[INFO] [stdout]    |
[INFO] [stdout]    = warning: this is accepted in the current edition (Rust 2015) but is a hard error in Rust 2021!
[INFO] [stdout]    = note: for more information, see <https://doc.rust-lang.org/nightly/edition-guide/rust-2021/warnings-promoted-to-error.html>
[INFO] [stdout] help: use `dyn`
[INFO] [stdout]    |
[INFO] [stdout] 45 |     fn clone_into_box(&self) -> Box<dyn Source + Send + Sync> {
[INFO] [stdout]    |                                     +++
[INFO] [stdout] 
[INFO] [stdout] 
[INFO] [stdout] warning: trait objects without an explicit `dyn` are deprecated
[INFO] [stdout]   --> src/source.rs:70:37
[INFO] [stdout]    |
[INFO] [stdout] 70 |     fn clone_into_box(&self) -> Box<Source + Send + Sync> {
[INFO] [stdout]    |                                     ^^^^^^^^^^^^^^^^^^^^
[INFO] [stdout]    |
[INFO] [stdout]    = warning: this is accepted in the current edition (Rust 2015) but is a hard error in Rust 2021!
[INFO] [stdout]    = note: for more information, see <https://doc.rust-lang.org/nightly/edition-guide/rust-2021/warnings-promoted-to-error.html>
[INFO] [stdout] help: use `dyn`
[INFO] [stdout]    |
[INFO] [stdout] 70 |     fn clone_into_box(&self) -> Box<dyn Source + Send + Sync> {
[INFO] [stdout]    |                                     +++
[INFO] [stdout] 
[INFO] [stdout] 
[INFO] [stdout] warning: field `test` is never read
[INFO] [stdout]   --> tests/errors.rs:99:9
[INFO] [stdout]    |
[INFO] [stdout] 98 |     struct Inner {
[INFO] [stdout]    |            ----- field in this struct
[INFO] [stdout] 99 |         test: i32,
[INFO] [stdout]    |         ^^^^
[INFO] [stdout]    |
[INFO] [stdout]    = note: `Inner` has a derived impl for the trait `Debug`, but this is intentionally ignored during dead code analysis
[INFO] [stdout]    = note: `#[warn(dead_code)]` on by default
[INFO] [stdout] 
[INFO] [stdout] 
[INFO] [stdout] warning: field `inner` is never read
[INFO] [stdout]    --> tests/errors.rs:104:9
[INFO] [stdout]     |
[INFO] [stdout] 103 |     struct Outer {
[INFO] [stdout]     |            ----- field in this struct
[INFO] [stdout] 104 |         inner: Inner,
[INFO] [stdout]     |         ^^^^^
[INFO] [stdout]     |
[INFO] [stdout]     = note: `Outer` has a derived impl for the trait `Debug`, but this is intentionally ignored during dead code analysis
[INFO] [stdout] 
[INFO] [stdout] 
[INFO] [stdout] warning: use of deprecated method `std::error::Error::description`: use the Display impl or to_string()
[INFO] [stdout]    --> src/error.rs:169:85
[INFO] [stdout]     |
[INFO] [stdout] 169 |             ConfigError::Frozen | ConfigError::PathParse(_) => write!(f, "{}", self.description()),
[INFO] [stdout]     |                                                                                     ^^^^^^^^^^^
[INFO] [stdout] 
[INFO] [stdout] 
[INFO] [stdout] warning: use of deprecated method `std::error::Error::description`: use the Display impl or to_string()
[INFO] [stdout]    --> src/error.rs:218:23
[INFO] [stdout]     |
[INFO] [stdout] 218 |                 cause.description()
[INFO] [stdout]     |                       ^^^^^^^^^^^
[INFO] [stdout] 
[INFO] [stdout] 
[INFO] [stdout] warning: variable does not need to be mutable
[INFO] [stdout]    --> src/path/mod.rs:155:21
[INFO] [stdout]     |
[INFO] [stdout] 155 |                 let mut do_again = false;
[INFO] [stdout]     |                     ----^^^^^^^^
[INFO] [stdout]     |                     |
[INFO] [stdout]     |                     help: remove this `mut`
[INFO] [stdout]     |
[INFO] [stdout]     = note: `#[warn(unused_mut)]` on by default
[INFO] [stdout] 
[INFO] [stdout] 
[INFO] [stderr] error: could not compile `config-spirit-fork` (lib test); 29 warnings emitted
[INFO] [stderr] 
[INFO] [stderr] Caused by:
[INFO] [stderr]   process didn't exit successfully: `/opt/rustwide/rustup-home/toolchains/1.75.0-x86_64-unknown-linux-gnu/bin/rustc --crate-name config_spirit_fork src/lib.rs --error-format=json --json=diagnostic-rendered-ansi,artifacts,future-incompat --emit=dep-info,link -C embed-bitcode=no -C debuginfo=2 --test --cfg 'feature="default"' --cfg 'feature="hjson"' --cfg 'feature="ini"' --cfg 'feature="json"' --cfg 'feature="rust-ini"' --cfg 'feature="serde-hjson"' --cfg 'feature="serde_json"' --cfg 'feature="toml"' --cfg 'feature="yaml"' --cfg 'feature="yaml-rust"' -C metadata=dc0e17f6c2a47060 -C extra-filename=-dc0e17f6c2a47060 --out-dir /opt/rustwide/target/debug/deps -L dependency=/opt/rustwide/target/debug/deps --extern chrono=/opt/rustwide/target/debug/deps/libchrono-e780a1f184a13600.rlib --extern float_cmp=/opt/rustwide/target/debug/deps/libfloat_cmp-f723e92f11709c4b.rlib --extern lazy_static=/opt/rustwide/target/debug/deps/liblazy_static-591486ebcb9a7ead.rlib --extern nom=/opt/rustwide/target/debug/deps/libnom-237246f9b22ad031.rlib --extern ini=/opt/rustwide/target/debug/deps/libini-5105506e9c25079d.rlib --extern serde=/opt/rustwide/target/debug/deps/libserde-8d72183392081d4f.rlib --extern serde_hjson=/opt/rustwide/target/debug/deps/libserde_hjson-cd51a7479f170d39.rlib --extern serde_derive=/opt/rustwide/target/debug/deps/libserde_derive-0df77fa94e0ec881.so --extern serde_json=/opt/rustwide/target/debug/deps/libserde_json-f7e7de9bae5c986c.rlib --extern toml=/opt/rustwide/target/debug/deps/libtoml-68c54c509bf74621.rlib --extern yaml_rust=/opt/rustwide/target/debug/deps/libyaml_rust-dadeb9b0a1ae3c6e.rlib --cap-lints=warn` (signal: 9, SIGKILL: kill)
[INFO] [stderr] warning: build failed, waiting for other jobs to finish...
[INFO] [stderr] error: could not compile `config-spirit-fork` (test "get")
[INFO] [stderr] 
[INFO] [stderr] Caused by:
[INFO] [stderr]   process didn't exit successfully: `/opt/rustwide/rustup-home/toolchains/1.75.0-x86_64-unknown-linux-gnu/bin/rustc --crate-name get tests/get.rs --error-format=json --json=diagnostic-rendered-ansi,artifacts,future-incompat --emit=dep-info,link -C embed-bitcode=no -C debuginfo=2 --test --cfg 'feature="default"' --cfg 'feature="hjson"' --cfg 'feature="ini"' --cfg 'feature="json"' --cfg 'feature="rust-ini"' --cfg 'feature="serde-hjson"' --cfg 'feature="serde_json"' --cfg 'feature="toml"' --cfg 'feature="yaml"' --cfg 'feature="yaml-rust"' -C metadata=4beaf2ad684ead53 -C extra-filename=-4beaf2ad684ead53 --out-dir /opt/rustwide/target/debug/deps -L dependency=/opt/rustwide/target/debug/deps --extern chrono=/opt/rustwide/target/debug/deps/libchrono-e780a1f184a13600.rlib --extern config_spirit_fork=/opt/rustwide/target/debug/deps/libconfig_spirit_fork-80d28d4167243011.rlib --extern float_cmp=/opt/rustwide/target/debug/deps/libfloat_cmp-f723e92f11709c4b.rlib --extern lazy_static=/opt/rustwide/target/debug/deps/liblazy_static-591486ebcb9a7ead.rlib --extern nom=/opt/rustwide/target/debug/deps/libnom-237246f9b22ad031.rlib --extern ini=/opt/rustwide/target/debug/deps/libini-5105506e9c25079d.rlib --extern serde=/opt/rustwide/target/debug/deps/libserde-8d72183392081d4f.rlib --extern serde_hjson=/opt/rustwide/target/debug/deps/libserde_hjson-cd51a7479f170d39.rlib --extern serde_derive=/opt/rustwide/target/debug/deps/libserde_derive-0df77fa94e0ec881.so --extern serde_json=/opt/rustwide/target/debug/deps/libserde_json-f7e7de9bae5c986c.rlib --extern toml=/opt/rustwide/target/debug/deps/libtoml-68c54c509bf74621.rlib --extern yaml_rust=/opt/rustwide/target/debug/deps/libyaml_rust-dadeb9b0a1ae3c6e.rlib --cap-lints=warn` (signal: 9, SIGKILL: kill)
[INFO] [stdout] error: linking with `cc` failed: exit status: 1
[INFO] [stdout]   |
[INFO] [stdout]   = note: LC_ALL="C" PATH="/opt/rustwide/rustup-home/toolchains/1.75.0-x86_64-unknown-linux-gnu/lib/rustlib/x86_64-unknown-linux-gnu/bin:/opt/rustwide/cargo-home/bin:/usr/local/sbin:/usr/local/bin:/usr/sbin:/usr/bin:/sbin:/bin" VSLANG="1033" "cc" "-m64" "/tmp/rustcchxzHi/symbols.o" "/opt/rustwide/target/debug/deps/env-11d56beeae0c48ed.env.debdbe72d5403b42-cgu.0.rcgu.o" "/opt/rustwide/target/debug/deps/env-11d56beeae0c48ed.466f1jpvtj4ra2zh.rcgu.o" "-Wl,--as-needed" "-L" "/opt/rustwide/target/debug/deps" "-L" "/opt/rustwide/rustup-home/toolchains/1.75.0-x86_64-unknown-linux-gnu/lib/rustlib/x86_64-unknown-linux-gnu/lib" "-Wl,-Bstatic" "/opt/rustwide/rustup-home/toolchains/1.75.0-x86_64-unknown-linux-gnu/lib/rustlib/x86_64-unknown-linux-gnu/lib/libtest-3df1bed8075ce1de.rlib" "/opt/rustwide/rustup-home/toolchains/1.75.0-x86_64-unknown-linux-gnu/lib/rustlib/x86_64-unknown-linux-gnu/lib/libgetopts-2076fd86b325cb5d.rlib" "/opt/rustwide/rustup-home/toolchains/1.75.0-x86_64-unknown-linux-gnu/lib/rustlib/x86_64-unknown-linux-gnu/lib/libunicode_width-caa7152ee70c190f.rlib" "/opt/rustwide/rustup-home/toolchains/1.75.0-x86_64-unknown-linux-gnu/lib/rustlib/x86_64-unknown-linux-gnu/lib/librustc_std_workspace_std-04e6425e07f02a3c.rlib" "/opt/rustwide/target/debug/deps/libconfig_spirit_fork-80d28d4167243011.rlib" "/opt/rustwide/target/debug/deps/libini-5105506e9c25079d.rlib" "/opt/rustwide/target/debug/deps/libserde_hjson-cd51a7479f170d39.rlib" "/opt/rustwide/target/debug/deps/libregex-c29b4deb876b3446.rlib" "/opt/rustwide/target/debug/deps/libregex_automata-9bcb05d425905eed.rlib" "/opt/rustwide/target/debug/deps/libaho_corasick-a7001a8a6730b8eb.rlib" "/opt/rustwide/target/debug/deps/libregex_syntax-e4dd3c3a3cb10e1d.rlib" "/opt/rustwide/target/debug/deps/libnum_traits-b2f5918e9c1f5f00.rlib" "/opt/rustwide/target/debug/deps/libnum_traits-dcf66cbda2c5463d.rlib" "/opt/rustwide/target/debug/deps/liblinked_hash_map-1901497cab46fe7c.rlib" "/opt/rustwide/target/debug/deps/libserde-8ed84c92d659eb2b.rlib" "/opt/rustwide/target/debug/deps/libyaml_rust-dadeb9b0a1ae3c6e.rlib" "/opt/rustwide/target/debug/deps/liblinked_hash_map-55396135ba6b4b1c.rlib" "/opt/rustwide/target/debug/deps/libserde_json-f7e7de9bae5c986c.rlib" "/opt/rustwide/target/debug/deps/libryu-5f304b1b6393964f.rlib" "/opt/rustwide/target/debug/deps/libitoa-5f181af53b99b92c.rlib" "/opt/rustwide/target/debug/deps/libtoml-68c54c509bf74621.rlib" "/opt/rustwide/target/debug/deps/liblazy_static-591486ebcb9a7ead.rlib" "/opt/rustwide/target/debug/deps/libnom-237246f9b22ad031.rlib" "/opt/rustwide/target/debug/deps/libmemchr-7da5465362ee94c1.rlib" "/opt/rustwide/target/debug/deps/libserde-8d72183392081d4f.rlib" "/opt/rustwide/rustup-home/toolchains/1.75.0-x86_64-unknown-linux-gnu/lib/rustlib/x86_64-unknown-linux-gnu/lib/libstd-90f6ddbf82de36ec.rlib" "/opt/rustwide/rustup-home/toolchains/1.75.0-x86_64-unknown-linux-gnu/lib/rustlib/x86_64-unknown-linux-gnu/lib/libpanic_unwind-480c41e9d4e1f677.rlib" "/opt/rustwide/rustup-home/toolchains/1.75.0-x86_64-unknown-linux-gnu/lib/rustlib/x86_64-unknown-linux-gnu/lib/libobject-db744c0ca03eed1d.rlib" "/opt/rustwide/rustup-home/toolchains/1.75.0-x86_64-unknown-linux-gnu/lib/rustlib/x86_64-unknown-linux-gnu/lib/libmemchr-8ba652dc7d4b285a.rlib" "/opt/rustwide/rustup-home/toolchains/1.75.0-x86_64-unknown-linux-gnu/lib/rustlib/x86_64-unknown-linux-gnu/lib/libaddr2line-d5f4520a9ebc0d58.rlib" "/opt/rustwide/rustup-home/toolchains/1.75.0-x86_64-unknown-linux-gnu/lib/rustlib/x86_64-unknown-linux-gnu/lib/libgimli-4ad84de58f0cb463.rlib" "/opt/rustwide/rustup-home/toolchains/1.75.0-x86_64-unknown-linux-gnu/lib/rustlib/x86_64-unknown-linux-gnu/lib/librustc_demangle-0d10aae2e0f38735.rlib" "/opt/rustwide/rustup-home/toolchains/1.75.0-x86_64-unknown-linux-gnu/lib/rustlib/x86_64-unknown-linux-gnu/lib/libstd_detect-0c17cff739e6745b.rlib" "/opt/rustwide/rustup-home/toolchains/1.75.0-x86_64-unknown-linux-gnu/lib/rustlib/x86_64-unknown-linux-gnu/lib/libhashbrown-b29e17139dde1aa8.rlib" "/opt/rustwide/rustup-home/toolchains/1.75.0-x86_64-unknown-linux-gnu/lib/rustlib/x86_64-unknown-linux-gnu/lib/librustc_std_workspace_alloc-1f975299829cc7bd.rlib" "/opt/rustwide/rustup-home/toolchains/1.75.0-x86_64-unknown-linux-gnu/lib/rustlib/x86_64-unknown-linux-gnu/lib/libminiz_oxide-86bae3bc3079f89b.rlib" "/opt/rustwide/rustup-home/toolchains/1.75.0-x86_64-unknown-linux-gnu/lib/rustlib/x86_64-unknown-linux-gnu/lib/libadler-321b82c30dffdf5f.rlib" "/opt/rustwide/rustup-home/toolchains/1.75.0-x86_64-unknown-linux-gnu/lib/rustlib/x86_64-unknown-linux-gnu/lib/libunwind-3dd8a6810a0bdfef.rlib" "/opt/rustwide/rustup-home/toolchains/1.75.0-x86_64-unknown-linux-gnu/lib/rustlib/x86_64-unknown-linux-gnu/lib/libcfg_if-eb39a61c0c879984.rlib" "/opt/rustwide/rustup-home/toolchains/1.75.0-x86_64-unknown-linux-gnu/lib/rustlib/x86_64-unknown-linux-gnu/lib/liblibc-aa769569f91c3548.rlib" "/opt/rustwide/rustup-home/toolchains/1.75.0-x86_64-unknown-linux-gnu/lib/rustlib/x86_64-unknown-linux-gnu/lib/liballoc-510a192a50a983ed.rlib" "/opt/rustwide/rustup-home/toolchains/1.75.0-x86_64-unknown-linux-gnu/lib/rustlib/x86_64-unknown-linux-gnu/lib/librustc_std_workspace_core-0577018320f99037.rlib" "/opt/rustwide/rustup-home/toolchains/1.75.0-x86_64-unknown-linux-gnu/lib/rustlib/x86_64-unknown-linux-gnu/lib/libcore-193cf992125ccd4c.rlib" "/opt/rustwide/rustup-home/toolchains/1.75.0-x86_64-unknown-linux-gnu/lib/rustlib/x86_64-unknown-linux-gnu/lib/libcompiler_builtins-8e138eaf26ebb4a8.rlib" "-Wl,-Bdynamic" "-lgcc_s" "-lutil" "-lrt" "-lpthread" "-lm" "-ldl" "-lc" "-Wl,--eh-frame-hdr" "-Wl,-z,noexecstack" "-L" "/opt/rustwide/rustup-home/toolchains/1.75.0-x86_64-unknown-linux-gnu/lib/rustlib/x86_64-unknown-linux-gnu/lib" "-o" "/opt/rustwide/target/debug/deps/env-11d56beeae0c48ed" "-Wl,--gc-sections" "-pie" "-Wl,-z,relro,-z,now" "-nodefaultlibs"
[INFO] [stdout]   = note: collect2: fatal error: ld terminated with signal 9 [Killed]
[INFO] [stdout]           compilation terminated.
[INFO] [stdout]           
[INFO] [stdout] 
[INFO] [stdout] 
[INFO] [stdout] error: aborting due to previous error
[INFO] [stdout] 
[INFO] [stdout] 
[INFO] [stderr] error: could not compile `config-spirit-fork` (test "env") due to 2 previous errors
[INFO] [stdout] error: linking with `cc` failed: exit status: 1
[INFO] [stdout]   |
[INFO] [stdout]   = note: LC_ALL="C" PATH="/opt/rustwide/rustup-home/toolchains/1.75.0-x86_64-unknown-linux-gnu/lib/rustlib/x86_64-unknown-linux-gnu/bin:/opt/rustwide/cargo-home/bin:/usr/local/sbin:/usr/local/bin:/usr/sbin:/usr/bin:/sbin:/bin" VSLANG="1033" "cc" "-m64" "/tmp/rustciIPn5j/symbols.o" "/opt/rustwide/target/debug/deps/datetime-5f04a7b93b0d8ac1.datetime.d73b18bd9ef6a2f8-cgu.0.rcgu.o" "/opt/rustwide/target/debug/deps/datetime-5f04a7b93b0d8ac1.4y05epnhfd6xwn21.rcgu.o" "-Wl,--as-needed" "-L" "/opt/rustwide/target/debug/deps" "-L" "/opt/rustwide/rustup-home/toolchains/1.75.0-x86_64-unknown-linux-gnu/lib/rustlib/x86_64-unknown-linux-gnu/lib" "-Wl,-Bstatic" "/opt/rustwide/rustup-home/toolchains/1.75.0-x86_64-unknown-linux-gnu/lib/rustlib/x86_64-unknown-linux-gnu/lib/libtest-3df1bed8075ce1de.rlib" "/opt/rustwide/rustup-home/toolchains/1.75.0-x86_64-unknown-linux-gnu/lib/rustlib/x86_64-unknown-linux-gnu/lib/libgetopts-2076fd86b325cb5d.rlib" "/opt/rustwide/rustup-home/toolchains/1.75.0-x86_64-unknown-linux-gnu/lib/rustlib/x86_64-unknown-linux-gnu/lib/libunicode_width-caa7152ee70c190f.rlib" "/opt/rustwide/rustup-home/toolchains/1.75.0-x86_64-unknown-linux-gnu/lib/rustlib/x86_64-unknown-linux-gnu/lib/librustc_std_workspace_std-04e6425e07f02a3c.rlib" "/opt/rustwide/target/debug/deps/libconfig_spirit_fork-80d28d4167243011.rlib" "/opt/rustwide/target/debug/deps/libini-5105506e9c25079d.rlib" "/opt/rustwide/target/debug/deps/libserde_hjson-cd51a7479f170d39.rlib" "/opt/rustwide/target/debug/deps/libregex-c29b4deb876b3446.rlib" "/opt/rustwide/target/debug/deps/libregex_automata-9bcb05d425905eed.rlib" "/opt/rustwide/target/debug/deps/libaho_corasick-a7001a8a6730b8eb.rlib" "/opt/rustwide/target/debug/deps/libregex_syntax-e4dd3c3a3cb10e1d.rlib" "/opt/rustwide/target/debug/deps/libnum_traits-b2f5918e9c1f5f00.rlib" "/opt/rustwide/target/debug/deps/liblinked_hash_map-1901497cab46fe7c.rlib" "/opt/rustwide/target/debug/deps/libserde-8ed84c92d659eb2b.rlib" "/opt/rustwide/target/debug/deps/libyaml_rust-dadeb9b0a1ae3c6e.rlib" "/opt/rustwide/target/debug/deps/liblinked_hash_map-55396135ba6b4b1c.rlib" "/opt/rustwide/target/debug/deps/libserde_json-f7e7de9bae5c986c.rlib" "/opt/rustwide/target/debug/deps/libryu-5f304b1b6393964f.rlib" "/opt/rustwide/target/debug/deps/libitoa-5f181af53b99b92c.rlib" "/opt/rustwide/target/debug/deps/libtoml-68c54c509bf74621.rlib" "/opt/rustwide/target/debug/deps/liblazy_static-591486ebcb9a7ead.rlib" "/opt/rustwide/target/debug/deps/libnom-237246f9b22ad031.rlib" "/opt/rustwide/target/debug/deps/libmemchr-7da5465362ee94c1.rlib" "/opt/rustwide/target/debug/deps/libchrono-e780a1f184a13600.rlib" "/opt/rustwide/target/debug/deps/libnum_traits-dcf66cbda2c5463d.rlib" "/opt/rustwide/target/debug/deps/libiana_time_zone-528d9768cce5eb89.rlib" "/opt/rustwide/target/debug/deps/libserde-8d72183392081d4f.rlib" "/opt/rustwide/rustup-home/toolchains/1.75.0-x86_64-unknown-linux-gnu/lib/rustlib/x86_64-unknown-linux-gnu/lib/libstd-90f6ddbf82de36ec.rlib" "/opt/rustwide/rustup-home/toolchains/1.75.0-x86_64-unknown-linux-gnu/lib/rustlib/x86_64-unknown-linux-gnu/lib/libpanic_unwind-480c41e9d4e1f677.rlib" "/opt/rustwide/rustup-home/toolchains/1.75.0-x86_64-unknown-linux-gnu/lib/rustlib/x86_64-unknown-linux-gnu/lib/libobject-db744c0ca03eed1d.rlib" "/opt/rustwide/rustup-home/toolchains/1.75.0-x86_64-unknown-linux-gnu/lib/rustlib/x86_64-unknown-linux-gnu/lib/libmemchr-8ba652dc7d4b285a.rlib" "/opt/rustwide/rustup-home/toolchains/1.75.0-x86_64-unknown-linux-gnu/lib/rustlib/x86_64-unknown-linux-gnu/lib/libaddr2line-d5f4520a9ebc0d58.rlib" "/opt/rustwide/rustup-home/toolchains/1.75.0-x86_64-unknown-linux-gnu/lib/rustlib/x86_64-unknown-linux-gnu/lib/libgimli-4ad84de58f0cb463.rlib" "/opt/rustwide/rustup-home/toolchains/1.75.0-x86_64-unknown-linux-gnu/lib/rustlib/x86_64-unknown-linux-gnu/lib/librustc_demangle-0d10aae2e0f38735.rlib" "/opt/rustwide/rustup-home/toolchains/1.75.0-x86_64-unknown-linux-gnu/lib/rustlib/x86_64-unknown-linux-gnu/lib/libstd_detect-0c17cff739e6745b.rlib" "/opt/rustwide/rustup-home/toolchains/1.75.0-x86_64-unknown-linux-gnu/lib/rustlib/x86_64-unknown-linux-gnu/lib/libhashbrown-b29e17139dde1aa8.rlib" "/opt/rustwide/rustup-home/toolchains/1.75.0-x86_64-unknown-linux-gnu/lib/rustlib/x86_64-unknown-linux-gnu/lib/librustc_std_workspace_alloc-1f975299829cc7bd.rlib" "/opt/rustwide/rustup-home/toolchains/1.75.0-x86_64-unknown-linux-gnu/lib/rustlib/x86_64-unknown-linux-gnu/lib/libminiz_oxide-86bae3bc3079f89b.rlib" "/opt/rustwide/rustup-home/toolchains/1.75.0-x86_64-unknown-linux-gnu/lib/rustlib/x86_64-unknown-linux-gnu/lib/libadler-321b82c30dffdf5f.rlib" "/opt/rustwide/rustup-home/toolchains/1.75.0-x86_64-unknown-linux-gnu/lib/rustlib/x86_64-unknown-linux-gnu/lib/libunwind-3dd8a6810a0bdfef.rlib" "/opt/rustwide/rustup-home/toolchains/1.75.0-x86_64-unknown-linux-gnu/lib/rustlib/x86_64-unknown-linux-gnu/lib/libcfg_if-eb39a61c0c879984.rlib" "/opt/rustwide/rustup-home/toolchains/1.75.0-x86_64-unknown-linux-gnu/lib/rustlib/x86_64-unknown-linux-gnu/lib/liblibc-aa769569f91c3548.rlib" "/opt/rustwide/rustup-home/toolchains/1.75.0-x86_64-unknown-linux-gnu/lib/rustlib/x86_64-unknown-linux-gnu/lib/liballoc-510a192a50a983ed.rlib" "/opt/rustwide/rustup-home/toolchains/1.75.0-x86_64-unknown-linux-gnu/lib/rustlib/x86_64-unknown-linux-gnu/lib/librustc_std_workspace_core-0577018320f99037.rlib" "/opt/rustwide/rustup-home/toolchains/1.75.0-x86_64-unknown-linux-gnu/lib/rustlib/x86_64-unknown-linux-gnu/lib/libcore-193cf992125ccd4c.rlib" "/opt/rustwide/rustup-home/toolchains/1.75.0-x86_64-unknown-linux-gnu/lib/rustlib/x86_64-unknown-linux-gnu/lib/libcompiler_builtins-8e138eaf26ebb4a8.rlib" "-Wl,-Bdynamic" "-lgcc_s" "-lutil" "-lrt" "-lpthread" "-lm" "-ldl" "-lc" "-Wl,--eh-frame-hdr" "-Wl,-z,noexecstack" "-L" "/opt/rustwide/rustup-home/toolchains/1.75.0-x86_64-unknown-linux-gnu/lib/rustlib/x86_64-unknown-linux-gnu/lib" "-o" "/opt/rustwide/target/debug/deps/datetime-5f04a7b93b0d8ac1" "-Wl,--gc-sections" "-pie" "-Wl,-z,relro,-z,now" "-nodefaultlibs"
[INFO] [stdout]   = note: collect2: fatal error: ld terminated with signal 9 [Killed]
[INFO] [stdout]           compilation terminated.
[INFO] [stdout]           
[INFO] [stdout] 
[INFO] [stdout] 
[INFO] [stdout] error: aborting due to previous error; 10 warnings emitted
[INFO] [stdout] 
[INFO] [stdout] 
[INFO] [stderr] error: could not compile `config-spirit-fork` (test "datetime") due to 2 previous errors; 10 warnings emitted
[INFO] [stdout] error: linking with `cc` failed: exit status: 1
[INFO] [stdout]   |
[INFO] [stdout]   = note: LC_ALL="C" PATH="/opt/rustwide/rustup-home/toolchains/1.75.0-x86_64-unknown-linux-gnu/lib/rustlib/x86_64-unknown-linux-gnu/bin:/opt/rustwide/cargo-home/bin:/usr/local/sbin:/usr/local/bin:/usr/sbin:/usr/bin:/sbin:/bin" VSLANG="1033" "cc" "-m64" "/tmp/rustcoErpr5/symbols.o" "/opt/rustwide/target/debug/deps/file_toml-75185f083aee8c5e.file_toml.523c5adaed2d50ad-cgu.0.rcgu.o" "/opt/rustwide/target/debug/deps/file_toml-75185f083aee8c5e.file_toml.523c5adaed2d50ad-cgu.1.rcgu.o" "/opt/rustwide/target/debug/deps/file_toml-75185f083aee8c5e.file_toml.523c5adaed2d50ad-cgu.2.rcgu.o" "/opt/rustwide/target/debug/deps/file_toml-75185f083aee8c5e.2al5jiccavfas1y7.rcgu.o" "-Wl,--as-needed" "-L" "/opt/rustwide/target/debug/deps" "-L" "/opt/rustwide/rustup-home/toolchains/1.75.0-x86_64-unknown-linux-gnu/lib/rustlib/x86_64-unknown-linux-gnu/lib" "-Wl,-Bstatic" "/opt/rustwide/rustup-home/toolchains/1.75.0-x86_64-unknown-linux-gnu/lib/rustlib/x86_64-unknown-linux-gnu/lib/libtest-3df1bed8075ce1de.rlib" "/opt/rustwide/rustup-home/toolchains/1.75.0-x86_64-unknown-linux-gnu/lib/rustlib/x86_64-unknown-linux-gnu/lib/libgetopts-2076fd86b325cb5d.rlib" "/opt/rustwide/rustup-home/toolchains/1.75.0-x86_64-unknown-linux-gnu/lib/rustlib/x86_64-unknown-linux-gnu/lib/libunicode_width-caa7152ee70c190f.rlib" "/opt/rustwide/rustup-home/toolchains/1.75.0-x86_64-unknown-linux-gnu/lib/rustlib/x86_64-unknown-linux-gnu/lib/librustc_std_workspace_std-04e6425e07f02a3c.rlib" "/opt/rustwide/target/debug/deps/libfloat_cmp-f723e92f11709c4b.rlib" "/opt/rustwide/target/debug/deps/libconfig_spirit_fork-80d28d4167243011.rlib" "/opt/rustwide/target/debug/deps/libini-5105506e9c25079d.rlib" "/opt/rustwide/target/debug/deps/libserde_hjson-cd51a7479f170d39.rlib" "/opt/rustwide/target/debug/deps/libregex-c29b4deb876b3446.rlib" "/opt/rustwide/target/debug/deps/libregex_automata-9bcb05d425905eed.rlib" "/opt/rustwide/target/debug/deps/libaho_corasick-a7001a8a6730b8eb.rlib" "/opt/rustwide/target/debug/deps/libregex_syntax-e4dd3c3a3cb10e1d.rlib" "/opt/rustwide/target/debug/deps/libnum_traits-b2f5918e9c1f5f00.rlib" "/opt/rustwide/target/debug/deps/libnum_traits-dcf66cbda2c5463d.rlib" "/opt/rustwide/target/debug/deps/liblinked_hash_map-1901497cab46fe7c.rlib" "/opt/rustwide/target/debug/deps/libserde-8ed84c92d659eb2b.rlib" "/opt/rustwide/target/debug/deps/libyaml_rust-dadeb9b0a1ae3c6e.rlib" "/opt/rustwide/target/debug/deps/liblinked_hash_map-55396135ba6b4b1c.rlib" "/opt/rustwide/target/debug/deps/libserde_json-f7e7de9bae5c986c.rlib" "/opt/rustwide/target/debug/deps/libryu-5f304b1b6393964f.rlib" "/opt/rustwide/target/debug/deps/libitoa-5f181af53b99b92c.rlib" "/opt/rustwide/target/debug/deps/libtoml-68c54c509bf74621.rlib" "/opt/rustwide/target/debug/deps/liblazy_static-591486ebcb9a7ead.rlib" "/opt/rustwide/target/debug/deps/libnom-237246f9b22ad031.rlib" "/opt/rustwide/target/debug/deps/libmemchr-7da5465362ee94c1.rlib" "/opt/rustwide/target/debug/deps/libserde-8d72183392081d4f.rlib" "/opt/rustwide/rustup-home/toolchains/1.75.0-x86_64-unknown-linux-gnu/lib/rustlib/x86_64-unknown-linux-gnu/lib/libstd-90f6ddbf82de36ec.rlib" "/opt/rustwide/rustup-home/toolchains/1.75.0-x86_64-unknown-linux-gnu/lib/rustlib/x86_64-unknown-linux-gnu/lib/libpanic_unwind-480c41e9d4e1f677.rlib" "/opt/rustwide/rustup-home/toolchains/1.75.0-x86_64-unknown-linux-gnu/lib/rustlib/x86_64-unknown-linux-gnu/lib/libobject-db744c0ca03eed1d.rlib" "/opt/rustwide/rustup-home/toolchains/1.75.0-x86_64-unknown-linux-gnu/lib/rustlib/x86_64-unknown-linux-gnu/lib/libmemchr-8ba652dc7d4b285a.rlib" "/opt/rustwide/rustup-home/toolchains/1.75.0-x86_64-unknown-linux-gnu/lib/rustlib/x86_64-unknown-linux-gnu/lib/libaddr2line-d5f4520a9ebc0d58.rlib" "/opt/rustwide/rustup-home/toolchains/1.75.0-x86_64-unknown-linux-gnu/lib/rustlib/x86_64-unknown-linux-gnu/lib/libgimli-4ad84de58f0cb463.rlib" "/opt/rustwide/rustup-home/toolchains/1.75.0-x86_64-unknown-linux-gnu/lib/rustlib/x86_64-unknown-linux-gnu/lib/librustc_demangle-0d10aae2e0f38735.rlib" "/opt/rustwide/rustup-home/toolchains/1.75.0-x86_64-unknown-linux-gnu/lib/rustlib/x86_64-unknown-linux-gnu/lib/libstd_detect-0c17cff739e6745b.rlib" "/opt/rustwide/rustup-home/toolchains/1.75.0-x86_64-unknown-linux-gnu/lib/rustlib/x86_64-unknown-linux-gnu/lib/libhashbrown-b29e17139dde1aa8.rlib" "/opt/rustwide/rustup-home/toolchains/1.75.0-x86_64-unknown-linux-gnu/lib/rustlib/x86_64-unknown-linux-gnu/lib/librustc_std_workspace_alloc-1f975299829cc7bd.rlib" "/opt/rustwide/rustup-home/toolchains/1.75.0-x86_64-unknown-linux-gnu/lib/rustlib/x86_64-unknown-linux-gnu/lib/libminiz_oxide-86bae3bc3079f89b.rlib" "/opt/rustwide/rustup-home/toolchains/1.75.0-x86_64-unknown-linux-gnu/lib/rustlib/x86_64-unknown-linux-gnu/lib/libadler-321b82c30dffdf5f.rlib" "/opt/rustwide/rustup-home/toolchains/1.75.0-x86_64-unknown-linux-gnu/lib/rustlib/x86_64-unknown-linux-gnu/lib/libunwind-3dd8a6810a0bdfef.rlib" "/opt/rustwide/rustup-home/toolchains/1.75.0-x86_64-unknown-linux-gnu/lib/rustlib/x86_64-unknown-linux-gnu/lib/libcfg_if-eb39a61c0c879984.rlib" "/opt/rustwide/rustup-home/toolchains/1.75.0-x86_64-unknown-linux-gnu/lib/rustlib/x86_64-unknown-linux-gnu/lib/liblibc-aa769569f91c3548.rlib" "/opt/rustwide/rustup-home/toolchains/1.75.0-x86_64-unknown-linux-gnu/lib/rustlib/x86_64-unknown-linux-gnu/lib/liballoc-510a192a50a983ed.rlib" "/opt/rustwide/rustup-home/toolchains/1.75.0-x86_64-unknown-linux-gnu/lib/rustlib/x86_64-unknown-linux-gnu/lib/librustc_std_workspace_core-0577018320f99037.rlib" "/opt/rustwide/rustup-home/toolchains/1.75.0-x86_64-unknown-linux-gnu/lib/rustlib/x86_64-unknown-linux-gnu/lib/libcore-193cf992125ccd4c.rlib" "/opt/rustwide/rustup-home/toolchains/1.75.0-x86_64-unknown-linux-gnu/lib/rustlib/x86_64-unknown-linux-gnu/lib/libcompiler_builtins-8e138eaf26ebb4a8.rlib" "-Wl,-Bdynamic" "-lgcc_s" "-lutil" "-lrt" "-lpthread" "-lm" "-ldl" "-lc" "-Wl,--eh-frame-hdr" "-Wl,-z,noexecstack" "-L" "/opt/rustwide/rustup-home/toolchains/1.75.0-x86_64-unknown-linux-gnu/lib/rustlib/x86_64-unknown-linux-gnu/lib" "-o" "/opt/rustwide/target/debug/deps/file_toml-75185f083aee8c5e" "-Wl,--gc-sections" "-pie" "-Wl,-z,relro,-z,now" "-nodefaultlibs"
[INFO] [stdout]   = note: collect2: fatal error: ld terminated with signal 9 [Killed]
[INFO] [stdout]           compilation terminated.
[INFO] [stdout]           
[INFO] [stdout] 
[INFO] [stdout] 
[INFO] [stdout] error: aborting due to previous error
[INFO] [stdout] 
[INFO] [stdout] 
[INFO] [stderr] error: could not compile `config-spirit-fork` (test "file_toml") due to 2 previous errors
[INFO] [stdout] warning: 2 warnings emitted
[INFO] [stdout] 
[INFO] [stdout] 
[INFO] running `Command { std: "docker" "inspect" "cfff8b1f64999d7831a6e3291f73e2d137a03a0bcf0fc36c34700f755887a05e", kill_on_drop: false }`
[INFO] running `Command { std: "docker" "rm" "-f" "cfff8b1f64999d7831a6e3291f73e2d137a03a0bcf0fc36c34700f755887a05e", kill_on_drop: false }`
[INFO] [stdout] cfff8b1f64999d7831a6e3291f73e2d137a03a0bcf0fc36c34700f755887a05e
