[INFO] fetching crate coneman 0.1.2...
[INFO] testing coneman-0.1.2 against 1.75.0 for beta-1.76-1
[INFO] extracting crate coneman 0.1.2 into /workspace/builds/worker-0-tc1/source
[INFO] validating manifest of crates.io crate coneman 0.1.2 on toolchain 1.75.0
[INFO] running `Command { std: CARGO_HOME="/workspace/cargo-home" RUSTUP_HOME="/workspace/rustup-home" "/workspace/cargo-home/bin/cargo" "+1.75.0" "metadata" "--manifest-path" "Cargo.toml" "--no-deps", kill_on_drop: false }`
[INFO] started tweaking crates.io crate coneman 0.1.2
[INFO] finished tweaking crates.io crate coneman 0.1.2
[INFO] tweaked toml for crates.io crate coneman 0.1.2 written to /workspace/builds/worker-0-tc1/source/Cargo.toml
[INFO] crate crates.io crate coneman 0.1.2 already has a lockfile, it will not be regenerated
[INFO] running `Command { std: CARGO_HOME="/workspace/cargo-home" RUSTUP_HOME="/workspace/rustup-home" "/workspace/cargo-home/bin/cargo" "+1.75.0" "fetch" "--manifest-path" "Cargo.toml", kill_on_drop: false }`
[INFO] [stderr]  Downloading crates ...
[INFO] [stderr]   Downloaded miniz_oxide v0.4.0
[INFO] [stderr]   Downloaded syn v1.0.37
[INFO] running `Command { std: "docker" "create" "-v" "/var/lib/crater-agent-workspace/builds/worker-0-tc1/target:/opt/rustwide/target:rw,Z" "-v" "/var/lib/crater-agent-workspace/builds/worker-0-tc1/source:/opt/rustwide/workdir:ro,Z" "-v" "/var/lib/crater-agent-workspace/cargo-home:/opt/rustwide/cargo-home:ro,Z" "-v" "/var/lib/crater-agent-workspace/rustup-home:/opt/rustwide/rustup-home:ro,Z" "-e" "SOURCE_DIR=/opt/rustwide/workdir" "-e" "CARGO_TARGET_DIR=/opt/rustwide/target" "-e" "CARGO_HOME=/opt/rustwide/cargo-home" "-e" "RUSTUP_HOME=/opt/rustwide/rustup-home" "-w" "/opt/rustwide/workdir" "-m" "1610612736" "--user" "0:0" "--network" "none" "ghcr.io/rust-lang/crates-build-env/linux@sha256:2788e3201cd34a07e3172128adcd8b3090168a8e3bcc40d7c032b9dda1df7d1c" "/opt/rustwide/cargo-home/bin/cargo" "+1.75.0" "metadata" "--no-deps" "--format-version=1", kill_on_drop: false }`
[INFO] [stdout] 4835d2e34cf8f935a8957fafc46be497acade75b8498623f456e06ed554aa887
[INFO] running `Command { std: "docker" "start" "-a" "4835d2e34cf8f935a8957fafc46be497acade75b8498623f456e06ed554aa887", kill_on_drop: false }`
[INFO] running `Command { std: "docker" "inspect" "4835d2e34cf8f935a8957fafc46be497acade75b8498623f456e06ed554aa887", kill_on_drop: false }`
[INFO] running `Command { std: "docker" "rm" "-f" "4835d2e34cf8f935a8957fafc46be497acade75b8498623f456e06ed554aa887", kill_on_drop: false }`
[INFO] [stdout] 4835d2e34cf8f935a8957fafc46be497acade75b8498623f456e06ed554aa887
[INFO] running `Command { std: "docker" "create" "-v" "/var/lib/crater-agent-workspace/builds/worker-0-tc1/target:/opt/rustwide/target:rw,Z" "-v" "/var/lib/crater-agent-workspace/builds/worker-0-tc1/source:/opt/rustwide/workdir:ro,Z" "-v" "/var/lib/crater-agent-workspace/cargo-home:/opt/rustwide/cargo-home:ro,Z" "-v" "/var/lib/crater-agent-workspace/rustup-home:/opt/rustwide/rustup-home:ro,Z" "-e" "SOURCE_DIR=/opt/rustwide/workdir" "-e" "CARGO_TARGET_DIR=/opt/rustwide/target" "-e" "CARGO_INCREMENTAL=0" "-e" "RUST_BACKTRACE=full" "-e" "RUSTFLAGS=--cap-lints=warn" "-e" "RUSTDOCFLAGS=--cap-lints=warn" "-e" "CARGO_HOME=/opt/rustwide/cargo-home" "-e" "RUSTUP_HOME=/opt/rustwide/rustup-home" "-w" "/opt/rustwide/workdir" "-m" "1610612736" "--user" "0:0" "--network" "none" "ghcr.io/rust-lang/crates-build-env/linux@sha256:2788e3201cd34a07e3172128adcd8b3090168a8e3bcc40d7c032b9dda1df7d1c" "/opt/rustwide/cargo-home/bin/cargo" "+1.75.0" "build" "--frozen" "--message-format=json", kill_on_drop: false }`
[INFO] [stdout] 584b915658292cf06ddfc36319643c7f199959e3a562d0fe008f79c63d7640d5
[INFO] running `Command { std: "docker" "start" "-a" "584b915658292cf06ddfc36319643c7f199959e3a562d0fe008f79c63d7640d5", kill_on_drop: false }`
[INFO] [stderr]    Compiling proc-macro2 v1.0.19
[INFO] [stderr]    Compiling unicode-xid v0.2.1
[INFO] [stderr]    Compiling libc v0.2.74
[INFO] [stderr]    Compiling syn v1.0.37
[INFO] [stderr]    Compiling version_check v0.9.2
[INFO] [stderr]    Compiling gimli v0.22.0
[INFO] [stderr]    Compiling adler v0.2.3
[INFO] [stderr]    Compiling object v0.20.0
[INFO] [stderr]    Compiling unicode-width v0.1.8
[INFO] [stderr]    Compiling doc-comment v0.3.3
[INFO] [stderr]    Compiling predicates-core v1.0.0
[INFO] [stderr]    Compiling difference v2.0.0
[INFO] [stderr]    Compiling treeline v0.1.0
[INFO] [stderr]    Compiling vec_map v0.8.2
[INFO] [stderr]    Compiling textwrap v0.11.0
[INFO] [stderr]    Compiling miniz_oxide v0.4.0
[INFO] [stderr]    Compiling predicates-tree v1.0.0
[INFO] [stderr]    Compiling predicates v1.0.5
[INFO] [stderr]    Compiling proc-macro-error-attr v1.0.4
[INFO] [stderr]    Compiling proc-macro-error v1.0.4
[INFO] [stderr]    Compiling quote v1.0.7
[INFO] [stderr]    Compiling atty v0.2.14
[INFO] [stderr]    Compiling wait-timeout v0.2.0
[INFO] [stderr]    Compiling clap v2.33.1
[INFO] [stderr]    Compiling colored v2.0.0
[INFO] [stderr]    Compiling assert_cmd v1.0.1
[INFO] [stderr]    Compiling addr2line v0.13.0
[INFO] [stderr]    Compiling backtrace v0.3.50
[INFO] [stderr]    Compiling synstructure v0.12.4
[INFO] [stderr]    Compiling failure_derive v0.1.8
[INFO] [stderr]    Compiling structopt-derive v0.4.8
[INFO] [stderr]    Compiling failure v0.1.8
[INFO] [stderr]    Compiling exitfailure v0.5.1
[INFO] [stderr]    Compiling structopt v0.3.15
[INFO] [stderr]    Compiling coneman v0.1.2 (/opt/rustwide/workdir)
[INFO] [stdout] warning: value assigned to `message` is never read
[INFO] [stdout]   --> src/main.rs:72:9
[INFO] [stdout]    |
[INFO] [stdout] 72 |         message = options.message;
[INFO] [stdout]    |         ^^^^^^^
[INFO] [stdout]    |
[INFO] [stdout]    = help: maybe it is overwritten before being read?
[INFO] [stdout]    = note: `#[warn(unused_assignments)]` on by default
[INFO] [stdout] 
[INFO] [stdout] 
[INFO] [stdout] warning: 1 warning emitted
[INFO] [stdout] 
[INFO] [stdout] 
[INFO] [stderr]     Finished dev [unoptimized + debuginfo] target(s) in 5.81s
[INFO] running `Command { std: "docker" "inspect" "584b915658292cf06ddfc36319643c7f199959e3a562d0fe008f79c63d7640d5", kill_on_drop: false }`
[INFO] running `Command { std: "docker" "rm" "-f" "584b915658292cf06ddfc36319643c7f199959e3a562d0fe008f79c63d7640d5", kill_on_drop: false }`
[INFO] [stdout] 584b915658292cf06ddfc36319643c7f199959e3a562d0fe008f79c63d7640d5
[INFO] running `Command { std: "docker" "create" "-v" "/var/lib/crater-agent-workspace/builds/worker-0-tc1/target:/opt/rustwide/target:rw,Z" "-v" "/var/lib/crater-agent-workspace/builds/worker-0-tc1/source:/opt/rustwide/workdir:ro,Z" "-v" "/var/lib/crater-agent-workspace/cargo-home:/opt/rustwide/cargo-home:ro,Z" "-v" "/var/lib/crater-agent-workspace/rustup-home:/opt/rustwide/rustup-home:ro,Z" "-e" "SOURCE_DIR=/opt/rustwide/workdir" "-e" "CARGO_TARGET_DIR=/opt/rustwide/target" "-e" "CARGO_INCREMENTAL=0" "-e" "RUST_BACKTRACE=full" "-e" "RUSTFLAGS=--cap-lints=warn" "-e" "RUSTDOCFLAGS=--cap-lints=warn" "-e" "CARGO_HOME=/opt/rustwide/cargo-home" "-e" "RUSTUP_HOME=/opt/rustwide/rustup-home" "-w" "/opt/rustwide/workdir" "-m" "1610612736" "--user" "0:0" "--network" "none" "ghcr.io/rust-lang/crates-build-env/linux@sha256:2788e3201cd34a07e3172128adcd8b3090168a8e3bcc40d7c032b9dda1df7d1c" "/opt/rustwide/cargo-home/bin/cargo" "+1.75.0" "test" "--frozen" "--no-run" "--message-format=json", kill_on_drop: false }`
[INFO] [stdout] 0aa824d5ef3ca2e2b81f609de5bb1ed15a3c51aeb9e36ecf1f8a10966cac656b
[INFO] running `Command { std: "docker" "start" "-a" "0aa824d5ef3ca2e2b81f609de5bb1ed15a3c51aeb9e36ecf1f8a10966cac656b", kill_on_drop: false }`
[INFO] [stdout] warning: value assigned to `message` is never read
[INFO] [stdout]   --> src/main.rs:72:9
[INFO] [stdout]    |
[INFO] [stdout] 72 |         message = options.message;
[INFO] [stdout]    |         ^^^^^^^
[INFO] [stdout]    |
[INFO] [stdout]    = help: maybe it is overwritten before being read?
[INFO] [stdout]    = note: `#[warn(unused_assignments)]` on by default
[INFO] [stdout] 
[INFO] [stdout] 
[INFO] [stderr]    Compiling coneman v0.1.2 (/opt/rustwide/workdir)
[INFO] [stdout] warning: 1 warning emitted
[INFO] [stdout] 
[INFO] [stdout] 
[INFO] [stdout] error[E0433]: failed to resolve: use of undeclared crate or module `predicates`
[INFO] [stdout]  --> tests/integration_tests.rs:3:5
[INFO] [stdout]   |
[INFO] [stdout] 3 | use predicates::prelude::*;
[INFO] [stdout]   |     ^^^^^^^^^^ use of undeclared crate or module `predicates`
[INFO] [stdout] 
[INFO] [stdout] 
[INFO] [stdout] error[E0433]: failed to resolve: use of undeclared crate or module `predicate`
[INFO] [stdout]   --> tests/integration_tests.rs:10:17
[INFO] [stdout]    |
[INFO] [stdout] 10 |         .stdout(predicate::str::contains("Created by Conemen!"))
[INFO] [stdout]    |                 ^^^^^^^^^ use of undeclared crate or module `predicate`
[INFO] [stdout]    |
[INFO] [stdout] help: consider importing one of these items
[INFO] [stdout]    |
[INFO] [stdout] 1  + use core::primitive::str;
[INFO] [stdout]    |
[INFO] [stdout] 1  + use std::primitive::str;
[INFO] [stdout]    |
[INFO] [stdout] help: if you import `str`, refer to it directly
[INFO] [stdout]    |
[INFO] [stdout] 10 -         .stdout(predicate::str::contains("Created by Conemen!"))
[INFO] [stdout] 10 +         .stdout(str::contains("Created by Conemen!"))
[INFO] [stdout]    |
[INFO] [stdout] 
[INFO] [stdout] 
[INFO] [stdout] warning: value assigned to `message` is never read
[INFO] [stdout]   --> src/main.rs:72:9
[INFO] [stdout]    |
[INFO] [stdout] 72 |         message = options.message;
[INFO] [stdout]    |         ^^^^^^^
[INFO] [stdout]    |
[INFO] [stdout]    = help: maybe it is overwritten before being read?
[INFO] [stdout]    = note: `#[warn(unused_assignments)]` on by default
[INFO] [stdout] 
[INFO] [stdout] 
[INFO] [stdout] error: aborting due to 2 previous errors
[INFO] [stdout] 
[INFO] [stdout] 
[INFO] [stdout] For more information about this error, try `rustc --explain E0433`.
[INFO] [stdout] 
[INFO] [stderr] error: could not compile `coneman` (test "integration_tests") due to 3 previous errors
[INFO] [stderr] warning: build failed, waiting for other jobs to finish...
[INFO] [stdout] warning: 1 warning emitted
[INFO] [stdout] 
[INFO] [stdout] 
[INFO] running `Command { std: "docker" "inspect" "0aa824d5ef3ca2e2b81f609de5bb1ed15a3c51aeb9e36ecf1f8a10966cac656b", kill_on_drop: false }`
[INFO] running `Command { std: "docker" "rm" "-f" "0aa824d5ef3ca2e2b81f609de5bb1ed15a3c51aeb9e36ecf1f8a10966cac656b", kill_on_drop: false }`
[INFO] [stdout] 0aa824d5ef3ca2e2b81f609de5bb1ed15a3c51aeb9e36ecf1f8a10966cac656b
[INFO] testing coneman-0.1.2 against beta-2023-12-22 for beta-1.76-1
[INFO] extracting crate coneman 0.1.2 into /workspace/builds/worker-0-tc2/source
[INFO] validating manifest of crates.io crate coneman 0.1.2 on toolchain beta-2023-12-22
[INFO] running `Command { std: CARGO_HOME="/workspace/cargo-home" RUSTUP_HOME="/workspace/rustup-home" "/workspace/cargo-home/bin/cargo" "+beta-2023-12-22" "metadata" "--manifest-path" "Cargo.toml" "--no-deps", kill_on_drop: false }`
[INFO] started tweaking crates.io crate coneman 0.1.2
[INFO] finished tweaking crates.io crate coneman 0.1.2
[INFO] tweaked toml for crates.io crate coneman 0.1.2 written to /workspace/builds/worker-0-tc2/source/Cargo.toml
[INFO] crate crates.io crate coneman 0.1.2 already has a lockfile, it will not be regenerated
[INFO] running `Command { std: CARGO_HOME="/workspace/cargo-home" RUSTUP_HOME="/workspace/rustup-home" "/workspace/cargo-home/bin/cargo" "+beta-2023-12-22" "fetch" "--manifest-path" "Cargo.toml", kill_on_drop: false }`
[INFO] running `Command { std: "docker" "create" "-v" "/var/lib/crater-agent-workspace/builds/worker-0-tc2/target:/opt/rustwide/target:rw,Z" "-v" "/var/lib/crater-agent-workspace/builds/worker-0-tc2/source:/opt/rustwide/workdir:ro,Z" "-v" "/var/lib/crater-agent-workspace/cargo-home:/opt/rustwide/cargo-home:ro,Z" "-v" "/var/lib/crater-agent-workspace/rustup-home:/opt/rustwide/rustup-home:ro,Z" "-e" "SOURCE_DIR=/opt/rustwide/workdir" "-e" "CARGO_TARGET_DIR=/opt/rustwide/target" "-e" "CARGO_HOME=/opt/rustwide/cargo-home" "-e" "RUSTUP_HOME=/opt/rustwide/rustup-home" "-w" "/opt/rustwide/workdir" "-m" "1610612736" "--user" "0:0" "--network" "none" "ghcr.io/rust-lang/crates-build-env/linux@sha256:2788e3201cd34a07e3172128adcd8b3090168a8e3bcc40d7c032b9dda1df7d1c" "/opt/rustwide/cargo-home/bin/cargo" "+beta-2023-12-22" "metadata" "--no-deps" "--format-version=1", kill_on_drop: false }`
[INFO] [stdout] 78650ec4045e45eaad829ccc6195f4220dee490c0a9a460dcdae4db0d7d0c86e
[INFO] running `Command { std: "docker" "start" "-a" "78650ec4045e45eaad829ccc6195f4220dee490c0a9a460dcdae4db0d7d0c86e", kill_on_drop: false }`
[INFO] running `Command { std: "docker" "inspect" "78650ec4045e45eaad829ccc6195f4220dee490c0a9a460dcdae4db0d7d0c86e", kill_on_drop: false }`
[INFO] running `Command { std: "docker" "rm" "-f" "78650ec4045e45eaad829ccc6195f4220dee490c0a9a460dcdae4db0d7d0c86e", kill_on_drop: false }`
[INFO] [stdout] 78650ec4045e45eaad829ccc6195f4220dee490c0a9a460dcdae4db0d7d0c86e
[INFO] running `Command { std: "docker" "create" "-v" "/var/lib/crater-agent-workspace/builds/worker-0-tc2/target:/opt/rustwide/target:rw,Z" "-v" "/var/lib/crater-agent-workspace/builds/worker-0-tc2/source:/opt/rustwide/workdir:ro,Z" "-v" "/var/lib/crater-agent-workspace/cargo-home:/opt/rustwide/cargo-home:ro,Z" "-v" "/var/lib/crater-agent-workspace/rustup-home:/opt/rustwide/rustup-home:ro,Z" "-e" "SOURCE_DIR=/opt/rustwide/workdir" "-e" "CARGO_TARGET_DIR=/opt/rustwide/target" "-e" "CARGO_INCREMENTAL=0" "-e" "RUST_BACKTRACE=full" "-e" "RUSTFLAGS=--cap-lints=warn" "-e" "RUSTDOCFLAGS=--cap-lints=warn" "-e" "CARGO_HOME=/opt/rustwide/cargo-home" "-e" "RUSTUP_HOME=/opt/rustwide/rustup-home" "-w" "/opt/rustwide/workdir" "-m" "1610612736" "--user" "0:0" "--network" "none" "ghcr.io/rust-lang/crates-build-env/linux@sha256:2788e3201cd34a07e3172128adcd8b3090168a8e3bcc40d7c032b9dda1df7d1c" "/opt/rustwide/cargo-home/bin/cargo" "+beta-2023-12-22" "build" "--frozen" "--message-format=json", kill_on_drop: false }`
[INFO] [stdout] 448d0aa4640466b6d20e5958d9bf328f8115e6921260b10daa39106265252376
[INFO] running `Command { std: "docker" "start" "-a" "448d0aa4640466b6d20e5958d9bf328f8115e6921260b10daa39106265252376", kill_on_drop: false }`
[INFO] [stderr]    Compiling proc-macro2 v1.0.19
[INFO] [stderr]    Compiling unicode-xid v0.2.1
[INFO] [stderr]    Compiling libc v0.2.74
[INFO] [stderr]    Compiling syn v1.0.37
[INFO] [stderr]    Compiling version_check v0.9.2
[INFO] [stderr]    Compiling adler v0.2.3
[INFO] [stderr]    Compiling gimli v0.22.0
[INFO] [stderr]    Compiling object v0.20.0
[INFO] [stderr]    Compiling unicode-width v0.1.8
[INFO] [stderr]    Compiling predicates-core v1.0.0
[INFO] [stderr]    Compiling doc-comment v0.3.3
[INFO] [stderr]    Compiling difference v2.0.0
[INFO] [stderr]    Compiling vec_map v0.8.2
[INFO] [stderr]    Compiling treeline v0.1.0
[INFO] [stderr]    Compiling textwrap v0.11.0
[INFO] [stderr]    Compiling miniz_oxide v0.4.0
[INFO] [stderr]    Compiling predicates-tree v1.0.0
[INFO] [stderr]    Compiling predicates v1.0.5
[INFO] [stderr]    Compiling proc-macro-error-attr v1.0.4
[INFO] [stderr]    Compiling proc-macro-error v1.0.4
[INFO] [stderr]    Compiling quote v1.0.7
[INFO] [stderr]    Compiling atty v0.2.14
[INFO] [stderr]    Compiling wait-timeout v0.2.0
[INFO] [stderr]    Compiling clap v2.33.1
[INFO] [stderr]    Compiling colored v2.0.0
[INFO] [stderr]    Compiling assert_cmd v1.0.1
[INFO] [stderr]    Compiling addr2line v0.13.0
[INFO] [stderr]    Compiling backtrace v0.3.50
[INFO] [stderr]    Compiling synstructure v0.12.4
[INFO] [stderr]    Compiling failure_derive v0.1.8
[INFO] [stderr]    Compiling structopt-derive v0.4.8
[INFO] [stderr]    Compiling failure v0.1.8
[INFO] [stderr]    Compiling exitfailure v0.5.1
[INFO] [stderr]    Compiling structopt v0.3.15
[INFO] [stderr]    Compiling coneman v0.1.2 (/opt/rustwide/workdir)
[INFO] [stdout] warning: value assigned to `message` is never read
[INFO] [stdout]   --> src/main.rs:72:9
[INFO] [stdout]    |
[INFO] [stdout] 72 |         message = options.message;
[INFO] [stdout]    |         ^^^^^^^
[INFO] [stdout]    |
[INFO] [stdout]    = help: maybe it is overwritten before being read?
[INFO] [stdout]    = note: `#[warn(unused_assignments)]` on by default
[INFO] [stdout] 
[INFO] [stdout] 
[INFO] [stdout] warning: 1 warning emitted
[INFO] [stdout] 
[INFO] [stdout] 
[INFO] [stderr]     Finished dev [unoptimized + debuginfo] target(s) in 5.90s
[INFO] running `Command { std: "docker" "inspect" "448d0aa4640466b6d20e5958d9bf328f8115e6921260b10daa39106265252376", kill_on_drop: false }`
[INFO] running `Command { std: "docker" "rm" "-f" "448d0aa4640466b6d20e5958d9bf328f8115e6921260b10daa39106265252376", kill_on_drop: false }`
[INFO] [stdout] 448d0aa4640466b6d20e5958d9bf328f8115e6921260b10daa39106265252376
[INFO] running `Command { std: "docker" "create" "-v" "/var/lib/crater-agent-workspace/builds/worker-0-tc2/target:/opt/rustwide/target:rw,Z" "-v" "/var/lib/crater-agent-workspace/builds/worker-0-tc2/source:/opt/rustwide/workdir:ro,Z" "-v" "/var/lib/crater-agent-workspace/cargo-home:/opt/rustwide/cargo-home:ro,Z" "-v" "/var/lib/crater-agent-workspace/rustup-home:/opt/rustwide/rustup-home:ro,Z" "-e" "SOURCE_DIR=/opt/rustwide/workdir" "-e" "CARGO_TARGET_DIR=/opt/rustwide/target" "-e" "CARGO_INCREMENTAL=0" "-e" "RUST_BACKTRACE=full" "-e" "RUSTFLAGS=--cap-lints=warn" "-e" "RUSTDOCFLAGS=--cap-lints=warn" "-e" "CARGO_HOME=/opt/rustwide/cargo-home" "-e" "RUSTUP_HOME=/opt/rustwide/rustup-home" "-w" "/opt/rustwide/workdir" "-m" "1610612736" "--user" "0:0" "--network" "none" "ghcr.io/rust-lang/crates-build-env/linux@sha256:2788e3201cd34a07e3172128adcd8b3090168a8e3bcc40d7c032b9dda1df7d1c" "/opt/rustwide/cargo-home/bin/cargo" "+beta-2023-12-22" "test" "--frozen" "--no-run" "--message-format=json", kill_on_drop: false }`
[INFO] [stdout] 168f107bd4b655665c8c741dbeaf025a4876e1d83cd43619b4e32a7c53d46ebe
[INFO] running `Command { std: "docker" "start" "-a" "168f107bd4b655665c8c741dbeaf025a4876e1d83cd43619b4e32a7c53d46ebe", kill_on_drop: false }`
[INFO] [stderr]    Compiling coneman v0.1.2 (/opt/rustwide/workdir)
[INFO] [stdout] warning: value assigned to `message` is never read
[INFO] [stdout]   --> src/main.rs:72:9
[INFO] [stdout]    |
[INFO] [stdout] 72 |         message = options.message;
[INFO] [stdout]    |         ^^^^^^^
[INFO] [stdout]    |
[INFO] [stdout]    = help: maybe it is overwritten before being read?
[INFO] [stdout]    = note: `#[warn(unused_assignments)]` on by default
[INFO] [stdout] 
[INFO] [stdout] 
[INFO] [stdout] warning: 1 warning emitted
[INFO] [stdout] 
[INFO] [stdout] 
[INFO] [stdout] error[E0433]: failed to resolve: use of undeclared crate or module `predicates`
[INFO] [stdout]  --> tests/integration_tests.rs:3:5
[INFO] [stdout]   |
[INFO] [stdout] 3 | use predicates::prelude::*;
[INFO] [stdout]   |     ^^^^^^^^^^ use of undeclared crate or module `predicates`
[INFO] [stdout] 
[INFO] [stdout] 
[INFO] [stdout] error[E0433]: failed to resolve: use of undeclared crate or module `predicate`
[INFO] [stdout]   --> tests/integration_tests.rs:10:17
[INFO] [stdout]    |
[INFO] [stdout] 10 |         .stdout(predicate::str::contains("Created by Conemen!"))
[INFO] [stdout]    |                 ^^^^^^^^^ use of undeclared crate or module `predicate`
[INFO] [stdout]    |
[INFO] [stdout] help: consider importing one of these items
[INFO] [stdout]    |
[INFO] [stdout] 1  + use core::primitive::str;
[INFO] [stdout]    |
[INFO] [stdout] 1  + use std::primitive::str;
[INFO] [stdout]    |
[INFO] [stdout] help: if you import `str`, refer to it directly
[INFO] [stdout]    |
[INFO] [stdout] 10 -         .stdout(predicate::str::contains("Created by Conemen!"))
[INFO] [stdout] 10 +         .stdout(str::contains("Created by Conemen!"))
[INFO] [stdout]    |
[INFO] [stdout] 
[INFO] [stdout] 
[INFO] [stdout] warning: value assigned to `message` is never read
[INFO] [stdout]   --> src/main.rs:72:9
[INFO] [stdout]    |
[INFO] [stdout] 72 |         message = options.message;
[INFO] [stdout]    |         ^^^^^^^
[INFO] [stdout]    |
[INFO] [stdout]    = help: maybe it is overwritten before being read?
[INFO] [stdout]    = note: `#[warn(unused_assignments)]` on by default
[INFO] [stdout] 
[INFO] [stdout] 
[INFO] [stdout] error: aborting due to 2 previous errors
[INFO] [stdout] 
[INFO] [stdout] 
[INFO] [stdout] For more information about this error, try `rustc --explain E0433`.
[INFO] [stdout] 
[INFO] [stderr] error: could not compile `coneman` (test "integration_tests") due to 3 previous errors
[INFO] [stderr] warning: build failed, waiting for other jobs to finish...
[INFO] [stdout] warning: 1 warning emitted
[INFO] [stdout] 
[INFO] [stdout] 
[INFO] running `Command { std: "docker" "inspect" "168f107bd4b655665c8c741dbeaf025a4876e1d83cd43619b4e32a7c53d46ebe", kill_on_drop: false }`
[INFO] running `Command { std: "docker" "rm" "-f" "168f107bd4b655665c8c741dbeaf025a4876e1d83cd43619b4e32a7c53d46ebe", kill_on_drop: false }`
[INFO] [stdout] 168f107bd4b655665c8c741dbeaf025a4876e1d83cd43619b4e32a7c53d46ebe
