[INFO] fetching crate compiled-nn-bindings 0.12.0...
[INFO] testing compiled-nn-bindings-0.12.0 against 1.75.0 for beta-1.76-1
[INFO] extracting crate compiled-nn-bindings 0.12.0 into /workspace/builds/worker-6-tc1/source
[INFO] validating manifest of crates.io crate compiled-nn-bindings 0.12.0 on toolchain 1.75.0
[INFO] running `Command { std: CARGO_HOME="/workspace/cargo-home" RUSTUP_HOME="/workspace/rustup-home" "/workspace/cargo-home/bin/cargo" "+1.75.0" "metadata" "--manifest-path" "Cargo.toml" "--no-deps", kill_on_drop: false }`
[INFO] started tweaking crates.io crate compiled-nn-bindings 0.12.0
[INFO] finished tweaking crates.io crate compiled-nn-bindings 0.12.0
[INFO] tweaked toml for crates.io crate compiled-nn-bindings 0.12.0 written to /workspace/builds/worker-6-tc1/source/Cargo.toml
[INFO] running `Command { std: CARGO_HOME="/workspace/cargo-home" RUSTUP_HOME="/workspace/rustup-home" "/workspace/cargo-home/bin/cargo" "+1.75.0" "generate-lockfile" "--manifest-path" "Cargo.toml", kill_on_drop: false }`
[INFO] [stderr]     Updating crates.io index
[INFO] running `Command { std: CARGO_HOME="/workspace/cargo-home" RUSTUP_HOME="/workspace/rustup-home" "/workspace/cargo-home/bin/cargo" "+1.75.0" "fetch" "--manifest-path" "Cargo.toml", kill_on_drop: false }`
[INFO] [stderr]  Downloading crates ...
[INFO] [stderr]   Downloaded bindgen v0.63.0
[INFO] running `Command { std: "docker" "create" "-v" "/var/lib/crater-agent-workspace/builds/worker-6-tc1/target:/opt/rustwide/target:rw,Z" "-v" "/var/lib/crater-agent-workspace/builds/worker-6-tc1/source:/opt/rustwide/workdir:ro,Z" "-v" "/var/lib/crater-agent-workspace/cargo-home:/opt/rustwide/cargo-home:ro,Z" "-v" "/var/lib/crater-agent-workspace/rustup-home:/opt/rustwide/rustup-home:ro,Z" "-e" "SOURCE_DIR=/opt/rustwide/workdir" "-e" "CARGO_TARGET_DIR=/opt/rustwide/target" "-e" "CARGO_HOME=/opt/rustwide/cargo-home" "-e" "RUSTUP_HOME=/opt/rustwide/rustup-home" "-w" "/opt/rustwide/workdir" "-m" "1610612736" "--user" "0:0" "--network" "none" "ghcr.io/rust-lang/crates-build-env/linux@sha256:2788e3201cd34a07e3172128adcd8b3090168a8e3bcc40d7c032b9dda1df7d1c" "/opt/rustwide/cargo-home/bin/cargo" "+1.75.0" "metadata" "--no-deps" "--format-version=1", kill_on_drop: false }`
[INFO] [stdout] 846943a5911e7e1a5089c923157a51f7d67849e7df1ae820c576cf4bce4996e2
[INFO] running `Command { std: "docker" "start" "-a" "846943a5911e7e1a5089c923157a51f7d67849e7df1ae820c576cf4bce4996e2", kill_on_drop: false }`
[INFO] running `Command { std: "docker" "inspect" "846943a5911e7e1a5089c923157a51f7d67849e7df1ae820c576cf4bce4996e2", kill_on_drop: false }`
[INFO] running `Command { std: "docker" "rm" "-f" "846943a5911e7e1a5089c923157a51f7d67849e7df1ae820c576cf4bce4996e2", kill_on_drop: false }`
[INFO] [stdout] 846943a5911e7e1a5089c923157a51f7d67849e7df1ae820c576cf4bce4996e2
[INFO] running `Command { std: "docker" "create" "-v" "/var/lib/crater-agent-workspace/builds/worker-6-tc1/target:/opt/rustwide/target:rw,Z" "-v" "/var/lib/crater-agent-workspace/builds/worker-6-tc1/source:/opt/rustwide/workdir:ro,Z" "-v" "/var/lib/crater-agent-workspace/cargo-home:/opt/rustwide/cargo-home:ro,Z" "-v" "/var/lib/crater-agent-workspace/rustup-home:/opt/rustwide/rustup-home:ro,Z" "-e" "SOURCE_DIR=/opt/rustwide/workdir" "-e" "CARGO_TARGET_DIR=/opt/rustwide/target" "-e" "CARGO_INCREMENTAL=0" "-e" "RUST_BACKTRACE=full" "-e" "RUSTFLAGS=--cap-lints=warn" "-e" "RUSTDOCFLAGS=--cap-lints=warn" "-e" "CARGO_HOME=/opt/rustwide/cargo-home" "-e" "RUSTUP_HOME=/opt/rustwide/rustup-home" "-w" "/opt/rustwide/workdir" "-m" "1610612736" "--user" "0:0" "--network" "none" "ghcr.io/rust-lang/crates-build-env/linux@sha256:2788e3201cd34a07e3172128adcd8b3090168a8e3bcc40d7c032b9dda1df7d1c" "/opt/rustwide/cargo-home/bin/cargo" "+1.75.0" "build" "--frozen" "--message-format=json", kill_on_drop: false }`
[INFO] [stdout] a177a387af6001609d9dde05cea167aec937b0bb171435036d46d65ec62f76f8
[INFO] running `Command { std: "docker" "start" "-a" "a177a387af6001609d9dde05cea167aec937b0bb171435036d46d65ec62f76f8", kill_on_drop: false }`
[INFO] [stderr]    Compiling libc v0.2.151
[INFO] [stderr]    Compiling proc-macro2 v1.0.75
[INFO] [stderr]    Compiling glob v0.3.1
[INFO] [stderr]    Compiling rustix v0.38.28
[INFO] [stderr]    Compiling unicode-ident v1.0.12
[INFO] [stderr]    Compiling regex-syntax v0.8.2
[INFO] [stderr]    Compiling memchr v2.7.1
[INFO] [stderr]    Compiling syn v1.0.109
[INFO] [stderr]    Compiling bitflags v2.4.1
[INFO] [stderr]    Compiling linux-raw-sys v0.4.12
[INFO] [stderr]    Compiling minimal-lexical v0.2.1
[INFO] [stderr]    Compiling cfg-if v1.0.0
[INFO] [stderr]    Compiling home v0.5.9
[INFO] [stderr]    Compiling either v1.9.0
[INFO] [stderr]    Compiling bindgen v0.63.0
[INFO] [stderr]    Compiling lazy_static v1.4.0
[INFO] [stderr]    Compiling libloading v0.8.1
[INFO] [stderr]    Compiling bitflags v1.3.2
[INFO] [stderr]    Compiling log v0.4.20
[INFO] [stderr]    Compiling shlex v1.2.0
[INFO] [stderr]    Compiling peeking_take_while v0.1.2
[INFO] [stderr]    Compiling same-file v1.0.6
[INFO] [stderr]    Compiling lazycell v1.3.0
[INFO] [stderr]    Compiling rustc-hash v1.1.0
[INFO] [stderr]    Compiling walkdir v2.4.0
[INFO] [stderr]    Compiling pkg-config v0.3.28
[INFO] [stderr]    Compiling clang-sys v1.7.0
[INFO] [stderr]    Compiling nom v7.1.3
[INFO] [stderr]    Compiling quote v1.0.35
[INFO] [stderr]    Compiling cc v1.0.83
[INFO] [stderr]    Compiling cmake v0.1.50
[INFO] [stderr]    Compiling regex-automata v0.4.3
[INFO] [stderr]    Compiling which v4.4.2
[INFO] [stderr]    Compiling cexpr v0.6.0
[INFO] [stderr]    Compiling regex v1.10.2
[INFO] [stderr]    Compiling compiled-nn-bindings v0.12.0 (/opt/rustwide/workdir)
[INFO] [stderr] error: failed to run custom build command for `compiled-nn-bindings v0.12.0 (/opt/rustwide/workdir)`
[INFO] [stderr] note: To improve backtraces for build dependencies, set the CARGO_PROFILE_DEV_BUILD_OVERRIDE_DEBUG=true environment variable to enable debug information generation.
[INFO] [stderr] 
[INFO] [stderr] Caused by:
[INFO] [stderr]   process didn't exit successfully: `/opt/rustwide/target/debug/build/compiled-nn-bindings-e719a913f598f662/build-script-build` (exit status: 101)
[INFO] [stderr]   --- stdout
[INFO] [stderr]   cargo:rerun-if-env-changed=COMPILEDNN_NO_PKG_CONFIG
[INFO] [stderr]   cargo:rerun-if-env-changed=PKG_CONFIG_x86_64-unknown-linux-gnu
[INFO] [stderr]   cargo:rerun-if-env-changed=PKG_CONFIG_x86_64_unknown_linux_gnu
[INFO] [stderr]   cargo:rerun-if-env-changed=HOST_PKG_CONFIG
[INFO] [stderr]   cargo:rerun-if-env-changed=PKG_CONFIG
[INFO] [stderr]   cargo:rerun-if-env-changed=COMPILEDNN_STATIC
[INFO] [stderr]   cargo:rerun-if-env-changed=COMPILEDNN_DYNAMIC
[INFO] [stderr]   cargo:rerun-if-env-changed=PKG_CONFIG_ALL_STATIC
[INFO] [stderr]   cargo:rerun-if-env-changed=PKG_CONFIG_ALL_DYNAMIC
[INFO] [stderr]   cargo:rerun-if-env-changed=PKG_CONFIG_PATH_x86_64-unknown-linux-gnu
[INFO] [stderr]   cargo:rerun-if-env-changed=PKG_CONFIG_PATH_x86_64_unknown_linux_gnu
[INFO] [stderr]   cargo:rerun-if-env-changed=HOST_PKG_CONFIG_PATH
[INFO] [stderr]   cargo:rerun-if-env-changed=PKG_CONFIG_PATH
[INFO] [stderr]   cargo:rerun-if-env-changed=PKG_CONFIG_LIBDIR_x86_64-unknown-linux-gnu
[INFO] [stderr]   cargo:rerun-if-env-changed=PKG_CONFIG_LIBDIR_x86_64_unknown_linux_gnu
[INFO] [stderr]   cargo:rerun-if-env-changed=HOST_PKG_CONFIG_LIBDIR
[INFO] [stderr]   cargo:rerun-if-env-changed=PKG_CONFIG_LIBDIR
[INFO] [stderr]   cargo:rerun-if-env-changed=PKG_CONFIG_SYSROOT_DIR_x86_64-unknown-linux-gnu
[INFO] [stderr]   cargo:rerun-if-env-changed=PKG_CONFIG_SYSROOT_DIR_x86_64_unknown_linux_gnu
[INFO] [stderr]   cargo:rerun-if-env-changed=HOST_PKG_CONFIG_SYSROOT_DIR
[INFO] [stderr]   cargo:rerun-if-env-changed=PKG_CONFIG_SYSROOT_DIR
[INFO] [stderr]   CMAKE_TOOLCHAIN_FILE_x86_64-unknown-linux-gnu = None
[INFO] [stderr]   CMAKE_TOOLCHAIN_FILE_x86_64_unknown_linux_gnu = None
[INFO] [stderr]   HOST_CMAKE_TOOLCHAIN_FILE = None
[INFO] [stderr]   CMAKE_TOOLCHAIN_FILE = None
[INFO] [stderr]   CMAKE_GENERATOR_x86_64-unknown-linux-gnu = None
[INFO] [stderr]   CMAKE_GENERATOR_x86_64_unknown_linux_gnu = None
[INFO] [stderr]   HOST_CMAKE_GENERATOR = None
[INFO] [stderr]   CMAKE_GENERATOR = None
[INFO] [stderr]   CMAKE_PREFIX_PATH_x86_64-unknown-linux-gnu = None
[INFO] [stderr]   CMAKE_PREFIX_PATH_x86_64_unknown_linux_gnu = None
[INFO] [stderr]   HOST_CMAKE_PREFIX_PATH = None
[INFO] [stderr]   CMAKE_PREFIX_PATH = None
[INFO] [stderr]   CMAKE_x86_64-unknown-linux-gnu = None
[INFO] [stderr]   CMAKE_x86_64_unknown_linux_gnu = None
[INFO] [stderr]   HOST_CMAKE = None
[INFO] [stderr]   CMAKE = None
[INFO] [stderr]   running: cd "/opt/rustwide/target/debug/build/compiled-nn-bindings-2139dcc054c51fad/out/build" && CMAKE_PREFIX_PATH="" "cmake" "/opt/rustwide/target/debug/build/compiled-nn-bindings-2139dcc054c51fad/out/CompiledNN/" "-DBUILD_SHARED_LIBS=OFF" "-DWITH_ONNX=OFF" "-DCMAKE_INSTALL_PREFIX=/opt/rustwide/target/debug/build/compiled-nn-bindings-2139dcc054c51fad/out" "-DCMAKE_C_FLAGS= -ffunction-sections -fdata-sections -fPIC -m64" "-DCMAKE_C_COMPILER=/usr/bin/cc" "-DCMAKE_CXX_FLAGS= -ffunction-sections -fdata-sections -fPIC -m64" "-DCMAKE_CXX_COMPILER=/usr/bin/c++" "-DCMAKE_ASM_FLAGS= -ffunction-sections -fdata-sections -fPIC -m64" "-DCMAKE_ASM_COMPILER=/usr/bin/cc" "-DCMAKE_BUILD_TYPE=Debug"
[INFO] [stderr]   -- The C compiler identification is GNU 11.4.0
[INFO] [stderr]   -- The CXX compiler identification is GNU 11.4.0
[INFO] [stderr]   -- Detecting C compiler ABI info
[INFO] [stderr]   -- Detecting C compiler ABI info - done
[INFO] [stderr]   -- Check for working C compiler: /usr/bin/cc - skipped
[INFO] [stderr]   -- Detecting C compile features
[INFO] [stderr]   -- Detecting C compile features - done
[INFO] [stderr]   -- Detecting CXX compiler ABI info
[INFO] [stderr]   -- Detecting CXX compiler ABI info - done
[INFO] [stderr]   -- Check for working CXX compiler: /usr/bin/c++ - skipped
[INFO] [stderr]   -- Detecting CXX compile features
[INFO] [stderr]   -- Detecting CXX compile features - done
[INFO] [stderr]   -- Found HDF5: /usr/lib/x86_64-linux-gnu/hdf5/serial/libhdf5.so;/usr/lib/x86_64-linux-gnu/libcrypto.so;/usr/lib/x86_64-linux-gnu/libcurl.so;/usr/lib/x86_64-linux-gnu/libpthread.a;/usr/lib/x86_64-linux-gnu/libsz.so;/usr/lib/x86_64-linux-gnu/libz.so;/usr/lib/x86_64-linux-gnu/libdl.a;/usr/lib/x86_64-linux-gnu/libm.so (found version "1.10.7")  
[INFO] [stderr]   -- Configuring done
[INFO] [stderr]   -- Generating done
[INFO] [stderr]   -- Build files have been written to: /opt/rustwide/target/debug/build/compiled-nn-bindings-2139dcc054c51fad/out/build
[INFO] [stderr]   running: cd "/opt/rustwide/target/debug/build/compiled-nn-bindings-2139dcc054c51fad/out/build" && MAKEFLAGS="-j --jobserver-fds=7,8 --jobserver-auth=7,8" "cmake" "--build" "." "--target" "install" "--config" "Debug"
[INFO] [stderr]   [  1%] Building CXX object CMakeFiles/CompiledNN.dir/Src/CompiledNN/CompiledNN.cpp.o
[INFO] [stderr]   [  2%] Building CXX object CMakeFiles/CompiledNN.dir/Src/CompiledNN/Thinterface.cpp.o
[INFO] [stderr]   [  7%] Building CXX object CMakeFiles/CompiledNN.dir/Src/CompiledNN/CompiledNN/CompilationSettings.cpp.o
[INFO] [stderr]   [  7%] Building CXX object CMakeFiles/CompiledNN.dir/Src/CompiledNN/CompiledNN/Operations/Activation.cpp.o
[INFO] [stderr]   [  7%] Building CXX object CMakeFiles/CompiledNN.dir/Src/CompiledNN/CompiledNN/ActivationFunctions.cpp.o
[INFO] [stderr]   [  7%] Building CXX object CMakeFiles/CompiledNN.dir/Src/CompiledNN/Model.cpp.o
[INFO] [stderr]   [  8%] Building CXX object CMakeFiles/CompiledNN.dir/Src/CompiledNN/SimpleNN.cpp.o
[INFO] [stderr]   [  9%] Building CXX object CMakeFiles/CompiledNN.dir/Src/CompiledNN/CompiledNN/Operations/BatchNormalization.cpp.o
[INFO] [stderr]   [ 10%] Building CXX object CMakeFiles/CompiledNN.dir/Src/CompiledNN/CompiledNN/Operations/Concatenate.cpp.o
[INFO] [stderr]   [ 13%] Building CXX object CMakeFiles/CompiledNN.dir/Src/CompiledNN/CompiledNN/Operations/Conv2D.cpp.o
[INFO] [stderr]   [ 13%] Building CXX object CMakeFiles/CompiledNN.dir/Src/CompiledNN/CompiledNN/Operations/Arithmetic.cpp.o
[INFO] [stderr]   [ 15%] Building CXX object CMakeFiles/CompiledNN.dir/Src/CompiledNN/CompiledNN/Operations/Cropping2D.cpp.o
[INFO] [stderr]   [ 15%] Building CXX object CMakeFiles/CompiledNN.dir/Src/CompiledNN/CompiledNN/Operations/DConv2D.cpp.o
[INFO] [stderr]   [ 16%] Building CXX object CMakeFiles/CompiledNN.dir/Src/CompiledNN/CompiledNN/Operations/Dense.cpp.o
[INFO] [stderr]   [ 17%] Building CXX object CMakeFiles/CompiledNN.dir/Src/CompiledNN/CompiledNN/Operations/GlobalPooling2D.cpp.o
[INFO] [stderr]   [ 19%] Building CXX object CMakeFiles/CompiledNN.dir/Src/CompiledNN/CompiledNN/Operations/Im2Col2D.cpp.o
[INFO] [stderr] 
[INFO] [stderr]   --- stderr
[INFO] [stderr]   CMake Warning:
[INFO] [stderr]     Manually-specified variables were not used by the project:
[INFO] [stderr] 
[INFO] [stderr]       CMAKE_ASM_COMPILER
[INFO] [stderr]       CMAKE_ASM_FLAGS
[INFO] [stderr] 
[INFO] [stderr] 
[INFO] [stderr]   /opt/rustwide/target/debug/build/compiled-nn-bindings-2139dcc054c51fad/out/CompiledNN/Src/CompiledNN/Thinterface.cpp: In member function 'Tensor CompiledNN::input(std::size_t) const':
[INFO] [stderr]   /opt/rustwide/target/debug/build/compiled-nn-bindings-2139dcc054c51fad/out/CompiledNN/Src/CompiledNN/Thinterface.cpp:17:47: warning: narrowing conversion of '(&(&((NeuralNetwork::CompiledNN*)((const CompiledNN*)this)->CompiledNN::core)->NeuralNetwork::CompiledNN::input(index))->NeuralNetwork::Tensor<float>::dims())->std::vector<unsigned int>::size()' from 'std::vector<unsigned int>::size_type' {aka 'long unsigned int'} to 'unsigned int' [-Wnarrowing]
[INFO] [stderr]      17 |                 core->input(index).dims().size()};
[INFO] [stderr]         |                 ~~~~~~~~~~~~~~~~~~~~~~~~~~~~~~^~
[INFO] [stderr]   /opt/rustwide/target/debug/build/compiled-nn-bindings-2139dcc054c51fad/out/CompiledNN/Src/CompiledNN/Thinterface.cpp: In member function 'TensorMut CompiledNN::input_mut(std::size_t)':
[INFO] [stderr]   /opt/rustwide/target/debug/build/compiled-nn-bindings-2139dcc054c51fad/out/CompiledNN/Src/CompiledNN/Thinterface.cpp:24:50: warning: narrowing conversion of '(&(&((CompiledNN*)this)->CompiledNN::core->NeuralNetwork::CompiledNN::input(index))->NeuralNetwork::Tensor<float>::dims())->std::vector<unsigned int>::size()' from 'std::vector<unsigned int>::size_type' {aka 'long unsigned int'} to 'unsigned int' [-Wnarrowing]
[INFO] [stderr]      24 |                    core->input(index).dims().size()};
[INFO] [stderr]         |                    ~~~~~~~~~~~~~~~~~~~~~~~~~~~~~~^~
[INFO] [stderr]   /opt/rustwide/target/debug/build/compiled-nn-bindings-2139dcc054c51fad/out/CompiledNN/Src/CompiledNN/Thinterface.cpp: In member function 'Tensor CompiledNN::output(std::size_t) const':
[INFO] [stderr]   /opt/rustwide/target/debug/build/compiled-nn-bindings-2139dcc054c51fad/out/CompiledNN/Src/CompiledNN/Thinterface.cpp:31:48: warning: narrowing conversion of '(&(&((NeuralNetwork::CompiledNN*)((const CompiledNN*)this)->CompiledNN::core)->NeuralNetwork::CompiledNN::output(index))->NeuralNetwork::Tensor<float>::dims())->std::vector<unsigned int>::size()' from 'std::vector<unsigned int>::size_type' {aka 'long unsigned int'} to 'unsigned int' [-Wnarrowing]
[INFO] [stderr]      31 |                 core->output(index).dims().size()};
[INFO] [stderr]         |                 ~~~~~~~~~~~~~~~~~~~~~~~~~~~~~~~^~
[INFO] [stderr]   /opt/rustwide/target/debug/build/compiled-nn-bindings-2139dcc054c51fad/out/CompiledNN/Src/CompiledNN/Thinterface.cpp: In member function 'TensorMut CompiledNN::output_mut(std::size_t)':
[INFO] [stderr]   /opt/rustwide/target/debug/build/compiled-nn-bindings-2139dcc054c51fad/out/CompiledNN/Src/CompiledNN/Thinterface.cpp:38:51: warning: narrowing conversion of '(&(&((CompiledNN*)this)->CompiledNN::core->NeuralNetwork::CompiledNN::output(index))->NeuralNetwork::Tensor<float>::dims())->std::vector<unsigned int>::size()' from 'std::vector<unsigned int>::size_type' {aka 'long unsigned int'} to 'unsigned int' [-Wnarrowing]
[INFO] [stderr]      38 |                    core->output(index).dims().size()};
[INFO] [stderr]         |                    ~~~~~~~~~~~~~~~~~~~~~~~~~~~~~~~^~
[INFO] [stderr]   c++: fatal error: Killed signal terminated program cc1plus
[INFO] [stderr]   compilation terminated.
[INFO] [stderr]   gmake[2]: *** [CMakeFiles/CompiledNN.dir/build.make:188: CMakeFiles/CompiledNN.dir/Src/CompiledNN/CompiledNN/Operations/BatchNormalization.cpp.o] Error 1
[INFO] [stderr]   gmake[2]: *** Waiting for unfinished jobs....
[INFO] [stderr]   c++: fatal error: Killed signal terminated program cc1plus
[INFO] [stderr]   compilation terminated.
[INFO] [stderr]   gmake[2]: *** [CMakeFiles/CompiledNN.dir/build.make:160: CMakeFiles/CompiledNN.dir/Src/CompiledNN/CompiledNN/Operations/Activation.cpp.o] Error 1
[INFO] [stderr]   c++: fatal error: Killed signal terminated program cc1plus
[INFO] [stderr]   compilation terminated.
[INFO] [stderr]   gmake[2]: *** [CMakeFiles/CompiledNN.dir/build.make:258: CMakeFiles/CompiledNN.dir/Src/CompiledNN/CompiledNN/Operations/Dense.cpp.o] Error 1
[INFO] [stderr]   gmake[1]: *** [CMakeFiles/Makefile2:83: CMakeFiles/CompiledNN.dir/all] Error 2
[INFO] [stderr]   gmake: *** [Makefile:136: all] Error 2
[INFO] [stderr]   thread 'main' panicked at /opt/rustwide/cargo-home/registry/src/index.crates.io-6f17d22bba15001f/cmake-0.1.50/src/lib.rs:1098:5:
[INFO] [stderr] 
[INFO] [stderr]   command did not execute successfully, got: exit status: 2
[INFO] [stderr] 
[INFO] [stderr]   build script failed, must exit now
[INFO] [stderr]   stack backtrace:
[INFO] [stderr]      0:     0x560556fddd2c - std::backtrace_rs::backtrace::libunwind::trace::ha637c64ce894333a
[INFO] [stderr]                                  at /rustc/82e1608dfa6e0b5569232559e3d385fea5a93112/library/std/src/../../backtrace/src/backtrace/libunwind.rs:104:5
[INFO] [stderr]      1:     0x560556fddd2c - std::backtrace_rs::backtrace::trace_unsynchronized::h47f62dea28e0c88d
[INFO] [stderr]                                  at /rustc/82e1608dfa6e0b5569232559e3d385fea5a93112/library/std/src/../../backtrace/src/backtrace/mod.rs:66:5
[INFO] [stderr]      2:     0x560556fddd2c - std::sys_common::backtrace::_print_fmt::h9eef0abe20ede486
[INFO] [stderr]                                  at /rustc/82e1608dfa6e0b5569232559e3d385fea5a93112/library/std/src/sys_common/backtrace.rs:67:5
[INFO] [stderr]      3:     0x560556fddd2c - <std::sys_common::backtrace::_print::DisplayBacktrace as core::fmt::Display>::fmt::hed7f999df88cc644
[INFO] [stderr]                                  at /rustc/82e1608dfa6e0b5569232559e3d385fea5a93112/library/std/src/sys_common/backtrace.rs:44:22
[INFO] [stderr]      4:     0x560557009c20 - core::fmt::rt::Argument::fmt::h1539a9308b8d058d
[INFO] [stderr]                                  at /rustc/82e1608dfa6e0b5569232559e3d385fea5a93112/library/core/src/fmt/rt.rs:142:9
[INFO] [stderr]      5:     0x560557009c20 - core::fmt::write::h3a39390d8560d9c9
[INFO] [stderr]                                  at /rustc/82e1608dfa6e0b5569232559e3d385fea5a93112/library/core/src/fmt/mod.rs:1120:17
[INFO] [stderr]      6:     0x560556fdaecf - std::io::Write::write_fmt::h5fc9997dfe05f882
[INFO] [stderr]                                  at /rustc/82e1608dfa6e0b5569232559e3d385fea5a93112/library/std/src/io/mod.rs:1762:15
[INFO] [stderr]      7:     0x560556fddb14 - std::sys_common::backtrace::_print::h894006fb5c6f3d45
[INFO] [stderr]                                  at /rustc/82e1608dfa6e0b5569232559e3d385fea5a93112/library/std/src/sys_common/backtrace.rs:47:5
[INFO] [stderr]      8:     0x560556fddb14 - std::sys_common::backtrace::print::h23a2d212c6fff936
[INFO] [stderr]                                  at /rustc/82e1608dfa6e0b5569232559e3d385fea5a93112/library/std/src/sys_common/backtrace.rs:34:9
[INFO] [stderr]      9:     0x560556fdf327 - std::panicking::default_hook::{{closure}}::h8a1d2ee00185001a
[INFO] [stderr]     10:     0x560556fdf08f - std::panicking::default_hook::h6038f2eba384e475
[INFO] [stderr]                                  at /rustc/82e1608dfa6e0b5569232559e3d385fea5a93112/library/std/src/panicking.rs:292:9
[INFO] [stderr]     11:     0x560556fdf7a8 - std::panicking::rust_panic_with_hook::h2b5517d590cab22e
[INFO] [stderr]                                  at /rustc/82e1608dfa6e0b5569232559e3d385fea5a93112/library/std/src/panicking.rs:779:13
[INFO] [stderr]     12:     0x560556fdf68e - std::panicking::begin_panic_handler::{{closure}}::h233112c06e0ef43e
[INFO] [stderr]                                  at /rustc/82e1608dfa6e0b5569232559e3d385fea5a93112/library/std/src/panicking.rs:657:13
[INFO] [stderr]     13:     0x560556fde1f6 - std::sys_common::backtrace::__rust_end_short_backtrace::h6e893f24d7ebbff8
[INFO] [stderr]                                  at /rustc/82e1608dfa6e0b5569232559e3d385fea5a93112/library/std/src/sys_common/backtrace.rs:170:18
[INFO] [stderr]     14:     0x560556fdf3f2 - rust_begin_unwind
[INFO] [stderr]                                  at /rustc/82e1608dfa6e0b5569232559e3d385fea5a93112/library/std/src/panicking.rs:645:5
[INFO] [stderr]     15:     0x5605569f47b5 - core::panicking::panic_fmt::hbf0e066aabfa482c
[INFO] [stderr]                                  at /rustc/82e1608dfa6e0b5569232559e3d385fea5a93112/library/core/src/panicking.rs:72:14
[INFO] [stderr]     16:     0x560556a1b7d1 - cmake::fail::h7a5caf818fa20d52
[INFO] [stderr]     17:     0x560556a1af57 - cmake::run::hbdd51256d1726b59
[INFO] [stderr]     18:     0x560556a17871 - cmake::Config::build::he7f58d1afe21f6cc
[INFO] [stderr]     19:     0x5605569f98bf - build_script_build::build_vendored_compiled_nn::hfc4e56c1ebb9695d
[INFO] [stderr]     20:     0x5605569fb227 - build_script_build::main::hd27200e32fa155b7
[INFO] [stderr]     21:     0x5605569f5df3 - core::ops::function::FnOnce::call_once::hd56c0cc7a9885c50
[INFO] [stderr]     22:     0x5605569f5226 - std::sys_common::backtrace::__rust_begin_short_backtrace::h7d9083f1a58920fd
[INFO] [stderr]     23:     0x5605569f5919 - std::rt::lang_start::{{closure}}::hdc9567406896e7b7
[INFO] [stderr]     24:     0x560556fd6437 - core::ops::function::impls::<impl core::ops::function::FnOnce<A> for &F>::call_once::hd95060ecd5e1ca24
[INFO] [stderr]                                  at /rustc/82e1608dfa6e0b5569232559e3d385fea5a93112/library/core/src/ops/function.rs:284:13
[INFO] [stderr]     25:     0x560556fd6437 - std::panicking::try::do_call::h6e8cf51db32a6e4b
[INFO] [stderr]                                  at /rustc/82e1608dfa6e0b5569232559e3d385fea5a93112/library/std/src/panicking.rs:552:40
[INFO] [stderr]     26:     0x560556fd6437 - std::panicking::try::h3a52eefe24fe3c29
[INFO] [stderr]                                  at /rustc/82e1608dfa6e0b5569232559e3d385fea5a93112/library/std/src/panicking.rs:516:19
[INFO] [stderr]     27:     0x560556fd6437 - std::panic::catch_unwind::h24c28c23c02c3841
[INFO] [stderr]                                  at /rustc/82e1608dfa6e0b5569232559e3d385fea5a93112/library/std/src/panic.rs:142:14
[INFO] [stderr]     28:     0x560556fd6437 - std::rt::lang_start_internal::{{closure}}::h705d3c9cbc06ef47
[INFO] [stderr]                                  at /rustc/82e1608dfa6e0b5569232559e3d385fea5a93112/library/std/src/rt.rs:148:48
[INFO] [stderr]     29:     0x560556fd6437 - std::panicking::try::do_call::ha21f52ba13158470
[INFO] [stderr]                                  at /rustc/82e1608dfa6e0b5569232559e3d385fea5a93112/library/std/src/panicking.rs:552:40
[INFO] [stderr]     30:     0x560556fd6437 - std::panicking::try::h5581346bf6aeb1f8
[INFO] [stderr]                                  at /rustc/82e1608dfa6e0b5569232559e3d385fea5a93112/library/std/src/panicking.rs:516:19
[INFO] [stderr]     31:     0x560556fd6437 - std::panic::catch_unwind::h7919645a6b72e25b
[INFO] [stderr]                                  at /rustc/82e1608dfa6e0b5569232559e3d385fea5a93112/library/std/src/panic.rs:142:14
[INFO] [stderr]     32:     0x560556fd6437 - std::rt::lang_start_internal::h12de51168669836e
[INFO] [stderr]                                  at /rustc/82e1608dfa6e0b5569232559e3d385fea5a93112/library/std/src/rt.rs:148:20
[INFO] [stderr]     33:     0x5605569f58f7 - std::rt::lang_start::h18c62f9897f8d227
[INFO] [stderr]     34:     0x5605569fb425 - main
[INFO] [stderr]     35:     0x7fd295f73d90 - <unknown>
[INFO] [stderr]     36:     0x7fd295f73e40 - __libc_start_main
[INFO] [stderr]     37:     0x5605569f5085 - _start
[INFO] [stderr]     38:                0x0 - <unknown>
[INFO] running `Command { std: "docker" "inspect" "a177a387af6001609d9dde05cea167aec937b0bb171435036d46d65ec62f76f8", kill_on_drop: false }`
[INFO] running `Command { std: "docker" "rm" "-f" "a177a387af6001609d9dde05cea167aec937b0bb171435036d46d65ec62f76f8", kill_on_drop: false }`
[INFO] [stdout] a177a387af6001609d9dde05cea167aec937b0bb171435036d46d65ec62f76f8
