[INFO] fetching crate common_uu 1.5.0...
[INFO] testing common_uu-1.5.0 against 1.75.0 for beta-1.76-1
[INFO] extracting crate common_uu 1.5.0 into /workspace/builds/worker-2-tc1/source
[INFO] validating manifest of crates.io crate common_uu 1.5.0 on toolchain 1.75.0
[INFO] running `Command { std: CARGO_HOME="/workspace/cargo-home" RUSTUP_HOME="/workspace/rustup-home" "/workspace/cargo-home/bin/cargo" "+1.75.0" "metadata" "--manifest-path" "Cargo.toml" "--no-deps", kill_on_drop: false }`
[INFO] started tweaking crates.io crate common_uu 1.5.0
[INFO] finished tweaking crates.io crate common_uu 1.5.0
[INFO] tweaked toml for crates.io crate common_uu 1.5.0 written to /workspace/builds/worker-2-tc1/source/Cargo.toml
[INFO] crate crates.io crate common_uu 1.5.0 already has a lockfile, it will not be regenerated
[INFO] running `Command { std: CARGO_HOME="/workspace/cargo-home" RUSTUP_HOME="/workspace/rustup-home" "/workspace/cargo-home/bin/cargo" "+1.75.0" "fetch" "--manifest-path" "Cargo.toml", kill_on_drop: false }`
[INFO] [stderr]     Updating crates.io index
[INFO] [stderr]  Downloading crates ...
[INFO] [stderr]   Downloaded rustc-demangle v0.1.22
[INFO] [stderr]   Downloaded serde v1.0.158
[INFO] [stderr]   Downloaded sluice v0.5.5
[INFO] [stderr]   Downloaded futures-macro v0.3.27
[INFO] [stderr]   Downloaded futures-task v0.3.27
[INFO] [stderr]   Downloaded ctor v0.2.2
[INFO] [stderr]   Downloaded futures-channel v0.3.27
[INFO] [stderr]   Downloaded tokio-util v0.7.7
[INFO] [stderr]   Downloaded reqwest v0.11.15
[INFO] [stderr]   Downloaded h2 v0.3.16
[INFO] [stderr]   Downloaded libc v0.2.140
[INFO] [stderr]   Downloaded futures-util v0.3.27
[INFO] [stderr]   Downloaded openssl v0.10.48
[INFO] [stderr]   Downloaded hyper v0.14.25
[INFO] [stderr]   Downloaded rustix v0.36.11
[INFO] [stderr]   Downloaded isahc v1.7.2
[INFO] [stderr]   Downloaded enum-utils v0.1.2
[INFO] [stderr]   Downloaded lettre v0.10.3
[INFO] [stderr]   Downloaded os_pipe v1.1.3
[INFO] [stderr]   Downloaded serde_json v1.0.94
[INFO] [stderr]   Downloaded openssl-sys v0.9.83
[INFO] [stderr]   Downloaded io-lifetimes v1.0.9
[INFO] [stderr]   Downloaded proc-macro2 v1.0.59
[INFO] [stderr]   Downloaded ipnet v2.7.1
[INFO] [stderr]   Downloaded wasm-streams v0.2.3
[INFO] [stderr]   Downloaded hotwatch v0.4.6
[INFO] [stderr]   Downloaded concurrent-queue v2.1.0
[INFO] [stderr]   Downloaded email-encoding v0.2.0
[INFO] [stderr]   Downloaded iana-time-zone v0.1.54
[INFO] [stderr]   Downloaded thread-id v4.0.0
[INFO] [stderr]   Downloaded futures-io v0.3.27
[INFO] [stderr]   Downloaded polling v2.6.0
[INFO] [stderr]   Downloaded enum-utils-from-str v0.1.2
[INFO] [stderr]   Downloaded serde_derive_internals v0.25.0
[INFO] [stderr]   Downloaded castaway v0.1.2
[INFO] [stderr]   Downloaded quoted_printable v0.4.7
[INFO] [stderr]   Downloaded serde_derive v1.0.158
[INFO] running `Command { std: "docker" "create" "-v" "/var/lib/crater-agent-workspace/builds/worker-2-tc1/target:/opt/rustwide/target:rw,Z" "-v" "/var/lib/crater-agent-workspace/builds/worker-2-tc1/source:/opt/rustwide/workdir:ro,Z" "-v" "/var/lib/crater-agent-workspace/cargo-home:/opt/rustwide/cargo-home:ro,Z" "-v" "/var/lib/crater-agent-workspace/rustup-home:/opt/rustwide/rustup-home:ro,Z" "-e" "SOURCE_DIR=/opt/rustwide/workdir" "-e" "CARGO_TARGET_DIR=/opt/rustwide/target" "-e" "CARGO_HOME=/opt/rustwide/cargo-home" "-e" "RUSTUP_HOME=/opt/rustwide/rustup-home" "-w" "/opt/rustwide/workdir" "-m" "1610612736" "--user" "0:0" "--network" "none" "ghcr.io/rust-lang/crates-build-env/linux@sha256:2788e3201cd34a07e3172128adcd8b3090168a8e3bcc40d7c032b9dda1df7d1c" "/opt/rustwide/cargo-home/bin/cargo" "+1.75.0" "metadata" "--no-deps" "--format-version=1", kill_on_drop: false }`
[INFO] [stdout] 865eea079585ef42b5472b27841392fb8487fd9cf06121b66d0a514c44f8a0d9
[INFO] running `Command { std: "docker" "start" "-a" "865eea079585ef42b5472b27841392fb8487fd9cf06121b66d0a514c44f8a0d9", kill_on_drop: false }`
[INFO] running `Command { std: "docker" "inspect" "865eea079585ef42b5472b27841392fb8487fd9cf06121b66d0a514c44f8a0d9", kill_on_drop: false }`
[INFO] running `Command { std: "docker" "rm" "-f" "865eea079585ef42b5472b27841392fb8487fd9cf06121b66d0a514c44f8a0d9", kill_on_drop: false }`
[INFO] [stdout] 865eea079585ef42b5472b27841392fb8487fd9cf06121b66d0a514c44f8a0d9
[INFO] running `Command { std: "docker" "create" "-v" "/var/lib/crater-agent-workspace/builds/worker-2-tc1/target:/opt/rustwide/target:rw,Z" "-v" "/var/lib/crater-agent-workspace/builds/worker-2-tc1/source:/opt/rustwide/workdir:ro,Z" "-v" "/var/lib/crater-agent-workspace/cargo-home:/opt/rustwide/cargo-home:ro,Z" "-v" "/var/lib/crater-agent-workspace/rustup-home:/opt/rustwide/rustup-home:ro,Z" "-e" "SOURCE_DIR=/opt/rustwide/workdir" "-e" "CARGO_TARGET_DIR=/opt/rustwide/target" "-e" "CARGO_INCREMENTAL=0" "-e" "RUST_BACKTRACE=full" "-e" "RUSTFLAGS=--cap-lints=warn" "-e" "RUSTDOCFLAGS=--cap-lints=warn" "-e" "CARGO_HOME=/opt/rustwide/cargo-home" "-e" "RUSTUP_HOME=/opt/rustwide/rustup-home" "-w" "/opt/rustwide/workdir" "-m" "1610612736" "--user" "0:0" "--network" "none" "ghcr.io/rust-lang/crates-build-env/linux@sha256:2788e3201cd34a07e3172128adcd8b3090168a8e3bcc40d7c032b9dda1df7d1c" "/opt/rustwide/cargo-home/bin/cargo" "+1.75.0" "build" "--frozen" "--message-format=json", kill_on_drop: false }`
[INFO] [stdout] f05b877cc540e588c26326186d8bee7b2de890868157063804ca8a888c0e5fb6
[INFO] running `Command { std: "docker" "start" "-a" "f05b877cc540e588c26326186d8bee7b2de890868157063804ca8a888c0e5fb6", kill_on_drop: false }`
[INFO] [stderr]    Compiling proc-macro2 v1.0.59
[INFO] [stderr]    Compiling quote v1.0.28
[INFO] [stderr]    Compiling unicode-ident v1.0.8
[INFO] [stderr]    Compiling libc v0.2.140
[INFO] [stderr]    Compiling serde_derive v1.0.158
[INFO] [stderr]    Compiling serde v1.0.158
[INFO] [stderr]    Compiling syn v1.0.109
[INFO] [stderr]    Compiling cc v1.0.79
[INFO] [stderr]    Compiling log v0.4.17
[INFO] [stderr]    Compiling pkg-config v0.3.26
[INFO] [stderr]    Compiling memchr v2.5.0
[INFO] [stderr]    Compiling pin-project-lite v0.2.9
[INFO] [stderr]    Compiling futures-core v0.3.27
[INFO] [stderr]    Compiling slab v0.4.8
[INFO] [stderr]    Compiling once_cell v1.17.1
[INFO] [stderr]    Compiling indexmap v1.9.3
[INFO] [stderr]    Compiling crossbeam-utils v0.8.15
[INFO] [stderr]    Compiling bytes v1.4.0
[INFO] [stderr]    Compiling hashbrown v0.12.3
[INFO] [stderr]    Compiling itoa v1.0.6
[INFO] [stderr]    Compiling futures-io v0.3.27
[INFO] [stderr]    Compiling tracing-core v0.1.30
[INFO] [stderr]    Compiling tokio v1.26.0
[INFO] [stderr]    Compiling futures-task v0.3.27
[INFO] [stderr]    Compiling openssl v0.10.48
[INFO] [stderr]    Compiling futures-util v0.3.27
[INFO] [stderr]    Compiling futures-sink v0.3.27
[INFO] [stderr]    Compiling http v0.2.9
[INFO] [stderr]    Compiling unicase v2.6.0
[INFO] [stderr]    Compiling scopeguard v1.1.0
[INFO] [stderr]    Compiling unicode-normalization v0.1.22
[INFO] [stderr]    Compiling memoffset v0.8.0
[INFO] [stderr]    Compiling num-traits v0.2.15
[INFO] [stderr]    Compiling socket2 v0.4.9
[INFO] [stderr]    Compiling signal-hook-registry v1.4.1
[INFO] [stderr]    Compiling num_cpus v1.15.0
[INFO] [stderr]    Compiling cfg-if v0.1.10
[INFO] [stderr]    Compiling unicode-bidi v0.3.13
[INFO] [stderr]    Compiling syn v2.0.18
[INFO] [stderr]    Compiling percent-encoding v2.2.0
[INFO] [stderr]    Compiling futures-channel v0.3.27
[INFO] [stderr]    Compiling openssl-sys v0.9.83
[INFO] [stderr]    Compiling libz-sys v1.1.8
[INFO] [stderr]    Compiling curl-sys v0.4.61+curl-8.0.1
[INFO] [stderr]    Compiling ryu v1.0.13
[INFO] [stderr]    Compiling serde_json v1.0.94
[INFO] [stderr]    Compiling idna v0.3.0
[INFO] [stderr]    Compiling backtrace v0.3.67
[INFO] [stderr]    Compiling form_urlencoded v1.1.0
[INFO] [stderr]    Compiling net2 v0.2.38
[INFO] [stderr]    Compiling iovec v0.1.4
[INFO] [stderr]    Compiling getrandom v0.2.8
[INFO] [stderr]    Compiling crossbeam-epoch v0.9.14
[INFO] [stderr]    Compiling num-integer v0.1.45
[INFO] [stderr]    Compiling lock_api v0.4.9
[INFO] [stderr]    Compiling adler v1.0.2
[INFO] [stderr]    Compiling try-lock v0.2.4
[INFO] [stderr]    Compiling httpdate v1.0.2
[INFO] [stderr]    Compiling parking_lot_core v0.9.7
[INFO] [stderr]    Compiling gimli v0.27.2
[INFO] [stderr]    Compiling object v0.30.3
[INFO] [stderr]    Compiling mime_guess v2.0.4
[INFO] [stderr]    Compiling miniz_oxide v0.6.2
[INFO] [stderr]    Compiling native-tls v0.2.11
[INFO] [stderr]    Compiling http-body v0.4.5
[INFO] [stderr]    Compiling concurrent-queue v2.1.0
[INFO] [stderr]    Compiling inotify-sys v0.1.5
[INFO] [stderr]    Compiling polling v2.6.0
[INFO] [stderr]    Compiling rustc-demangle v0.1.22
[INFO] [stderr]    Compiling thiserror v1.0.40
[INFO] [stderr]    Compiling anyhow v1.0.70
[INFO] [stderr]    Compiling curl v0.4.44
[INFO] [stderr]    Compiling smallvec v1.10.0
[INFO] [stderr]    Compiling base64 v0.21.0
[INFO] [stderr]    Compiling crossbeam-queue v0.3.8
[INFO] [stderr]    Compiling lazycell v1.3.0
[INFO] [stderr]    Compiling fastrand v1.9.0
[INFO] [stderr]    Compiling event-listener v2.5.3
[INFO] [stderr]    Compiling async-channel v1.8.0
[INFO] [stderr]    Compiling walkdir v2.3.3
[INFO] [stderr]    Compiling inotify v0.7.1
[INFO] [stderr]    Compiling rand_core v0.6.4
[INFO] [stderr]    Compiling url v2.3.1
[INFO] [stderr]    Compiling time v0.1.45
[INFO] [stderr]    Compiling filetime v0.2.20
[INFO] [stderr]    Compiling encoding_rs v0.8.32
[INFO] [stderr]    Compiling waker-fn v1.1.0
[INFO] [stderr]    Compiling isahc v1.7.2
[INFO] [stderr]    Compiling match_cfg v0.1.0
[INFO] [stderr]    Compiling winnow v0.4.1
[INFO] [stderr]    Compiling parking v2.0.0
[INFO] [stderr]    Compiling minimal-lexical v0.2.1
[INFO] [stderr]    Compiling iana-time-zone v0.1.54
[INFO] [stderr]    Compiling ppv-lite86 v0.2.17
[INFO] [stderr]    Compiling async-trait v0.1.68
[INFO] [stderr]    Compiling chrono v0.4.24
[INFO] [stderr]    Compiling futures-lite v1.12.0
[INFO] [stderr]    Compiling crossbeam-deque v0.8.3
[INFO] [stderr]    Compiling nom v7.1.3
[INFO] [stderr]    Compiling hostname v0.3.1
[INFO] [stderr]    Compiling parking_lot v0.12.1
[INFO] [stderr]    Compiling sluice v0.5.5
[INFO] [stderr]    Compiling email-encoding v0.2.0
[INFO] [stderr]    Compiling rand_chacha v0.3.1
[INFO] [stderr]    Compiling enum-utils-from-str v0.1.2
[INFO] [stderr]    Compiling crossbeam-channel v0.5.7
[INFO] [stderr]    Compiling thread-id v4.0.0
[INFO] [stderr]    Compiling dirs-sys v0.3.7
[INFO] [stderr]    Compiling log-mdc v0.1.0
[INFO] [stderr]    Compiling addr2line v0.19.0
[INFO] [stderr]    Compiling email_address v0.2.4
[INFO] [stderr]    Compiling arc-swap v1.6.0
[INFO] [stderr]    Compiling ipnet v2.7.1
[INFO] [stderr]    Compiling castaway v0.1.2
[INFO] [stderr]    Compiling quoted_printable v0.4.7
[INFO] [stderr]    Compiling dirs v4.0.0
[INFO] [stderr]    Compiling rand v0.8.5
[INFO] [stderr]    Compiling crossbeam v0.8.2
[INFO] [stderr]    Compiling serde_derive_internals v0.25.0
[INFO] [stderr]    Compiling thiserror-impl v1.0.40
[INFO] [stderr]    Compiling failure v0.1.8
[INFO] [stderr]    Compiling tracing-attributes v0.1.23
[INFO] [stderr]    Compiling tokio-macros v1.8.2
[INFO] [stderr]    Compiling openssl-macros v0.1.0
[INFO] [stderr]    Compiling futures-macro v0.3.27
[INFO] [stderr]    Compiling pin-project-internal v1.0.12
[INFO] [stderr]    Compiling derivative v2.2.0
[INFO] [stderr]    Compiling enum-utils v0.1.2
[INFO] [stderr]    Compiling pin-project v1.0.12
[INFO] [stderr]    Compiling toml_datetime v0.6.1
[INFO] [stderr]    Compiling serde_spanned v0.6.1
[INFO] [stderr]    Compiling serde_urlencoded v0.7.1
[INFO] [stderr]    Compiling uuid v1.3.0
[INFO] [stderr]    Compiling toml_edit v0.19.8
[INFO] [stderr]    Compiling mio v0.8.6
[INFO] [stderr]    Compiling tracing v0.1.37
[INFO] [stderr]    Compiling mio v0.6.23
[INFO] [stderr]    Compiling want v0.3.0
[INFO] [stderr]    Compiling tracing-futures v0.2.5
[INFO] [stderr]    Compiling lettre v0.10.3
[INFO] [stderr]    Compiling mio-extras v2.0.6
[INFO] [stderr]    Compiling log4rs v1.2.0
[INFO] [stderr]    Compiling notify v4.0.17
[INFO] [stderr]    Compiling hotwatch v0.4.6
[INFO] [stderr]    Compiling toml v0.7.3
[INFO] [stderr]    Compiling tokio-util v0.7.7
[INFO] [stderr]    Compiling tokio-native-tls v0.3.1
[INFO] [stderr]    Compiling h2 v0.3.16
[INFO] [stderr]    Compiling hyper v0.14.25
[INFO] [stderr]    Compiling hyper-tls v0.5.0
[INFO] [stderr]    Compiling reqwest v0.11.15
[INFO] [stderr]    Compiling common_uu v1.5.0 (/opt/rustwide/workdir)
[INFO] [stdout] warning: unused import: `crate::IResult`
[INFO] [stdout]  --> src/time_micros.rs:4:5
[INFO] [stdout]   |
[INFO] [stdout] 4 | use crate::IResult;
[INFO] [stdout]   |     ^^^^^^^^^^^^^^
[INFO] [stdout]   |
[INFO] [stdout]   = note: `#[warn(unused_imports)]` on by default
[INFO] [stdout] 
[INFO] [stdout] 
[INFO] [stdout] warning: unused import: `crate::tcp_mod::comm::TcpStreamExt`
[INFO] [stdout]   --> src/tcp_mod.rs:13:5
[INFO] [stdout]    |
[INFO] [stdout] 13 | use crate::tcp_mod::comm::TcpStreamExt;
[INFO] [stdout]    |     ^^^^^^^^^^^^^^^^^^^^^^^^^^^^^^^^^^
[INFO] [stdout] 
[INFO] [stdout] 
[INFO] [stdout] warning: unused import: `isahc::prelude::Configurable`
[INFO] [stdout]  --> src/req.rs:2:5
[INFO] [stdout]   |
[INFO] [stdout] 2 | use isahc::prelude::Configurable;
[INFO] [stdout]   |     ^^^^^^^^^^^^^^^^^^^^^^^^^^^^
[INFO] [stdout] 
[INFO] [stdout] 
[INFO] [stdout] warning: use of deprecated associated function `chrono::Local::today`: use `Local::now()` instead
[INFO] [stdout]    --> src/time.rs:160:32
[INFO] [stdout]     |
[INFO] [stdout] 160 |         None => chrono::Local::today().naive_local(),
[INFO] [stdout]     |                                ^^^^^
[INFO] [stdout]     |
[INFO] [stdout]     = note: `#[warn(deprecated)]` on by default
[INFO] [stdout] 
[INFO] [stdout] 
[INFO] [stdout] warning: unused import: `chrono::Timelike`
[INFO] [stdout]  --> src/time_micros.rs:3:5
[INFO] [stdout]   |
[INFO] [stdout] 3 | use chrono::Timelike;
[INFO] [stdout]   |     ^^^^^^^^^^^^^^^^
[INFO] [stdout] 
[INFO] [stdout] 
[INFO] [stdout] warning: variable does not need to be mutable
[INFO] [stdout]   --> src/time_micros.rs:24:13
[INFO] [stdout]    |
[INFO] [stdout] 24 |         let mut ticks2 =  100000000000000000;
[INFO] [stdout]    |             ----^^^^^^
[INFO] [stdout]    |             |
[INFO] [stdout]    |             help: remove this `mut`
[INFO] [stdout]    |
[INFO] [stdout]    = note: `#[warn(unused_mut)]` on by default
[INFO] [stdout] 
[INFO] [stdout] 
[INFO] [stdout] warning: function `handle_client` is never used
[INFO] [stdout]   --> src/tcp_mod3.rs:39:10
[INFO] [stdout]    |
[INFO] [stdout] 39 | async fn handle_client<Call: Fn(String) -> Option<String>, R: Req>(
[INFO] [stdout]    |          ^^^^^^^^^^^^^
[INFO] [stdout]    |
[INFO] [stdout]    = note: `#[warn(dead_code)]` on by default
[INFO] [stdout] 
[INFO] [stdout] 
[INFO] [stdout] warning: function `server` is never used
[INFO] [stdout]   --> src/tcp_mod3.rs:94:10
[INFO] [stdout]    |
[INFO] [stdout] 94 | async fn server() {
[INFO] [stdout]    |          ^^^^^^
[INFO] [stdout] 
[INFO] [stdout] 
[INFO] [stdout] warning: function `client` is never used
[INFO] [stdout]    --> src/tcp_mod3.rs:129:10
[INFO] [stdout]     |
[INFO] [stdout] 129 | async fn client() {
[INFO] [stdout]     |          ^^^^^^
[INFO] [stdout] 
[INFO] [stdout] 
[INFO] [stdout] warning: method `fromHmsS` should have a snake case name
[INFO] [stdout]   --> src/time_int.rs:40:12
[INFO] [stdout]    |
[INFO] [stdout] 40 |     pub fn fromHmsS(hour: i32, minute: i32, second: i32, millisec: i32) -> IResult<Self> {
[INFO] [stdout]    |            ^^^^^^^^ help: convert the identifier to snake case: `from_hms_s`
[INFO] [stdout]    |
[INFO] [stdout]    = note: `#[warn(non_snake_case)]` on by default
[INFO] [stdout] 
[INFO] [stdout] 
[INFO] [stdout] warning: method `fromInt9` should have a snake case name
[INFO] [stdout]    --> src/time_int.rs:104:12
[INFO] [stdout]     |
[INFO] [stdout] 104 |     pub fn fromInt9(time9: i32) -> IResult<Self> {
[INFO] [stdout]     |            ^^^^^^^^ help: convert the identifier to snake case: `from_int9`
[INFO] [stdout] 
[INFO] [stdout] 
[INFO] [stdout] warning: variable `mm_ss_SSS` should have a snake case name
[INFO] [stdout]    --> src/time_int.rs:106:13
[INFO] [stdout]     |
[INFO] [stdout] 106 |         let mm_ss_SSS = time9 % 1_00_00_000;
[INFO] [stdout]     |             ^^^^^^^^^ help: convert the identifier to snake case (notice the capitalization): `mm_ss_sss`
[INFO] [stdout] 
[INFO] [stdout] 
[INFO] [stdout] warning: variable `ss_SSS` should have a snake case name
[INFO] [stdout]    --> src/time_int.rs:108:13
[INFO] [stdout]     |
[INFO] [stdout] 108 |         let ss_SSS = mm_ss_SSS % 100_000;
[INFO] [stdout]     |             ^^^^^^ help: convert the identifier to snake case (notice the capitalization): `ss_sss`
[INFO] [stdout] 
[INFO] [stdout] 
[INFO] [stdout] warning: method `fromInt9_safe` should have a snake case name
[INFO] [stdout]    --> src/time_int.rs:147:12
[INFO] [stdout]     |
[INFO] [stdout] 147 |     pub fn fromInt9_safe(time9: i32) -> Self {
[INFO] [stdout]     |            ^^^^^^^^^^^^^ help: convert the identifier to snake case: `from_int9_safe`
[INFO] [stdout] 
[INFO] [stdout] 
[INFO] [stdout] warning: method `fromLong17_safe` should have a snake case name
[INFO] [stdout]    --> src/time_int.rs:150:12
[INFO] [stdout]     |
[INFO] [stdout] 150 |     pub fn fromLong17_safe(date_time: i64) -> Self {
[INFO] [stdout]     |            ^^^^^^^^^^^^^^^ help: convert the identifier to snake case: `from_long17_safe`
[INFO] [stdout] 
[INFO] [stdout] 
[INFO] [stdout] warning: module `TimeI32Const` should have a snake case name
[INFO] [stdout]    --> src/time_int.rs:202:9
[INFO] [stdout]     |
[INFO] [stdout] 202 | pub mod TimeI32Const {
[INFO] [stdout]     |         ^^^^^^^^^^^^ help: convert the identifier to snake case: `time_i32_const`
[INFO] [stdout] 
[INFO] [stdout] 
[INFO] [stdout] warning: constant `TicksPerSecond` should have an upper case name
[INFO] [stdout]    --> src/time_int.rs:204:15
[INFO] [stdout]     |
[INFO] [stdout] 204 |     pub const TicksPerSecond: i32 = 1000;
[INFO] [stdout]     |               ^^^^^^^^^^^^^^ help: convert the identifier to upper case: `TICKS_PER_SECOND`
[INFO] [stdout]     |
[INFO] [stdout]     = note: `#[warn(non_upper_case_globals)]` on by default
[INFO] [stdout] 
[INFO] [stdout] 
[INFO] [stdout] warning: constant `TicksPerMinute` should have an upper case name
[INFO] [stdout]    --> src/time_int.rs:206:15
[INFO] [stdout]     |
[INFO] [stdout] 206 |     pub const TicksPerMinute: i32 = TicksPerSecond * 60;
[INFO] [stdout]     |               ^^^^^^^^^^^^^^ help: convert the identifier to upper case: `TICKS_PER_MINUTE`
[INFO] [stdout] 
[INFO] [stdout] 
[INFO] [stdout] warning: constant `TicksPerHour` should have an upper case name
[INFO] [stdout]    --> src/time_int.rs:208:15
[INFO] [stdout]     |
[INFO] [stdout] 208 |     pub const TicksPerHour: i32 = TicksPerMinute * 60;
[INFO] [stdout]     |               ^^^^^^^^^^^^ help: convert the identifier to upper case: `TICKS_PER_HOUR`
[INFO] [stdout] 
[INFO] [stdout] 
[INFO] [stdout] warning: constant `TicksPerDay` should have an upper case name
[INFO] [stdout]    --> src/time_int.rs:210:15
[INFO] [stdout]     |
[INFO] [stdout] 210 |     pub const TicksPerDay: i32 = TicksPerHour * 24;
[INFO] [stdout]     |               ^^^^^^^^^^^ help: convert the identifier to upper case: `TICKS_PER_DAY`
[INFO] [stdout] 
[INFO] [stdout] 
[INFO] [stdout] warning: constant `MinTicks` should have an upper case name
[INFO] [stdout]    --> src/time_int.rs:213:15
[INFO] [stdout]     |
[INFO] [stdout] 213 |     pub const MinTicks: i32 = 0;
[INFO] [stdout]     |               ^^^^^^^^ help: convert the identifier to upper case: `MIN_TICKS`
[INFO] [stdout] 
[INFO] [stdout] 
[INFO] [stdout] warning: constant `MaxTicks` should have an upper case name
[INFO] [stdout]    --> src/time_int.rs:216:15
[INFO] [stdout]     |
[INFO] [stdout] 216 |     pub const MaxTicks: i32 = 86_399_999;
[INFO] [stdout]     |               ^^^^^^^^ help: convert the identifier to upper case: `MAX_TICKS`
[INFO] [stdout] 
[INFO] [stdout] 
[INFO] [stdout] warning: 22 warnings emitted
[INFO] [stdout] 
[INFO] [stdout] 
[INFO] [stderr]     Finished dev [unoptimized + debuginfo] target(s) in 26.79s
[INFO] running `Command { std: "docker" "inspect" "f05b877cc540e588c26326186d8bee7b2de890868157063804ca8a888c0e5fb6", kill_on_drop: false }`
[INFO] running `Command { std: "docker" "rm" "-f" "f05b877cc540e588c26326186d8bee7b2de890868157063804ca8a888c0e5fb6", kill_on_drop: false }`
[INFO] [stdout] f05b877cc540e588c26326186d8bee7b2de890868157063804ca8a888c0e5fb6
[INFO] running `Command { std: "docker" "create" "-v" "/var/lib/crater-agent-workspace/builds/worker-2-tc1/target:/opt/rustwide/target:rw,Z" "-v" "/var/lib/crater-agent-workspace/builds/worker-2-tc1/source:/opt/rustwide/workdir:ro,Z" "-v" "/var/lib/crater-agent-workspace/cargo-home:/opt/rustwide/cargo-home:ro,Z" "-v" "/var/lib/crater-agent-workspace/rustup-home:/opt/rustwide/rustup-home:ro,Z" "-e" "SOURCE_DIR=/opt/rustwide/workdir" "-e" "CARGO_TARGET_DIR=/opt/rustwide/target" "-e" "CARGO_INCREMENTAL=0" "-e" "RUST_BACKTRACE=full" "-e" "RUSTFLAGS=--cap-lints=warn" "-e" "RUSTDOCFLAGS=--cap-lints=warn" "-e" "CARGO_HOME=/opt/rustwide/cargo-home" "-e" "RUSTUP_HOME=/opt/rustwide/rustup-home" "-w" "/opt/rustwide/workdir" "-m" "1610612736" "--user" "0:0" "--network" "none" "ghcr.io/rust-lang/crates-build-env/linux@sha256:2788e3201cd34a07e3172128adcd8b3090168a8e3bcc40d7c032b9dda1df7d1c" "/opt/rustwide/cargo-home/bin/cargo" "+1.75.0" "test" "--frozen" "--no-run" "--message-format=json", kill_on_drop: false }`
[INFO] [stdout] f403a64404fb0ba5f01d4b31e3e8dc72a972df3f92d8964420bd17ac8deb8728
[INFO] running `Command { std: "docker" "start" "-a" "f403a64404fb0ba5f01d4b31e3e8dc72a972df3f92d8964420bd17ac8deb8728", kill_on_drop: false }`
[INFO] [stdout] warning: unused import: `crate::IResult`
[INFO] [stdout]  --> src/time_micros.rs:4:5
[INFO] [stdout]   |
[INFO] [stdout] 4 | use crate::IResult;
[INFO] [stdout]   |     ^^^^^^^^^^^^^^
[INFO] [stdout]   |
[INFO] [stdout]   = note: `#[warn(unused_imports)]` on by default
[INFO] [stdout] 
[INFO] [stdout] 
[INFO] [stdout] warning: unused import: `crate::tcp_mod::comm::TcpStreamExt`
[INFO] [stdout]   --> src/tcp_mod.rs:13:5
[INFO] [stdout]    |
[INFO] [stdout] 13 | use crate::tcp_mod::comm::TcpStreamExt;
[INFO] [stdout]    |     ^^^^^^^^^^^^^^^^^^^^^^^^^^^^^^^^^^
[INFO] [stdout] 
[INFO] [stdout] 
[INFO] [stdout] warning: unused import: `isahc::prelude::Configurable`
[INFO] [stdout]  --> src/req.rs:2:5
[INFO] [stdout]   |
[INFO] [stdout] 2 | use isahc::prelude::Configurable;
[INFO] [stdout]   |     ^^^^^^^^^^^^^^^^^^^^^^^^^^^^
[INFO] [stdout] 
[INFO] [stdout] 
[INFO] [stdout] warning: use of deprecated associated function `chrono::Local::today`: use `Local::now()` instead
[INFO] [stdout]    --> src/time.rs:160:32
[INFO] [stdout]     |
[INFO] [stdout] 160 |         None => chrono::Local::today().naive_local(),
[INFO] [stdout]     |                                ^^^^^
[INFO] [stdout]     |
[INFO] [stdout]     = note: `#[warn(deprecated)]` on by default
[INFO] [stdout] 
[INFO] [stdout] 
[INFO] [stdout] warning: unused import: `chrono::Timelike`
[INFO] [stdout]  --> src/time_micros.rs:3:5
[INFO] [stdout]   |
[INFO] [stdout] 3 | use chrono::Timelike;
[INFO] [stdout]   |     ^^^^^^^^^^^^^^^^
[INFO] [stdout] 
[INFO] [stdout] 
[INFO] [stdout] warning: variable does not need to be mutable
[INFO] [stdout]   --> src/time_micros.rs:24:13
[INFO] [stdout]    |
[INFO] [stdout] 24 |         let mut ticks2 =  100000000000000000;
[INFO] [stdout]    |             ----^^^^^^
[INFO] [stdout]    |             |
[INFO] [stdout]    |             help: remove this `mut`
[INFO] [stdout]    |
[INFO] [stdout]    = note: `#[warn(unused_mut)]` on by default
[INFO] [stdout] 
[INFO] [stdout] 
[INFO] [stdout] warning: function `handle_client` is never used
[INFO] [stdout]   --> src/tcp_mod3.rs:39:10
[INFO] [stdout]    |
[INFO] [stdout] 39 | async fn handle_client<Call: Fn(String) -> Option<String>, R: Req>(
[INFO] [stdout]    |          ^^^^^^^^^^^^^
[INFO] [stdout]    |
[INFO] [stdout]    = note: `#[warn(dead_code)]` on by default
[INFO] [stdout] 
[INFO] [stdout] 
[INFO] [stdout] warning: function `server` is never used
[INFO] [stdout]   --> src/tcp_mod3.rs:94:10
[INFO] [stdout]    |
[INFO] [stdout] 94 | async fn server() {
[INFO] [stdout]    |          ^^^^^^
[INFO] [stdout] 
[INFO] [stdout] 
[INFO] [stdout] warning: function `client` is never used
[INFO] [stdout]    --> src/tcp_mod3.rs:129:10
[INFO] [stdout]     |
[INFO] [stdout] 129 | async fn client() {
[INFO] [stdout]     |          ^^^^^^
[INFO] [stdout] 
[INFO] [stdout] 
[INFO] [stdout] warning: method `fromHmsS` should have a snake case name
[INFO] [stdout]   --> src/time_int.rs:40:12
[INFO] [stdout]    |
[INFO] [stdout] 40 |     pub fn fromHmsS(hour: i32, minute: i32, second: i32, millisec: i32) -> IResult<Self> {
[INFO] [stdout]    |            ^^^^^^^^ help: convert the identifier to snake case: `from_hms_s`
[INFO] [stdout]    |
[INFO] [stdout]    = note: `#[warn(non_snake_case)]` on by default
[INFO] [stdout] 
[INFO] [stdout] 
[INFO] [stdout] warning: method `fromInt9` should have a snake case name
[INFO] [stdout]    --> src/time_int.rs:104:12
[INFO] [stdout]     |
[INFO] [stdout] 104 |     pub fn fromInt9(time9: i32) -> IResult<Self> {
[INFO] [stdout]     |            ^^^^^^^^ help: convert the identifier to snake case: `from_int9`
[INFO] [stdout] 
[INFO] [stdout] 
[INFO] [stdout] warning: variable `mm_ss_SSS` should have a snake case name
[INFO] [stdout]    --> src/time_int.rs:106:13
[INFO] [stdout]     |
[INFO] [stdout] 106 |         let mm_ss_SSS = time9 % 1_00_00_000;
[INFO] [stdout]     |             ^^^^^^^^^ help: convert the identifier to snake case (notice the capitalization): `mm_ss_sss`
[INFO] [stdout] 
[INFO] [stdout] 
[INFO] [stdout] warning: variable `ss_SSS` should have a snake case name
[INFO] [stdout]    --> src/time_int.rs:108:13
[INFO] [stdout]     |
[INFO] [stdout] 108 |         let ss_SSS = mm_ss_SSS % 100_000;
[INFO] [stdout]     |             ^^^^^^ help: convert the identifier to snake case (notice the capitalization): `ss_sss`
[INFO] [stdout] 
[INFO] [stdout] 
[INFO] [stdout] warning: method `fromInt9_safe` should have a snake case name
[INFO] [stdout]    --> src/time_int.rs:147:12
[INFO] [stdout]     |
[INFO] [stdout] 147 |     pub fn fromInt9_safe(time9: i32) -> Self {
[INFO] [stdout]     |            ^^^^^^^^^^^^^ help: convert the identifier to snake case: `from_int9_safe`
[INFO] [stdout] 
[INFO] [stdout] 
[INFO] [stdout] warning: method `fromLong17_safe` should have a snake case name
[INFO] [stdout]    --> src/time_int.rs:150:12
[INFO] [stdout]     |
[INFO] [stdout] 150 |     pub fn fromLong17_safe(date_time: i64) -> Self {
[INFO] [stdout]     |            ^^^^^^^^^^^^^^^ help: convert the identifier to snake case: `from_long17_safe`
[INFO] [stdout] 
[INFO] [stdout] 
[INFO] [stdout] warning: module `TimeI32Const` should have a snake case name
[INFO] [stdout]    --> src/time_int.rs:202:9
[INFO] [stdout]     |
[INFO] [stdout] 202 | pub mod TimeI32Const {
[INFO] [stdout]     |         ^^^^^^^^^^^^ help: convert the identifier to snake case: `time_i32_const`
[INFO] [stdout] 
[INFO] [stdout] 
[INFO] [stdout] warning: constant `TicksPerSecond` should have an upper case name
[INFO] [stdout]    --> src/time_int.rs:204:15
[INFO] [stdout]     |
[INFO] [stdout] 204 |     pub const TicksPerSecond: i32 = 1000;
[INFO] [stdout]     |               ^^^^^^^^^^^^^^ help: convert the identifier to upper case: `TICKS_PER_SECOND`
[INFO] [stdout]     |
[INFO] [stdout]     = note: `#[warn(non_upper_case_globals)]` on by default
[INFO] [stdout] 
[INFO] [stdout] 
[INFO] [stdout] warning: constant `TicksPerMinute` should have an upper case name
[INFO] [stdout]    --> src/time_int.rs:206:15
[INFO] [stdout]     |
[INFO] [stdout] 206 |     pub const TicksPerMinute: i32 = TicksPerSecond * 60;
[INFO] [stdout]     |               ^^^^^^^^^^^^^^ help: convert the identifier to upper case: `TICKS_PER_MINUTE`
[INFO] [stdout] 
[INFO] [stdout] 
[INFO] [stderr]    Compiling common_uu v1.5.0 (/opt/rustwide/workdir)
[INFO] [stdout] warning: constant `TicksPerHour` should have an upper case name
[INFO] [stdout]    --> src/time_int.rs:208:15
[INFO] [stdout]     |
[INFO] [stdout] 208 |     pub const TicksPerHour: i32 = TicksPerMinute * 60;
[INFO] [stdout]     |               ^^^^^^^^^^^^ help: convert the identifier to upper case: `TICKS_PER_HOUR`
[INFO] [stdout] 
[INFO] [stdout] 
[INFO] [stdout] warning: constant `TicksPerDay` should have an upper case name
[INFO] [stdout]    --> src/time_int.rs:210:15
[INFO] [stdout]     |
[INFO] [stdout] 210 |     pub const TicksPerDay: i32 = TicksPerHour * 24;
[INFO] [stdout]     |               ^^^^^^^^^^^ help: convert the identifier to upper case: `TICKS_PER_DAY`
[INFO] [stdout] 
[INFO] [stdout] 
[INFO] [stdout] warning: constant `MinTicks` should have an upper case name
[INFO] [stdout]    --> src/time_int.rs:213:15
[INFO] [stdout]     |
[INFO] [stdout] 213 |     pub const MinTicks: i32 = 0;
[INFO] [stdout]     |               ^^^^^^^^ help: convert the identifier to upper case: `MIN_TICKS`
[INFO] [stdout] 
[INFO] [stdout] 
[INFO] [stdout] warning: constant `MaxTicks` should have an upper case name
[INFO] [stdout]    --> src/time_int.rs:216:15
[INFO] [stdout]     |
[INFO] [stdout] 216 |     pub const MaxTicks: i32 = 86_399_999;
[INFO] [stdout]     |               ^^^^^^^^ help: convert the identifier to upper case: `MAX_TICKS`
[INFO] [stdout] 
[INFO] [stdout] 
[INFO] [stdout] warning: 22 warnings emitted
[INFO] [stdout] 
[INFO] [stdout] 
[INFO] [stdout] error[E0463]: can't find crate for `lettre_email`
[INFO] [stdout]  --> examples/mail_demo.rs:2:1
[INFO] [stdout]   |
[INFO] [stdout] 2 | extern crate lettre_email;
[INFO] [stdout]   | ^^^^^^^^^^^^^^^^^^^^^^^^^^ can't find crate
[INFO] [stdout] 
[INFO] [stdout] 
[INFO] [stdout] error[E0433]: failed to resolve: could not find `smtp` in `lettre`
[INFO] [stdout]  --> examples/mail_demo.rs:4:13
[INFO] [stdout]   |
[INFO] [stdout] 4 | use lettre::smtp::authentication::Credentials;
[INFO] [stdout]   |             ^^^^ could not find `smtp` in `lettre`
[INFO] [stdout] 
[INFO] [stdout] 
[INFO] [stdout] error[E0432]: unresolved import `common_uu::restart`
[INFO] [stdout]  --> examples/restart.rs:3:17
[INFO] [stdout]   |
[INFO] [stdout] 3 | use common_uu::{restart::{restart, Env}, get_arg, JsonVExentd};
[INFO] [stdout]   |                 ^^^^^^^ could not find `restart` in `common_uu`
[INFO] [stdout] 
[INFO] [stdout] 
[INFO] [stdout] error[E0432]: unresolved import `lettre::SmtpClient`
[INFO] [stdout]  --> examples/mail_demo.rs:5:14
[INFO] [stdout]   |
[INFO] [stdout] 5 | use lettre::{SmtpClient, SmtpTransport, Transport};
[INFO] [stdout]   |              ^^^^^^^^^^ no `SmtpClient` in the root
[INFO] [stdout] 
[INFO] [stdout] 
[INFO] [stdout] warning: unused import: `SmtpTransport`
[INFO] [stdout]  --> examples/mail_demo.rs:5:26
[INFO] [stdout]   |
[INFO] [stdout] 5 | use lettre::{SmtpClient, SmtpTransport, Transport};
[INFO] [stdout]   |                          ^^^^^^^^^^^^^
[INFO] [stdout]   |
[INFO] [stdout]   = note: `#[warn(unused_imports)]` on by default
[INFO] [stdout] 
[INFO] [stdout] 
[INFO] [stdout] warning: unused import: `std::path::Path`
[INFO] [stdout]  --> examples/mail_demo.rs:7:5
[INFO] [stdout]   |
[INFO] [stdout] 7 | use std::path::Path;
[INFO] [stdout]   |     ^^^^^^^^^^^^^^^
[INFO] [stdout] 
[INFO] [stdout] 
[INFO] [stdout] warning: unused import: `crate::IResult`
[INFO] [stdout]  --> src/time_micros.rs:4:5
[INFO] [stdout]   |
[INFO] [stdout] 4 | use crate::IResult;
[INFO] [stdout]   |     ^^^^^^^^^^^^^^
[INFO] [stdout]   |
[INFO] [stdout]   = note: `#[warn(unused_imports)]` on by default
[INFO] [stdout] 
[INFO] [stdout] 
[INFO] [stdout] warning: unused import: `isahc::prelude::Configurable`
[INFO] [stdout]  --> src/req.rs:2:5
[INFO] [stdout]   |
[INFO] [stdout] 2 | use isahc::prelude::Configurable;
[INFO] [stdout]   |     ^^^^^^^^^^^^^^^^^^^^^^^^^^^^
[INFO] [stdout] 
[INFO] [stdout] 
[INFO] [stdout] error[E0061]: this function takes 2 arguments but 1 argument was supplied
[INFO] [stdout]   --> examples/config_demo.rs:10:18
[INFO] [stdout]    |
[INFO] [stdout] 10 |     let _watch = common_uu::toml_read::run_watch("./config/test.toml").unwrap();
[INFO] [stdout]    |                  ^^^^^^^^^^^^^^^^^^^^^^^^^^^^^^^---------------------- an argument of type `&mut Option<serde_json::Map<std::string::String, Value>>` is missing
[INFO] [stdout]    |
[INFO] [stdout] note: function defined here
[INFO] [stdout]   --> /opt/rustwide/workdir/src/toml_read.rs:58:8
[INFO] [stdout]    |
[INFO] [stdout] 58 | pub fn run_watch(toml_file_path_str: &str, map: &mut Option<JsonMap>) -> IResult<(Hotwatch, crossbeam::channel::Receiver<String>)> {
[INFO] [stdout]    |        ^^^^^^^^^
[INFO] [stdout] help: provide the argument
[INFO] [stdout]    |
[INFO] [stdout] 10 |     let _watch = common_uu::toml_read::run_watch("./config/test.toml", /* &mut Option<serde_json::Map<std::string::String, Value>> */).unwrap();
[INFO] [stdout]    |                                                 ~~~~~~~~~~~~~~~~~~~~~~~~~~~~~~~~~~~~~~~~~~~~~~~~~~~~~~~~~~~~~~~~~~~~~~~~~~~~~~~~~~~~~~
[INFO] [stdout] 
[INFO] [stdout] 
[INFO] [stdout] error: aborting due to previous error
[INFO] [stdout] 
[INFO] [stdout] 
[INFO] [stdout] For more information about this error, try `rustc --explain E0061`.
[INFO] [stdout] 
[INFO] [stderr] error: could not compile `common_uu` (example "config_demo") due to 2 previous errors
[INFO] [stderr] warning: build failed, waiting for other jobs to finish...
[INFO] [stdout] error: aborting due to previous error
[INFO] [stdout] 
[INFO] [stdout] 
[INFO] [stdout] For more information about this error, try `rustc --explain E0432`.
[INFO] [stdout] 
[INFO] [stderr] error: could not compile `common_uu` (example "restart") due to 2 previous errors
[INFO] [stdout] warning: unused import: `Transport`
[INFO] [stdout]  --> examples/mail_demo.rs:5:41
[INFO] [stdout]   |
[INFO] [stdout] 5 | use lettre::{SmtpClient, SmtpTransport, Transport};
[INFO] [stdout]   |                                         ^^^^^^^^^
[INFO] [stdout] 
[INFO] [stdout] 
[INFO] [stdout] error: aborting due to 3 previous errors; 3 warnings emitted
[INFO] [stdout] 
[INFO] [stdout] 
[INFO] [stdout] Some errors have detailed explanations: E0432, E0433, E0463.
[INFO] [stdout] 
[INFO] [stdout] For more information about an error, try `rustc --explain E0432`.
[INFO] [stdout] 
[INFO] [stderr] error: could not compile `common_uu` (example "mail_demo") due to 4 previous errors; 3 warnings emitted
[INFO] [stdout] warning: use of deprecated associated function `chrono::Local::today`: use `Local::now()` instead
[INFO] [stdout]    --> src/time.rs:160:32
[INFO] [stdout]     |
[INFO] [stdout] 160 |         None => chrono::Local::today().naive_local(),
[INFO] [stdout]     |                                ^^^^^
[INFO] [stdout]     |
[INFO] [stdout]     = note: `#[warn(deprecated)]` on by default
[INFO] [stdout] 
[INFO] [stdout] 
[INFO] [stdout] warning: unused import: `chrono::Timelike`
[INFO] [stdout]  --> src/time_micros.rs:3:5
[INFO] [stdout]   |
[INFO] [stdout] 3 | use chrono::Timelike;
[INFO] [stdout]   |     ^^^^^^^^^^^^^^^^
[INFO] [stdout] 
[INFO] [stdout] 
[INFO] [stdout] warning: variable does not need to be mutable
[INFO] [stdout]   --> src/time_micros.rs:24:13
[INFO] [stdout]    |
[INFO] [stdout] 24 |         let mut ticks2 =  100000000000000000;
[INFO] [stdout]    |             ----^^^^^^
[INFO] [stdout]    |             |
[INFO] [stdout]    |             help: remove this `mut`
[INFO] [stdout]    |
[INFO] [stdout]    = note: `#[warn(unused_mut)]` on by default
[INFO] [stdout] 
[INFO] [stdout] 
[INFO] [stdout] warning: unused variable: `i`
[INFO] [stdout]    --> src/log4rs_mod.rs:177:9
[INFO] [stdout]     |
[INFO] [stdout] 177 |     for i in 0..100 {
[INFO] [stdout]     |         ^ help: if this is intentional, prefix it with an underscore: `_i`
[INFO] [stdout]     |
[INFO] [stdout]     = note: `#[warn(unused_variables)]` on by default
[INFO] [stdout] 
[INFO] [stdout] 
[INFO] [stdout] warning: variable does not need to be mutable
[INFO] [stdout]    --> src/tcp_mod2.rs:112:36
[INFO] [stdout]     |
[INFO] [stdout] 112 |     server_run(addrs.to_string(), |mut stream| {
[INFO] [stdout]     |                                    ----^^^^^^
[INFO] [stdout]     |                                    |
[INFO] [stdout]     |                                    help: remove this `mut`
[INFO] [stdout] 
[INFO] [stdout] 
[INFO] [stdout] warning: method `fromHmsS` should have a snake case name
[INFO] [stdout]   --> src/time_int.rs:40:12
[INFO] [stdout]    |
[INFO] [stdout] 40 |     pub fn fromHmsS(hour: i32, minute: i32, second: i32, millisec: i32) -> IResult<Self> {
[INFO] [stdout]    |            ^^^^^^^^ help: convert the identifier to snake case: `from_hms_s`
[INFO] [stdout]    |
[INFO] [stdout]    = note: `#[warn(non_snake_case)]` on by default
[INFO] [stdout] 
[INFO] [stdout] 
[INFO] [stdout] warning: method `fromInt9` should have a snake case name
[INFO] [stdout]    --> src/time_int.rs:104:12
[INFO] [stdout]     |
[INFO] [stdout] 104 |     pub fn fromInt9(time9: i32) -> IResult<Self> {
[INFO] [stdout]     |            ^^^^^^^^ help: convert the identifier to snake case: `from_int9`
[INFO] [stdout] 
[INFO] [stdout] 
[INFO] [stdout] warning: variable `mm_ss_SSS` should have a snake case name
[INFO] [stdout]    --> src/time_int.rs:106:13
[INFO] [stdout]     |
[INFO] [stdout] 106 |         let mm_ss_SSS = time9 % 1_00_00_000;
[INFO] [stdout]     |             ^^^^^^^^^ help: convert the identifier to snake case (notice the capitalization): `mm_ss_sss`
[INFO] [stdout] 
[INFO] [stdout] 
[INFO] [stdout] warning: variable `ss_SSS` should have a snake case name
[INFO] [stdout]    --> src/time_int.rs:108:13
[INFO] [stdout]     |
[INFO] [stdout] 108 |         let ss_SSS = mm_ss_SSS % 100_000;
[INFO] [stdout]     |             ^^^^^^ help: convert the identifier to snake case (notice the capitalization): `ss_sss`
[INFO] [stdout] 
[INFO] [stdout] 
[INFO] [stdout] warning: method `fromInt9_safe` should have a snake case name
[INFO] [stdout]    --> src/time_int.rs:147:12
[INFO] [stdout]     |
[INFO] [stdout] 147 |     pub fn fromInt9_safe(time9: i32) -> Self {
[INFO] [stdout]     |            ^^^^^^^^^^^^^ help: convert the identifier to snake case: `from_int9_safe`
[INFO] [stdout] 
[INFO] [stdout] 
[INFO] [stdout] warning: method `fromLong17_safe` should have a snake case name
[INFO] [stdout]    --> src/time_int.rs:150:12
[INFO] [stdout]     |
[INFO] [stdout] 150 |     pub fn fromLong17_safe(date_time: i64) -> Self {
[INFO] [stdout]     |            ^^^^^^^^^^^^^^^ help: convert the identifier to snake case: `from_long17_safe`
[INFO] [stdout] 
[INFO] [stdout] 
[INFO] [stdout] warning: module `TimeI32Const` should have a snake case name
[INFO] [stdout]    --> src/time_int.rs:202:9
[INFO] [stdout]     |
[INFO] [stdout] 202 | pub mod TimeI32Const {
[INFO] [stdout]     |         ^^^^^^^^^^^^ help: convert the identifier to snake case: `time_i32_const`
[INFO] [stdout] 
[INFO] [stdout] 
[INFO] [stdout] warning: constant `TicksPerSecond` should have an upper case name
[INFO] [stdout]    --> src/time_int.rs:204:15
[INFO] [stdout]     |
[INFO] [stdout] 204 |     pub const TicksPerSecond: i32 = 1000;
[INFO] [stdout]     |               ^^^^^^^^^^^^^^ help: convert the identifier to upper case: `TICKS_PER_SECOND`
[INFO] [stdout]     |
[INFO] [stdout]     = note: `#[warn(non_upper_case_globals)]` on by default
[INFO] [stdout] 
[INFO] [stdout] 
[INFO] [stdout] warning: constant `TicksPerMinute` should have an upper case name
[INFO] [stdout]    --> src/time_int.rs:206:15
[INFO] [stdout]     |
[INFO] [stdout] 206 |     pub const TicksPerMinute: i32 = TicksPerSecond * 60;
[INFO] [stdout]     |               ^^^^^^^^^^^^^^ help: convert the identifier to upper case: `TICKS_PER_MINUTE`
[INFO] [stdout] 
[INFO] [stdout] 
[INFO] [stdout] warning: constant `TicksPerHour` should have an upper case name
[INFO] [stdout]    --> src/time_int.rs:208:15
[INFO] [stdout]     |
[INFO] [stdout] 208 |     pub const TicksPerHour: i32 = TicksPerMinute * 60;
[INFO] [stdout]     |               ^^^^^^^^^^^^ help: convert the identifier to upper case: `TICKS_PER_HOUR`
[INFO] [stdout] 
[INFO] [stdout] 
[INFO] [stdout] warning: constant `TicksPerDay` should have an upper case name
[INFO] [stdout]    --> src/time_int.rs:210:15
[INFO] [stdout]     |
[INFO] [stdout] 210 |     pub const TicksPerDay: i32 = TicksPerHour * 24;
[INFO] [stdout]     |               ^^^^^^^^^^^ help: convert the identifier to upper case: `TICKS_PER_DAY`
[INFO] [stdout] 
[INFO] [stdout] 
[INFO] [stdout] warning: constant `MinTicks` should have an upper case name
[INFO] [stdout]    --> src/time_int.rs:213:15
[INFO] [stdout]     |
[INFO] [stdout] 213 |     pub const MinTicks: i32 = 0;
[INFO] [stdout]     |               ^^^^^^^^ help: convert the identifier to upper case: `MIN_TICKS`
[INFO] [stdout] 
[INFO] [stdout] 
[INFO] [stdout] warning: constant `MaxTicks` should have an upper case name
[INFO] [stdout]    --> src/time_int.rs:216:15
[INFO] [stdout]     |
[INFO] [stdout] 216 |     pub const MaxTicks: i32 = 86_399_999;
[INFO] [stdout]     |               ^^^^^^^^ help: convert the identifier to upper case: `MAX_TICKS`
[INFO] [stdout] 
[INFO] [stdout] 
[INFO] [stdout] warning: 20 warnings emitted
[INFO] [stdout] 
[INFO] [stdout] 
[INFO] running `Command { std: "docker" "inspect" "f403a64404fb0ba5f01d4b31e3e8dc72a972df3f92d8964420bd17ac8deb8728", kill_on_drop: false }`
[INFO] running `Command { std: "docker" "rm" "-f" "f403a64404fb0ba5f01d4b31e3e8dc72a972df3f92d8964420bd17ac8deb8728", kill_on_drop: false }`
[INFO] [stdout] f403a64404fb0ba5f01d4b31e3e8dc72a972df3f92d8964420bd17ac8deb8728
